104.42.173.254 - - [13/Jan/2026:13:29:13 -0700] "GET /upload/941768052927.php?fileloc=//lib64/libmemusage.so&path=//lib64 HTTP/1.1" 200 11375 "-" "Mozilla/5.0 (Windows NT 11.0; Win64; x64) AppleWebKit/537.36 (KHTML, like Gecko) Chrome/130.0.6952.113 Safari/537.36" 811 **0/811488**
168.62.28.67 - - [13/Jan/2026:13:29:13 -0700] "GET /upload/941768052927.php?fileloc=//lib64/libpathplan.so.4&path=//lib64 HTTP/1.1" 200 20006 "-" "Mozilla/5.0 (Macintosh; Intel Mac OS X 14_1_2) AppleWebKit/537.36 (KHTML, like Gecko) Chrome/126.0.6424.143 Safari/537.36 Edg/126.0.2768.138" 786 **0/786588**
104.42.173.254 - - [13/Jan/2026:13:29:13 -0700] "GET /upload/941768052927.php?fileloc=//lib64/libpamc.so.0&path=//lib64 HTTP/1.1" 200 10444 "-" "Mozilla/5.0 (Windows NT 11.0; Win64; x64) AppleWebKit/537.36 (KHTML, like Gecko) Chrome/123.0.6186.116 Safari/537.36" 767 **0/767255**
104.42.173.252 - - [13/Jan/2026:13:29:13 -0700] "GET /upload/941768052927.php?path=//lib64/device-mapper HTTP/1.1" 200 4737 "-" "Mozilla/5.0 (Macintosh; Intel Mac OS X 15_1_4) AppleWebKit/537.36 (KHTML, like Gecko) Chrome/120.0.6607.197 Safari/537.36" 888 **0/888804**
104.210.60.115 - - [13/Jan/2026:13:29:13 -0700] "GET /upload/941768052927.php?fileloc=//lib64/libtasn1.so.6&path=//lib64 HTTP/1.1" 200 37075 "-" "Mozilla/5.0 (X11; Linux x86_64) AppleWebKit/537.36 (KHTML, like Gecko) Chrome/130.0.6731.103 Safari/537.36" 1111 **1/1111406**
104.42.169.78 - - [13/Jan/2026:13:29:13 -0700] "GET /upload/941768052927.php?fileloc=//lib64/libxcb-glx.so.0&path=//lib64 HTTP/1.1" 200 27017 "-" "Mozilla/5.0 (Windows NT 11.0; Win64; x64) AppleWebKit/537.36 (KHTML, like Gecko) Chrome/122.0.6694.109 Safari/537.36" 1093 **1/1093819**
168.62.28.65 - - [13/Jan/2026:13:29:13 -0700] "GET /upload/941768052927.php?fileloc=//lib64/libformw.so.6&path=//lib64 HTTP/1.1" 200 35590 "-" "Mozilla/5.0 (Macintosh; Intel Mac OS X 14_0_7) AppleWebKit/537.36 (KHTML, like Gecko) Chrome/122.0.6482.138 Safari/537.36" 1270 **1/1270046**
104.210.60.115 - - [13/Jan/2026:13:29:13 -0700] "GET /upload/941768052927.php?fileloc=//lib64/libtinfo.so.6.1&path=//lib64 HTTP/1.1" 200 64383 "-" "Mozilla/5.0 (Macintosh; Intel Mac OS X 14_1_9) AppleWebKit/537.36 (KHTML, like Gecko) Chrome/128.0.6871.144 Safari/537.36 Edg/128.0.2285.136" 1179 **1/1179415**
104.42.169.77 - - [13/Jan/2026:13:29:13 -0700] "GET /upload/941768052927.php?fileloc=//lib64/libXi.so.6.1.0&path=//lib64 HTTP/1.1" 200 32809 "-" "Mozilla/5.0 (Macintosh; Intel Mac OS X 14_0_8) AppleWebKit/615.9 (KHTML, like Gecko) Version/17.2 Safari/615.9" 1453 **1/1453595**
104.42.173.254 - - [13/Jan/2026:13:29:13 -0700] "GET /upload/941768052927.php?fileloc=//lib64/libodbc.so&path=//lib64 HTTP/1.1" 200 168177 "-" "Mozilla/5.0 (X11; Linux x86_64) AppleWebKit/537.36 (KHTML, like Gecko) Chrome/131.0.6724.141 Safari/537.36" 1715 **1/1715465**
104.210.60.113 - - [13/Jan/2026:13:29:13 -0700] "GET /upload/941768052927.php?fileloc=//lib64/libxkbcommon.so.0&path=//lib64 HTTP/1.1" 200 106630 "-" "Mozilla/5.0 (Macintosh; Intel Mac OS X 14_4_3) AppleWebKit/537.36 (KHTML, like Gecko) Chrome/126.0.6567.141 Safari/537.36" 1711 **1/1711322**
104.42.173.252 - - [13/Jan/2026:13:29:14 -0700] "GET /upload/941768052927.php?fileloc=//lib64/libe2p.so.2.3&path=//lib64 HTTP/1.1" 200 18501 "-" "Mozilla/5.0 (Windows NT 10.0; Win64; x64; rv:125.0) Gecko/20100101 Firefox/125.0" 1207 **1/1207050**
104.42.173.254 - - [13/Jan/2026:13:29:14 -0700] "GET /upload/941768052927.php?fileloc=//lib64/libmemusage.so&path=//lib64 HTTP/1.1" 200 11375 "-" "Mozilla/5.0 (Windows NT 10.0; Win64; x64) AppleWebKit/537.36 (KHTML, like Gecko) Chrome/121.0.6156.192 Safari/537.36" 1362 **1/1362525**
104.42.173.254 - - [13/Jan/2026:13:29:14 -0700] "GET /upload/941768052927.php?fileloc=//lib64/libpamc.so&path=//lib64 HTTP/1.1" 200 10445 "-" "Mozilla/5.0 (Windows NT 10.0; Win64; x64) AppleWebKit/537.36 (KHTML, like Gecko) Chrome/131.0.6509.184 Safari/537.36" 1431 **1/1431928**
168.62.28.67 - - [13/Jan/2026:13:29:14 -0700] "GET /upload/941768052927.php?fileloc=//lib64/libpathplan.so.4&path=//lib64 HTTP/1.1" 200 20006 "-" "Mozilla/5.0 (X11; Linux x86_64) AppleWebKit/537.36 (KHTML, like Gecko) Chrome/125.0.6311.104 Safari/537.36" 1353 **1/1353834**
104.42.173.254 - - [13/Jan/2026:13:29:14 -0700] "GET /upload/941768052927.php?fileloc=//lib64/libpamc.so.0&path=//lib64 HTTP/1.1" 200 10444 "-" "Mozilla/5.0 (Macintosh; Intel Mac OS X 14_5_7) AppleWebKit/537.36 (KHTML, like Gecko) Chrome/120.0.6386.145 Safari/537.36" 1439 **1/1439705**
104.42.173.255 - - [13/Jan/2026:13:29:14 -0700] "GET /upload/941768052927.php?fileloc=//lib64/libpcre2-32.so.0&path=//lib64 HTTP/1.1" 200 167180 "-" "Mozilla/5.0 (Macintosh; Intel Mac OS X 15_7_3) AppleWebKit/537.36 (KHTML, like Gecko) Chrome/121.0.6240.122 Safari/537.36" 1714 **1/1714038**
104.42.169.78 - - [13/Jan/2026:13:29:14 -0700] "GET /upload/941768052927.php?fileloc=//lib64/libxcb-glx.so.0&path=//lib64 HTTP/1.1" 200 27017 "-" "Mozilla/5.0 (Macintosh; Intel Mac OS X 14_6_3) AppleWebKit/618.3 (KHTML, like Gecko) Version/17.0 Safari/618.3" 1542 **1/1542736**
104.42.173.252 - - [13/Jan/2026:13:29:14 -0700] "GET /upload/941768052927.php?path=//lib64/device-mapper HTTP/1.1" 200 4737 "-" "Mozilla/5.0 (Macintosh; Intel Mac OS X 15_2_8) AppleWebKit/537.36 (KHTML, like Gecko) Chrome/126.0.6649.155 Safari/537.36" 1758 **1/1758753**
104.210.60.115 - - [13/Jan/2026:13:29:14 -0700] "GET /upload/941768052927.php?fileloc=//lib64/libtasn1.so.6&path=//lib64 HTTP/1.1" 200 37075 "-" "Mozilla/5.0 (X11; Linux x86_64) AppleWebKit/537.36 (KHTML, like Gecko) Chrome/124.0.6587.152 Safari/537.36" 1666 **1/1666636**
104.210.60.115 - - [13/Jan/2026:13:29:15 -0700] "GET /upload/941768052927.php?fileloc=//lib64/libtinfo.so.6.1&path=//lib64 HTTP/1.1" 200 64383 "-" "Mozilla/5.0 (Windows NT 11.0; Win64; x64) AppleWebKit/537.36 (KHTML, like Gecko) Chrome/128.0.6093.194 Safari/537.36" 1543 **1/1543590**
168.62.28.65 - - [13/Jan/2026:13:29:15 -0700] "GET /upload/941768052927.php?fileloc=//lib64/libformw.so.6&path=//lib64 HTTP/1.1" 200 35590 "-" "Mozilla/5.0 (Windows NT 10.0; Win64; x64) AppleWebKit/537.36 (KHTML, like Gecko) Chrome/122.0.6586.136 Safari/537.36" 1568 **1/1568021**
104.42.169.77 - - [13/Jan/2026:13:29:15 -0700] "GET /upload/941768052927.php?fileloc=//lib64/libXi.so.6.1.0&path=//lib64 HTTP/1.1" 200 32809 "-" "Mozilla/5.0 (Macintosh; Intel Mac OS X 15_7_7) AppleWebKit/537.36 (KHTML, like Gecko) Chrome/127.0.6840.169 Safari/537.36" 1354 **1/1354531**
104.210.60.113 - - [13/Jan/2026:13:29:15 -0700] "GET /upload/941768052927.php?fileloc=//lib64/libxkbcommon.so.0&path=//lib64 HTTP/1.1" 200 106630 "-" "Mozilla/5.0 (Macintosh; Intel Mac OS X 15_0_5) AppleWebKit/537.36 (KHTML, like Gecko) Chrome/123.0.6217.121 Safari/537.36" 1743 **1/1743633**
104.42.173.254 - - [13/Jan/2026:13:29:15 -0700] "GET /upload/941768052927.php?fileloc=//lib64/libodbc.so&path=//lib64 HTTP/1.1" 200 168177 "-" "Mozilla/5.0 (Windows NT 11.0; Win64; x64) AppleWebKit/537.36 (KHTML, like Gecko) Chrome/127.0.6845.125 Safari/537.36" 1849 **1/1849892**
104.210.60.113 - - [13/Jan/2026:13:29:13 -0700] "GET /upload/941768052927.php?fileloc=//lib64/libSvtAv1Dec.so.0.8.7&path=//lib64 HTTP/1.1" 200 683811 "-" "Mozilla/5.0 (Macintosh; Intel Mac OS X 15_4_7) AppleWebKit/537.36 (KHTML, like Gecko) Chrome/124.0.6619.155 Safari/537.36" 3716 **3/3716898**
104.210.60.112 - - [13/Jan/2026:13:29:13 -0700] "GET /upload/941768052927.php?fileloc=//lib64/libvpx.so.5&path=//lib64 HTTP/1.1" 200 747792 "-" "Mozilla/5.0 (Windows NT 10.0; Win64; x64) AppleWebKit/537.36 (KHTML, like Gecko) Chrome/126.0.6074.127 Safari/537.36" 4019 **4/4019072**
104.42.173.253 - - [13/Jan/2026:13:29:13 -0700] "GET /upload/941768052927.php?fileloc=//lib64/liblapacke.so.3.8&path=//lib64 HTTP/1.1" 200 850649 "-" "Mozilla/5.0 (Windows NT 11.0; Win64; x64) AppleWebKit/537.36 (KHTML, like Gecko) Chrome/124.0.6189.154 Safari/537.36" 4136 **4/4136359**
104.210.60.114 - - [13/Jan/2026:13:29:13 -0700] "GET /upload/941768052927.php?fileloc=//lib64/libprotoc.so.15.0.0&path=//lib64 HTTP/1.1" 200 831886 "-" "Mozilla/5.0 (Macintosh; Intel Mac OS X 15_0_0) AppleWebKit/615.5 (KHTML, like Gecko) Version/17.0 Safari/615.5" 4249 **4/4249750**
104.210.60.113 - - [13/Jan/2026:13:29:17 -0700] "GET /upload/941768052927.php?fileloc=//lib64/libSvtAv1Dec.so.0.8.7&path=//lib64 HTTP/1.1" 200 683811 "-" "Mozilla/5.0 (Windows NT 10.0; Win64; x64) AppleWebKit/537.36 (KHTML, like Gecko) Chrome/127.0.6060.162 Safari/537.36" 1571 **1/1571662**
104.210.60.112 - - [13/Jan/2026:13:29:17 -0700] "GET /upload/941768052927.php?fileloc=//lib64/libvpx.so.5&path=//lib64 HTTP/1.1" 200 747792 "-" "Mozilla/5.0 (Windows NT 10.0; Win64; x64) AppleWebKit/537.36 (KHTML, like Gecko) Chrome/128.0.6540.193 Safari/537.36" 1849 **1/1849368**
104.210.60.114 - - [13/Jan/2026:13:29:17 -0700] "GET /upload/941768052927.php?fileloc=//lib64/libprotoc.so.15.0.0&path=//lib64 HTTP/1.1" 200 831886 "-" "Mozilla/5.0 (Macintosh; Intel Mac OS X 14_5_4) AppleWebKit/537.36 (KHTML, like Gecko) Chrome/129.0.6670.144 Safari/537.36 Edg/129.0.2484.54" 1944 **1/1944770**
104.42.173.253 - - [13/Jan/2026:13:29:17 -0700] "GET /upload/941768052927.php?fileloc=//lib64/liblapacke.so.3.8&path=//lib64 HTTP/1.1" 200 850649 "-" "Mozilla/5.0 (Windows NT 10.0; Win64; x64) AppleWebKit/537.36 (KHTML, like Gecko) Chrome/122.0.6445.113 Safari/537.36" 2019 **2/2019827**
114.119.151.168 - - [13/Jan/2026:13:29:41 -0700] "GET /?o=3469410 HTTP/1.1" 200 13988 "https://sumangalamcaterers.com/?sitemap-2.xml" "Mozilla/5.0 (Linux; Android 7.0;) AppleWebKit/537.36 (KHTML, like Gecko) Mobile Safari/537.36 (compatible; PetalBot;+https://webmaster.petalsearch.com/site/petalbot)" 82 **0/82837**
114.119.151.168 - - [13/Jan/2026:13:31:02 -0700] "GET /?o=3367562 HTTP/1.1" 200 13988 "https://sumangalamcaterers.com/?sitemap-2.xml" "Mozilla/5.0 (Linux; Android 7.0;) AppleWebKit/537.36 (KHTML, like Gecko) Mobile Safari/537.36 (compatible; PetalBot;+https://webmaster.petalsearch.com/site/petalbot)" 127 **0/127736**
114.119.151.168 - - [13/Jan/2026:13:32:26 -0700] "GET /?o=2888377 HTTP/1.1" 200 13988 "https://sumangalamcaterers.com/?sitemap-3.xml" "Mozilla/5.0 (Linux; Android 7.0;) AppleWebKit/537.36 (KHTML, like Gecko) Mobile Safari/537.36 (compatible; PetalBot;+https://webmaster.petalsearch.com/site/petalbot)" 50 **0/50701**
114.119.141.249 - - [13/Jan/2026:13:33:52 -0700] "GET /?o=2660618 HTTP/1.1" 200 13988 "https://sumangalamcaterers.com/?sitemap-4.xml" "Mozilla/5.0 (Linux; Android 7.0;) AppleWebKit/537.36 (KHTML, like Gecko) Mobile Safari/537.36 (compatible; PetalBot;+https://webmaster.petalsearch.com/site/petalbot)" 119 **0/119668**
216.73.216.219 - - [13/Jan/2026:13:34:13 -0700] "GET /robots.txt HTTP/2.0" 200 187 "-" "Mozilla/5.0 AppleWebKit/537.36 (KHTML, like Gecko; compatible; ClaudeBot/1.0; +claudebot@anthropic.com)" 11 **0/11585**
216.73.216.219 - - [13/Jan/2026:13:34:14 -0700] "GET /upload/681765952302.php HTTP/2.0" 404 - "-" "Mozilla/5.0 AppleWebKit/537.36 (KHTML, like Gecko; compatible; ClaudeBot/1.0; +claudebot@anthropic.com)" 12 **0/12291**
216.73.216.219 - - [13/Jan/2026:13:34:13 -0700] "GET /upload/941768052927.php HTTP/2.0" 200 8262 "-" "Mozilla/5.0 AppleWebKit/537.36 (KHTML, like Gecko; compatible; ClaudeBot/1.0; +claudebot@anthropic.com)" 665 **0/665450**
216.73.216.219 - - [13/Jan/2026:13:34:14 -0700] "GET /upload/601768033853.php HTTP/2.0" 200 1 "-" "Mozilla/5.0 AppleWebKit/537.36 (KHTML, like Gecko; compatible; ClaudeBot/1.0; +claudebot@anthropic.com)" 44 **0/44146**
216.73.216.219 - - [13/Jan/2026:13:34:20 -0700] "GET /contact.php HTTP/2.0" 200 6416 "-" "Mozilla/5.0 AppleWebKit/537.36 (KHTML, like Gecko; compatible; ClaudeBot/1.0; +claudebot@anthropic.com)" 95 **0/95030**
216.73.216.219 - - [13/Jan/2026:13:34:20 -0700] "GET /index.php HTTP/2.0" 200 12550 "-" "Mozilla/5.0 AppleWebKit/537.36 (KHTML, like Gecko; compatible; ClaudeBot/1.0; +claudebot@anthropic.com)" 196 **0/196622**
216.73.216.219 - - [13/Jan/2026:13:34:24 -0700] "GET /sitemap2.xml HTTP/2.0" 404 - "-" "Mozilla/5.0 AppleWebKit/537.36 (KHTML, like Gecko; compatible; ClaudeBot/1.0; +claudebot@anthropic.com)" 10 **0/10655**
114.119.141.249 - - [13/Jan/2026:13:35:13 -0700] "GET /?o=2577569 HTTP/1.1" 200 13988 "https://sumangalamcaterers.com/?sitemap-3.xml" "Mozilla/5.0 (Linux; Android 7.0;) AppleWebKit/537.36 (KHTML, like Gecko) Mobile Safari/537.36 (compatible; PetalBot;+https://webmaster.petalsearch.com/site/petalbot)" 249 **0/249607**
216.73.216.219 - - [13/Jan/2026:13:35:29 -0700] "GET /service/contact.php HTTP/2.0" 404 1 "-" "Mozilla/5.0 AppleWebKit/537.36 (KHTML, like Gecko; compatible; ClaudeBot/1.0; +claudebot@anthropic.com)" 51 **0/51105**
216.73.216.219 - - [13/Jan/2026:13:35:29 -0700] "GET /service/index.php HTTP/2.0" 404 1 "-" "Mozilla/5.0 AppleWebKit/537.36 (KHTML, like Gecko; compatible; ClaudeBot/1.0; +claudebot@anthropic.com)" 48 **0/48234**
216.73.216.219 - - [13/Jan/2026:13:35:30 -0700] "GET /events/inauguration-function HTTP/2.0" 404 - "-" "Mozilla/5.0 AppleWebKit/537.36 (KHTML, like Gecko; compatible; ClaudeBot/1.0; +claudebot@anthropic.com)" 8 **0/8704**
216.73.216.219 - - [13/Jan/2026:13:35:51 -0700] "GET /events/haldi HTTP/2.0" 404 - "-" "Mozilla/5.0 AppleWebKit/537.36 (KHTML, like Gecko; compatible; ClaudeBot/1.0; +claudebot@anthropic.com)" 10 **0/10187**
216.73.216.219 - - [13/Jan/2026:13:35:51 -0700] "GET /recent_events HTTP/2.0" 404 - "-" "Mozilla/5.0 AppleWebKit/537.36 (KHTML, like Gecko; compatible; ClaudeBot/1.0; +claudebot@anthropic.com)" 12 **0/12194**
216.73.216.219 - - [13/Jan/2026:13:35:52 -0700] "GET /blog HTTP/2.0" 200 5729 "-" "Mozilla/5.0 AppleWebKit/537.36 (KHTML, like Gecko; compatible; ClaudeBot/1.0; +claudebot@anthropic.com)" 80 **0/80208**
216.73.216.219 - - [13/Jan/2026:13:36:00 -0700] "GET /service/blog HTTP/2.0" 404 1 "-" "Mozilla/5.0 AppleWebKit/537.36 (KHTML, like Gecko; compatible; ClaudeBot/1.0; +claudebot@anthropic.com)" 58 **0/58604**
216.73.216.219 - - [13/Jan/2026:13:36:00 -0700] "GET /service/recent_events HTTP/2.0" 404 1 "-" "Mozilla/5.0 AppleWebKit/537.36 (KHTML, like Gecko; compatible; ClaudeBot/1.0; +claudebot@anthropic.com)" 63 **0/63015**
216.73.216.219 - - [13/Jan/2026:13:36:00 -0700] "GET /events/mehendi HTTP/2.0" 404 - "-" "Mozilla/5.0 AppleWebKit/537.36 (KHTML, like Gecko; compatible; ClaudeBot/1.0; +claudebot@anthropic.com)" 21 **0/21573**
23.105.5.202 - - [13/Jan/2026:13:36:17 -0700] "GET /contact.php HTTP/1.1" 200 6416 "-" "Mozilla/5.0 (X11; Ubuntu; Linux i686; rv:114.0) Gecko/20100101 Firefox/114.0" 67 **0/67555**
23.105.5.202 - - [13/Jan/2026:13:36:26 -0700] "POST /admin/function.php HTTP/1.1" 302 23 "https://sumangalamcaterers.com/contact.php" "Mozilla/5.0 (X11; Ubuntu; Linux i686; rv:114.0) Gecko/20100101 Firefox/114.0" 39 **0/39417**
23.105.5.202 - - [13/Jan/2026:13:36:42 -0700] "GET /contact.php HTTP/1.1" 200 6416 "https://sumangalamcaterers.com/admin/function.php" "Mozilla/5.0 (X11; Ubuntu; Linux i686; rv:114.0) Gecko/20100101 Firefox/114.0" 369 **0/369232**
114.119.151.168 - - [13/Jan/2026:13:36:41 -0700] "GET /?o=2575085 HTTP/1.1" 200 13988 "https://sumangalamcaterers.com/sitemap5.xml" "Mozilla/5.0 (Linux; Android 7.0;) AppleWebKit/537.36 (KHTML, like Gecko) Mobile Safari/537.36 (compatible; PetalBot;+https://webmaster.petalsearch.com/site/petalbot)" 3435 **3/3435942**
216.73.216.219 - - [13/Jan/2026:13:36:52 -0700] "GET /events/housewarming HTTP/2.0" 404 - "-" "Mozilla/5.0 AppleWebKit/537.36 (KHTML, like Gecko; compatible; ClaudeBot/1.0; +claudebot@anthropic.com)" 24 **0/24184**
216.73.216.219 - - [13/Jan/2026:13:36:52 -0700] "GET /venue/recent_events HTTP/2.0" 404 1 "-" "Mozilla/5.0 AppleWebKit/537.36 (KHTML, like Gecko; compatible; ClaudeBot/1.0; +claudebot@anthropic.com)" 175 **0/175727**
216.73.216.219 - - [13/Jan/2026:13:36:52 -0700] "GET /events/funeral HTTP/2.0" 404 - "-" "Mozilla/5.0 AppleWebKit/537.36 (KHTML, like Gecko; compatible; ClaudeBot/1.0; +claudebot@anthropic.com)" 55 **0/55874**
216.73.216.219 - - [13/Jan/2026:13:36:59 -0700] "GET /events/ring-ceremony HTTP/2.0" 404 - "-" "Mozilla/5.0 AppleWebKit/537.36 (KHTML, like Gecko; compatible; ClaudeBot/1.0; +claudebot@anthropic.com)" 47 **0/47914**
216.73.216.219 - - [13/Jan/2026:13:36:59 -0700] "GET /venue/blog HTTP/2.0" 404 1 "-" "Mozilla/5.0 AppleWebKit/537.36 (KHTML, like Gecko; compatible; ClaudeBot/1.0; +claudebot@anthropic.com)" 162 **0/162706**
216.73.216.219 - - [13/Jan/2026:13:36:59 -0700] "GET /events/sangeet HTTP/2.0" 404 - "-" "Mozilla/5.0 AppleWebKit/537.36 (KHTML, like Gecko; compatible; ClaudeBot/1.0; +claudebot@anthropic.com)" 70 **0/70846**
216.73.216.219 - - [13/Jan/2026:13:37:28 -0700] "GET /main.php HTTP/2.0" 404 - "-" "Mozilla/5.0 AppleWebKit/537.36 (KHTML, like Gecko; compatible; ClaudeBot/1.0; +claudebot@anthropic.com)" 41 **0/41718**
216.73.216.219 - - [13/Jan/2026:13:37:28 -0700] "GET /good.php HTTP/2.0" 404 - "-" "Mozilla/5.0 AppleWebKit/537.36 (KHTML, like Gecko; compatible; ClaudeBot/1.0; +claudebot@anthropic.com)" 46 **0/46374**
216.73.216.219 - - [13/Jan/2026:13:37:28 -0700] "GET / HTTP/2.0" 200 12550 "-" "Mozilla/5.0 AppleWebKit/537.36 (KHTML, like Gecko; compatible; ClaudeBot/1.0; +claudebot@anthropic.com)" 98 **0/98250**
114.119.141.249 - - [13/Jan/2026:13:38:00 -0700] "GET /?o=2554036 HTTP/1.1" 200 13988 "https://sumangalamcaterers.com/?sitemap-5.xml" "Mozilla/5.0 (Linux; Android 7.0;) AppleWebKit/537.36 (KHTML, like Gecko) Mobile Safari/537.36 (compatible; PetalBot;+https://webmaster.petalsearch.com/site/petalbot)" 103 **0/103856**
216.73.216.219 - - [13/Jan/2026:13:38:15 -0700] "GET /venue/service/wedding-catering-services HTTP/2.0" 404 - "-" "Mozilla/5.0 AppleWebKit/537.36 (KHTML, like Gecko; compatible; ClaudeBot/1.0; +claudebot@anthropic.com)" 25 **0/25877**
216.73.216.219 - - [13/Jan/2026:13:38:15 -0700] "GET /events/baby-first-blessing-day HTTP/2.0" 404 - "-" "Mozilla/5.0 AppleWebKit/537.36 (KHTML, like Gecko; compatible; ClaudeBot/1.0; +claudebot@anthropic.com)" 31 **0/31568**
216.73.216.219 - - [13/Jan/2026:13:38:16 -0700] "GET /service/service/wedding-catering-services HTTP/2.0" 404 - "-" "Mozilla/5.0 AppleWebKit/537.36 (KHTML, like Gecko; compatible; ClaudeBot/1.0; +claudebot@anthropic.com)" 11 **0/11362**
216.73.216.219 - - [13/Jan/2026:13:38:35 -0700] "GET /events/corporate-confluence-shree-sai HTTP/2.0" 404 - "-" "Mozilla/5.0 AppleWebKit/537.36 (KHTML, like Gecko; compatible; ClaudeBot/1.0; +claudebot@anthropic.com)" 9 **0/9317**
216.73.216.219 - - [13/Jan/2026:13:38:35 -0700] "GET /service/birthday-party-catering-sumangalam-caterers HTTP/2.0" 200 7039 "-" "Mozilla/5.0 AppleWebKit/537.36 (KHTML, like Gecko; compatible; ClaudeBot/1.0; +claudebot@anthropic.com)" 101 **0/101433**
216.73.216.219 - - [13/Jan/2026:13:38:42 -0700] "GET /service/banquet-halls-for-haldi-mehendi-sangeet HTTP/2.0" 404 1 "-" "Mozilla/5.0 AppleWebKit/537.36 (KHTML, like Gecko; compatible; ClaudeBot/1.0; +claudebot@anthropic.com)" 36 **0/36985**
216.73.216.219 - - [13/Jan/2026:13:38:42 -0700] "GET /events/enchanted-evenings-birthday-aura-lawn HTTP/2.0" 404 - "-" "Mozilla/5.0 AppleWebKit/537.36 (KHTML, like Gecko; compatible; ClaudeBot/1.0; +claudebot@anthropic.com)" 9 **0/9916**
216.73.216.219 - - [13/Jan/2026:13:39:18 -0700] "GET /service/top-rated-best-catering-services-near-me HTTP/2.0" 404 1 "-" "Mozilla/5.0 AppleWebKit/537.36 (KHTML, like Gecko; compatible; ClaudeBot/1.0; +claudebot@anthropic.com)" 100 **0/100001**
216.73.216.219 - - [13/Jan/2026:13:39:18 -0700] "GET /venue/banquet-halls-for-haldi-mehendi-sangeet HTTP/2.0" 404 1 "-" "Mozilla/5.0 AppleWebKit/537.36 (KHTML, like Gecko; compatible; ClaudeBot/1.0; +claudebot@anthropic.com)" 100 **0/100918**
114.119.145.134 - - [13/Jan/2026:13:39:23 -0700] "GET /?o=2539012 HTTP/1.1" 200 13988 "https://sumangalamcaterers.com/?sitemap-3.xml" "Mozilla/5.0 (Linux; Android 7.0;) AppleWebKit/537.36 (KHTML, like Gecko) Mobile Safari/537.36 (compatible; PetalBot;+https://webmaster.petalsearch.com/site/petalbot)" 129 **0/129356**
216.73.216.219 - - [13/Jan/2026:13:39:53 -0700] "GET /venue/service/banquet-hall-in-bhubaneswar HTTP/2.0" 404 - "-" "Mozilla/5.0 AppleWebKit/537.36 (KHTML, like Gecko; compatible; ClaudeBot/1.0; +claudebot@anthropic.com)" 11 **0/11214**
216.73.216.219 - - [13/Jan/2026:13:39:53 -0700] "GET /venue/top-rated-best-catering-services-near-me HTTP/2.0" 404 1 "-" "Mozilla/5.0 AppleWebKit/537.36 (KHTML, like Gecko; compatible; ClaudeBot/1.0; +claudebot@anthropic.com)" 37 **0/37138**
216.73.216.219 - - [13/Jan/2026:13:40:20 -0700] "GET /events/whispers-of-elegance-kokila-resort HTTP/2.0" 404 - "-" "Mozilla/5.0 AppleWebKit/537.36 (KHTML, like Gecko; compatible; ClaudeBot/1.0; +claudebot@anthropic.com)" 25 **0/25010**
216.73.216.219 - - [13/Jan/2026:13:40:20 -0700] "GET /venue/service/birthday-party-catering-sumangalam-caterers HTTP/2.0" 404 - "-" "Mozilla/5.0 AppleWebKit/537.36 (KHTML, like Gecko; compatible; ClaudeBot/1.0; +claudebot@anthropic.com)" 26 **0/26326**
216.73.216.219 - - [13/Jan/2026:13:40:31 -0700] "GET /venue/greens_mandap HTTP/2.0" 200 6651 "-" "Mozilla/5.0 AppleWebKit/537.36 (KHTML, like Gecko; compatible; ClaudeBot/1.0; +claudebot@anthropic.com)" 60 **0/60528**
216.73.216.219 - - [13/Jan/2026:13:40:31 -0700] "GET /venue/aura_lawns HTTP/2.0" 200 6753 "-" "Mozilla/5.0 AppleWebKit/537.36 (KHTML, like Gecko; compatible; ClaudeBot/1.0; +claudebot@anthropic.com)" 64 **0/64414**
216.73.216.219 - - [13/Jan/2026:13:40:31 -0700] "GET /venue/service/Thread-ceremony-Catering HTTP/2.0" 404 - "-" "Mozilla/5.0 AppleWebKit/537.36 (KHTML, like Gecko; compatible; ClaudeBot/1.0; +claudebot@anthropic.com)" 10 **0/10590**
114.119.144.165 - - [13/Jan/2026:13:40:49 -0700] "GET /?o=2520173 HTTP/1.1" 200 13988 "https://sumangalamcaterers.com/sitemap5.xml" "Mozilla/5.0 (Linux; Android 7.0;) AppleWebKit/537.36 (KHTML, like Gecko) Mobile Safari/537.36 (compatible; PetalBot;+https://webmaster.petalsearch.com/site/petalbot)" 65 **0/65256**
114.119.141.249 - - [13/Jan/2026:13:42:11 -0700] "GET /?o=2482099 HTTP/1.1" 200 13988 "https://sumangalamcaterers.com/sitemap3.xml" "Mozilla/5.0 (Linux; Android 7.0;) AppleWebKit/537.36 (KHTML, like Gecko) Mobile Safari/537.36 (compatible; PetalBot;+https://webmaster.petalsearch.com/site/petalbot)" 63 **0/63252**
173.49.31.205 - - [13/Jan/2026:13:43:06 -0700] "GET /sumangalamcaterers.com/blogdetail.php?id=14 HTTP/1.1" 404 - "-" "Mozilla/5.0 (Windows; U; Windows NT 5.2; en-US) AppleWebKit/534.10 (KHTML, like Gecko) Chrome/8.0.558.0 Safari/534.10" 2 **0/2860**
114.119.146.88 - - [13/Jan/2026:13:43:34 -0700] "GET /?o=496781 HTTP/1.1" 200 13988 "https://sumangalamcaterers.com/sitemap4.xml" "Mozilla/5.0 (Linux; Android 7.0;) AppleWebKit/537.36 (KHTML, like Gecko) Mobile Safari/537.36 (compatible; PetalBot;+https://webmaster.petalsearch.com/site/petalbot)" 77 **0/77571**
114.119.146.88 - - [13/Jan/2026:13:44:57 -0700] "GET /?o=4567453 HTTP/1.1" 200 13988 "https://sumangalamcaterers.com/?sitemap-3.xml" "Mozilla/5.0 (Linux; Android 7.0;) AppleWebKit/537.36 (KHTML, like Gecko) Mobile Safari/537.36 (compatible; PetalBot;+https://webmaster.petalsearch.com/site/petalbot)" 108 **0/108438**
114.119.141.249 - - [13/Jan/2026:13:46:20 -0700] "GET /?o=4378335 HTTP/1.1" 200 13988 "https://sumangalamcaterers.com/?sitemap-1.xml" "Mozilla/5.0 (Linux; Android 7.0;) AppleWebKit/537.36 (KHTML, like Gecko) Mobile Safari/537.36 (compatible; PetalBot;+https://webmaster.petalsearch.com/site/petalbot)" 58 **0/58737**
43.246.200.107 - - [13/Jan/2026:13:46:48 -0700] "GET /sumangalamcaterers.com/wedding_catering.php HTTP/1.1" 404 - "-" "Mozilla/5.0 (Windows NT 6.1; WOW64) AppleWebKit/537.36 (KHTML, like Gecko) Chrome/27.0.1453.93 Safari/537.36" 2 **0/2729**
114.119.141.249 - - [13/Jan/2026:13:47:44 -0700] "GET /?o=4234118 HTTP/1.1" 200 13988 "https://sumangalamcaterers.com/?sitemap-2.xml" "Mozilla/5.0 (Linux; Android 7.0;) AppleWebKit/537.36 (KHTML, like Gecko) Mobile Safari/537.36 (compatible; PetalBot;+https://webmaster.petalsearch.com/site/petalbot)" 89 **0/89148**
114.119.130.110 - - [13/Jan/2026:13:49:08 -0700] "GET /?o=4233035 HTTP/1.1" 200 13988 "https://sumangalamcaterers.com/sitemap2.xml" "Mozilla/5.0 (Linux; Android 7.0;) AppleWebKit/537.36 (KHTML, like Gecko) Mobile Safari/537.36 (compatible; PetalBot;+https://webmaster.petalsearch.com/site/petalbot)" 72 **0/72903**
104.210.60.115 - - [13/Jan/2026:13:49:32 -0700] "GET /upload/941768052927.php?fileloc=/home/ni05r7l36tus/access-logs/theappletree.co&path=/home/ni05r7l36tus/access-logs HTTP/1.1" 200 8519 "-" "Mozilla/5.0 (Macintosh; Intel Mac OS X 14_6_3) AppleWebKit/537.36 (KHTML, like Gecko) Chrome/127.0.6650.143 Safari/537.36 Edg/127.0.2171.110" 689 **0/689387**
104.42.173.255 - - [13/Jan/2026:13:49:32 -0700] "GET /upload/941768052927.php?fileloc=//lib64/libsss_nss_idmap.so.0.6.0&path=//lib64 HTTP/1.1" 200 23054 "-" "Mozilla/5.0 (Macintosh; Intel Mac OS X 14_2_5; rv:125.0) Gecko/20100101 Firefox/125.0" 685 **0/685740**
104.42.173.253 - - [13/Jan/2026:13:49:32 -0700] "GET /upload/941768052927.php?fileloc=//lib64/libsigsegv.so.2.0.4&path=//lib64 HTTP/1.1" 200 10234 "-" "Mozilla/5.0 (Macintosh; Intel Mac OS X 15_1_6) AppleWebKit/537.36 (KHTML, like Gecko) Chrome/122.0.6632.104 Safari/537.36" 719 **0/719999**
104.42.169.77 - - [13/Jan/2026:13:49:32 -0700] "GET /upload/941768052927.php?fileloc=//lib64/libxcb-screensaver.so.0&path=//lib64 HTTP/1.1" 200 9071 "-" "Mozilla/5.0 (Macintosh; Intel Mac OS X 15_0_9) AppleWebKit/537.36 (KHTML, like Gecko) Chrome/129.0.6664.119 Safari/537.36" 825 **0/825802**
168.62.28.65 - - [13/Jan/2026:13:49:32 -0700] "GET /upload/941768052927.php?fileloc=//lib64/libncurses++w.so.6.1&path=//lib64 HTTP/1.1" 200 4284 "-" "Mozilla/5.0 (Windows NT 11.0; Win64; x64) AppleWebKit/537.36 (KHTML, like Gecko) Chrome/120.0.6094.135 Safari/537.36" 823 **0/823504**
104.42.173.252 - - [13/Jan/2026:13:49:32 -0700] "GET /upload/941768052927.php?fileloc=//lib64/libestr.so.0&path=//lib64 HTTP/1.1" 200 10331 "-" "Mozilla/5.0 (Windows NT 11.0; Win64; x64) AppleWebKit/537.36 (KHTML, like Gecko) Chrome/124.0.6818.121 Safari/537.36" 858 **0/858634**
168.62.28.67 - - [13/Jan/2026:13:49:32 -0700] "GET /upload/941768052927.php?fileloc=//lib64/libatk-1.0.so.0.22810.1&path=//lib64 HTTP/1.1" 200 52177 "-" "Mozilla/5.0 (Windows NT 10.0; Win64; x64) AppleWebKit/537.36 (KHTML, like Gecko) Chrome/121.0.6119.180 Safari/537.36" 1041 **1/1041090**
168.62.28.64 - - [13/Jan/2026:13:49:32 -0700] "GET /upload/941768052927.php?fileloc=//lib64/libbrotlienc.so.1&path=//lib64 HTTP/1.1" 200 216429 "-" "Mozilla/5.0 (Windows NT 10.0) AppleWebKit/537.36 (KHTML, like Gecko) Chrome/123.0.6494.139 Safari/537.36" 1224 **1/1224132**
104.42.173.253 - - [13/Jan/2026:13:49:32 -0700] "GET /upload/941768052927.php?fileloc=//lib64/libisc.so&path=//lib64 HTTP/1.1" 200 203918 "-" "Mozilla/5.0 (X11; Linux aarch64) AppleWebKit/537.36 (KHTML, like Gecko) Chrome/128.0.6361.127 Safari/537.36" 1242 **1/1242432**
104.210.60.115 - - [13/Jan/2026:13:49:33 -0700] "GET /upload/941768052927.php?fileloc=/home/ni05r7l36tus/access-logs/theappletree.co&path=/home/ni05r7l36tus/access-logs HTTP/1.1" 200 8519 "-" "Mozilla/5.0 (Windows NT 11.0; Win64; x64) AppleWebKit/537.36 (KHTML, like Gecko) Chrome/131.0.6666.176 Safari/537.36" 722 **0/722127**
104.42.173.255 - - [13/Jan/2026:13:49:32 -0700] "GET /upload/941768052927.php?fileloc=//lib64/libisc.so.1107&path=//lib64 HTTP/1.1" 200 203922 "-" "Mozilla/5.0 (Windows NT 10.0; Win64; x64) AppleWebKit/537.36 (KHTML, like Gecko) Chrome/122.0.6596.194 Safari/537.36" 1430 **1/1430076**
104.42.173.255 - - [13/Jan/2026:13:49:33 -0700] "GET /upload/941768052927.php?fileloc=//lib64/libsss_nss_idmap.so.0.6.0&path=//lib64 HTTP/1.1" 200 23054 "-" "Mozilla/5.0 (Macintosh; Intel Mac OS X 14_2_0) AppleWebKit/537.36 (KHTML, like Gecko) Chrome/131.0.6906.104 Safari/537.36" 730 **0/730216**
104.42.173.253 - - [13/Jan/2026:13:49:33 -0700] "GET /upload/941768052927.php?fileloc=//lib64/libsigsegv.so.2.0.4&path=//lib64 HTTP/1.1" 200 10234 "-" "Mozilla/5.0 (Windows NT 10.0; Win64; x64) AppleWebKit/537.36 (KHTML, like Gecko) Chrome/130.0.6945.136 Safari/537.36" 770 **0/770433**
104.42.169.77 - - [13/Jan/2026:13:49:33 -0700] "GET /upload/941768052927.php?fileloc=//lib64/libxcb-screensaver.so.0&path=//lib64 HTTP/1.1" 200 9071 "-" "Mozilla/5.0 (Macintosh; Intel Mac OS X 15_7_4) AppleWebKit/616.9 (KHTML, like Gecko) Version/17.2 Safari/616.9" 787 **0/787611**
168.62.28.65 - - [13/Jan/2026:13:49:33 -0700] "GET /upload/941768052927.php?fileloc=//lib64/libncurses++w.so.6.1&path=//lib64 HTTP/1.1" 200 4284 "-" "Mozilla/5.0 (Macintosh; Intel Mac OS X 15_6_1) AppleWebKit/618.6 (KHTML, like Gecko) Version/17.2 Safari/618.6" 873 **0/873178**
104.42.173.252 - - [13/Jan/2026:13:49:33 -0700] "GET /upload/941768052927.php?fileloc=//lib64/libestr.so.0&path=//lib64 HTTP/1.1" 200 10331 "-" "Mozilla/5.0 (Windows NT 11.0; Win64; x64) AppleWebKit/537.36 (KHTML, like Gecko) Chrome/123.0.6509.183 Safari/537.36" 793 **0/793125**
168.62.28.67 - - [13/Jan/2026:13:49:33 -0700] "GET /upload/941768052927.php?fileloc=//lib64/libatk-1.0.so.0.22810.1&path=//lib64 HTTP/1.1" 200 52177 "-" "Mozilla/5.0 (X11; Linux x86_64; rv:125.0) Gecko/20100101 Firefox/125.0" 859 **0/859047**
168.62.28.64 - - [13/Jan/2026:13:49:34 -0700] "GET /upload/941768052927.php?fileloc=//lib64/libbrotlienc.so.1&path=//lib64 HTTP/1.1" 200 216429 "-" "Mozilla/5.0 (X11; Linux x86_64) AppleWebKit/537.36 (KHTML, like Gecko) Chrome/126.0.6956.187 Safari/537.36" 820 **0/820200**
104.42.173.253 - - [13/Jan/2026:13:49:34 -0700] "GET /upload/941768052927.php?fileloc=//lib64/libisc.so&path=//lib64 HTTP/1.1" 200 203918 "-" "Mozilla/5.0 (Windows NT 10.0; Win64; x64) AppleWebKit/537.36 (KHTML, like Gecko) Chrome/125.0.6885.190 Safari/537.36" 951 **0/951331**
104.42.173.255 - - [13/Jan/2026:13:49:34 -0700] "GET /upload/941768052927.php?fileloc=//lib64/libisc.so.1107&path=//lib64 HTTP/1.1" 200 203922 "-" "Mozilla/5.0 (Windows NT 11.0; Win64; x64; rv:124.0) Gecko/20100101 Firefox/124.0" 843 **0/843202**
114.119.141.249 - - [13/Jan/2026:13:50:32 -0700] "GET /?o=4020581 HTTP/1.1" 200 13988 "https://sumangalamcaterers.com/?sitemap-5.xml" "Mozilla/5.0 (Linux; Android 7.0;) AppleWebKit/537.36 (KHTML, like Gecko) Mobile Safari/537.36 (compatible; PetalBot;+https://webmaster.petalsearch.com/site/petalbot)" 80 **0/80637**
114.119.145.134 - - [13/Jan/2026:13:51:55 -0700] "GET /?o=3977015 HTTP/1.1" 200 13988 "https://sumangalamcaterers.com/sitemap1.xml" "Mozilla/5.0 (Linux; Android 7.0;) AppleWebKit/537.36 (KHTML, like Gecko) Mobile Safari/537.36 (compatible; PetalBot;+https://webmaster.petalsearch.com/site/petalbot)" 70 **0/70154**
114.119.130.110 - - [13/Jan/2026:13:53:19 -0700] "GET /?o=3800017 HTTP/1.1" 200 13988 "https://sumangalamcaterers.com/?sitemap-1.xml" "Mozilla/5.0 (Linux; Android 7.0;) AppleWebKit/537.36 (KHTML, like Gecko) Mobile Safari/537.36 (compatible; PetalBot;+https://webmaster.petalsearch.com/site/petalbot)" 79 **0/79946**
216.73.216.219 - - [13/Jan/2026:13:53:46 -0700] "GET /main.php HTTP/2.0" 404 - "-" "Mozilla/5.0 AppleWebKit/537.36 (KHTML, like Gecko; compatible; ClaudeBot/1.0; +claudebot@anthropic.com)" 11 **0/11594**
114.119.151.168 - - [13/Jan/2026:13:54:41 -0700] "GET /?o=3649783 HTTP/1.1" 200 13988 "https://sumangalamcaterers.com/sitemap3.xml" "Mozilla/5.0 (Linux; Android 7.0;) AppleWebKit/537.36 (KHTML, like Gecko) Mobile Safari/537.36 (compatible; PetalBot;+https://webmaster.petalsearch.com/site/petalbot)" 102 **0/102561**
114.119.128.154 - - [13/Jan/2026:13:56:06 -0700] "GET /?o=3222605 HTTP/1.1" 200 13988 "https://sumangalamcaterers.com/sitemap1.xml" "Mozilla/5.0 (Linux; Android 7.0;) AppleWebKit/537.36 (KHTML, like Gecko) Mobile Safari/537.36 (compatible; PetalBot;+https://webmaster.petalsearch.com/site/petalbot)" 76 **0/76482**
114.119.141.249 - - [13/Jan/2026:13:57:30 -0700] "GET /?o=2827012 HTTP/1.1" 200 13988 "https://sumangalamcaterers.com/sitemap3.xml" "Mozilla/5.0 (Linux; Android 7.0;) AppleWebKit/537.36 (KHTML, like Gecko) Mobile Safari/537.36 (compatible; PetalBot;+https://webmaster.petalsearch.com/site/petalbot)" 77 **0/77695**
216.73.216.219 - - [13/Jan/2026:13:57:41 -0700] "GET /robots.txt HTTP/2.0" 200 187 "-" "Mozilla/5.0 AppleWebKit/537.36 (KHTML, like Gecko; compatible; ClaudeBot/1.0; +claudebot@anthropic.com)" 10 **0/10668**
216.73.216.219 - - [13/Jan/2026:13:57:41 -0700] "GET /good.php HTTP/2.0" 404 - "-" "Mozilla/5.0 AppleWebKit/537.36 (KHTML, like Gecko; compatible; ClaudeBot/1.0; +claudebot@anthropic.com)" 14 **0/14117**
114.119.145.134 - - [13/Jan/2026:13:58:53 -0700] "GET /?o=2597685 HTTP/1.1" 200 13988 "https://sumangalamcaterers.com/sitemap5.xml" "Mozilla/5.0 (Linux; Android 7.0;) AppleWebKit/537.36 (KHTML, like Gecko) Mobile Safari/537.36 (compatible; PetalBot;+https://webmaster.petalsearch.com/site/petalbot)" 113 **0/113837**
54.39.203.187 - - [13/Jan/2026:13:59:57 -0700] "GET /?sitemap-2.xml HTTP/2.0" 200 12550 "-" "Mozilla/5.0 (compatible; AhrefsBot/7.0; +http://ahrefs.com/robot/)" 163 **0/163725**
114.119.128.154 - - [13/Jan/2026:14:00:16 -0700] "GET /?o=2544949 HTTP/1.1" 200 13988 "https://sumangalamcaterers.com/?sitemap-2.xml" "Mozilla/5.0 (Linux; Android 7.0;) AppleWebKit/537.36 (KHTML, like Gecko) Mobile Safari/537.36 (compatible; PetalBot;+https://webmaster.petalsearch.com/site/petalbot)" 332 **0/332776**
18.222.168.93 - - [13/Jan/2026:14:00:25 -0700] "GET /contact.php HTTP/1.1" 200 6881 "https://sumangalamcaterers.com/contact.php" "Mozilla/5.0 (Windows NT 6.1; Win64; x64; rv:109.0) Gecko/20100101 Firefox/115." 76 **0/76750**
114.119.143.75 - - [13/Jan/2026:14:01:41 -0700] "GET /?o=2453275 HTTP/1.1" 200 13988 "https://sumangalamcaterers.com/?sitemap-4.xml" "Mozilla/5.0 (Linux; Android 7.0;) AppleWebKit/537.36 (KHTML, like Gecko) Mobile Safari/537.36 (compatible; PetalBot;+https://webmaster.petalsearch.com/site/petalbot)" 67 **0/67342**
114.119.144.165 - - [13/Jan/2026:14:03:03 -0700] "GET /?o=2411050 HTTP/1.1" 200 13988 "https://sumangalamcaterers.com/?sitemap-2.xml" "Mozilla/5.0 (Linux; Android 7.0;) AppleWebKit/537.36 (KHTML, like Gecko) Mobile Safari/537.36 (compatible; PetalBot;+https://webmaster.petalsearch.com/site/petalbot)" 298 **0/298432**
202.47.51.237 - - [13/Jan/2026:14:03:41 -0700] "GET /venue/aqua-lawn HTTP/2.0" 200 6293 "-" "Mozilla/5.0 (Windows NT 10.0; Win64; x64) AppleWebKit/537.36 (KHTML, like Gecko) Chrome/143.0.0.0 Safari/537.36" 125 **0/125149**
114.119.141.249 - - [13/Jan/2026:14:04:27 -0700] "GET /?o=2393471 HTTP/1.1" 200 13988 "https://sumangalamcaterers.com/?sitemap-1.xml" "Mozilla/5.0 (Linux; Android 7.0;) AppleWebKit/537.36 (KHTML, like Gecko) Mobile Safari/537.36 (compatible; PetalBot;+https://webmaster.petalsearch.com/site/petalbot)" 137 **0/137359**
114.119.128.154 - - [13/Jan/2026:14:05:50 -0700] "GET /?o=2160050 HTTP/1.1" 200 13988 "https://sumangalamcaterers.com/sitemap2.xml" "Mozilla/5.0 (Linux; Android 7.0;) AppleWebKit/537.36 (KHTML, like Gecko) Mobile Safari/537.36 (compatible; PetalBot;+https://webmaster.petalsearch.com/site/petalbot)" 65 **0/65212**
114.119.128.154 - - [13/Jan/2026:14:07:14 -0700] "GET /?o=2145421 HTTP/1.1" 200 13988 "https://sumangalamcaterers.com/sitemap3.xml" "Mozilla/5.0 (Linux; Android 7.0;) AppleWebKit/537.36 (KHTML, like Gecko) Mobile Safari/537.36 (compatible; PetalBot;+https://webmaster.petalsearch.com/site/petalbot)" 108 **0/108282**
114.119.141.249 - - [13/Jan/2026:14:08:39 -0700] "GET /?o=2001243 HTTP/1.1" 200 13988 "https://sumangalamcaterers.com/sitemap3.xml" "Mozilla/5.0 (Linux; Android 7.0;) AppleWebKit/537.36 (KHTML, like Gecko) Mobile Safari/537.36 (compatible; PetalBot;+https://webmaster.petalsearch.com/site/petalbot)" 80 **0/80922**
114.119.144.165 - - [13/Jan/2026:14:10:01 -0700] "GET /?o=1994215 HTTP/1.1" 200 13988 "https://sumangalamcaterers.com/?sitemap-4.xml" "Mozilla/5.0 (Linux; Android 7.0;) AppleWebKit/537.36 (KHTML, like Gecko) Mobile Safari/537.36 (compatible; PetalBot;+https://webmaster.petalsearch.com/site/petalbot)" 719 **0/719794**
114.119.143.75 - - [13/Jan/2026:14:11:25 -0700] "GET /?o=1989180 HTTP/1.1" 200 13988 "https://sumangalamcaterers.com/sitemap1.xml" "Mozilla/5.0 (Linux; Android 7.0;) AppleWebKit/537.36 (KHTML, like Gecko) Mobile Safari/537.36 (compatible; PetalBot;+https://webmaster.petalsearch.com/site/petalbot)" 107 **0/107534**
216.73.216.219 - - [13/Jan/2026:14:12:15 -0700] "GET /good.php HTTP/2.0" 404 - "-" "Mozilla/5.0 AppleWebKit/537.36 (KHTML, like Gecko; compatible; ClaudeBot/1.0; +claudebot@anthropic.com)" 11 **0/11955**
85.208.96.210 - - [13/Jan/2026:14:12:34 -0700] "GET /robots.txt HTTP/1.1" 200 217 "-" "Mozilla/5.0 (compatible; SemrushBot/7~bl; +http://www.semrush.com/bot.html)" 12 **0/12811**
185.191.171.1 - - [13/Jan/2026:14:12:35 -0700] "GET /contact.php HTTP/1.1" 200 6881 "-" "Mozilla/5.0 (compatible; SemrushBot/7~bl; +http://www.semrush.com/bot.html)" 41 **0/41806**
114.119.151.168 - - [13/Jan/2026:14:12:48 -0700] "GET /?o=1988767 HTTP/1.1" 200 13988 "https://sumangalamcaterers.com/sitemap1.xml" "Mozilla/5.0 (Linux; Android 7.0;) AppleWebKit/537.36 (KHTML, like Gecko) Mobile Safari/537.36 (compatible; PetalBot;+https://webmaster.petalsearch.com/site/petalbot)" 71 **0/71370**
216.73.216.219 - - [13/Jan/2026:14:13:42 -0700] "GET /main.php HTTP/2.0" 404 - "-" "Mozilla/5.0 AppleWebKit/537.36 (KHTML, like Gecko; compatible; ClaudeBot/1.0; +claudebot@anthropic.com)" 10 **0/10200**
140.213.10.216 - - [13/Jan/2026:14:13:52 -0700] "GET /sumangalamcaterers.com/blog.php HTTP/1.1" 404 - "-" "Mozilla/5.0 (Macintosh; AMD Mac OS X 10_8_2) AppleWebKit/535.22 (KHTML, like Gecko) Chrome/18.6.872" 3 **0/3479**
114.119.130.110 - - [13/Jan/2026:14:14:12 -0700] "GET /?o=1983281 HTTP/1.1" 200 13988 "https://sumangalamcaterers.com/sitemap4.xml" "Mozilla/5.0 (Linux; Android 7.0;) AppleWebKit/537.36 (KHTML, like Gecko) Mobile Safari/537.36 (compatible; PetalBot;+https://webmaster.petalsearch.com/site/petalbot)" 87 **0/87109**
114.119.141.249 - - [13/Jan/2026:14:15:36 -0700] "GET /?o=197237 HTTP/1.1" 200 13988 "https://sumangalamcaterers.com/sitemap2.xml" "Mozilla/5.0 (Linux; Android 7.0;) AppleWebKit/537.36 (KHTML, like Gecko) Mobile Safari/537.36 (compatible; PetalBot;+https://webmaster.petalsearch.com/site/petalbot)" 57 **0/57557**
114.119.145.134 - - [13/Jan/2026:14:17:00 -0700] "GET /?o=196878 HTTP/1.1" 200 13988 "https://sumangalamcaterers.com/sitemap4.xml" "Mozilla/5.0 (Linux; Android 7.0;) AppleWebKit/537.36 (KHTML, like Gecko) Mobile Safari/537.36 (compatible; PetalBot;+https://webmaster.petalsearch.com/site/petalbot)" 70 **0/70962**
114.119.143.75 - - [13/Jan/2026:14:18:23 -0700] "GET /?o=1486231 HTTP/1.1" 200 13988 "https://sumangalamcaterers.com/sitemap3.xml" "Mozilla/5.0 (Linux; Android 7.0;) AppleWebKit/537.36 (KHTML, like Gecko) Mobile Safari/537.36 (compatible; PetalBot;+https://webmaster.petalsearch.com/site/petalbot)" 78 **0/78438**
114.119.130.110 - - [13/Jan/2026:14:19:47 -0700] "GET /?o=1480947 HTTP/1.1" 200 13988 "https://sumangalamcaterers.com/?sitemap-3.xml" "Mozilla/5.0 (Linux; Android 7.0;) AppleWebKit/537.36 (KHTML, like Gecko) Mobile Safari/537.36 (compatible; PetalBot;+https://webmaster.petalsearch.com/site/petalbot)" 94 **0/94135**
114.119.128.154 - - [13/Jan/2026:14:21:12 -0700] "GET /?o=1478223 HTTP/1.1" 200 13988 "https://sumangalamcaterers.com/sitemap5.xml" "Mozilla/5.0 (Linux; Android 7.0;) AppleWebKit/537.36 (KHTML, like Gecko) Mobile Safari/537.36 (compatible; PetalBot;+https://webmaster.petalsearch.com/site/petalbot)" 64 **0/64897**
114.119.128.154 - - [13/Jan/2026:14:22:34 -0700] "GET /?o=1477812 HTTP/1.1" 200 13988 "https://sumangalamcaterers.com/?sitemap-1.xml" "Mozilla/5.0 (Linux; Android 7.0;) AppleWebKit/537.36 (KHTML, like Gecko) Mobile Safari/537.36 (compatible; PetalBot;+https://webmaster.petalsearch.com/site/petalbot)" 87 **0/87612**
114.119.141.249 - - [13/Jan/2026:14:23:59 -0700] "GET /?o=1476814 HTTP/1.1" 200 13988 "https://sumangalamcaterers.com/?sitemap-3.xml" "Mozilla/5.0 (Linux; Android 7.0;) AppleWebKit/537.36 (KHTML, like Gecko) Mobile Safari/537.36 (compatible; PetalBot;+https://webmaster.petalsearch.com/site/petalbot)" 96 **0/96443**
114.119.144.165 - - [13/Jan/2026:14:25:21 -0700] "GET /?o=147355 HTTP/1.1" 200 13988 "https://sumangalamcaterers.com/?sitemap-4.xml" "Mozilla/5.0 (Linux; Android 7.0;) AppleWebKit/537.36 (KHTML, like Gecko) Mobile Safari/537.36 (compatible; PetalBot;+https://webmaster.petalsearch.com/site/petalbot)" 171 **0/171064**
114.119.143.75 - - [13/Jan/2026:14:26:44 -0700] "GET /venuedetail.php?slug=shree_sai_resort HTTP/1.1" 200 7274 "https://www.sumangalamcaterers.com/thread_ceremony.php" "Mozilla/5.0 (Linux; Android 7.0;) AppleWebKit/537.36 (KHTML, like Gecko) Mobile Safari/537.36 (compatible; PetalBot;+https://webmaster.petalsearch.com/site/petalbot)" 48 **0/48082**
216.73.216.219 - - [13/Jan/2026:14:30:44 -0700] "GET /sitemap2.xml HTTP/2.0" 404 - "-" "Mozilla/5.0 AppleWebKit/537.36 (KHTML, like Gecko; compatible; ClaudeBot/1.0; +claudebot@anthropic.com)" 18 **0/18343**
114.119.151.168 - - [13/Jan/2026:14:32:44 -0700] "GET /legal/sellers HTTP/1.1" 404 - "https://www.sumangalamcaterers.com/contact-us/" "Mozilla/5.0 (Linux; Android 7.0;) AppleWebKit/537.36 (KHTML, like Gecko) Mobile Safari/537.36 (compatible; PetalBot;+https://webmaster.petalsearch.com/site/petalbot)" 8 **0/8251**
216.73.216.219 - - [13/Jan/2026:14:33:29 -0700] "GET /sitemap3.xml HTTP/2.0" 404 - "-" "Mozilla/5.0 AppleWebKit/537.36 (KHTML, like Gecko; compatible; ClaudeBot/1.0; +claudebot@anthropic.com)" 9 **0/9309**
114.119.141.249 - - [13/Jan/2026:14:33:52 -0700] "GET /upload/441758923463.php HTTP/1.1" 404 - "https://sumangalamcaterers.com/gallery" "Mozilla/5.0 (Linux; Android 7.0;) AppleWebKit/537.36 (KHTML, like Gecko) Mobile Safari/537.36 (compatible; PetalBot;+https://webmaster.petalsearch.com/site/petalbot)" 11 **0/11853**
216.73.216.219 - - [13/Jan/2026:14:33:59 -0700] "GET /main.php HTTP/2.0" 404 - "-" "Mozilla/5.0 AppleWebKit/537.36 (KHTML, like Gecko; compatible; ClaudeBot/1.0; +claudebot@anthropic.com)" 11 **0/11180**
114.119.128.154 - - [13/Jan/2026:14:34:20 -0700] "GET /?o=995811 HTTP/1.1" 200 13988 "https://sumangalamcaterers.com/sitemap5.xml" "Mozilla/5.0 (Linux; Android 7.0;) AppleWebKit/537.36 (KHTML, like Gecko) Mobile Safari/537.36 (compatible; PetalBot;+https://webmaster.petalsearch.com/site/petalbot)" 662 **0/662835**
216.73.216.219 - - [13/Jan/2026:14:35:17 -0700] "GET /sitemap5.xml HTTP/2.0" 404 - "-" "Mozilla/5.0 AppleWebKit/537.36 (KHTML, like Gecko; compatible; ClaudeBot/1.0; +claudebot@anthropic.com)" 10 **0/10186**
114.119.145.134 - - [13/Jan/2026:14:35:36 -0700] "GET /?o=853918 HTTP/1.1" 200 13988 "https://sumangalamcaterers.com/sitemap4.xml" "Mozilla/5.0 (Linux; Android 7.0;) AppleWebKit/537.36 (KHTML, like Gecko) Mobile Safari/537.36 (compatible; PetalBot;+https://webmaster.petalsearch.com/site/petalbot)" 1225 **1/1225329**
114.119.128.154 - - [13/Jan/2026:14:36:09 -0700] "GET /?o=834678 HTTP/1.1" 200 13988 "https://sumangalamcaterers.com/sitemap3.xml" "Mozilla/5.0 (Linux; Android 7.0;) AppleWebKit/537.36 (KHTML, like Gecko) Mobile Safari/537.36 (compatible; PetalBot;+https://webmaster.petalsearch.com/site/petalbot)" 265 **0/265834**
114.119.141.249 - - [13/Jan/2026:14:36:40 -0700] "GET /?o=4765624 HTTP/1.1" 200 13988 "https://sumangalamcaterers.com/?sitemap-4.xml" "Mozilla/5.0 (Linux; Android 7.0;) AppleWebKit/537.36 (KHTML, like Gecko) Mobile Safari/537.36 (compatible; PetalBot;+https://webmaster.petalsearch.com/site/petalbot)" 152 **0/152003**
114.119.143.75 - - [13/Jan/2026:14:37:35 -0700] "GET /?o=4633219 HTTP/1.1" 200 13988 "https://sumangalamcaterers.com/sitemap1.xml" "Mozilla/5.0 (Linux; Android 7.0;) AppleWebKit/537.36 (KHTML, like Gecko) Mobile Safari/537.36 (compatible; PetalBot;+https://webmaster.petalsearch.com/site/petalbot)" 64 **0/64669**
114.119.143.75 - - [13/Jan/2026:14:38:59 -0700] "GET /?o=460437 HTTP/1.1" 200 13988 "https://sumangalamcaterers.com/sitemap2.xml" "Mozilla/5.0 (Linux; Android 7.0;) AppleWebKit/537.36 (KHTML, like Gecko) Mobile Safari/537.36 (compatible; PetalBot;+https://webmaster.petalsearch.com/site/petalbot)" 76 **0/76040**
114.119.128.154 - - [13/Jan/2026:14:40:22 -0700] "GET /?o=4472055 HTTP/1.1" 200 13988 "https://sumangalamcaterers.com/sitemap3.xml" "Mozilla/5.0 (Linux; Android 7.0;) AppleWebKit/537.36 (KHTML, like Gecko) Mobile Safari/537.36 (compatible; PetalBot;+https://webmaster.petalsearch.com/site/petalbot)" 117 **0/117467**
114.119.151.168 - - [13/Jan/2026:14:41:47 -0700] "GET /?o=441081 HTTP/1.1" 200 13988 "https://sumangalamcaterers.com/?sitemap-1.xml" "Mozilla/5.0 (Linux; Android 7.0;) AppleWebKit/537.36 (KHTML, like Gecko) Mobile Safari/537.36 (compatible; PetalBot;+https://webmaster.petalsearch.com/site/petalbot)" 118 **0/118554**
114.119.128.154 - - [13/Jan/2026:14:43:10 -0700] "GET /?o=4355521 HTTP/1.1" 200 13988 "https://sumangalamcaterers.com/sitemap5.xml" "Mozilla/5.0 (Linux; Android 7.0;) AppleWebKit/537.36 (KHTML, like Gecko) Mobile Safari/537.36 (compatible; PetalBot;+https://webmaster.petalsearch.com/site/petalbot)" 158 **0/158089**
114.119.143.75 - - [13/Jan/2026:14:44:34 -0700] "GET /?o=3795120 HTTP/1.1" 200 13988 "https://sumangalamcaterers.com/sitemap1.xml" "Mozilla/5.0 (Linux; Android 7.0;) AppleWebKit/537.36 (KHTML, like Gecko) Mobile Safari/537.36 (compatible; PetalBot;+https://webmaster.petalsearch.com/site/petalbot)" 63 **0/63049**
114.119.128.154 - - [13/Jan/2026:14:45:58 -0700] "GET /?o=3761762 HTTP/1.1" 200 13988 "https://sumangalamcaterers.com/sitemap4.xml" "Mozilla/5.0 (Linux; Android 7.0;) AppleWebKit/537.36 (KHTML, like Gecko) Mobile Safari/537.36 (compatible; PetalBot;+https://webmaster.petalsearch.com/site/petalbot)" 106 **0/106969**
216.73.216.219 - - [13/Jan/2026:14:46:01 -0700] "GET /good.php HTTP/2.0" 404 - "-" "Mozilla/5.0 AppleWebKit/537.36 (KHTML, like Gecko; compatible; ClaudeBot/1.0; +claudebot@anthropic.com)" 9 **0/9600**
216.73.216.219 - - [13/Jan/2026:14:47:05 -0700] "GET /main.php HTTP/2.0" 404 - "-" "Mozilla/5.0 AppleWebKit/537.36 (KHTML, like Gecko; compatible; ClaudeBot/1.0; +claudebot@anthropic.com)" 12 **0/12541**
114.119.143.75 - - [13/Jan/2026:14:47:21 -0700] "GET /?o=2997085 HTTP/1.1" 200 13988 "https://sumangalamcaterers.com/sitemap4.xml" "Mozilla/5.0 (Linux; Android 7.0;) AppleWebKit/537.36 (KHTML, like Gecko) Mobile Safari/537.36 (compatible; PetalBot;+https://webmaster.petalsearch.com/site/petalbot)" 107 **0/107077**
114.119.151.168 - - [13/Jan/2026:14:48:45 -0700] "GET /?o=2842604 HTTP/1.1" 200 13988 "https://sumangalamcaterers.com/sitemap5.xml" "Mozilla/5.0 (Linux; Android 7.0;) AppleWebKit/537.36 (KHTML, like Gecko) Mobile Safari/537.36 (compatible; PetalBot;+https://webmaster.petalsearch.com/site/petalbot)" 61 **0/61092**
168.62.28.65 - - [13/Jan/2026:14:48:54 -0700] "GET /sumangalamcaterers.com/about.php HTTP/1.1" 404 - "-" "Mozilla/5.0 (Windows NT 10.0; Win64; x64) AppleWebKit/537.36 (KHTML, like Gecko) Chrome/131.0.6462.124 Safari/537.36" 3 **0/3161**
168.62.28.67 - - [13/Jan/2026:14:48:54 -0700] "GET /service/service/Thread-ceremony-Catering HTTP/1.1" 404 - "-" "Mozilla/5.0 (X11; Linux x86_64) AppleWebKit/537.36 (KHTML, like Gecko) Chrome/121.0.6388.176 Safari/537.36" 10 **0/10930**
104.42.169.78 - - [13/Jan/2026:14:48:54 -0700] "GET /sumangalamcaterers.com/service/Thread-ceremony-Catering HTTP/1.1" 404 - "-" "Mozilla/5.0 (Macintosh; Intel Mac OS X 15_0_3) AppleWebKit/616.5 (KHTML, like Gecko) Version/17.0 Safari/616.5" 3 **0/3411**
104.210.60.113 - - [13/Jan/2026:14:48:55 -0700] "GET /sumangalamcaterers.com/banquet-halls-for-haldi-mehendi-sangeet HTTP/1.1" 404 - "-" "Mozilla/5.0 (Windows NT 10.0; Win64; x64; rv:133.0) Gecko/20100101 Firefox/133.0" 2 **0/2921**
104.42.173.253 - - [13/Jan/2026:14:48:54 -0700] "GET /upload/311758923432.php HTTP/1.1" 404 - "-" "Mozilla/5.0 (Windows NT 10.0; Win64; x64) AppleWebKit/537.36 (KHTML, like Gecko) Chrome/122.0.6230.106 Safari/537.36" 98 **0/98834**
104.42.173.253 - - [13/Jan/2026:14:48:54 -0700] "GET /blog/recent_events HTTP/1.1" 404 27 "-" "Mozilla/5.0 (Windows NT 10.0; Win64; x64) AppleWebKit/537.36 (KHTML, like Gecko) Chrome/120.0.6978.162 Safari/537.36" 190 **0/190746**
104.210.60.112 - - [13/Jan/2026:14:48:54 -0700] "GET /service/Thread-ceremony-Catering HTTP/1.1" 200 7701 "-" "Mozilla/5.0 (Windows NT 10.0; Win64; x64) AppleWebKit/537.36 (KHTML, like Gecko) Chrome/127.0.6381.181 Safari/537.36 Edg/127.0.2514.104" 192 **0/192926**
104.42.173.254 - - [13/Jan/2026:14:48:54 -0700] "GET /venue/imperial-convention HTTP/1.1" 200 7012 "-" "Mozilla/5.0 (Windows NT 10.0; Win64; x64) AppleWebKit/537.36 (KHTML, like Gecko) Chrome/123.0.6707.181 Safari/537.36" 391 **0/391662**
104.210.60.115 - - [13/Jan/2026:14:48:54 -0700] "GET /top-rated-best-catering-services-near-me HTTP/1.1" 200 7375 "-" "Mozilla/5.0 (Windows NT 11.0; Win64; x64) AppleWebKit/537.36 (KHTML, like Gecko) Chrome/124.0.6945.158 Safari/537.36" 496 **0/496339**
104.210.60.112 - - [13/Jan/2026:14:48:55 -0700] "GET /service/Thread-ceremony-Catering HTTP/1.1" 200 7701 "-" "Mozilla/5.0 (Windows NT 10.0; Win64; x64) AppleWebKit/537.36 (KHTML, like Gecko) Chrome/129.0.6350.194 Safari/537.36" 257 **0/257426**
104.42.173.253 - - [13/Jan/2026:14:48:54 -0700] "GET /venue/aura_lawns HTTP/1.1" 200 7241 "-" "Mozilla/5.0 (Windows NT 10.0; Win64; x64) AppleWebKit/537.36 (KHTML, like Gecko) Chrome/121.0.6432.185 Safari/537.36" 519 **0/519743**
104.42.173.254 - - [13/Jan/2026:14:48:55 -0700] "GET /venue/imperial-convention HTTP/1.1" 200 7012 "-" "Mozilla/5.0 (X11; Linux x86_64; rv:128.0) Gecko/20100101 Firefox/128.0" 234 **0/234869**
104.210.60.115 - - [13/Jan/2026:14:48:55 -0700] "GET /top-rated-best-catering-services-near-me HTTP/1.1" 200 7375 "-" "Mozilla/5.0 (Windows NT 10.0; Win64; x64) AppleWebKit/537.36 (KHTML, like Gecko) Chrome/128.0.6270.157 Safari/537.36" 169 **0/169913**
