114.119.141.249 - - [13/Jan/2026:06:21:27 -0700] "GET /?o=3084018 HTTP/1.1" 200 13988 "https://sumangalamcaterers.com/sitemap3.xml" "Mozilla/5.0 (Linux; Android 7.0;) AppleWebKit/537.36 (KHTML, like Gecko) Mobile Safari/537.36 (compatible; PetalBot;+https://webmaster.petalsearch.com/site/petalbot)" 103 **0/103494**
114.119.151.168 - - [13/Jan/2026:06:22:47 -0700] "GET /?o=3065700 HTTP/1.1" 200 13988 "https://sumangalamcaterers.com/sitemap4.xml" "Mozilla/5.0 (Linux; Android 7.0;) AppleWebKit/537.36 (KHTML, like Gecko) Mobile Safari/537.36 (compatible; PetalBot;+https://webmaster.petalsearch.com/site/petalbot)" 62 **0/62609**
114.119.128.154 - - [13/Jan/2026:06:24:10 -0700] "GET /?o=3065131 HTTP/1.1" 200 13988 "https://sumangalamcaterers.com/?sitemap-2.xml" "Mozilla/5.0 (Linux; Android 7.0;) AppleWebKit/537.36 (KHTML, like Gecko) Mobile Safari/537.36 (compatible; PetalBot;+https://webmaster.petalsearch.com/site/petalbot)" 91 **0/91580**
114.119.143.75 - - [13/Jan/2026:06:25:34 -0700] "GET /shop-details.php HTTP/1.1" 404 - "http://www.sumangalamcaterers.com?referral_url=https%3A//in.iappscreator.com/dir/v/sumangalam-caterers--catering-bhubaneswar/7b923547f0bc4d3cad1e8cc1e89fba60" "Mozilla/5.0 (Linux; Android 7.0;) AppleWebKit/537.36 (KHTML, like Gecko) Mobile Safari/537.36 (compatible; PetalBot;+https://webmaster.petalsearch.com/site/petalbot)" 7 **0/7950**
114.119.143.75 - - [13/Jan/2026:06:26:58 -0700] "GET /?o=798201 HTTP/1.1" 200 13988 "https://sumangalamcaterers.com/sitemap5.xml" "Mozilla/5.0 (Linux; Android 7.0;) AppleWebKit/537.36 (KHTML, like Gecko) Mobile Safari/537.36 (compatible; PetalBot;+https://webmaster.petalsearch.com/site/petalbot)" 128 **0/128946**
114.119.145.134 - - [13/Jan/2026:06:28:21 -0700] "GET /?o=4252526 HTTP/1.1" 200 13988 "https://sumangalamcaterers.com/?sitemap-1.xml" "Mozilla/5.0 (Linux; Android 7.0;) AppleWebKit/537.36 (KHTML, like Gecko) Mobile Safari/537.36 (compatible; PetalBot;+https://webmaster.petalsearch.com/site/petalbot)" 76 **0/76073**
114.119.141.249 - - [13/Jan/2026:06:29:45 -0700] "GET /?o=3585164 HTTP/1.1" 200 13988 "https://sumangalamcaterers.com/?sitemap-3.xml" "Mozilla/5.0 (Linux; Android 7.0;) AppleWebKit/537.36 (KHTML, like Gecko) Mobile Safari/537.36 (compatible; PetalBot;+https://webmaster.petalsearch.com/site/petalbot)" 40 **0/40754**
114.119.141.249 - - [13/Jan/2026:06:31:11 -0700] "GET /?o=3059251 HTTP/1.1" 200 13988 "https://sumangalamcaterers.com/sitemap4.xml" "Mozilla/5.0 (Linux; Android 7.0;) AppleWebKit/537.36 (KHTML, like Gecko) Mobile Safari/537.36 (compatible; PetalBot;+https://webmaster.petalsearch.com/site/petalbot)" 52 **0/52212**
114.119.151.168 - - [13/Jan/2026:06:32:32 -0700] "GET /?o=3002541 HTTP/1.1" 200 13988 "https://sumangalamcaterers.com/?sitemap-4.xml" "Mozilla/5.0 (Linux; Android 7.0;) AppleWebKit/537.36 (KHTML, like Gecko) Mobile Safari/537.36 (compatible; PetalBot;+https://webmaster.petalsearch.com/site/petalbot)" 77 **0/77560**
216.73.216.219 - - [13/Jan/2026:06:32:42 -0700] "GET /upload/941768052927.php?path=%2F%2Fopt%2Falt%2Fpython311%2Flib%2Fpython3.11%2Fsite-packages%2F_distutils_hack%2F__pycache__ HTTP/2.0" 200 4780 "-" "Mozilla/5.0 AppleWebKit/537.36 (KHTML, like Gecko; compatible; ClaudeBot/1.0; +claudebot@anthropic.com)" 648 **0/648787**
216.73.216.219 - - [13/Jan/2026:06:32:42 -0700] "GET /upload/941768052927.php?fileloc=%2F%2Fopt%2Falt%2Fpython311%2Fshare%2Fdoc%2Falt-python311-setuptools%2Fdocs%2Fdeprecated%2Fpython_eggs.rst&path=%2F%2Fopt%2Falt%2Fpython311%2Fshare%2Fdoc%2Falt-python311-setuptools%2Fdocs%2Fdeprecated HTTP/2.0" 200 14897 "-" "Mozilla/5.0 AppleWebKit/537.36 (KHTML, like Gecko; compatible; ClaudeBot/1.0; +claudebot@anthropic.com)" 659 **0/659377**
216.73.216.219 - - [13/Jan/2026:06:32:42 -0700] "GET /upload/941768052927.php?path=%2F%2Fopt%2Falt%2Fpython311%2Fshare%2Fdoc%2Falt-python311-setuptools%2Fdocs%2Fdeprecated%2Fdistutils HTTP/2.0" 200 5086 "-" "Mozilla/5.0 AppleWebKit/537.36 (KHTML, like Gecko; compatible; ClaudeBot/1.0; +claudebot@anthropic.com)" 669 **0/669987**
216.73.216.219 - - [13/Jan/2026:06:32:42 -0700] "GET /upload/941768052927.php?path=%2F%2Fopt%2Falt%2Fpython311%2Flib%2Fpython3.11%2Fsite-packages%2Fsetuptools%2Fcommand HTTP/2.0" 200 5518 "-" "Mozilla/5.0 AppleWebKit/537.36 (KHTML, like Gecko; compatible; ClaudeBot/1.0; +claudebot@anthropic.com)" 669 **0/669559**
216.73.216.219 - - [13/Jan/2026:06:32:42 -0700] "GET /upload/941768052927.php?path=%2F%2Fopt%2Falt%2Fpython311%2Flib%2Fpython3.11%2Fsite-packages%2Fsetuptools%2F__pycache__ HTTP/2.0" 200 5569 "-" "Mozilla/5.0 AppleWebKit/537.36 (KHTML, like Gecko; compatible; ClaudeBot/1.0; +claudebot@anthropic.com)" 675 **0/675732**
216.73.216.219 - - [13/Jan/2026:06:32:42 -0700] "GET /upload/941768052927.php?fileloc=%2F%2Fopt%2Falt%2Fpython311%2Fshare%2Fdoc%2Falt-python311-setuptools%2Fdocs%2Fdevelopment%2Fdeveloper-guide.rst&path=%2F%2Fopt%2Falt%2Fpython311%2Fshare%2Fdoc%2Falt-python311-setuptools%2Fdocs%2Fdevelopment HTTP/2.0" 200 6483 "-" "Mozilla/5.0 AppleWebKit/537.36 (KHTML, like Gecko; compatible; ClaudeBot/1.0; +claudebot@anthropic.com)" 691 **0/691161**
216.73.216.219 - - [13/Jan/2026:06:33:17 -0700] "GET /upload/941768052927.php?fileloc=%2F%2Fopt%2Falt%2Fpython311%2Fshare%2Fdoc%2Falt-python311-setuptools%2Fdocs%2Fuserguide%2Fquickstart.rst&path=%2F%2Fopt%2Falt%2Fpython311%2Fshare%2Fdoc%2Falt-python311-setuptools%2Fdocs%2Fuserguide HTTP/2.0" 200 10169 "-" "Mozilla/5.0 AppleWebKit/537.36 (KHTML, like Gecko; compatible; ClaudeBot/1.0; +claudebot@anthropic.com)" 645 **0/645404**
216.73.216.219 - - [13/Jan/2026:06:33:17 -0700] "GET /upload/941768052927.php?path=%2F%2Fopt%2Falt%2Fpython311%2Flib%2Fpython3.11%2Fsite-packages%2Fsetuptools%2Fconfig HTTP/2.0" 200 4975 "-" "Mozilla/5.0 AppleWebKit/537.36 (KHTML, like Gecko; compatible; ClaudeBot/1.0; +claudebot@anthropic.com)" 672 **0/672929**
216.73.216.219 - - [13/Jan/2026:06:33:17 -0700] "GET /upload/941768052927.php?fileloc=%2F%2Fopt%2Falt%2Fpython311%2Fshare%2Fdoc%2Falt-python311-setuptools%2Fdocs%2Fuserguide%2Fext_modules.rst&path=%2F%2Fopt%2Falt%2Fpython311%2Fshare%2Fdoc%2Falt-python311-setuptools%2Fdocs%2Fuserguide HTTP/2.0" 200 7042 "-" "Mozilla/5.0 AppleWebKit/537.36 (KHTML, like Gecko; compatible; ClaudeBot/1.0; +claudebot@anthropic.com)" 677 **0/677662**
216.73.216.219 - - [13/Jan/2026:06:33:17 -0700] "GET /upload/941768052927.php?path=%2F%2Fopt%2Falt%2Fpython311%2Flib%2Fpython3.11%2Fsite-packages%2Fsetuptools%2Fextern HTTP/2.0" 200 4817 "-" "Mozilla/5.0 AppleWebKit/537.36 (KHTML, like Gecko; compatible; ClaudeBot/1.0; +claudebot@anthropic.com)" 679 **0/679200**
216.73.216.219 - - [13/Jan/2026:06:33:17 -0700] "GET /upload/941768052927.php?fileloc=%2F%2Fopt%2Falt%2Fpython311%2Fshare%2Fdoc%2Falt-python311-setuptools%2Fdocs%2Fuserguide%2Fdevelopment_mode.rst&path=%2F%2Fopt%2Falt%2Fpython311%2Fshare%2Fdoc%2Falt-python311-setuptools%2Fdocs%2Fuserguide HTTP/2.0" 200 9198 "-" "Mozilla/5.0 AppleWebKit/537.36 (KHTML, like Gecko; compatible; ClaudeBot/1.0; +claudebot@anthropic.com)" 684 **0/684405**
216.73.216.219 - - [13/Jan/2026:06:33:18 -0700] "GET /upload/941768052927.php?path=%2F%2Fopt%2Falt%2Fpython311%2Flib%2Fpython3.11%2Fsite-packages%2Fsetuptools%2F_distutils HTTP/2.0" 200 5712 "-" "Mozilla/5.0 AppleWebKit/537.36 (KHTML, like Gecko; compatible; ClaudeBot/1.0; +claudebot@anthropic.com)" 668 **0/668136**
216.73.216.219 - - [13/Jan/2026:06:33:29 -0700] "GET /upload/941768052927.php?fileloc=%2F%2Fopt%2Falt%2Fpython311%2Fshare%2Fdoc%2Falt-python311-setuptools%2Fdocs%2Fdeprecated%2Ffunctionalities.rst&path=%2F%2Fopt%2Falt%2Fpython311%2Fshare%2Fdoc%2Falt-python311-setuptools%2Fdocs%2Fdeprecated HTTP/2.0" 200 5210 "-" "Mozilla/5.0 AppleWebKit/537.36 (KHTML, like Gecko; compatible; ClaudeBot/1.0; +claudebot@anthropic.com)" 671 **0/671583**
216.73.216.219 - - [13/Jan/2026:06:33:29 -0700] "GET /upload/941768052927.php?fileloc=%2F%2Fopt%2Falt%2Fpython311%2Fshare%2Fdoc%2Falt-python311-setuptools%2Fdocs%2Fdevelopment%2Findex.rst&path=%2F%2Fopt%2Falt%2Fpython311%2Fshare%2Fdoc%2Falt-python311-setuptools%2Fdocs%2Fdevelopment HTTP/2.0" 200 5187 "-" "Mozilla/5.0 AppleWebKit/537.36 (KHTML, like Gecko; compatible; ClaudeBot/1.0; +claudebot@anthropic.com)" 675 **0/675524**
216.73.216.219 - - [13/Jan/2026:06:33:29 -0700] "GET /upload/941768052927.php?fileloc=%2F%2Fopt%2Falt%2Fpython311%2Fshare%2Fdoc%2Falt-python311-setuptools%2Fdocs%2Fuserguide%2Fdatafiles.rst&path=%2F%2Fopt%2Falt%2Fpython311%2Fshare%2Fdoc%2Falt-python311-setuptools%2Fdocs%2Fuserguide HTTP/2.0" 200 9533 "-" "Mozilla/5.0 AppleWebKit/537.36 (KHTML, like Gecko; compatible; ClaudeBot/1.0; +claudebot@anthropic.com)" 676 **0/676401**
216.73.216.219 - - [13/Jan/2026:06:33:29 -0700] "GET /upload/941768052927.php?fileloc=%2F%2Fopt%2Falt%2Fpython311%2Fshare%2Fdoc%2Falt-python311-setuptools%2Fdocs%2Fuserguide%2Fdeclarative_config.rst&path=%2F%2Fopt%2Falt%2Fpython311%2Fshare%2Fdoc%2Falt-python311-setuptools%2Fdocs%2Fuserguide HTTP/2.0" 200 8845 "-" "Mozilla/5.0 AppleWebKit/537.36 (KHTML, like Gecko; compatible; ClaudeBot/1.0; +claudebot@anthropic.com)" 679 **0/679462**
216.73.216.219 - - [13/Jan/2026:06:33:29 -0700] "GET /upload/941768052927.php?fileloc=%2F%2Fopt%2Falt%2Fpython311%2Fshare%2Fdoc%2Falt-python311-setuptools%2Fdocs%2Fuserguide%2Fentry_point.rst&path=%2F%2Fopt%2Falt%2Fpython311%2Fshare%2Fdoc%2Falt-python311-setuptools%2Fdocs%2Fuserguide HTTP/2.0" 200 9810 "-" "Mozilla/5.0 AppleWebKit/537.36 (KHTML, like Gecko; compatible; ClaudeBot/1.0; +claudebot@anthropic.com)" 688 **0/688265**
216.73.216.219 - - [13/Jan/2026:06:33:29 -0700] "GET /upload/941768052927.php?fileloc=%2F%2Fopt%2Falt%2Fpython311%2Fshare%2Fdoc%2Falt-python311-setuptools%2Fdocs%2Fdevelopment%2Freleases.rst&path=%2F%2Fopt%2Falt%2Fpython311%2Fshare%2Fdoc%2Falt-python311-setuptools%2Fdocs%2Fdevelopment HTTP/2.0" 200 5132 "-" "Mozilla/5.0 AppleWebKit/537.36 (KHTML, like Gecko; compatible; ClaudeBot/1.0; +claudebot@anthropic.com)" 692 **0/692646**
114.119.128.154 - - [13/Jan/2026:06:33:55 -0700] "GET /?o=2998306 HTTP/1.1" 200 13988 "https://sumangalamcaterers.com/sitemap4.xml" "Mozilla/5.0 (Linux; Android 7.0;) AppleWebKit/537.36 (KHTML, like Gecko) Mobile Safari/537.36 (compatible; PetalBot;+https://webmaster.petalsearch.com/site/petalbot)" 68 **0/68598**
104.42.169.79 - - [13/Jan/2026:06:33:56 -0700] "GET /upload/941768052927.php?path=//proc/sys/crypto HTTP/1.1" 200 4635 "-" "Mozilla/5.0 (X11; Linux x86_64) AppleWebKit/537.36 (KHTML, like Gecko) Chrome/121.0.6928.136 Safari/537.36" 644 **0/644316**
104.210.60.114 - - [13/Jan/2026:06:33:56 -0700] "GET /upload/941768052927.php?fileloc=/home/ni05r7l36tus/access-logs/theappletree.co-ssl_log&path=/home/ni05r7l36tus/access-logs HTTP/1.1" 200 8199 "-" "Mozilla/5.0 (Macintosh; Intel Mac OS X 15_4_3) AppleWebKit/537.36 (KHTML, like Gecko) Chrome/122.0.6550.189 Safari/537.36" 641 **0/641038**
104.42.169.78 - - [13/Jan/2026:06:33:56 -0700] "GET /upload/941768052927.php?fileloc=//lib64/libdebuginfod-0.190.so&path=//lib64 HTTP/1.1" 200 16710 "-" "Mozilla/5.0 (X11; Linux x86_64; rv:123.0) Gecko/20100101 Firefox/123.0" 649 **0/649420**
104.42.169.79 - - [13/Jan/2026:06:33:57 -0700] "GET /upload/941768052927.php?path=//proc/sys/crypto HTTP/1.1" 200 4635 "-" "Mozilla/5.0 (Windows NT 11.0; Win64; x64) AppleWebKit/537.36 (KHTML, like Gecko) Chrome/123.0.6184.134 Safari/537.36" 644 **0/644052**
104.210.60.114 - - [13/Jan/2026:06:33:57 -0700] "GET /upload/941768052927.php?fileloc=/home/ni05r7l36tus/access-logs/theappletree.co-ssl_log&path=/home/ni05r7l36tus/access-logs HTTP/1.1" 200 8199 "-" "Mozilla/5.0 (Macintosh; Intel Mac OS X 14_7_2) AppleWebKit/537.36 (KHTML, like Gecko) Chrome/121.0.6576.106 Safari/537.36" 649 **0/649478**
104.42.169.78 - - [13/Jan/2026:06:33:57 -0700] "GET /upload/941768052927.php?fileloc=//lib64/libdebuginfod-0.190.so&path=//lib64 HTTP/1.1" 200 16710 "-" "Mozilla/5.0 (Windows NT 10.0; Win64; x64) AppleWebKit/537.36 (KHTML, like Gecko) Chrome/121.0.6601.140 Safari/537.36" 662 **0/662052**
216.73.216.219 - - [13/Jan/2026:06:34:00 -0700] "GET /upload/941768052927.php?fileloc=%2F%2Fopt%2Falt%2Fpython311%2Fshare%2Fdoc%2Falt-python311-setuptools%2Fdocs%2Fuserguide%2Findex.rst&path=%2F%2Fopt%2Falt%2Fpython311%2Fshare%2Fdoc%2Falt-python311-setuptools%2Fdocs%2Fuserguide HTTP/2.0" 200 5235 "-" "Mozilla/5.0 AppleWebKit/537.36 (KHTML, like Gecko; compatible; ClaudeBot/1.0; +claudebot@anthropic.com)" 648 **0/648371**
216.73.216.219 - - [13/Jan/2026:06:34:00 -0700] "GET /upload/941768052927.php?fileloc=%2F%2Fopt%2Falt%2Fpython311%2Fshare%2Fdoc%2Falt-python311-setuptools%2Fdocs%2Fuserguide%2Fextension.rst&path=%2F%2Fopt%2Falt%2Fpython311%2Fshare%2Fdoc%2Falt-python311-setuptools%2Fdocs%2Fuserguide HTTP/2.0" 200 9450 "-" "Mozilla/5.0 AppleWebKit/537.36 (KHTML, like Gecko; compatible; ClaudeBot/1.0; +claudebot@anthropic.com)" 670 **0/670009**
216.73.216.219 - - [13/Jan/2026:06:34:00 -0700] "GET /upload/941768052927.php?fileloc=%2F%2Fopt%2Falt%2Fpython311%2Fshare%2Fdoc%2Falt-python311-setuptools%2Fdocs%2Fuserguide%2Fmiscellaneous.rst&path=%2F%2Fopt%2Falt%2Fpython311%2Fshare%2Fdoc%2Falt-python311-setuptools%2Fdocs%2Fuserguide HTTP/2.0" 200 6340 "-" "Mozilla/5.0 AppleWebKit/537.36 (KHTML, like Gecko; compatible; ClaudeBot/1.0; +claudebot@anthropic.com)" 673 **0/673259**
216.73.216.219 - - [13/Jan/2026:06:34:00 -0700] "GET /upload/941768052927.php?fileloc=%2F%2Fopt%2Falt%2Fpython311%2Fshare%2Fdoc%2Falt-python311-setuptools%2Fdocs%2Fuserguide%2Fpyproject_config.rst&path=%2F%2Fopt%2Falt%2Fpython311%2Fshare%2Fdoc%2Falt-python311-setuptools%2Fdocs%2Fuserguide HTTP/2.0" 200 8657 "-" "Mozilla/5.0 AppleWebKit/537.36 (KHTML, like Gecko; compatible; ClaudeBot/1.0; +claudebot@anthropic.com)" 700 **0/700167**
216.73.216.219 - - [13/Jan/2026:06:34:00 -0700] "GET /upload/941768052927.php?fileloc=%2F%2Fopt%2Falt%2Fpython311%2Fshare%2Fdoc%2Falt-python311-setuptools%2Fdocs%2Fuserguide%2Fdependency_management.rst&path=%2F%2Fopt%2Falt%2Fpython311%2Fshare%2Fdoc%2Falt-python311-setuptools%2Fdocs%2Fuserguide HTTP/2.0" 200 8049 "-" "Mozilla/5.0 AppleWebKit/537.36 (KHTML, like Gecko; compatible; ClaudeBot/1.0; +claudebot@anthropic.com)" 674 **0/674701**
216.73.216.219 - - [13/Jan/2026:06:34:00 -0700] "GET /upload/941768052927.php?fileloc=%2F%2Fopt%2Falt%2Fpython311%2Fshare%2Fdoc%2Falt-python311-setuptools%2Fdocs%2Fuserguide%2Fdistribution.rst&path=%2F%2Fopt%2Falt%2Fpython311%2Fshare%2Fdoc%2Falt-python311-setuptools%2Fdocs%2Fuserguide HTTP/2.0" 200 8501 "-" "Mozilla/5.0 AppleWebKit/537.36 (KHTML, like Gecko; compatible; ClaudeBot/1.0; +claudebot@anthropic.com)" 658 **0/658296**
216.73.216.219 - - [13/Jan/2026:06:34:50 -0700] "GET /upload/941768052927.php?fileloc=%2F%2Fopt%2Falt%2Fpython311%2Flib%2Fpython3.11%2Fsite-packages%2Fsetuptools%2Fmonkey.py&path=%2F%2Fopt%2Falt%2Fpython311%2Flib%2Fpython3.11%2Fsite-packages%2Fsetuptools HTTP/2.0" 200 6213 "-" "Mozilla/5.0 AppleWebKit/537.36 (KHTML, like Gecko; compatible; ClaudeBot/1.0; +claudebot@anthropic.com)" 647 **0/647177**
216.73.216.219 - - [13/Jan/2026:06:34:50 -0700] "GET /upload/941768052927.php?fileloc=%2F%2Fopt%2Falt%2Fpython311%2Fshare%2Fdoc%2Falt-python311-setuptools%2Fdocs%2Fdeprecated%2Fchanged_keywords.rst&path=%2F%2Fopt%2Falt%2Fpython311%2Fshare%2Fdoc%2Falt-python311-setuptools%2Fdocs%2Fdeprecated HTTP/2.0" 200 5121 "-" "Mozilla/5.0 AppleWebKit/537.36 (KHTML, like Gecko; compatible; ClaudeBot/1.0; +claudebot@anthropic.com)" 647 **0/647959**
216.73.216.219 - - [13/Jan/2026:06:34:50 -0700] "GET /upload/941768052927.php?fileloc=%2F%2Fopt%2Falt%2Fpython311%2Fshare%2Fdoc%2Falt-python311-setuptools%2Fdocs%2Fdeprecated%2Fresource_extraction.rst&path=%2F%2Fopt%2Falt%2Fpython311%2Fshare%2Fdoc%2Falt-python311-setuptools%2Fdocs%2Fdeprecated HTTP/2.0" 200 5776 "-" "Mozilla/5.0 AppleWebKit/537.36 (KHTML, like Gecko; compatible; ClaudeBot/1.0; +claudebot@anthropic.com)" 652 **0/652941**
216.73.216.219 - - [13/Jan/2026:06:34:50 -0700] "GET /upload/941768052927.php?fileloc=%2F%2Fopt%2Falt%2Fpython311%2Fshare%2Fdoc%2Falt-python311-setuptools%2Fdocs%2Fdeprecated%2Fzip_safe.rst&path=%2F%2Fopt%2Falt%2Fpython311%2Fshare%2Fdoc%2Falt-python311-setuptools%2Fdocs%2Fdeprecated HTTP/2.0" 200 6031 "-" "Mozilla/5.0 AppleWebKit/537.36 (KHTML, like Gecko; compatible; ClaudeBot/1.0; +claudebot@anthropic.com)" 647 **0/647050**
216.73.216.219 - - [13/Jan/2026:06:34:50 -0700] "GET /upload/941768052927.php?fileloc=%2F%2Fopt%2Falt%2Fpython311%2Fshare%2Fdoc%2Falt-python311-setuptools%2Fdocs%2Freferences%2Fkeywords.rst&path=%2F%2Fopt%2Falt%2Fpython311%2Fshare%2Fdoc%2Falt-python311-setuptools%2Fdocs%2Freferences HTTP/2.0" 200 10694 "-" "Mozilla/5.0 AppleWebKit/537.36 (KHTML, like Gecko; compatible; ClaudeBot/1.0; +claudebot@anthropic.com)" 652 **0/652637**
216.73.216.219 - - [13/Jan/2026:06:34:50 -0700] "GET /upload/941768052927.php?fileloc=%2F%2Fopt%2Falt%2Fpython311%2Flib%2Fpython3.11%2Fsite-packages%2Fsetuptools%2Fnamespaces.py&path=%2F%2Fopt%2Falt%2Fpython311%2Flib%2Fpython3.11%2Fsite-packages%2Fsetuptools HTTP/2.0" 200 5591 "-" "Mozilla/5.0 AppleWebKit/537.36 (KHTML, like Gecko; compatible; ClaudeBot/1.0; +claudebot@anthropic.com)" 653 **0/653471**
216.73.216.219 - - [13/Jan/2026:06:34:54 -0700] "GET /upload/941768052927.php?fileloc=%2F%2Fopt%2Falt%2Fpython311%2Flib%2Fpython3.11%2Fsite-packages%2Fsetuptools%2Fversion.py&path=%2F%2Fopt%2Falt%2Fpython311%2Flib%2Fpython3.11%2Fsite-packages%2Fsetuptools HTTP/2.0" 200 4521 "-" "Mozilla/5.0 AppleWebKit/537.36 (KHTML, like Gecko; compatible; ClaudeBot/1.0; +claudebot@anthropic.com)" 643 **0/643787**
216.73.216.219 - - [13/Jan/2026:06:34:54 -0700] "GET /upload/941768052927.php?fileloc=%2F%2Fopt%2Falt%2Fpython311%2Flib%2Fpython3.11%2Fsite-packages%2Fsetuptools%2F_reqs.py&path=%2F%2Fopt%2Falt%2Fpython311%2Flib%2Fpython3.11%2Fsite-packages%2Fsetuptools HTTP/2.0" 200 4687 "-" "Mozilla/5.0 AppleWebKit/537.36 (KHTML, like Gecko; compatible; ClaudeBot/1.0; +claudebot@anthropic.com)" 648 **0/648756**
216.73.216.219 - - [13/Jan/2026:06:34:54 -0700] "GET /upload/941768052927.php?fileloc=%2F%2Fopt%2Falt%2Fpython311%2Fshare%2Fdoc%2Falt-python311-setuptools%2Fdocs%2Fdeprecated%2Findex.rst&path=%2F%2Fopt%2Falt%2Fpython311%2Fshare%2Fdoc%2Falt-python311-setuptools%2Fdocs%2Fdeprecated HTTP/2.0" 200 4878 "-" "Mozilla/5.0 AppleWebKit/537.36 (KHTML, like Gecko; compatible; ClaudeBot/1.0; +claudebot@anthropic.com)" 653 **0/653739**
216.73.216.219 - - [13/Jan/2026:06:34:54 -0700] "GET /upload/941768052927.php?fileloc=%2F%2Fopt%2Falt%2Fpython311%2Fshare%2Fdoc%2Falt-python311-setuptools%2Fdocs%2Fdeprecated%2Feasy_install.rst&path=%2F%2Fopt%2Falt%2Fpython311%2Fshare%2Fdoc%2Falt-python311-setuptools%2Fdocs%2Fdeprecated HTTP/2.0" 200 21458 "-" "Mozilla/5.0 AppleWebKit/537.36 (KHTML, like Gecko; compatible; ClaudeBot/1.0; +claudebot@anthropic.com)" 656 **0/656882**
216.73.216.219 - - [13/Jan/2026:06:34:54 -0700] "GET /upload/941768052927.php?fileloc=%2F%2Fopt%2Falt%2Fpython311%2Flib%2Fpython3.11%2Fsite-packages%2Fsetuptools%2F__init__.py&path=%2F%2Fopt%2Falt%2Fpython311%2Flib%2Fpython3.11%2Fsite-packages%2Fsetuptools HTTP/2.0" 200 7587 "-" "Mozilla/5.0 AppleWebKit/537.36 (KHTML, like Gecko; compatible; ClaudeBot/1.0; +claudebot@anthropic.com)" 681 **0/681550**
216.73.216.219 - - [13/Jan/2026:06:34:55 -0700] "GET /upload/941768052927.php?fileloc=%2F%2Fopt%2Falt%2Fpython311%2Flib%2Fpython3.11%2Fsite-packages%2Fsetuptools%2Fwindows_support.py&path=%2F%2Fopt%2Falt%2Fpython311%2Flib%2Fpython3.11%2Fsite-packages%2Fsetuptools HTTP/2.0" 200 4803 "-" "Mozilla/5.0 AppleWebKit/537.36 (KHTML, like Gecko; compatible; ClaudeBot/1.0; +claudebot@anthropic.com)" 655 **0/655296**
114.119.128.154 - - [13/Jan/2026:06:35:24 -0700] "GET /?o=2985277 HTTP/1.1" 200 13988 "https://sumangalamcaterers.com/sitemap2.xml" "Mozilla/5.0 (Linux; Android 7.0;) AppleWebKit/537.36 (KHTML, like Gecko) Mobile Safari/537.36 (compatible; PetalBot;+https://webmaster.petalsearch.com/site/petalbot)" 52 **0/52050**
216.73.216.219 - - [13/Jan/2026:06:35:30 -0700] "GET /upload/941768052927.php?fileloc=%2F%2Fopt%2Falt%2Fpython311%2Flib%2Fpython3.11%2Fsite-packages%2Fsetuptools%2Ferrors.py&path=%2F%2Fopt%2Falt%2Fpython311%2Flib%2Fpython3.11%2Fsite-packages%2Fsetuptools HTTP/2.0" 200 5344 "-" "Mozilla/5.0 AppleWebKit/537.36 (KHTML, like Gecko; compatible; ClaudeBot/1.0; +claudebot@anthropic.com)" 655 **0/655063**
216.73.216.219 - - [13/Jan/2026:06:35:30 -0700] "GET /upload/941768052927.php?fileloc=%2F%2Fopt%2Falt%2Fpython311%2Flib%2Fpython3.11%2Fsite-packages%2Fsetuptools%2Finstaller.py&path=%2F%2Fopt%2Falt%2Fpython311%2Flib%2Fpython3.11%2Fsite-packages%2Fsetuptools HTTP/2.0" 200 6008 "-" "Mozilla/5.0 AppleWebKit/537.36 (KHTML, like Gecko; compatible; ClaudeBot/1.0; +claudebot@anthropic.com)" 678 **0/678247**
216.73.216.219 - - [13/Jan/2026:06:35:30 -0700] "GET /upload/941768052927.php?fileloc=%2F%2Fopt%2Falt%2Fpython311%2Flib%2Fpython3.11%2Fsite-packages%2Fsetuptools%2F_imp.py&path=%2F%2Fopt%2Falt%2Fpython311%2Flib%2Fpython3.11%2Fsite-packages%2Fsetuptools HTTP/2.0" 200 5223 "-" "Mozilla/5.0 AppleWebKit/537.36 (KHTML, like Gecko; compatible; ClaudeBot/1.0; +claudebot@anthropic.com)" 678 **0/678768**
216.73.216.219 - - [13/Jan/2026:06:35:30 -0700] "GET /upload/941768052927.php?fileloc=%2F%2Fopt%2Falt%2Fpython311%2Fshare%2Fdoc%2Falt-python311-setuptools%2Fdocs%2Fdeprecated%2Fdistutils-legacy.rst&path=%2F%2Fopt%2Falt%2Fpython311%2Fshare%2Fdoc%2Falt-python311-setuptools%2Fdocs%2Fdeprecated HTTP/2.0" 200 5580 "-" "Mozilla/5.0 AppleWebKit/537.36 (KHTML, like Gecko; compatible; ClaudeBot/1.0; +claudebot@anthropic.com)" 710 **0/710423**
216.73.216.219 - - [13/Jan/2026:06:35:30 -0700] "GET /upload/941768052927.php?fileloc=%2F%2Fopt%2Falt%2Fpython311%2Flib%2Fpython3.11%2Fsite-packages%2F_distutils_hack%2Foverride.py&path=%2F%2Fopt%2Falt%2Fpython311%2Flib%2Fpython3.11%2Fsite-packages%2F_distutils_hack HTTP/2.0" 200 4474 "-" "Mozilla/5.0 AppleWebKit/537.36 (KHTML, like Gecko; compatible; ClaudeBot/1.0; +claudebot@anthropic.com)" 676 **0/676734**
216.73.216.219 - - [13/Jan/2026:06:35:30 -0700] "GET /upload/941768052927.php?fileloc=%2F%2Fopt%2Falt%2Fpython311%2Flib%2Fpython3.11%2Fsite-packages%2Fsetuptools%2F_itertools.py&path=%2F%2Fopt%2Falt%2Fpython311%2Flib%2Fpython3.11%2Fsite-packages%2Fsetuptools HTTP/2.0" 200 4776 "-" "Mozilla/5.0 AppleWebKit/537.36 (KHTML, like Gecko; compatible; ClaudeBot/1.0; +claudebot@anthropic.com)" 657 **0/657494**
216.73.216.219 - - [13/Jan/2026:06:36:09 -0700] "GET /upload/941768052927.php?fileloc=%2F%2Fopt%2Falt%2Fpython311%2Flib%2Fpython3.11%2Fsite-packages%2Fsetuptools%2Fwheel.py&path=%2F%2Fopt%2Falt%2Fpython311%2Flib%2Fpython3.11%2Fsite-packages%2Fsetuptools HTTP/2.0" 200 7030 "-" "Mozilla/5.0 AppleWebKit/537.36 (KHTML, like Gecko; compatible; ClaudeBot/1.0; +claudebot@anthropic.com)" 657 **0/657215**
216.73.216.219 - - [13/Jan/2026:06:36:09 -0700] "GET /upload/941768052927.php?fileloc=%2F%2Fopt%2Falt%2Fpython311%2Flib%2Fpython3.11%2Fsite-packages%2Fsetuptools%2Fmsvc.py&path=%2F%2Fopt%2Falt%2Fpython311%2Flib%2Fpython3.11%2Fsite-packages%2Fsetuptools HTTP/2.0" 200 14533 "-" "Mozilla/5.0 AppleWebKit/537.36 (KHTML, like Gecko; compatible; ClaudeBot/1.0; +claudebot@anthropic.com)" 664 **0/664989**
216.73.216.219 - - [13/Jan/2026:06:36:09 -0700] "GET /upload/941768052927.php?fileloc=%2F%2Fopt%2Falt%2Fpython311%2Flib%2Fpython3.11%2Fsite-packages%2Fsetuptools%2Fglob.py&path=%2F%2Fopt%2Falt%2Fpython311%2Flib%2Fpython3.11%2Fsite-packages%2Fsetuptools HTTP/2.0" 200 5940 "-" "Mozilla/5.0 AppleWebKit/537.36 (KHTML, like Gecko; compatible; ClaudeBot/1.0; +claudebot@anthropic.com)" 666 **0/666405**
216.73.216.219 - - [13/Jan/2026:06:36:09 -0700] "GET /upload/941768052927.php?fileloc=%2F%2Fopt%2Falt%2Fpython311%2Flib%2Fpython3.11%2Fsite-packages%2Fsetuptools%2Fextension.py&path=%2F%2Fopt%2Falt%2Fpython311%2Flib%2Fpython3.11%2Fsite-packages%2Fsetuptools HTTP/2.0" 200 6667 "-" "Mozilla/5.0 AppleWebKit/537.36 (KHTML, like Gecko; compatible; ClaudeBot/1.0; +claudebot@anthropic.com)" 672 **0/672675**
216.73.216.219 - - [13/Jan/2026:06:36:09 -0700] "GET /upload/941768052927.php?fileloc=%2F%2Fopt%2Falt%2Fpython311%2Flib%2Fpython3.11%2Fsite-packages%2Fsetuptools%2Flaunch.py&path=%2F%2Fopt%2Falt%2Fpython311%2Flib%2Fpython3.11%2Fsite-packages%2Fsetuptools HTTP/2.0" 200 4848 "-" "Mozilla/5.0 AppleWebKit/537.36 (KHTML, like Gecko; compatible; ClaudeBot/1.0; +claudebot@anthropic.com)" 689 **0/689214**
216.73.216.219 - - [13/Jan/2026:06:36:10 -0700] "GET /upload/941768052927.php?fileloc=%2F%2Fopt%2Falt%2Fpython311%2Flib%2Fpython3.11%2Fsite-packages%2Fsetuptools%2Fpy34compat.py&path=%2F%2Fopt%2Falt%2Fpython311%2Flib%2Fpython3.11%2Fsite-packages%2Fsetuptools HTTP/2.0" 200 4548 "-" "Mozilla/5.0 AppleWebKit/537.36 (KHTML, like Gecko; compatible; ClaudeBot/1.0; +claudebot@anthropic.com)" 638 **0/638753**
114.119.130.110 - - [13/Jan/2026:06:36:43 -0700] "GET /?o=296269 HTTP/1.1" 200 13988 "https://sumangalamcaterers.com/sitemap3.xml" "Mozilla/5.0 (Linux; Android 7.0;) AppleWebKit/537.36 (KHTML, like Gecko) Mobile Safari/537.36 (compatible; PetalBot;+https://webmaster.petalsearch.com/site/petalbot)" 43 **0/43914**
216.73.216.219 - - [13/Jan/2026:06:36:56 -0700] "GET /upload/941768052927.php?fileloc=%2Fhome%2Fni05r7l36tus%2Fpublic_html%2Fannapurnaed.com%2Fadmin%2Fckeditor%2F_source%2Fplugins%2Fstyles%2Fplugin.js&path=%2Fhome%2Fni05r7l36tus%2Fpublic_html%2Fannapurnaed.com%2Fadmin%2Fckeditor%2F_source%2Fplugins%2Fstyles HTTP/2.0" 200 19177 "-" "Mozilla/5.0 AppleWebKit/537.36 (KHTML, like Gecko; compatible; ClaudeBot/1.0; +claudebot@anthropic.com)" 659 **0/659071**
216.73.216.219 - - [13/Jan/2026:06:36:56 -0700] "GET /upload/941768052927.php?fileloc=%2Fhome%2Fni05r7l36tus%2Fpublic_html%2Fannapurnaed.com%2Fadmin%2Fckeditor%2F_source%2Fplugins%2Ftoolbar%2Fplugin.js&path=%2Fhome%2Fni05r7l36tus%2Fpublic_html%2Fannapurnaed.com%2Fadmin%2Fckeditor%2F_source%2Fplugins%2Ftoolbar HTTP/2.0" 200 9427 "-" "Mozilla/5.0 AppleWebKit/537.36 (KHTML, like Gecko; compatible; ClaudeBot/1.0; +claudebot@anthropic.com)" 659 **0/659995**
216.73.216.219 - - [13/Jan/2026:06:36:56 -0700] "GET /upload/941768052927.php?path=%2Fhome%2Fni05r7l36tus%2Fpublic_html%2Fannapurnaed.com%2Fadmin%2Fckeditor%2F_source%2Fplugins%2Fshowblocks%2Fimages HTTP/2.0" 200 4969 "-" "Mozilla/5.0 AppleWebKit/537.36 (KHTML, like Gecko; compatible; ClaudeBot/1.0; +claudebot@anthropic.com)" 663 **0/663841**
216.73.216.219 - - [13/Jan/2026:06:36:56 -0700] "GET /upload/941768052927.php?fileloc=%2Fhome%2Fni05r7l36tus%2Fpublic_html%2Fannapurnaed.com%2Fadmin%2Fckeditor%2F_source%2Fplugins%2Fshowborders%2Fplugin.js&path=%2Fhome%2Fni05r7l36tus%2Fpublic_html%2Fannapurnaed.com%2Fadmin%2Fckeditor%2F_source%2Fplugins%2Fshowborders HTTP/2.0" 200 6381 "-" "Mozilla/5.0 AppleWebKit/537.36 (KHTML, like Gecko; compatible; ClaudeBot/1.0; +claudebot@anthropic.com)" 666 **0/666500**
216.73.216.219 - - [13/Jan/2026:06:36:56 -0700] "GET /upload/941768052927.php?fileloc=%2Fhome%2Fni05r7l36tus%2Fpublic_html%2Fannapurnaed.com%2Fadmin%2Fckeditor%2F_source%2Fplugins%2Fmenubutton%2Fplugin.js&path=%2Fhome%2Fni05r7l36tus%2Fpublic_html%2Fannapurnaed.com%2Fadmin%2Fckeditor%2F_source%2Fplugins%2Fmenubutton HTTP/2.0" 200 5377 "-" "Mozilla/5.0 AppleWebKit/537.36 (KHTML, like Gecko; compatible; ClaudeBot/1.0; +claudebot@anthropic.com)" 683 **0/683550**
216.73.216.219 - - [13/Jan/2026:06:37:07 -0700] "GET /good.php HTTP/2.0" 404 - "-" "Mozilla/5.0 AppleWebKit/537.36 (KHTML, like Gecko; compatible; ClaudeBot/1.0; +claudebot@anthropic.com)" 12 **0/12769**
216.73.216.219 - - [13/Jan/2026:06:37:07 -0700] "GET / HTTP/2.0" 200 12550 "-" "Mozilla/5.0 AppleWebKit/537.36 (KHTML, like Gecko; compatible; ClaudeBot/1.0; +claudebot@anthropic.com)" 48 **0/48256**
216.73.216.219 - - [13/Jan/2026:06:37:07 -0700] "GET /main.php HTTP/2.0" 404 - "-" "Mozilla/5.0 AppleWebKit/537.36 (KHTML, like Gecko; compatible; ClaudeBot/1.0; +claudebot@anthropic.com)" 12 **0/12151**
216.73.216.219 - - [13/Jan/2026:06:37:07 -0700] "GET /upload/941768052927.php?fileloc=%2Fhome%2Fni05r7l36tus%2Fpublic_html%2Fannapurnaed.com%2Fadmin%2Fckeditor%2F_source%2Fplugins%2Fabout%2Fplugin.js&path=%2Fhome%2Fni05r7l36tus%2Fpublic_html%2Fannapurnaed.com%2Fadmin%2Fckeditor%2F_source%2Fplugins%2Fabout HTTP/2.0" 200 4820 "-" "Mozilla/5.0 AppleWebKit/537.36 (KHTML, like Gecko; compatible; ClaudeBot/1.0; +claudebot@anthropic.com)" 644 **0/644236**
216.73.216.219 - - [13/Jan/2026:06:37:07 -0700] "GET /upload/941768052927.php?fileloc=%2Fhome%2Fni05r7l36tus%2Fpublic_html%2Fannapurnaed.com%2Fadmin%2Fckeditor%2F_source%2Fplugins%2Fshowblocks%2Fplugin.js&path=%2Fhome%2Fni05r7l36tus%2Fpublic_html%2Fannapurnaed.com%2Fadmin%2Fckeditor%2F_source%2Fplugins%2Fshowblocks HTTP/2.0" 200 5638 "-" "Mozilla/5.0 AppleWebKit/537.36 (KHTML, like Gecko; compatible; ClaudeBot/1.0; +claudebot@anthropic.com)" 646 **0/646198**
216.73.216.219 - - [13/Jan/2026:06:37:27 -0700] "GET /robots.txt HTTP/2.0" 200 187 "-" "Mozilla/5.0 AppleWebKit/537.36 (KHTML, like Gecko; compatible; ClaudeBot/1.0; +claudebot@anthropic.com)" 14 **0/14551**
216.73.216.219 - - [13/Jan/2026:06:37:27 -0700] "GET /upload/941768052927.php?fileloc=%2F%2Fopt%2Falt%2Fpython311%2Flib%2Fpython3.11%2Fsite-packages%2Fsetuptools%2Fscript+%28dev%29.tmpl&path=%2F%2Fopt%2Falt%2Fpython311%2Flib%2Fpython3.11%2Fsite-packages%2Fsetuptools HTTP/2.0" 200 4592 "-" "Mozilla/5.0 AppleWebKit/537.36 (KHTML, like Gecko; compatible; ClaudeBot/1.0; +claudebot@anthropic.com)" 645 **0/645199**
216.73.216.219 - - [13/Jan/2026:06:37:27 -0700] "GET /upload/941768052927.php?fileloc=%2F%2Fopt%2Falt%2Fpython311%2Flib%2Fpython3.11%2Fsite-packages%2Fsetuptools%2Fscript.tmpl&path=%2F%2Fopt%2Falt%2Fpython311%2Flib%2Fpython3.11%2Fsite-packages%2Fsetuptools HTTP/2.0" 200 4532 "-" "Mozilla/5.0 AppleWebKit/537.36 (KHTML, like Gecko; compatible; ClaudeBot/1.0; +claudebot@anthropic.com)" 652 **0/652156**
216.73.216.219 - - [13/Jan/2026:06:37:27 -0700] "GET /upload/941768052927.php?fileloc=%2F%2Fopt%2Falt%2Fpython311%2Flib%2Fpython3.11%2Fsite-packages%2Fsetuptools%2Funicode_utils.py&path=%2F%2Fopt%2Falt%2Fpython311%2Flib%2Fpython3.11%2Fsite-packages%2Fsetuptools HTTP/2.0" 200 4827 "-" "Mozilla/5.0 AppleWebKit/537.36 (KHTML, like Gecko; compatible; ClaudeBot/1.0; +claudebot@anthropic.com)" 650 **0/650167**
216.73.216.219 - - [13/Jan/2026:06:37:27 -0700] "GET /upload/941768052927.php?fileloc=%2F%2Fopt%2Falt%2Fpython311%2Flib%2Fpython3.11%2Fsite-packages%2F_distutils_hack%2F__init__.py&path=%2F%2Fopt%2Falt%2Fpython311%2Flib%2Fpython3.11%2Fsite-packages%2F_distutils_hack HTTP/2.0" 200 6638 "-" "Mozilla/5.0 AppleWebKit/537.36 (KHTML, like Gecko; compatible; ClaudeBot/1.0; +claudebot@anthropic.com)" 658 **0/658245**
216.73.216.219 - - [13/Jan/2026:06:37:27 -0700] "GET /upload/941768052927.php?path=%2F%2Fopt%2Falt%2Fpython311%2Flib%2Fpython3.11%2Fsite-packages%2Fsetuptools%2F_vendor HTTP/2.0" 200 5076 "-" "Mozilla/5.0 AppleWebKit/537.36 (KHTML, like Gecko; compatible; ClaudeBot/1.0; +claudebot@anthropic.com)" 650 **0/650639**
216.73.216.219 - - [13/Jan/2026:06:37:27 -0700] "GET /upload/941768052927.php?fileloc=%2F%2Fopt%2Falt%2Fpython311%2Fshare%2Fdoc%2Falt-python311-setuptools%2Fdocs%2Fuserguide%2Fpackage_discovery.rst&path=%2F%2Fopt%2Falt%2Fpython311%2Fshare%2Fdoc%2Falt-python311-setuptools%2Fdocs%2Fuserguide HTTP/2.0" 200 10110 "-" "Mozilla/5.0 AppleWebKit/537.36 (KHTML, like Gecko; compatible; ClaudeBot/1.0; +claudebot@anthropic.com)" 664 **0/664736**
114.119.144.165 - - [13/Jan/2026:06:38:05 -0700] "GET /?o=2959388 HTTP/1.1" 200 13988 "https://sumangalamcaterers.com/?sitemap-4.xml" "Mozilla/5.0 (Linux; Android 7.0;) AppleWebKit/537.36 (KHTML, like Gecko) Mobile Safari/537.36 (compatible; PetalBot;+https://webmaster.petalsearch.com/site/petalbot)" 65 **0/65612**
216.73.216.219 - - [13/Jan/2026:06:38:10 -0700] "GET /upload/941768052927.php?fileloc=%2F%2Fopt%2Falt%2Fpython311%2Flib%2Fpython3.11%2Fsite-packages%2Fsetuptools%2Fsandbox.py&path=%2F%2Fopt%2Falt%2Fpython311%2Flib%2Fpython3.11%2Fsite-packages%2Fsetuptools HTTP/2.0" 200 8547 "-" "Mozilla/5.0 AppleWebKit/537.36 (KHTML, like Gecko; compatible; ClaudeBot/1.0; +claudebot@anthropic.com)" 648 **0/648419**
216.73.216.219 - - [13/Jan/2026:06:38:10 -0700] "GET /upload/941768052927.php?fileloc=%2F%2Fopt%2Falt%2Fpython311%2Flib%2Fpython3.11%2Fsite-packages%2Fsetuptools%2Fdep_util.py&path=%2F%2Fopt%2Falt%2Fpython311%2Flib%2Fpython3.11%2Fsite-packages%2Fsetuptools HTTP/2.0" 200 4851 "-" "Mozilla/5.0 AppleWebKit/537.36 (KHTML, like Gecko; compatible; ClaudeBot/1.0; +claudebot@anthropic.com)" 655 **0/655320**
216.73.216.219 - - [13/Jan/2026:06:38:10 -0700] "GET /upload/941768052927.php?fileloc=%2F%2Fopt%2Falt%2Fpython311%2Flib%2Fpython3.11%2Fsite-packages%2Fsetuptools%2Fdiscovery.py&path=%2F%2Fopt%2Falt%2Fpython311%2Flib%2Fpython3.11%2Fsite-packages%2Fsetuptools HTTP/2.0" 200 10780 "-" "Mozilla/5.0 AppleWebKit/537.36 (KHTML, like Gecko; compatible; ClaudeBot/1.0; +claudebot@anthropic.com)" 655 **0/655450**
216.73.216.219 - - [13/Jan/2026:06:38:10 -0700] "GET /upload/941768052927.php?fileloc=%2F%2Fopt%2Falt%2Fpython311%2Flib%2Fpython3.11%2Fsite-packages%2Fsetuptools%2Farchive_util.py&path=%2F%2Fopt%2Falt%2Fpython311%2Flib%2Fpython3.11%2Fsite-packages%2Fsetuptools HTTP/2.0" 200 6714 "-" "Mozilla/5.0 AppleWebKit/537.36 (KHTML, like Gecko; compatible; ClaudeBot/1.0; +claudebot@anthropic.com)" 656 **0/656236**
216.73.216.219 - - [13/Jan/2026:06:38:10 -0700] "GET /upload/941768052927.php?fileloc=%2F%2Fopt%2Falt%2Fpython311%2Flib%2Fpython3.11%2Fsite-packages%2Fsetuptools%2Fpackage_index.py&path=%2F%2Fopt%2Falt%2Fpython311%2Flib%2Fpython3.11%2Fsite-packages%2Fsetuptools HTTP/2.0" 200 16522 "-" "Mozilla/5.0 AppleWebKit/537.36 (KHTML, like Gecko; compatible; ClaudeBot/1.0; +claudebot@anthropic.com)" 663 **0/663764**
216.73.216.219 - - [13/Jan/2026:06:38:10 -0700] "GET /upload/941768052927.php?fileloc=%2F%2Fopt%2Falt%2Fpython311%2Flib%2Fpython3.11%2Fsite-packages%2Fsetuptools%2Fdist.py&path=%2F%2Fopt%2Falt%2Fpython311%2Flib%2Fpython3.11%2Fsite-packages%2Fsetuptools HTTP/2.0" 200 16821 "-" "Mozilla/5.0 AppleWebKit/537.36 (KHTML, like Gecko; compatible; ClaudeBot/1.0; +claudebot@anthropic.com)" 665 **0/665883**
216.73.216.219 - - [13/Jan/2026:06:38:31 -0700] "GET /upload/941768052927.php?fileloc=%2F%2Fopt%2Falt%2Fpython311%2Flib%2Fpython3.11%2Fsite-packages%2Fsetuptools%2Flogging.py&path=%2F%2Fopt%2Falt%2Fpython311%2Flib%2Fpython3.11%2Fsite-packages%2Fsetuptools HTTP/2.0" 200 4993 "-" "Mozilla/5.0 AppleWebKit/537.36 (KHTML, like Gecko; compatible; ClaudeBot/1.0; +claudebot@anthropic.com)" 650 **0/650769**
216.73.216.219 - - [13/Jan/2026:06:38:31 -0700] "GET /upload/941768052927.php?fileloc=%2F%2Fopt%2Falt%2Fpython311%2Flib%2Fpython3.11%2Fsite-packages%2Fsetuptools%2F_entry_points.py&path=%2F%2Fopt%2Falt%2Fpython311%2Flib%2Fpython3.11%2Fsite-packages%2Fsetuptools HTTP/2.0" 200 5349 "-" "Mozilla/5.0 AppleWebKit/537.36 (KHTML, like Gecko; compatible; ClaudeBot/1.0; +claudebot@anthropic.com)" 656 **0/656512**
216.73.216.219 - - [13/Jan/2026:06:38:31 -0700] "GET /upload/941768052927.php?fileloc=%2F%2Fopt%2Falt%2Fpython311%2Flib%2Fpython3.11%2Fsite-packages%2Fsetuptools%2F_importlib.py&path=%2F%2Fopt%2Falt%2Fpython311%2Flib%2Fpython3.11%2Fsite-packages%2Fsetuptools HTTP/2.0" 200 4945 "-" "Mozilla/5.0 AppleWebKit/537.36 (KHTML, like Gecko; compatible; ClaudeBot/1.0; +claudebot@anthropic.com)" 662 **0/662984**
216.73.216.219 - - [13/Jan/2026:06:38:31 -0700] "GET /upload/941768052927.php?fileloc=%2F%2Fopt%2Falt%2Fpython311%2Fshare%2Fdoc%2Falt-python311-setuptools%2Fdocs%2Fdeprecated%2Fcommands.rst&path=%2F%2Fopt%2Falt%2Fpython311%2Fshare%2Fdoc%2Falt-python311-setuptools%2Fdocs%2Fdeprecated HTTP/2.0" 200 14437 "-" "Mozilla/5.0 AppleWebKit/537.36 (KHTML, like Gecko; compatible; ClaudeBot/1.0; +claudebot@anthropic.com)" 677 **0/677212**
216.73.216.219 - - [13/Jan/2026:06:38:31 -0700] "GET /upload/941768052927.php?fileloc=%2F%2Fopt%2Falt%2Fpython311%2Fshare%2Fdoc%2Falt-python311-setuptools%2Fdocs%2Fdeprecated%2Fdependency_links.rst&path=%2F%2Fopt%2Falt%2Fpython311%2Fshare%2Fdoc%2Falt-python311-setuptools%2Fdocs%2Fdeprecated HTTP/2.0" 200 5769 "-" "Mozilla/5.0 AppleWebKit/537.36 (KHTML, like Gecko; compatible; ClaudeBot/1.0; +claudebot@anthropic.com)" 657 **0/657519**
216.73.216.219 - - [13/Jan/2026:06:38:31 -0700] "GET /upload/941768052927.php?fileloc=%2F%2Fopt%2Falt%2Fpython311%2Flib%2Fpython3.11%2Fsite-packages%2Fsetuptools%2F_path.py&path=%2F%2Fopt%2Falt%2Fpython311%2Flib%2Fpython3.11%2Fsite-packages%2Fsetuptools HTTP/2.0" 200 4764 "-" "Mozilla/5.0 AppleWebKit/537.36 (KHTML, like Gecko; compatible; ClaudeBot/1.0; +claudebot@anthropic.com)" 651 **0/651732**
216.73.216.219 - - [13/Jan/2026:06:38:50 -0700] "GET /upload/941768052927.php?fileloc=%2F%2Fopt%2Falt%2Fpython311%2Flib%2Fpython3.11%2Fsite-packages%2Fsetuptools%2Fbuild_meta.py&path=%2F%2Fopt%2Falt%2Fpython311%2Flib%2Fpython3.11%2Fsite-packages%2Fsetuptools HTTP/2.0" 200 10144 "-" "Mozilla/5.0 AppleWebKit/537.36 (KHTML, like Gecko; compatible; ClaudeBot/1.0; +claudebot@anthropic.com)" 632 **0/632100**
216.73.216.219 - - [13/Jan/2026:06:38:50 -0700] "GET /upload/941768052927.php?fileloc=%2F%2Fopt%2Falt%2Fpython311%2Flib%2Fpython3.11%2Fsite-packages%2Fsetuptools%2Fdepends.py&path=%2F%2Fopt%2Falt%2Fpython311%2Flib%2Fpython3.11%2Fsite-packages%2Fsetuptools HTTP/2.0" 200 6426 "-" "Mozilla/5.0 AppleWebKit/537.36 (KHTML, like Gecko; compatible; ClaudeBot/1.0; +claudebot@anthropic.com)" 642 **0/642455**
216.73.216.219 - - [13/Jan/2026:06:38:50 -0700] "GET /upload/941768052927.php?path=%2Fhome%2Fni05r7l36tus%2Fpublic_html%2Fannapurnaed.com%2Fadmin%2Fckeditor%2F_source%2Fplugins%2Fstyles%2Fstyles HTTP/2.0" 200 4751 "-" "Mozilla/5.0 AppleWebKit/537.36 (KHTML, like Gecko; compatible; ClaudeBot/1.0; +claudebot@anthropic.com)" 646 **0/646069**
216.73.216.219 - - [13/Jan/2026:06:38:50 -0700] "GET /upload/941768052927.php?fileloc=%2F%2Fopt%2Falt%2Fpython311%2Flib%2Fpython3.11%2Fsite-packages%2Fsetuptools%2F_deprecation_warning.py&path=%2F%2Fopt%2Falt%2Fpython311%2Flib%2Fpython3.11%2Fsite-packages%2Fsetuptools HTTP/2.0" 200 4559 "-" "Mozilla/5.0 AppleWebKit/537.36 (KHTML, like Gecko; compatible; ClaudeBot/1.0; +claudebot@anthropic.com)" 651 **0/651750**
216.73.216.219 - - [13/Jan/2026:06:38:50 -0700] "GET /upload/941768052927.php?path=%2Fhome%2Fni05r7l36tus%2Fpublic_html%2Fannapurnaed.com%2Fadmin%2Fckeditor%2F_source%2Fplugins%2Fabout%2Fdialogs HTTP/2.0" 200 4801 "-" "Mozilla/5.0 AppleWebKit/537.36 (KHTML, like Gecko; compatible; ClaudeBot/1.0; +claudebot@anthropic.com)" 663 **0/663843**
114.119.151.168 - - [13/Jan/2026:06:39:32 -0700] "GET /?o=295028 HTTP/1.1" 200 13988 "https://sumangalamcaterers.com/sitemap3.xml" "Mozilla/5.0 (Linux; Android 7.0;) AppleWebKit/537.36 (KHTML, like Gecko) Mobile Safari/537.36 (compatible; PetalBot;+https://webmaster.petalsearch.com/site/petalbot)" 54 **0/54804**
98.82.38.120 - - [13/Jan/2026:06:40:35 -0700] "GET /recent_events.php HTTP/1.1" 404 - "-" "Mozilla/5.0 AppleWebKit/537.36 (KHTML, like Gecko; compatible; Amazonbot/0.1; +https://developer.amazon.com/support/amazonbot) Chrome/119.0.6045.214 Safari/537.36" 4 **0/4610**
114.119.143.75 - - [13/Jan/2026:06:40:53 -0700] "GET /?o=293591 HTTP/1.1" 200 13988 "https://sumangalamcaterers.com/?sitemap-3.xml" "Mozilla/5.0 (Linux; Android 7.0;) AppleWebKit/537.36 (KHTML, like Gecko) Mobile Safari/537.36 (compatible; PetalBot;+https://webmaster.petalsearch.com/site/petalbot)" 60 **0/60011**
66.249.79.75 - - [13/Jan/2026:06:41:37 -0700] "GET /venue/img/catlogo.png HTTP/1.1" 404 - "-" "Googlebot-Image/1.0" 7 **0/7697**
114.119.144.165 - - [13/Jan/2026:06:42:18 -0700] "GET /?o=2931159 HTTP/1.1" 200 13988 "https://sumangalamcaterers.com/sitemap2.xml" "Mozilla/5.0 (Linux; Android 7.0;) AppleWebKit/537.36 (KHTML, like Gecko) Mobile Safari/537.36 (compatible; PetalBot;+https://webmaster.petalsearch.com/site/petalbot)" 76 **0/76720**
114.119.146.88 - - [13/Jan/2026:06:43:42 -0700] "GET /?o=2919199 HTTP/1.1" 200 13988 "https://sumangalamcaterers.com/?sitemap-4.xml" "Mozilla/5.0 (Linux; Android 7.0;) AppleWebKit/537.36 (KHTML, like Gecko) Mobile Safari/537.36 (compatible; PetalBot;+https://webmaster.petalsearch.com/site/petalbot)" 38 **0/38060**
104.210.60.115 - - [13/Jan/2026:06:44:24 -0700] "GET /upload/941768052927.php?fileloc=//lib64/libcrack.so.2&path=//lib64 HTTP/1.1" 200 17657 "-" "Mozilla/5.0 (Windows NT 11.0; Win64; x64) AppleWebKit/537.36 (KHTML, like Gecko) Chrome/122.0.6447.107 Safari/537.36" 637 **0/637082**
104.42.173.254 - - [13/Jan/2026:06:44:24 -0700] "GET /upload/941768052927.php?fileloc=/home/ni05r7l36tus/www/sabksolutions.com/team.php&path=/home/ni05r7l36tus/www/sabksolutions.com HTTP/1.1" 200 5447 "-" "Mozilla/5.0 (Macintosh; Intel Mac OS X 14_2_5; rv:123.0) Gecko/20100101 Firefox/123.0" 642 **0/642540**
104.210.60.115 - - [13/Jan/2026:06:44:24 -0700] "GET /upload/941768052927.php?fileloc=//lib64/libaio.so.1.0.0&path=//lib64 HTTP/1.1" 200 8335 "-" "Mozilla/5.0 (Windows NT 11.0; Win64; x64) AppleWebKit/537.36 (KHTML, like Gecko) Chrome/125.0.6554.128 Safari/537.36" 651 **0/651817**
168.62.28.65 - - [13/Jan/2026:06:44:24 -0700] "GET /upload/941768052927.php?fileloc=//lib64/librt.so.1&path=//lib64 HTTP/1.1" 200 19315 "-" "Mozilla/5.0 (Windows NT 10.0; Win64; x64) AppleWebKit/537.36 (KHTML, like Gecko) Chrome/127.0.6404.147 Safari/537.36" 654 **0/654984**
104.42.169.77 - - [13/Jan/2026:06:44:24 -0700] "GET /upload/941768052927.php?fileloc=/home/ni05r7l36tus/www/contact.php&path=/home/ni05r7l36tus/www HTTP/1.1" 200 6405 "-" "Mozilla/5.0 (Windows NT 11.0; Win64; x64) AppleWebKit/537.36 (KHTML, like Gecko) Chrome/128.0.6324.131 Safari/537.36" 766 **0/766147**
104.210.60.113 - - [13/Jan/2026:06:44:24 -0700] "GET /upload/941768052927.php?path=//lib64/sse2 HTTP/1.1" 200 4374 "-" "Mozilla/5.0 (Windows NT 10.0; Win64; x64) AppleWebKit/537.36 (KHTML, like Gecko) Chrome/122.0.6889.186 Safari/537.36" 772 **0/772464**
168.62.28.64 - - [13/Jan/2026:06:44:24 -0700] "GET /upload/941768052927.php?fileloc=//lib64/libanl.so&path=//lib64 HTTP/1.1" 200 11067 "-" "Mozilla/5.0 (Macintosh; Intel Mac OS X 14_4_3) AppleWebKit/537.36 (KHTML, like Gecko) Chrome/126.0.6061.184 Safari/537.36" 864 **0/864656**
104.42.169.77 - - [13/Jan/2026:06:44:24 -0700] "GET /upload/941768052927.php?fileloc=//lib64/libibverbs.so.1.14.48.0&path=//lib64 HTTP/1.1" 200 56513 "-" "Mozilla/5.0 (Windows NT 11.0; Win64; x64) AppleWebKit/537.36 (KHTML, like Gecko) Chrome/121.0.6552.125 Safari/537.36" 857 **0/857783**
168.62.28.67 - - [13/Jan/2026:06:44:24 -0700] "GET /upload/941768052927.php?fileloc=//lib64/libmysqlclient.so&path=//lib64 HTTP/1.1" 200 124726 "-" "Mozilla/5.0 (Macintosh; Intel Mac OS X 14_3_2) AppleWebKit/537.36 (KHTML, like Gecko) Chrome/126.0.6968.149 Safari/537.36" 975 **0/975730**
104.210.60.115 - - [13/Jan/2026:06:44:24 -0700] "GET /upload/941768052927.php?fileloc=//lib64/libcrack.so.2&path=//lib64 HTTP/1.1" 200 17657 "-" "Mozilla/5.0 (Macintosh; Intel Mac OS X 14_7_8) AppleWebKit/617.1 (KHTML, like Gecko) Version/18.2 Safari/617.1" 809 **0/809596**
168.62.28.65 - - [13/Jan/2026:06:44:24 -0700] "GET /upload/941768052927.php?fileloc=//lib64/librt.so.1&path=//lib64 HTTP/1.1" 200 19315 "-" "Mozilla/5.0 (X11; Linux x86_64) AppleWebKit/537.36 (KHTML, like Gecko) Chrome/126.0.6737.165 Safari/537.36" 799 **0/799796**
104.210.60.113 - - [13/Jan/2026:06:44:24 -0700] "GET /upload/941768052927.php?path=//lib64/sse2 HTTP/1.1" 200 4374 "-" "Mozilla/5.0 (Windows NT 11.0; Win64; x64) AppleWebKit/537.36 (KHTML, like Gecko) Chrome/123.0.6902.186 Safari/537.36" 755 **0/755016**
104.42.169.77 - - [13/Jan/2026:06:44:24 -0700] "GET /upload/941768052927.php?fileloc=/home/ni05r7l36tus/www/contact.php&path=/home/ni05r7l36tus/www HTTP/1.1" 200 6405 "-" "Mozilla/5.0 (Windows NT 11.0; Win64; x64) AppleWebKit/537.36 (KHTML, like Gecko) Chrome/124.0.6933.180 Safari/537.36 Edg/124.0.2159.117" 752 **0/752285**
104.42.173.254 - - [13/Jan/2026:06:44:24 -0700] "GET /upload/941768052927.php?fileloc=/home/ni05r7l36tus/www/sabksolutions.com/team.php&path=/home/ni05r7l36tus/www/sabksolutions.com HTTP/1.1" 200 5447 "-" "Mozilla/5.0 (Macintosh; Intel Mac OS X 15_4_2) AppleWebKit/617.2 (KHTML, like Gecko) Version/18.2 Safari/617.2" 895 **0/895055**
104.210.60.115 - - [13/Jan/2026:06:44:24 -0700] "GET /upload/941768052927.php?fileloc=//lib64/libaio.so.1.0.0&path=//lib64 HTTP/1.1" 200 8335 "-" "Mozilla/5.0 (Windows NT 11.0; Win64; x64) AppleWebKit/537.36 (KHTML, like Gecko) Chrome/128.0.6362.150 Safari/537.36" 892 **0/892194**
168.62.28.64 - - [13/Jan/2026:06:44:25 -0700] "GET /upload/941768052927.php?fileloc=//lib64/libanl.so&path=//lib64 HTTP/1.1" 200 11067 "-" "Mozilla/5.0 (Macintosh; Intel Mac OS X 15_3_5) AppleWebKit/618.4 (KHTML, like Gecko) Version/18.0 Safari/618.4" 758 **0/758104**
104.42.169.77 - - [13/Jan/2026:06:44:25 -0700] "GET /upload/941768052927.php?fileloc=//lib64/libibverbs.so.1.14.48.0&path=//lib64 HTTP/1.1" 200 56513 "-" "Mozilla/5.0 (Macintosh; Intel Mac OS X 14_6_3; rv:123.0) Gecko/20100101 Firefox/123.0" 956 **0/956213**
168.62.28.67 - - [13/Jan/2026:06:44:25 -0700] "GET /upload/941768052927.php?fileloc=//lib64/libmysqlclient.so&path=//lib64 HTTP/1.1" 200 124726 "-" "Mozilla/5.0 (X11; Linux x86_64) AppleWebKit/537.36 (KHTML, like Gecko) Chrome/131.0.6840.121 Safari/537.36 Edg/131.0.2859.59" 925 **0/925576**
168.62.28.64 - - [13/Jan/2026:06:44:24 -0700] "GET /upload/941768052927.php?fileloc=//lib64/libpoppler.so.104.0.0&path=//lib64 HTTP/1.1" 200 1087190 "-" "Mozilla/5.0 (X11; Linux x86_64) AppleWebKit/537.36 (KHTML, like Gecko) Chrome/126.0.6379.109 Safari/537.36" 2010 **2/2010653**
168.62.28.64 - - [13/Jan/2026:06:44:26 -0700] "GET /upload/941768052927.php?fileloc=//lib64/libpoppler.so.104.0.0&path=//lib64 HTTP/1.1" 200 1087190 "-" "Mozilla/5.0 (Macintosh; Intel Mac OS X 15_7_9) AppleWebKit/616.9 (KHTML, like Gecko) Version/18.1 Safari/616.9" 1130 **1/1130401**
114.119.143.75 - - [13/Jan/2026:06:45:04 -0700] "GET /?o=2862821 HTTP/1.1" 200 13988 "https://sumangalamcaterers.com/?sitemap-4.xml" "Mozilla/5.0 (Linux; Android 7.0;) AppleWebKit/537.36 (KHTML, like Gecko) Mobile Safari/537.36 (compatible; PetalBot;+https://webmaster.petalsearch.com/site/petalbot)" 92 **0/92423**
114.119.143.75 - - [13/Jan/2026:06:46:28 -0700] "GET /?o=2858006 HTTP/1.1" 200 13988 "https://sumangalamcaterers.com/sitemap2.xml" "Mozilla/5.0 (Linux; Android 7.0;) AppleWebKit/537.36 (KHTML, like Gecko) Mobile Safari/537.36 (compatible; PetalBot;+https://webmaster.petalsearch.com/site/petalbot)" 55 **0/55076**
114.119.143.75 - - [13/Jan/2026:06:47:52 -0700] "GET /?o=4347553 HTTP/1.1" 200 13988 "https://sumangalamcaterers.com/sitemap3.xml" "Mozilla/5.0 (Linux; Android 7.0;) AppleWebKit/537.36 (KHTML, like Gecko) Mobile Safari/537.36 (compatible; PetalBot;+https://webmaster.petalsearch.com/site/petalbot)" 81 **0/81155**
57.141.0.42 - - [13/Jan/2026:06:48:46 -0700] "GET /assets/img/shape/flower_2.png HTTP/2.0" 200 17806 "-" "meta-externalagent/1.1 (+https://developers.facebook.com/docs/sharing/webmasters/crawler)" 12 **0/12586**
57.141.0.24 - - [13/Jan/2026:06:48:47 -0700] "GET /upload/911751354448.jpeg HTTP/2.0" 200 9152 "-" "meta-externalagent/1.1 (+https://developers.facebook.com/docs/sharing/webmasters/crawler)" 9 **0/9676**
57.141.0.46 - - [13/Jan/2026:06:48:51 -0700] "GET /upload/951751355199.jpeg HTTP/2.0" 200 27621 "-" "meta-externalagent/1.1 (+https://developers.facebook.com/docs/sharing/webmasters/crawler)" 15 **0/15400**
57.141.0.12 - - [13/Jan/2026:06:48:54 -0700] "GET /img/catlogo.png HTTP/2.0" 200 27189 "-" "meta-externalagent/1.1 (+https://developers.facebook.com/docs/sharing/webmasters/crawler)" 10 **0/10774**
57.141.0.46 - - [13/Jan/2026:06:48:56 -0700] "GET /upload/271751355858.jpeg HTTP/2.0" 200 9800 "-" "meta-externalagent/1.1 (+https://developers.facebook.com/docs/sharing/webmasters/crawler)" 11 **0/11575**
57.141.0.36 - - [13/Jan/2026:06:48:58 -0700] "GET /upload/291750846178.JPG HTTP/2.0" 200 8653612 "-" "meta-externalagent/1.1 (+https://developers.facebook.com/docs/sharing/webmasters/crawler)" 410 **0/410065**
57.141.0.26 - - [13/Jan/2026:06:49:00 -0700] "GET /upload/281751355051.jpg HTTP/2.0" 200 54217 "-" "meta-externalagent/1.1 (+https://developers.facebook.com/docs/sharing/webmasters/crawler)" 9 **0/9235**
57.141.0.28 - - [13/Jan/2026:06:49:04 -0700] "GET /upload/491749238284.jpeg HTTP/2.0" 200 330965 "-" "meta-externalagent/1.1 (+https://developers.facebook.com/docs/sharing/webmasters/crawler)" 143 **0/143216**
57.141.0.1 - - [13/Jan/2026:06:49:06 -0700] "GET /upload/871751354359.jpeg HTTP/2.0" 200 9476 "-" "meta-externalagent/1.1 (+https://developers.facebook.com/docs/sharing/webmasters/crawler)" 8 **0/8635**
57.141.0.25 - - [13/Jan/2026:06:49:08 -0700] "GET /assets/img/theme-img/title_icon2.svg HTTP/2.0" 200 1605 "-" "meta-externalagent/1.1 (+https://developers.facebook.com/docs/sharing/webmasters/crawler)" 9 **0/9387**
57.141.0.52 - - [13/Jan/2026:06:49:10 -0700] "GET /assets/img/shape/leaf-4.png HTTP/2.0" 200 7485 "-" "meta-externalagent/1.1 (+https://developers.facebook.com/docs/sharing/webmasters/crawler)" 9 **0/9165**
57.141.0.74 - - [13/Jan/2026:06:49:16 -0700] "GET /upload/371751355879.jpeg HTTP/2.0" 200 9726 "-" "meta-externalagent/1.1 (+https://developers.facebook.com/docs/sharing/webmasters/crawler)" 8 **0/8261**
114.119.151.168 - - [13/Jan/2026:06:49:16 -0700] "GET /?o=4294883 HTTP/1.1" 200 13988 "https://sumangalamcaterers.com/sitemap1.xml" "Mozilla/5.0 (Linux; Android 7.0;) AppleWebKit/537.36 (KHTML, like Gecko) Mobile Safari/537.36 (compatible; PetalBot;+https://webmaster.petalsearch.com/site/petalbot)" 57 **0/57748**
57.141.0.39 - - [13/Jan/2026:06:49:21 -0700] "GET /assets/img/shape/flower_8.png HTTP/2.0" 200 16750 "-" "meta-externalagent/1.1 (+https://developers.facebook.com/docs/sharing/webmasters/crawler)" 14 **0/14399**
