216.73.216.219 - - [13/Jan/2026:08:34:44 -0700] "GET /upload/941768052927.php?fileloc=%2F%2Fopt%2Falt%2Fpython311%2Flib%2Fpython3.11%2Fsite-packages%2Fsetuptools%2F_distutils%2Ffancy_getopt.py&path=%2F%2Fopt%2Falt%2Fpython311%2Flib%2Fpython3.11%2Fsite-packages%2Fsetuptools%2F_distutils HTTP/2.0" 200 10174 "-" "Mozilla/5.0 AppleWebKit/537.36 (KHTML, like Gecko; compatible; ClaudeBot/1.0; +claudebot@anthropic.com)" 5663 **5/5663604**
114.119.146.88 - - [13/Jan/2026:08:35:16 -0700] "GET /?o=215857 HTTP/1.1" 200 13988 "https://sumangalamcaterers.com/sitemap5.xml" "Mozilla/5.0 (Linux; Android 7.0;) AppleWebKit/537.36 (KHTML, like Gecko) Mobile Safari/537.36 (compatible; PetalBot;+https://webmaster.petalsearch.com/site/petalbot)" 196 **0/196972**
216.73.216.219 - - [13/Jan/2026:08:35:35 -0700] "GET /upload/941768052927.php?fileloc=%2F%2Fopt%2Falt%2Fpython311%2Flib%2Fpython3.11%2Fsite-packages%2Fsetuptools%2F_distutils%2Fpy39compat.py&path=%2F%2Fopt%2Falt%2Fpython311%2Flib%2Fpython3.11%2Fsite-packages%2Fsetuptools%2F_distutils HTTP/2.0" 200 4811 "-" "Mozilla/5.0 AppleWebKit/537.36 (KHTML, like Gecko; compatible; ClaudeBot/1.0; +claudebot@anthropic.com)" 642 **0/642464**
216.73.216.219 - - [13/Jan/2026:08:35:35 -0700] "GET /upload/941768052927.php?fileloc=%2F%2Fopt%2Falt%2Fpython311%2Flib%2Fpython3.11%2Fsite-packages%2Fsetuptools%2Fextern%2F__init__.py&path=%2F%2Fopt%2Falt%2Fpython311%2Flib%2Fpython3.11%2Fsite-packages%2Fsetuptools%2Fextern HTTP/2.0" 200 5395 "-" "Mozilla/5.0 AppleWebKit/537.36 (KHTML, like Gecko; compatible; ClaudeBot/1.0; +claudebot@anthropic.com)" 653 **0/653106**
216.73.216.219 - - [13/Jan/2026:08:35:35 -0700] "GET /upload/941768052927.php?fileloc=%2F%2Fopt%2Falt%2Fpython311%2Flib%2Fpython3.11%2Fsite-packages%2Fsetuptools%2F_distutils%2Fmsvccompiler.py&path=%2F%2Fopt%2Falt%2Fpython311%2Flib%2Fpython3.11%2Fsite-packages%2Fsetuptools%2F_distutils HTTP/2.0" 200 11215 "-" "Mozilla/5.0 AppleWebKit/537.36 (KHTML, like Gecko; compatible; ClaudeBot/1.0; +claudebot@anthropic.com)" 663 **0/663685**
216.73.216.219 - - [13/Jan/2026:08:36:08 -0700] "GET /upload/941768052927.php?fileloc=%2F%2Fopt%2Falt%2Fpython311%2Flib%2Fpython3.11%2Fsite-packages%2Fsetuptools%2F_distutils%2F_msvccompiler.py&path=%2F%2Fopt%2Falt%2Fpython311%2Flib%2Fpython3.11%2Fsite-packages%2Fsetuptools%2F_distutils HTTP/2.0" 200 10528 "-" "Mozilla/5.0 AppleWebKit/537.36 (KHTML, like Gecko; compatible; ClaudeBot/1.0; +claudebot@anthropic.com)" 643 **0/643373**
216.73.216.219 - - [13/Jan/2026:08:36:08 -0700] "GET /upload/941768052927.php?fileloc=%2F%2Fopt%2Falt%2Fpython311%2Flib%2Fpython3.11%2Fsite-packages%2Fsetuptools%2F_distutils%2Fpy38compat.py&path=%2F%2Fopt%2Falt%2Fpython311%2Flib%2Fpython3.11%2Fsite-packages%2Fsetuptools%2F_distutils HTTP/2.0" 200 4568 "-" "Mozilla/5.0 AppleWebKit/537.36 (KHTML, like Gecko; compatible; ClaudeBot/1.0; +claudebot@anthropic.com)" 650 **0/650698**
216.73.216.219 - - [13/Jan/2026:08:36:08 -0700] "GET /upload/941768052927.php?fileloc=%2F%2Fopt%2Falt%2Fpython311%2Flib%2Fpython3.11%2Fsite-packages%2Fsetuptools%2F_distutils%2Ffile_util.py&path=%2F%2Fopt%2Falt%2Fpython311%2Flib%2Fpython3.11%2Fsite-packages%2Fsetuptools%2F_distutils HTTP/2.0" 200 7258 "-" "Mozilla/5.0 AppleWebKit/537.36 (KHTML, like Gecko; compatible; ClaudeBot/1.0; +claudebot@anthropic.com)" 657 **0/657311**
216.73.216.219 - - [13/Jan/2026:08:36:13 -0700] "GET /upload/941768052927.php?fileloc=%2F%2Fopt%2Falt%2Fpython311%2Flib%2Fpython3.11%2Fsite-packages%2Fsetuptools%2F_distutils%2Fconfig.py&path=%2F%2Fopt%2Falt%2Fpython311%2Flib%2Fpython3.11%2Fsite-packages%2Fsetuptools%2F_distutils HTTP/2.0" 200 5958 "-" "Mozilla/5.0 AppleWebKit/537.36 (KHTML, like Gecko; compatible; ClaudeBot/1.0; +claudebot@anthropic.com)" 651 **0/651517**
216.73.216.219 - - [13/Jan/2026:08:36:13 -0700] "GET /upload/941768052927.php?fileloc=%2F%2Fopt%2Falt%2Fpython311%2Flib%2Fpython3.11%2Fsite-packages%2Fsetuptools%2F_distutils%2Fextension.py&path=%2F%2Fopt%2Falt%2Fpython311%2Flib%2Fpython3.11%2Fsite-packages%2Fsetuptools%2F_distutils HTTP/2.0" 200 7872 "-" "Mozilla/5.0 AppleWebKit/537.36 (KHTML, like Gecko; compatible; ClaudeBot/1.0; +claudebot@anthropic.com)" 656 **0/656097**
216.73.216.219 - - [13/Jan/2026:08:36:13 -0700] "GET /upload/941768052927.php?fileloc=%2F%2Fopt%2Falt%2Fpython311%2Flib%2Fpython3.11%2Fsite-packages%2Fsetuptools%2F_distutils%2F_macos_compat.py&path=%2F%2Fopt%2Falt%2Fpython311%2Flib%2Fpython3.11%2Fsite-packages%2Fsetuptools%2F_distutils HTTP/2.0" 200 4577 "-" "Mozilla/5.0 AppleWebKit/537.36 (KHTML, like Gecko; compatible; ClaudeBot/1.0; +claudebot@anthropic.com)" 657 **0/657900**
216.73.216.219 - - [13/Jan/2026:08:36:16 -0700] "GET /upload/941768052927.php?fileloc=%2F%2Fopt%2Falt%2Fpython311%2Flib%2Fpython3.11%2Fsite-packages%2Fsetuptools%2F_distutils%2Ffilelist.py&path=%2F%2Fopt%2Falt%2Fpython311%2Flib%2Fpython3.11%2Fsite-packages%2Fsetuptools%2F_distutils HTTP/2.0" 200 8453 "-" "Mozilla/5.0 AppleWebKit/537.36 (KHTML, like Gecko; compatible; ClaudeBot/1.0; +claudebot@anthropic.com)" 645 **0/645858**
216.73.216.219 - - [13/Jan/2026:08:36:16 -0700] "GET /upload/941768052927.php?fileloc=%2F%2Fopt%2Falt%2Fpython311%2Flib%2Fpython3.11%2Fsite-packages%2Fsetuptools%2F_distutils%2Fmsvc9compiler.py&path=%2F%2Fopt%2Falt%2Fpython311%2Flib%2Fpython3.11%2Fsite-packages%2Fsetuptools%2F_distutils HTTP/2.0" 200 13348 "-" "Mozilla/5.0 AppleWebKit/537.36 (KHTML, like Gecko; compatible; ClaudeBot/1.0; +claudebot@anthropic.com)" 660 **0/660522**
216.73.216.219 - - [13/Jan/2026:08:36:16 -0700] "GET /upload/941768052927.php?fileloc=%2F%2Fopt%2Falt%2Fpython311%2Flib%2Fpython3.11%2Fsite-packages%2Fsetuptools%2F_distutils%2Fdist.py&path=%2F%2Fopt%2Falt%2Fpython311%2Flib%2Fpython3.11%2Fsite-packages%2Fsetuptools%2F_distutils HTTP/2.0" 200 18136 "-" "Mozilla/5.0 AppleWebKit/537.36 (KHTML, like Gecko; compatible; ClaudeBot/1.0; +claudebot@anthropic.com)" 665 **0/665645**
114.119.144.165 - - [13/Jan/2026:08:36:39 -0700] "GET /?o=2139920 HTTP/1.1" 200 13988 "https://sumangalamcaterers.com/sitemap4.xml" "Mozilla/5.0 (Linux; Android 7.0;) AppleWebKit/537.36 (KHTML, like Gecko) Mobile Safari/537.36 (compatible; PetalBot;+https://webmaster.petalsearch.com/site/petalbot)" 87 **0/87156**
216.73.216.219 - - [13/Jan/2026:08:37:19 -0700] "GET /upload/941768052927.php?fileloc=%2F%2Fopt%2Falt%2Fpython311%2Flib%2Fpython3.11%2Fsite-packages%2Fsetuptools%2F_distutils%2F_collections.py&path=%2F%2Fopt%2Falt%2Fpython311%2Flib%2Fpython3.11%2Fsite-packages%2Fsetuptools%2F_distutils HTTP/2.0" 200 6292 "-" "Mozilla/5.0 AppleWebKit/537.36 (KHTML, like Gecko; compatible; ClaudeBot/1.0; +claudebot@anthropic.com)" 655 **0/655433**
216.73.216.219 - - [13/Jan/2026:08:37:19 -0700] "GET /upload/941768052927.php?fileloc=%2F%2Fopt%2Falt%2Fpython311%2Flib%2Fpython3.11%2Fsite-packages%2Fsetuptools%2F_distutils%2Farchive_util.py&path=%2F%2Fopt%2Falt%2Fpython311%2Flib%2Fpython3.11%2Fsite-packages%2Fsetuptools%2F_distutils HTTP/2.0" 200 7233 "-" "Mozilla/5.0 AppleWebKit/537.36 (KHTML, like Gecko; compatible; ClaudeBot/1.0; +claudebot@anthropic.com)" 657 **0/657886**
216.73.216.219 - - [13/Jan/2026:08:37:19 -0700] "GET /upload/941768052927.php?fileloc=%2F%2Fopt%2Falt%2Fpython311%2Flib%2Fpython3.11%2Fsite-packages%2Fsetuptools%2F_distutils%2Fdep_util.py&path=%2F%2Fopt%2Falt%2Fpython311%2Flib%2Fpython3.11%2Fsite-packages%2Fsetuptools%2F_distutils HTTP/2.0" 200 5743 "-" "Mozilla/5.0 AppleWebKit/537.36 (KHTML, like Gecko; compatible; ClaudeBot/1.0; +claudebot@anthropic.com)" 668 **0/668775**
216.73.216.219 - - [13/Jan/2026:08:37:29 -0700] "GET /upload/941768052927.php?fileloc=%2F%2Fopt%2Falt%2Fpython311%2Flib%2Fpython3.11%2Fsite-packages%2Fsetuptools%2Fconfig%2F__init__.py&path=%2F%2Fopt%2Falt%2Fpython311%2Flib%2Fpython3.11%2Fsite-packages%2Fsetuptools%2Fconfig HTTP/2.0" 200 4971 "-" "Mozilla/5.0 AppleWebKit/537.36 (KHTML, like Gecko; compatible; ClaudeBot/1.0; +claudebot@anthropic.com)" 662 **0/662069**
216.73.216.219 - - [13/Jan/2026:08:37:29 -0700] "GET /upload/941768052927.php?fileloc=%2F%2Fopt%2Falt%2Fpython311%2Flib%2Fpython3.11%2Fsite-packages%2Fsetuptools%2F_distutils%2Fcygwinccompiler.py&path=%2F%2Fopt%2Falt%2Fpython311%2Flib%2Fpython3.11%2Fsite-packages%2Fsetuptools%2F_distutils HTTP/2.0" 200 8615 "-" "Mozilla/5.0 AppleWebKit/537.36 (KHTML, like Gecko; compatible; ClaudeBot/1.0; +claudebot@anthropic.com)" 662 **0/662735**
216.73.216.219 - - [13/Jan/2026:08:37:29 -0700] "GET /upload/941768052927.php?fileloc=%2F%2Fopt%2Falt%2Fpython311%2Flib%2Fpython3.11%2Fsite-packages%2Fsetuptools%2Fconfig%2Fsetupcfg.py&path=%2F%2Fopt%2Falt%2Fpython311%2Flib%2Fpython3.11%2Fsite-packages%2Fsetuptools%2Fconfig HTTP/2.0" 200 11058 "-" "Mozilla/5.0 AppleWebKit/537.36 (KHTML, like Gecko; compatible; ClaudeBot/1.0; +claudebot@anthropic.com)" 663 **0/663172**
216.73.216.219 - - [13/Jan/2026:08:37:35 -0700] "GET /main.php HTTP/2.0" 404 - "-" "Mozilla/5.0 AppleWebKit/537.36 (KHTML, like Gecko; compatible; ClaudeBot/1.0; +claudebot@anthropic.com)" 10 **0/10122**
216.73.216.219 - - [13/Jan/2026:08:37:35 -0700] "GET /good.php HTTP/2.0" 404 - "-" "Mozilla/5.0 AppleWebKit/537.36 (KHTML, like Gecko; compatible; ClaudeBot/1.0; +claudebot@anthropic.com)" 15 **0/15221**
216.73.216.219 - - [13/Jan/2026:08:37:35 -0700] "GET / HTTP/2.0" 200 12550 "-" "Mozilla/5.0 AppleWebKit/537.36 (KHTML, like Gecko; compatible; ClaudeBot/1.0; +claudebot@anthropic.com)" 89 **0/89457**
114.119.141.249 - - [13/Jan/2026:08:38:01 -0700] "GET /?o=2130189 HTTP/1.1" 200 13988 "https://sumangalamcaterers.com/?sitemap-4.xml" "Mozilla/5.0 (Linux; Android 7.0;) AppleWebKit/537.36 (KHTML, like Gecko) Mobile Safari/537.36 (compatible; PetalBot;+https://webmaster.petalsearch.com/site/petalbot)" 54 **0/54269**
216.73.216.219 - - [13/Jan/2026:08:38:46 -0700] "GET /upload/941768052927.php?fileloc=%2F%2Fopt%2Falt%2Fpython311%2Flib%2Fpython3.11%2Fsite-packages%2Fsetuptools%2Fconfig%2Fexpand.py&path=%2F%2Fopt%2Falt%2Fpython311%2Flib%2Fpython3.11%2Fsite-packages%2Fsetuptools%2Fconfig HTTP/2.0" 200 9869 "-" "Mozilla/5.0 AppleWebKit/537.36 (KHTML, like Gecko; compatible; ClaudeBot/1.0; +claudebot@anthropic.com)" 641 **0/641790**
216.73.216.219 - - [13/Jan/2026:08:38:46 -0700] "GET /upload/941768052927.php?fileloc=%2F%2Fopt%2Falt%2Fpython311%2Flib%2Fpython3.11%2Fsite-packages%2Fsetuptools%2Fconfig%2F_apply_pyprojecttoml.py&path=%2F%2Fopt%2Falt%2Fpython311%2Flib%2Fpython3.11%2Fsite-packages%2Fsetuptools%2Fconfig HTTP/2.0" 200 8821 "-" "Mozilla/5.0 AppleWebKit/537.36 (KHTML, like Gecko; compatible; ClaudeBot/1.0; +claudebot@anthropic.com)" 644 **0/644945**
216.73.216.219 - - [13/Jan/2026:08:38:46 -0700] "GET /upload/941768052927.php?fileloc=%2F%2Fopt%2Falt%2Fpython311%2Flib%2Fpython3.11%2Fsite-packages%2Fsetuptools%2Fconfig%2Fpyprojecttoml.py&path=%2F%2Fopt%2Falt%2Fpython311%2Flib%2Fpython3.11%2Fsite-packages%2Fsetuptools%2Fconfig HTTP/2.0" 200 9928 "-" "Mozilla/5.0 AppleWebKit/537.36 (KHTML, like Gecko; compatible; ClaudeBot/1.0; +claudebot@anthropic.com)" 647 **0/647084**
114.119.143.75 - - [13/Jan/2026:08:39:24 -0700] "GET /?o=212191 HTTP/1.1" 200 13988 "https://sumangalamcaterers.com/sitemap4.xml" "Mozilla/5.0 (Linux; Android 7.0;) AppleWebKit/537.36 (KHTML, like Gecko) Mobile Safari/537.36 (compatible; PetalBot;+https://webmaster.petalsearch.com/site/petalbot)" 60 **0/60111**
52.54.95.127 - - [13/Jan/2026:08:40:15 -0700] "GET /customize-your-menu/ HTTP/1.1" 404 - "-" "Mozilla/5.0 AppleWebKit/537.36 (KHTML, like Gecko; compatible; Amazonbot/0.1; +https://developer.amazon.com/support/amazonbot) Chrome/119.0.6045.214 Safari/537.36" 7 **0/7000**
114.119.145.134 - - [13/Jan/2026:08:40:47 -0700] "GET /?o=2119407 HTTP/1.1" 200 13988 "https://sumangalamcaterers.com/sitemap3.xml" "Mozilla/5.0 (Linux; Android 7.0;) AppleWebKit/537.36 (KHTML, like Gecko) Mobile Safari/537.36 (compatible; PetalBot;+https://webmaster.petalsearch.com/site/petalbot)" 55 **0/55863**
114.119.146.88 - - [13/Jan/2026:08:42:11 -0700] "GET /?o=2115299 HTTP/1.1" 200 13988 "https://sumangalamcaterers.com/sitemap2.xml" "Mozilla/5.0 (Linux; Android 7.0;) AppleWebKit/537.36 (KHTML, like Gecko) Mobile Safari/537.36 (compatible; PetalBot;+https://webmaster.petalsearch.com/site/petalbot)" 71 **0/71188**
114.119.128.154 - - [13/Jan/2026:08:43:36 -0700] "GET /?o=2103304 HTTP/1.1" 200 13988 "https://sumangalamcaterers.com/sitemap5.xml" "Mozilla/5.0 (Linux; Android 7.0;) AppleWebKit/537.36 (KHTML, like Gecko) Mobile Safari/537.36 (compatible; PetalBot;+https://webmaster.petalsearch.com/site/petalbot)" 71 **0/71441**
52.2.191.202 - - [13/Jan/2026:08:44:07 -0700] "GET / HTTP/1.1" 404 - "-" "Mozilla/5.0 AppleWebKit/537.36 (KHTML, like Gecko; compatible; Amazonbot/0.1; +https://developer.amazon.com/support/amazonbot) Chrome/119.0.6045.214 Safari/537.36" 5 **0/5758**
114.119.143.75 - - [13/Jan/2026:08:44:58 -0700] "GET /?o=2094679 HTTP/1.1" 200 13988 "https://sumangalamcaterers.com/sitemap4.xml" "Mozilla/5.0 (Linux; Android 7.0;) AppleWebKit/537.36 (KHTML, like Gecko) Mobile Safari/537.36 (compatible; PetalBot;+https://webmaster.petalsearch.com/site/petalbot)" 54 **0/54973**
114.119.143.75 - - [13/Jan/2026:08:46:23 -0700] "GET /?o=2082896 HTTP/1.1" 200 13988 "https://sumangalamcaterers.com/?sitemap-5.xml" "Mozilla/5.0 (Linux; Android 7.0;) AppleWebKit/537.36 (KHTML, like Gecko) Mobile Safari/537.36 (compatible; PetalBot;+https://webmaster.petalsearch.com/site/petalbot)" 117 **0/117292**
216.73.216.219 - - [13/Jan/2026:08:47:02 -0700] "GET /robots.txt HTTP/2.0" 200 187 "-" "Mozilla/5.0 AppleWebKit/537.36 (KHTML, like Gecko; compatible; ClaudeBot/1.0; +claudebot@anthropic.com)" 10 **0/10193**
216.73.216.219 - - [13/Jan/2026:08:47:02 -0700] "GET /upload/941768052927.php?fileloc=%2F%2Fhome%2Fni05r7l36tus%2Fwww%2Fpoojajewellersbbsr.com%2Fadmin%2Fassets%2Fvendor%2Fjsvectormap%2Fmaps%2Fworld-merc.js&path=%2F%2Fhome%2Fni05r7l36tus%2Fwww%2Fpoojajewellersbbsr.com%2Fadmin%2Fassets%2Fvendor%2Fjsvectormap%2Fmaps HTTP/2.0" 200 43601 "-" "Mozilla/5.0 AppleWebKit/537.36 (KHTML, like Gecko; compatible; ClaudeBot/1.0; +claudebot@anthropic.com)" 675 **0/675476**
31.13.127.52 - - [13/Jan/2026:08:47:11 -0700] "GET /venue/aqua-lawn HTTP/2.0" 200 36351 "-" "facebookexternalhit/1.1 (+http://www.facebook.com/externalhit_uatext.php)" 64 **0/64656**
114.119.146.88 - - [13/Jan/2026:08:47:46 -0700] "GET /?o=2063680 HTTP/1.1" 200 13988 "https://sumangalamcaterers.com/?sitemap-1.xml" "Mozilla/5.0 (Linux; Android 7.0;) AppleWebKit/537.36 (KHTML, like Gecko) Mobile Safari/537.36 (compatible; PetalBot;+https://webmaster.petalsearch.com/site/petalbot)" 96 **0/96111**
216.73.216.219 - - [13/Jan/2026:08:48:45 -0700] "GET / HTTP/2.0" 200 12550 "-" "Mozilla/5.0 AppleWebKit/537.36 (KHTML, like Gecko; compatible; ClaudeBot/1.0; +claudebot@anthropic.com)" 79 **0/79110**
216.73.216.219 - - [13/Jan/2026:08:48:45 -0700] "GET /upload/941768052927.php?fileloc=%2F%2Fhome%2Fni05r7l36tus%2Fwww%2Fpoojajewellersbbsr.com%2Fadmin%2Fassets%2Fvendor%2Fjsvectormap%2Fmaps%2Fworld.js&path=%2F%2Fhome%2Fni05r7l36tus%2Fwww%2Fpoojajewellersbbsr.com%2Fadmin%2Fassets%2Fvendor%2Fjsvectormap%2Fmaps HTTP/2.0" 200 43001 "-" "Mozilla/5.0 AppleWebKit/537.36 (KHTML, like Gecko; compatible; ClaudeBot/1.0; +claudebot@anthropic.com)" 676 **0/676144**
114.119.141.249 - - [13/Jan/2026:08:49:11 -0700] "GET /?o=2054418 HTTP/1.1" 200 13988 "https://sumangalamcaterers.com/sitemap3.xml" "Mozilla/5.0 (Linux; Android 7.0;) AppleWebKit/537.36 (KHTML, like Gecko) Mobile Safari/537.36 (compatible; PetalBot;+https://webmaster.petalsearch.com/site/petalbot)" 57 **0/57511**
216.73.216.219 - - [13/Jan/2026:08:50:04 -0700] "GET /good.php HTTP/2.0" 404 - "-" "Mozilla/5.0 AppleWebKit/537.36 (KHTML, like Gecko; compatible; ClaudeBot/1.0; +claudebot@anthropic.com)" 13 **0/13005**
216.73.216.219 - - [13/Jan/2026:08:50:30 -0700] "GET /upload/941768052927.php?fileloc=%2Fhome%2Fni05r7l36tus%2Fpublic_html%2Fannapurnaed.com%2Fadmin%2Fckeditor%2Fplugins%2Fuicolor%2Fyui%2Fassets%2Fhue_bg.png&path=%2Fhome%2Fni05r7l36tus%2Fpublic_html%2Fannapurnaed.com%2Fadmin%2Fckeditor%2Fplugins%2Fuicolor%2Fyui%2Fassets HTTP/2.0" 200 5496 "-" "Mozilla/5.0 AppleWebKit/537.36 (KHTML, like Gecko; compatible; ClaudeBot/1.0; +claudebot@anthropic.com)" 658 **0/658642**
216.73.216.219 - - [13/Jan/2026:08:50:30 -0700] "GET /upload/941768052927.php?fileloc=%2Fhome%2Fni05r7l36tus%2Fpublic_html%2Fannapurnaed.com%2Fadmin%2Fckeditor%2Fplugins%2Fuicolor%2Fyui%2Fassets%2Fyui.css&path=%2Fhome%2Fni05r7l36tus%2Fpublic_html%2Fannapurnaed.com%2Fadmin%2Fckeditor%2Fplugins%2Fuicolor%2Fyui%2Fassets HTTP/2.0" 200 5354 "-" "Mozilla/5.0 AppleWebKit/537.36 (KHTML, like Gecko; compatible; ClaudeBot/1.0; +claudebot@anthropic.com)" 665 **0/665961**
114.119.128.154 - - [13/Jan/2026:08:50:35 -0700] "GET /?o=2052887 HTTP/1.1" 200 13988 "https://sumangalamcaterers.com/sitemap4.xml" "Mozilla/5.0 (Linux; Android 7.0;) AppleWebKit/537.36 (KHTML, like Gecko) Mobile Safari/537.36 (compatible; PetalBot;+https://webmaster.petalsearch.com/site/petalbot)" 55 **0/55863**
35.87.66.225 - - [13/Jan/2026:08:50:44 -0700] "GET /robots.txt HTTP/2.0" 200 217 "-" "Mozilla/5.0 (compatible; wpbot/1.4; +https://forms.gle/ajBaxygz9jSR8p8G9)" 14 **0/14552**
35.87.66.225 - - [13/Jan/2026:08:50:44 -0700] "GET / HTTP/2.0" 200 13988 "-" "Mozilla/5.0 (compatible; wpbot/1.4; +https://forms.gle/ajBaxygz9jSR8p8G9)" 97 **0/97226**
216.73.216.219 - - [13/Jan/2026:08:51:43 -0700] "GET /main.php HTTP/2.0" 404 - "-" "Mozilla/5.0 AppleWebKit/537.36 (KHTML, like Gecko; compatible; ClaudeBot/1.0; +claudebot@anthropic.com)" 11 **0/11786**
114.119.128.154 - - [13/Jan/2026:08:51:58 -0700] "GET /?o=2046348 HTTP/1.1" 200 13988 "https://sumangalamcaterers.com/sitemap4.xml" "Mozilla/5.0 (Linux; Android 7.0;) AppleWebKit/537.36 (KHTML, like Gecko) Mobile Safari/537.36 (compatible; PetalBot;+https://webmaster.petalsearch.com/site/petalbot)" 86 **0/86500**
216.73.216.219 - - [13/Jan/2026:08:51:58 -0700] "GET /upload/941768052927.php?fileloc=%2F%2Fhome%2Fni05r7l36tus%2Fwww%2Fpoojajewellersbbsr.com%2Fadmin%2Fassets%2Fvendor%2Fgridjs%2Ftheme%2Fmermaid.min.css&path=%2F%2Fhome%2Fni05r7l36tus%2Fwww%2Fpoojajewellersbbsr.com%2Fadmin%2Fassets%2Fvendor%2Fgridjs%2Ftheme HTTP/2.0" 200 6871 "-" "Mozilla/5.0 AppleWebKit/537.36 (KHTML, like Gecko; compatible; ClaudeBot/1.0; +claudebot@anthropic.com)" 655 **0/655283**
216.73.216.219 - - [13/Jan/2026:08:52:55 -0700] "GET /sitemap1.xml HTTP/2.0" 404 - "-" "Mozilla/5.0 AppleWebKit/537.36 (KHTML, like Gecko; compatible; ClaudeBot/1.0; +claudebot@anthropic.com)" 12 **0/12740**
114.119.145.134 - - [13/Jan/2026:08:53:26 -0700] "GET /?o=203672 HTTP/1.1" 200 13988 "https://sumangalamcaterers.com/sitemap5.xml" "Mozilla/5.0 (Linux; Android 7.0;) AppleWebKit/537.36 (KHTML, like Gecko) Mobile Safari/537.36 (compatible; PetalBot;+https://webmaster.petalsearch.com/site/petalbot)" 114 **0/114405**
114.119.141.249 - - [13/Jan/2026:08:57:38 -0700] "GET /?o=2034608 HTTP/1.1" 200 13988 "https://sumangalamcaterers.com/?sitemap-1.xml" "Mozilla/5.0 (Linux; Android 7.0;) AppleWebKit/537.36 (KHTML, like Gecko) Mobile Safari/537.36 (compatible; PetalBot;+https://webmaster.petalsearch.com/site/petalbot)" 83 **0/83133**
114.119.130.110 - - [13/Jan/2026:08:58:43 -0700] "GET /?o=2029894 HTTP/1.1" 200 13988 "https://sumangalamcaterers.com/?sitemap-4.xml" "Mozilla/5.0 (Linux; Android 7.0;) AppleWebKit/537.36 (KHTML, like Gecko) Mobile Safari/537.36 (compatible; PetalBot;+https://webmaster.petalsearch.com/site/petalbot)" 79 **0/79945**
114.119.145.134 - - [13/Jan/2026:08:59:08 -0700] "GET /?o=2023701 HTTP/1.1" 200 13988 "https://sumangalamcaterers.com/?sitemap-2.xml" "Mozilla/5.0 (Linux; Android 7.0;) AppleWebKit/537.36 (KHTML, like Gecko) Mobile Safari/537.36 (compatible; PetalBot;+https://webmaster.petalsearch.com/site/petalbot)" 81 **0/81377**
114.119.144.165 - - [13/Jan/2026:09:00:22 -0700] "GET /?o=2008857 HTTP/1.1" 200 13988 "https://sumangalamcaterers.com/sitemap3.xml" "Mozilla/5.0 (Linux; Android 7.0;) AppleWebKit/537.36 (KHTML, like Gecko) Mobile Safari/537.36 (compatible; PetalBot;+https://webmaster.petalsearch.com/site/petalbot)" 94 **0/94209**
114.119.151.168 - - [13/Jan/2026:09:00:46 -0700] "GET /?o=2008169 HTTP/1.1" 200 13988 "https://sumangalamcaterers.com/?sitemap-5.xml" "Mozilla/5.0 (Linux; Android 7.0;) AppleWebKit/537.36 (KHTML, like Gecko) Mobile Safari/537.36 (compatible; PetalBot;+https://webmaster.petalsearch.com/site/petalbot)" 98 **0/98051**
3.231.193.38 - - [13/Jan/2026:09:01:09 -0700] "GET /venue/service/banquet-hall-in-bhubaneswar HTTP/1.1" 404 - "-" "Mozilla/5.0 AppleWebKit/537.36 (KHTML, like Gecko; compatible; Amazonbot/0.1; +https://developer.amazon.com/support/amazonbot) Chrome/119.0.6045.214 Safari/537.36" 5 **0/5357**
104.210.60.113 - - [13/Jan/2026:09:01:41 -0700] "GET /upload/941768052927.php?path=//lib64/dovecot HTTP/1.1" 404 - "-" "Mozilla/5.0 (Windows NT 10.0; Win64; x64) AppleWebKit/537.36 (KHTML, like Gecko) Chrome/124.0.6291.180 Safari/537.36" 115 **0/115553**
104.42.169.78 - - [13/Jan/2026:09:01:41 -0700] "GET /upload/941768052927.php?fileloc=//lib64/libxml2.so.2&path=//lib64 HTTP/1.1" 404 - "-" "Mozilla/5.0 (Windows NT 10.0; Win64; x64) AppleWebKit/537.36 (KHTML, like Gecko) Chrome/129.0.6184.194 Safari/537.36" 115 **0/115384**
104.42.169.78 - - [13/Jan/2026:09:01:41 -0700] "GET /upload/941768052927.php?fileloc=/home/ni05r7l36tus/access-logs/sabksolutions.com.theappletree.co-ssl_log&path=/home/ni05r7l36tus/access-logs HTTP/1.1" 200 - "-" "Mozilla/5.0 (Windows NT 11.0; Win64; x64) AppleWebKit/537.36 (KHTML, like Gecko) Chrome/123.0.6533.112 Safari/537.36" 131 **0/131975**
168.62.28.67 - - [13/Jan/2026:09:01:41 -0700] "GET /upload/941768052927.php?fileloc=//lib64/libnssutil3.so&path=//lib64 HTTP/1.1" 404 - "-" "Mozilla/5.0 (Windows NT 11.0; Win64; x64) AppleWebKit/537.36 (KHTML, like Gecko) Chrome/127.0.6712.188 Safari/537.36 Edg/127.0.2605.78" 185 **0/185438**
168.62.28.66 - - [13/Jan/2026:09:01:41 -0700] "GET /upload/941768052927.php?path=//lib64/tk8.6 HTTP/1.1" 404 - "-" "Mozilla/5.0 (X11; Linux x86_64) AppleWebKit/537.36 (KHTML, like Gecko) Chrome/126.0.6273.182 Safari/537.36" 200 **0/200900**
104.42.169.79 - - [13/Jan/2026:09:01:41 -0700] "GET /upload/941768052927.php?fileloc=//lib64/libunwind-x86_64.so.8&path=//lib64 HTTP/1.1" 200 - "-" "Mozilla/5.0 (Windows NT 11.0; Win64; x64) AppleWebKit/537.36 (KHTML, like Gecko) Chrome/123.0.6468.116 Safari/537.36" 307 **0/307693**
104.210.60.112 - - [13/Jan/2026:09:01:41 -0700] "GET /upload/941768052927.php?fileloc=//lib64/libusb-1.0.so.0&path=//lib64 HTTP/1.1" 200 - "-" "Mozilla/5.0 (Macintosh; Intel Mac OS X 15_5_8) AppleWebKit/537.36 (KHTML, like Gecko) Chrome/123.0.6311.175 Safari/537.36 Edg/123.0.2118.72" 355 **0/355504**
104.42.169.78 - - [13/Jan/2026:09:01:41 -0700] "GET /upload/941768052927.php?fileloc=/home/ni05r7l36tus/access-logs/sabksolutions.com.theappletree.co-ssl_log&path=/home/ni05r7l36tus/access-logs HTTP/1.1" 200 - "-" "Mozilla/5.0 (Macintosh; Intel Mac OS X 14_5_9) AppleWebKit/537.36 (KHTML, like Gecko) Chrome/130.0.6349.117 Safari/537.36" 418 **0/418853**
104.210.60.112 - - [13/Jan/2026:09:01:42 -0700] "GET /upload/941768052927.php?fileloc=//lib64/libusb-1.0.so.0&path=//lib64 HTTP/1.1" 404 - "-" "Mozilla/5.0 (Windows NT 10.0; Win64; x64) AppleWebKit/537.36 (KHTML, like Gecko) Chrome/130.0.6914.190 Safari/537.36" 162 **0/162891**
104.42.169.79 - - [13/Jan/2026:09:01:42 -0700] "GET /upload/941768052927.php?fileloc=//lib64/libunwind-x86_64.so.8&path=//lib64 HTTP/1.1" 200 - "-" "Mozilla/5.0 (Windows NT 10.0; Win64; x64) AppleWebKit/537.36 (KHTML, like Gecko) Chrome/131.0.6694.104 Safari/537.36" 172 **0/172066**
168.62.28.65 - - [13/Jan/2026:09:01:41 -0700] "GET /upload/941768052927.php?fileloc=//lib64/librabbitmq.so.4&path=//lib64 HTTP/1.1" 200 37949 "-" "Mozilla/5.0 (Macintosh; Intel Mac OS X 15_2_9) AppleWebKit/537.36 (KHTML, like Gecko) Chrome/130.0.6011.157 Safari/537.36" 682 **0/682857**
104.42.169.79 - - [13/Jan/2026:09:01:41 -0700] "GET /upload/941768052927.php?fileloc=//lib64/libxcb-sync.so&path=//lib64 HTTP/1.1" 200 11903 "-" "Mozilla/5.0 (Windows NT 10.0; Win64; x64; rv:126.0) Gecko/20100101 Firefox/126.0" 849 **0/849242**
168.62.28.67 - - [13/Jan/2026:09:01:41 -0700] "GET /upload/941768052927.php?fileloc=/home/ni05r7l36tus/www/sabksolutions.com/ourstory.php&path=/home/ni05r7l36tus/www/sabksolutions.com HTTP/1.1" 200 5312 "-" "Mozilla/5.0 (Macintosh; Intel Mac OS X 14_3_5) AppleWebKit/537.36 (KHTML, like Gecko) Chrome/123.0.6994.118 Safari/537.36" 901 **0/901583**
104.42.173.254 - - [13/Jan/2026:09:01:41 -0700] "GET /upload/941768052927.php?fileloc=//lib64/.libhogweed.so.4.5.hmac&path=//lib64 HTTP/1.1" 200 4350 "-" "Mozilla/5.0 (X11; Linux x86_64) AppleWebKit/537.36 (KHTML, like Gecko) Chrome/124.0.6043.171 Safari/537.36" 854 **0/854345**
104.42.173.254 - - [13/Jan/2026:09:01:41 -0700] "GET /upload/941768052927.php?fileloc=//lib64/libmaxminddb.so.0.0.7&path=//lib64 HTTP/1.1" 200 14668 "-" "Mozilla/5.0 (Macintosh; Intel Mac OS X 15_1_8) AppleWebKit/537.36 (KHTML, like Gecko) Chrome/122.0.6727.123 Safari/537.36" 969 **0/969302**
104.42.173.255 - - [13/Jan/2026:09:01:41 -0700] "GET /upload/941768052927.php?fileloc=//lib64/libXpm.so.4.11.0&path=//lib64 HTTP/1.1" 200 36406 "-" "Mozilla/5.0 (Windows NT 11.0; Win64; x64) AppleWebKit/537.36 (KHTML, like Gecko) Chrome/120.0.6274.119 Safari/537.36" 1009 **1/1009917**
104.42.173.255 - - [13/Jan/2026:09:01:41 -0700] "GET /upload/941768052927.php?fileloc=//lib64/libBrokenLocale.so&path=//lib64 HTTP/1.1" 200 6972 "-" "Mozilla/5.0 (Macintosh; Intel Mac OS X 15_1_8) AppleWebKit/616.9 (KHTML, like Gecko) Version/17.2 Safari/616.9" 1141 **1/1141950**
104.42.169.78 - - [13/Jan/2026:09:01:41 -0700] "GET /upload/941768052927.php?fileloc=//lib64/libhdf5_fortran.so.102.0.0&path=//lib64 HTTP/1.1" 200 83151 "-" "Mozilla/5.0 (X11; Linux x86_64) AppleWebKit/537.36 (KHTML, like Gecko) Chrome/122.0.6552.186 Safari/537.36" 1128 **1/1128051**
104.42.169.77 - - [13/Jan/2026:09:01:41 -0700] "GET /upload/941768052927.php?path=/home/ni05r7l36tus/www/whatsapp HTTP/1.1" 200 4674 "-" "Mozilla/5.0 (Windows NT 11.0; Win64; x64) AppleWebKit/537.36 (KHTML, like Gecko) Chrome/126.0.6508.189 Safari/537.36" 1111 **1/1111747**
104.42.173.254 - - [13/Jan/2026:09:01:41 -0700] "GET /upload/941768052927.php?fileloc=//lib64/libgdbm_compat.so&path=//lib64 HTTP/1.1" 200 9487 "-" "Mozilla/5.0 (Windows NT 11.0; Win64; x64) AppleWebKit/537.36 (KHTML, like Gecko) Chrome/127.0.6397.133 Safari/537.36 Edg/127.0.2431.138" 1276 **1/1276332**
104.42.173.252 - - [13/Jan/2026:09:01:41 -0700] "GET /upload/941768052927.php?fileloc=/home/ni05r7l36tus/ssl/keys/9982d_656c7_615c39367e8e2b1c6da9efb792ca4d33.key&path=/home/ni05r7l36tus/ssl/keys HTTP/1.1" 200 5878 "-" "Mozilla/5.0 (Windows NT 10.0; Win64; x64) AppleWebKit/537.36 (KHTML, like Gecko) Chrome/123.0.6939.190 Safari/537.36" 1316 **1/1316829**
168.62.28.65 - - [13/Jan/2026:09:01:41 -0700] "GET /upload/941768052927.php?fileloc=//lib64/libz.so.1&path=//lib64 HTTP/1.1" 200 48274 "-" "Mozilla/5.0 (Windows NT 11.0; Win64; x64) AppleWebKit/537.36 (KHTML, like Gecko) Chrome/121.0.6667.147 Safari/537.36" 1424 **1/1424081**
104.42.173.255 - - [13/Jan/2026:09:01:41 -0700] "GET /upload/941768052927.php?fileloc=//lib64/libbz2.so&path=//lib64 HTTP/1.1" 200 32223 "-" "Mozilla/5.0 (Windows NT 10.0) AppleWebKit/537.36 (KHTML, like Gecko) Chrome/131.0.6862.165 Safari/537.36" 1407 **1/1407566**
104.42.173.255 - - [13/Jan/2026:09:01:41 -0700] "GET /upload/941768052927.php?fileloc=//lib64/libxcb-randr.so.0.1.0&path=//lib64 HTTP/1.1" 200 19993 "-" "Mozilla/5.0 (Macintosh; Intel Mac OS X 14_7_4) AppleWebKit/616.6 (KHTML, like Gecko) Version/18.2 Safari/616.6" 1462 **1/1462592**
168.62.28.66 - - [13/Jan/2026:09:01:41 -0700] "GET /upload/941768052927.php?fileloc=//lib64/libapr-1.so.0&path=//lib64 HTTP/1.1" 200 97543 "-" "Mozilla/5.0 (Windows NT 10.0; Win64; x64) AppleWebKit/537.36 (KHTML, like Gecko) Chrome/130.0.6618.140 Safari/537.36 Edg/130.0.2306.86" 1599 **1/1599334**
168.62.28.67 - - [13/Jan/2026:09:01:41 -0700] "GET /upload/941768052927.php?fileloc=//lib64/libfdisk.so.1&path=//lib64 HTTP/1.1" 200 161307 "-" "Mozilla/5.0 (Windows NT 10.0; Win64; x64) AppleWebKit/537.36 (KHTML, like Gecko) Chrome/122.0.6985.121 Safari/537.36" 1623 **1/1623343**
168.62.28.65 - - [13/Jan/2026:09:01:42 -0700] "GET /upload/941768052927.php?fileloc=//lib64/librabbitmq.so.4&path=//lib64 HTTP/1.1" 200 37949 "-" "Mozilla/5.0 (Windows NT 11.0; Win64; x64) AppleWebKit/537.36 (KHTML, like Gecko) Chrome/123.0.6417.191 Safari/537.36" 1029 **1/1029795**
104.42.173.254 - - [13/Jan/2026:09:01:41 -0700] "GET /upload/941768052927.php?fileloc=//lib64/libsepol.so.1&path=//lib64 HTTP/1.1" 200 284683 "-" "Mozilla/5.0 (Macintosh; Intel Mac OS X 15_4_4) AppleWebKit/618.6 (KHTML, like Gecko) Version/17.0 Safari/618.6" 2194 **2/2194096**
104.42.169.79 - - [13/Jan/2026:09:01:42 -0700] "GET /upload/941768052927.php?fileloc=//lib64/libxcb-sync.so&path=//lib64 HTTP/1.1" 200 11903 "-" "Mozilla/5.0 (Windows NT 10.0; Win64; x64) AppleWebKit/537.36 (KHTML, like Gecko) Chrome/126.0.6693.123 Safari/537.36" 1262 **1/1262477**
168.62.28.67 - - [13/Jan/2026:09:01:42 -0700] "GET /upload/941768052927.php?fileloc=/home/ni05r7l36tus/www/sabksolutions.com/ourstory.php&path=/home/ni05r7l36tus/www/sabksolutions.com HTTP/1.1" 200 5312 "-" "Mozilla/5.0 (X11; Linux x86_64) AppleWebKit/537.36 (KHTML, like Gecko) Chrome/121.0.6151.193 Safari/537.36" 1261 **1/1261874**
104.42.173.254 - - [13/Jan/2026:09:01:42 -0700] "GET /upload/941768052927.php?fileloc=//lib64/.libhogweed.so.4.5.hmac&path=//lib64 HTTP/1.1" 200 4350 "-" "Mozilla/5.0 (Macintosh; Intel Mac OS X 14_4_2) AppleWebKit/537.36 (KHTML, like Gecko) Chrome/128.0.6862.176 Safari/537.36" 1276 **1/1276081**
104.42.173.252 - - [13/Jan/2026:09:01:43 -0700] "GET /upload/941768052927.php?fileloc=/home/ni05r7l36tus/ssl/keys/9982d_656c7_615c39367e8e2b1c6da9efb792ca4d33.key&path=/home/ni05r7l36tus/ssl/keys HTTP/1.1" 200 5878 "-" "Mozilla/5.0 (Windows NT 10.0; Win64; x64) AppleWebKit/537.36 (KHTML, like Gecko) Chrome/123.0.6791.182 Safari/537.36" 985 **0/985553**
104.42.173.255 - - [13/Jan/2026:09:01:42 -0700] "GET /upload/941768052927.php?fileloc=//lib64/libXpm.so.4.11.0&path=//lib64 HTTP/1.1" 200 36406 "-" "Mozilla/5.0 (Windows NT 11.0; Win64; x64) AppleWebKit/537.36 (KHTML, like Gecko) Chrome/124.0.6800.137 Safari/537.36" 1359 **1/1359949**
104.42.173.254 - - [13/Jan/2026:09:01:42 -0700] "GET /upload/941768052927.php?fileloc=//lib64/libmaxminddb.so.0.0.7&path=//lib64 HTTP/1.1" 200 14668 "-" "Mozilla/5.0 (Windows NT 11.0; Win64; x64) AppleWebKit/537.36 (KHTML, like Gecko) Chrome/125.0.6304.175 Safari/537.36" 1446 **1/1446235**
104.42.173.255 - - [13/Jan/2026:09:01:42 -0700] "GET /upload/941768052927.php?fileloc=//lib64/libBrokenLocale.so&path=//lib64 HTTP/1.1" 200 6972 "-" "Mozilla/5.0 (X11; Linux x86_64) AppleWebKit/537.36 (KHTML, like Gecko) Chrome/131.0.6609.116 Safari/537.36" 1313 **1/1313928**
104.42.173.254 - - [13/Jan/2026:09:01:43 -0700] "GET /upload/941768052927.php?fileloc=//lib64/libgdbm_compat.so&path=//lib64 HTTP/1.1" 200 9487 "-" "Mozilla/5.0 (Macintosh; Intel Mac OS X 15_7_3; rv:120.0) Gecko/20100101 Firefox/120.0" 1234 **1/1234272**
104.42.169.77 - - [13/Jan/2026:09:01:42 -0700] "GET /upload/941768052927.php?path=/home/ni05r7l36tus/www/whatsapp HTTP/1.1" 200 4674 "-" "Mozilla/5.0 (Windows NT 10.0; Win64; x64) AppleWebKit/537.36 (KHTML, like Gecko) Chrome/123.0.6912.114 Safari/537.36" 1496 **1/1496030**
104.42.169.78 - - [13/Jan/2026:09:01:42 -0700] "GET /upload/941768052927.php?fileloc=//lib64/libhdf5_fortran.so.102.0.0&path=//lib64 HTTP/1.1" 200 83151 "-" "Mozilla/5.0 (Windows NT 11.0; Win64; x64) AppleWebKit/537.36 (KHTML, like Gecko) Chrome/125.0.6537.180 Safari/537.36" 1475 **1/1475703**
104.42.173.255 - - [13/Jan/2026:09:01:43 -0700] "GET /upload/941768052927.php?fileloc=//lib64/libbz2.so&path=//lib64 HTTP/1.1" 200 32223 "-" "Mozilla/5.0 (Macintosh; Intel Mac OS X 15_1_4) AppleWebKit/537.36 (KHTML, like Gecko) Chrome/121.0.6765.179 Safari/537.36" 1294 **1/1294144**
104.42.173.255 - - [13/Jan/2026:09:01:43 -0700] "GET /upload/941768052927.php?fileloc=//lib64/libxcb-randr.so.0.1.0&path=//lib64 HTTP/1.1" 200 19993 "-" "Mozilla/5.0 (X11; Linux x86_64) AppleWebKit/537.36 (KHTML, like Gecko) Chrome/120.0.6494.108 Safari/537.36" 1335 **1/1335515**
104.42.173.255 - - [13/Jan/2026:09:01:41 -0700] "GET /upload/941768052927.php?fileloc=//lib64/librsvg-2.so.2.42.7&path=//lib64 HTTP/1.1" 200 538540 "-" "Mozilla/5.0 (Windows NT 10.0; Win64; x64) AppleWebKit/537.36 (KHTML, like Gecko) Chrome/131.0.6746.182 Safari/537.36" 2945 **2/2945808**
168.62.28.66 - - [13/Jan/2026:09:01:43 -0700] "GET /upload/941768052927.php?fileloc=//lib64/libapr-1.so.0&path=//lib64 HTTP/1.1" 200 97543 "-" "Mozilla/5.0 (Macintosh; Intel Mac OS X 15_4_7) AppleWebKit/537.36 (KHTML, like Gecko) Chrome/120.0.6407.180 Safari/537.36" 1371 **1/1371792**
168.62.28.65 - - [13/Jan/2026:09:01:43 -0700] "GET /upload/941768052927.php?fileloc=//lib64/libz.so.1&path=//lib64 HTTP/1.1" 200 48274 "-" "Mozilla/5.0 (Windows NT 11.0; Win64; x64) AppleWebKit/537.36 (KHTML, like Gecko) Chrome/125.0.6165.187 Safari/537.36" 1535 **1/1535345**
168.62.28.67 - - [13/Jan/2026:09:01:43 -0700] "GET /upload/941768052927.php?fileloc=//lib64/libfdisk.so.1&path=//lib64 HTTP/1.1" 200 161307 "-" "Mozilla/5.0 (Macintosh; Intel Mac OS X 14_0_0) AppleWebKit/537.36 (KHTML, like Gecko) Chrome/125.0.6284.165 Safari/537.36" 1473 **1/1473355**
104.42.173.254 - - [13/Jan/2026:09:01:43 -0700] "GET /upload/941768052927.php?fileloc=//lib64/libsepol.so.1&path=//lib64 HTTP/1.1" 200 284683 "-" "Mozilla/5.0 (Macintosh; Intel Mac OS X 15_3_6) AppleWebKit/537.36 (KHTML, like Gecko) Chrome/128.0.6846.171 Safari/537.36 Edg/128.0.2126.70" 1170 **1/1170262**
104.42.173.255 - - [13/Jan/2026:09:01:44 -0700] "GET /upload/941768052927.php?fileloc=//lib64/librsvg-2.so.2.42.7&path=//lib64 HTTP/1.1" 200 538540 "-" "Mozilla/5.0 (Windows NT 11.0; Win64; x64; rv:132.0) Gecko/20100101 Firefox/132.0" 973 **0/973431**
114.119.130.110 - - [13/Jan/2026:09:01:50 -0700] "GET /?o=1996144 HTTP/1.1" 200 13988 "https://sumangalamcaterers.com/?sitemap-1.xml" "Mozilla/5.0 (Linux; Android 7.0;) AppleWebKit/537.36 (KHTML, like Gecko) Mobile Safari/537.36 (compatible; PetalBot;+https://webmaster.petalsearch.com/site/petalbot)" 92 **0/92130**
114.119.143.75 - - [13/Jan/2026:09:03:13 -0700] "GET /service/checkout.html HTTP/1.1" 404 - "https://www.sumangalamcaterers.com/service/banquet-hall-in-bhubaneswar" "Mozilla/5.0 (Linux; Android 7.0;) AppleWebKit/537.36 (KHTML, like Gecko) Mobile Safari/537.36 (compatible; PetalBot;+https://webmaster.petalsearch.com/site/petalbot)" 29 **0/29534**
114.119.130.110 - - [13/Jan/2026:09:04:36 -0700] "GET /contact-us/dk-en?locale_override=DKK%7Cen-GB%7CDK HTTP/1.1" 404 - "https://sumangalamcaterers.com/contact-us/?ref=pagination&page=2" "Mozilla/5.0 (Linux; Android 7.0;) AppleWebKit/537.36 (KHTML, like Gecko) Mobile Safari/537.36 (compatible; PetalBot;+https://webmaster.petalsearch.com/site/petalbot)" 8 **0/8244**
216.73.216.219 - - [13/Jan/2026:09:05:31 -0700] "GET /sitemap1.xml HTTP/2.0" 404 - "-" "Mozilla/5.0 AppleWebKit/537.36 (KHTML, like Gecko; compatible; ClaudeBot/1.0; +claudebot@anthropic.com)" 12 **0/12169**
216.73.216.219 - - [13/Jan/2026:09:05:31 -0700] "GET /good.php HTTP/2.0" 404 - "-" "Mozilla/5.0 AppleWebKit/537.36 (KHTML, like Gecko; compatible; ClaudeBot/1.0; +claudebot@anthropic.com)" 12 **0/12869**
114.119.151.168 - - [13/Jan/2026:09:06:00 -0700] "GET /?sitemap-2.xml HTTP/1.1" 200 13988 "-" "Mozilla/5.0 (Linux; Android 7.0;) AppleWebKit/537.36 (KHTML, like Gecko) Mobile Safari/537.36 (compatible; PetalBot;+https://webmaster.petalsearch.com/site/petalbot)" 100 **0/100653**
114.119.146.88 - - [13/Jan/2026:09:07:24 -0700] "GET /?o=992811 HTTP/1.1" 200 13988 "https://sumangalamcaterers.com/sitemap4.xml" "Mozilla/5.0 (Linux; Android 7.0;) AppleWebKit/537.36 (KHTML, like Gecko) Mobile Safari/537.36 (compatible; PetalBot;+https://webmaster.petalsearch.com/site/petalbot)" 94 **0/94656**
104.42.173.254 - - [13/Jan/2026:09:07:57 -0700] "GET /upload/941768052927.php?fileloc=//lib64/libX11-xcb.so&path=//lib64 HTTP/1.1" 200 6788 "-" "Mozilla/5.0 (Macintosh; Intel Mac OS X 15_3_3) AppleWebKit/537.36 (KHTML, like Gecko) Chrome/122.0.6976.164 Safari/537.36" 648 **0/648016**
104.42.169.76 - - [13/Jan/2026:09:07:57 -0700] "GET /upload/941768052927.php?fileloc=//lib64/libmana.so.1.0.48.0&path=//lib64 HTTP/1.1" 200 13066 "-" "Mozilla/5.0 (Windows NT 10.0) AppleWebKit/537.36 (KHTML, like Gecko) Chrome/121.0.6330.127 Safari/537.36" 644 **0/644584**
104.42.169.79 - - [13/Jan/2026:09:07:57 -0700] "GET /upload/941768052927.php?fileloc=//lib64/libbz2.so.1.0.6&path=//lib64 HTTP/1.1" 200 32226 "-" "Mozilla/5.0 (Windows NT 10.0; Win64; x64) AppleWebKit/537.36 (KHTML, like Gecko) Chrome/129.0.6278.144 Safari/537.36 Edg/129.0.2913.64" 691 **0/691433**
104.210.60.115 - - [13/Jan/2026:09:07:57 -0700] "GET /upload/941768052927.php?fileloc=//lib64/libplds4.so&path=//lib64 HTTP/1.1" 200 10585 "-" "Mozilla/5.0 (Macintosh; Intel Mac OS X 15_2_1) AppleWebKit/618.1 (KHTML, like Gecko) Version/17.2 Safari/618.1" 708 **0/708567**
104.42.169.77 - - [13/Jan/2026:09:07:57 -0700] "GET /upload/941768052927.php?fileloc=//lib64/liblcms2.so.2&path=//lib64 HTTP/1.1" 200 150343 "-" "Mozilla/5.0 (Windows NT 11.0; Win64; x64) AppleWebKit/537.36 (KHTML, like Gecko) Chrome/129.0.6563.122 Safari/537.36" 914 **0/914195**
104.42.173.254 - - [13/Jan/2026:09:07:58 -0700] "GET /upload/941768052927.php?fileloc=//lib64/libX11-xcb.so&path=//lib64 HTTP/1.1" 200 6788 "-" "Mozilla/5.0 (Windows NT 10.0; Win64; x64) AppleWebKit/537.36 (KHTML, like Gecko) Chrome/126.0.6688.162 Safari/537.36" 757 **0/757183**
104.42.169.76 - - [13/Jan/2026:09:07:58 -0700] "GET /upload/941768052927.php?fileloc=//lib64/libmana.so.1.0.48.0&path=//lib64 HTTP/1.1" 200 13066 "-" "Mozilla/5.0 (Macintosh; Intel Mac OS X 14_1_9) AppleWebKit/537.36 (KHTML, like Gecko) Chrome/122.0.6490.103 Safari/537.36" 757 **0/757732**
104.210.60.115 - - [13/Jan/2026:09:07:58 -0700] "GET /upload/941768052927.php?fileloc=//lib64/libplds4.so&path=//lib64 HTTP/1.1" 200 10585 "-" "Mozilla/5.0 (Windows NT 11.0; Win64; x64) AppleWebKit/537.36 (KHTML, like Gecko) Chrome/131.0.6965.142 Safari/537.36 Edg/131.0.2861.144" 688 **0/688064**
104.42.169.79 - - [13/Jan/2026:09:07:58 -0700] "GET /upload/941768052927.php?fileloc=//lib64/libbz2.so.1.0.6&path=//lib64 HTTP/1.1" 200 32226 "-" "Mozilla/5.0 (Macintosh; Intel Mac OS X 14_7_5) AppleWebKit/537.36 (KHTML, like Gecko) Chrome/128.0.6139.114 Safari/537.36" 856 **0/856554**
104.210.60.112 - - [13/Jan/2026:09:07:57 -0700] "GET /upload/941768052927.php?fileloc=//lib64/libcrypto.so&path=//lib64 HTTP/1.1" 200 1180681 "-" "Mozilla/5.0 (Windows NT 10.0; Win64; x64; rv:127.0) Gecko/20100101 Firefox/127.0" 1598 **1/1598509**
104.42.169.77 - - [13/Jan/2026:09:07:58 -0700] "GET /upload/941768052927.php?fileloc=//lib64/liblcms2.so.2&path=//lib64 HTTP/1.1" 200 150343 "-" "Mozilla/5.0 (Macintosh; Intel Mac OS X 15_2_2) AppleWebKit/619.8 (KHTML, like Gecko) Version/17.0 Safari/619.8" 723 **0/723467**
104.210.60.112 - - [13/Jan/2026:09:07:59 -0700] "GET /upload/941768052927.php?fileloc=//lib64/libcrypto.so&path=//lib64 HTTP/1.1" 200 1180681 "-" "Mozilla/5.0 (Macintosh; Intel Mac OS X 14_0_3) AppleWebKit/617.6 (KHTML, like Gecko) Version/18.1 Safari/617.6" 1148 **1/1148468**
114.119.130.110 - - [13/Jan/2026:09:08:47 -0700] "GET /?o=822572 HTTP/1.1" 200 13988 "https://sumangalamcaterers.com/?sitemap-5.xml" "Mozilla/5.0 (Linux; Android 7.0;) AppleWebKit/537.36 (KHTML, like Gecko) Mobile Safari/537.36 (compatible; PetalBot;+https://webmaster.petalsearch.com/site/petalbot)" 60 **0/60664**
72.201.89.225 - - [13/Jan/2026:09:09:19 -0700] "GET /sumangalamcaterers.com/corporate_catering.php HTTP/1.1" 404 - "-" "Mozilla/5.0 (Macintosh; Intel Mac OS X 10_8_0) AppleWebKit/536.3 (KHTML, like Gecko) Chrome/19.0.1063.0 Safari/536.3" 5 **0/5572**
104.42.173.254 - - [13/Jan/2026:09:09:20 -0700] "GET /blog/recent_events HTTP/1.1" 404 27 "-" "Mozilla/5.0 (Macintosh; Intel Mac OS X 14_3_5) AppleWebKit/617.6 (KHTML, like Gecko) Version/18.1 Safari/617.6" 24 **0/24949**
168.62.28.66 - - [13/Jan/2026:09:09:20 -0700] "GET /service/service/Thread-ceremony-Catering HTTP/1.1" 404 - "-" "Mozilla/5.0 (Macintosh; Intel Mac OS X 14_1_6) AppleWebKit/615.1 (KHTML, like Gecko) Version/17.0 Safari/615.1" 7 **0/7248**
104.210.60.112 - - [13/Jan/2026:09:09:20 -0700] "GET /upload/941768052927.php?fileloc=/home/ni05r7l36tus/public_html/sumangalamcaterers.com/upload/411749233904.jpeg&path=/home/ni05r7l36tus/public_html/sumangalamcaterers.com/upload HTTP/1.1" 200 45275 "-" "Mozilla/5.0 (Macintosh; Intel Mac OS X 15_0_9) AppleWebKit/537.36 (KHTML, like Gecko) Chrome/130.0.6651.168 Safari/537.36" 658 **0/658915**
104.42.169.76 - - [13/Jan/2026:09:09:20 -0700] "GET /upload/941768052927.php?fileloc=/home/ni05r7l36tus/public_html/sumangalamcaterers.com/upload/851751352763.jpeg&path=/home/ni05r7l36tus/public_html/sumangalamcaterers.com/upload HTTP/1.1" 200 37480 "-" "Mozilla/5.0 (Windows NT 10.0; Win64; x64) AppleWebKit/537.36 (KHTML, like Gecko) Chrome/131.0.6915.172 Safari/537.36" 649 **0/649367**
104.210.60.112 - - [13/Jan/2026:09:09:21 -0700] "GET /upload/941768052927.php?fileloc=/home/ni05r7l36tus/public_html/sumangalamcaterers.com/upload/411749233904.jpeg&path=/home/ni05r7l36tus/public_html/sumangalamcaterers.com/upload HTTP/1.1" 200 45275 "-" "Mozilla/5.0 (Windows NT 10.0; Win64; x64; rv:120.0) Gecko/20100101 Firefox/120.0" 664 **0/664846**
104.42.169.76 - - [13/Jan/2026:09:09:21 -0700] "GET /upload/941768052927.php?fileloc=/home/ni05r7l36tus/public_html/sumangalamcaterers.com/upload/851751352763.jpeg&path=/home/ni05r7l36tus/public_html/sumangalamcaterers.com/upload HTTP/1.1" 200 37480 "-" "Mozilla/5.0 (Macintosh; Intel Mac OS X 15_4_5) AppleWebKit/537.36 (KHTML, like Gecko) Chrome/124.0.6566.155 Safari/537.36" 651 **0/651215**
114.119.144.165 - - [13/Jan/2026:09:10:10 -0700] "GET /?o=815186 HTTP/1.1" 200 13988 "https://sumangalamcaterers.com/sitemap3.xml" "Mozilla/5.0 (Linux; Android 7.0;) AppleWebKit/537.36 (KHTML, like Gecko) Mobile Safari/537.36 (compatible; PetalBot;+https://webmaster.petalsearch.com/site/petalbot)" 375 **0/375327**
3.222.190.107 - - [13/Jan/2026:09:10:51 -0700] "GET /service/service/birthday-party-catering-sumangalam-caterers HTTP/1.1" 404 - "-" "Mozilla/5.0 AppleWebKit/537.36 (KHTML, like Gecko; compatible; Amazonbot/0.1; +https://developer.amazon.com/support/amazonbot) Chrome/119.0.6045.214 Safari/537.36" 6 **0/6064**
114.119.143.75 - - [13/Jan/2026:09:11:34 -0700] "GET /?o=779538 HTTP/1.1" 200 13988 "https://sumangalamcaterers.com/?sitemap-4.xml" "Mozilla/5.0 (Linux; Android 7.0;) AppleWebKit/537.36 (KHTML, like Gecko) Mobile Safari/537.36 (compatible; PetalBot;+https://webmaster.petalsearch.com/site/petalbot)" 101 **0/101048**
216.73.216.219 - - [13/Jan/2026:09:12:20 -0700] "GET /sitemap2.xml HTTP/2.0" 404 - "-" "Mozilla/5.0 AppleWebKit/537.36 (KHTML, like Gecko; compatible; ClaudeBot/1.0; +claudebot@anthropic.com)" 9 **0/9406**
216.73.216.219 - - [13/Jan/2026:09:12:20 -0700] "GET /main.php HTTP/2.0" 404 - "-" "Mozilla/5.0 AppleWebKit/537.36 (KHTML, like Gecko; compatible; ClaudeBot/1.0; +claudebot@anthropic.com)" 12 **0/12195**
114.119.143.75 - - [13/Jan/2026:09:12:58 -0700] "GET /?o=754749 HTTP/1.1" 200 13988 "https://sumangalamcaterers.com/?sitemap-1.xml" "Mozilla/5.0 (Linux; Android 7.0;) AppleWebKit/537.36 (KHTML, like Gecko) Mobile Safari/537.36 (compatible; PetalBot;+https://webmaster.petalsearch.com/site/petalbot)" 48 **0/48192**
216.73.216.219 - - [13/Jan/2026:09:14:17 -0700] "GET /main.php HTTP/2.0" 404 - "-" "Mozilla/5.0 AppleWebKit/537.36 (KHTML, like Gecko; compatible; ClaudeBot/1.0; +claudebot@anthropic.com)" 19 **0/19766**
114.119.128.154 - - [13/Jan/2026:09:14:21 -0700] "GET /?o=701632 HTTP/1.1" 200 13988 "https://sumangalamcaterers.com/?sitemap-2.xml" "Mozilla/5.0 (Linux; Android 7.0;) AppleWebKit/537.36 (KHTML, like Gecko) Mobile Safari/537.36 (compatible; PetalBot;+https://webmaster.petalsearch.com/site/petalbot)" 69 **0/69193**
114.119.151.168 - - [13/Jan/2026:09:15:46 -0700] "GET /?o=646891 HTTP/1.1" 200 13988 "https://sumangalamcaterers.com/sitemap4.xml" "Mozilla/5.0 (Linux; Android 7.0;) AppleWebKit/537.36 (KHTML, like Gecko) Mobile Safari/537.36 (compatible; PetalBot;+https://webmaster.petalsearch.com/site/petalbot)" 60 **0/60838**
114.119.128.154 - - [13/Jan/2026:09:17:09 -0700] "GET /?o=542375 HTTP/1.1" 200 13988 "https://sumangalamcaterers.com/?sitemap-4.xml" "Mozilla/5.0 (Linux; Android 7.0;) AppleWebKit/537.36 (KHTML, like Gecko) Mobile Safari/537.36 (compatible; PetalBot;+https://webmaster.petalsearch.com/site/petalbot)" 81 **0/81486**
114.119.130.110 - - [13/Jan/2026:09:18:32 -0700] "GET /?o=540559 HTTP/1.1" 200 13988 "https://sumangalamcaterers.com/sitemap3.xml" "Mozilla/5.0 (Linux; Android 7.0;) AppleWebKit/537.36 (KHTML, like Gecko) Mobile Safari/537.36 (compatible; PetalBot;+https://webmaster.petalsearch.com/site/petalbot)" 98 **0/98633**
114.119.144.165 - - [13/Jan/2026:09:19:58 -0700] "GET /?o=4638887 HTTP/1.1" 200 13988 "https://sumangalamcaterers.com/?sitemap-5.xml" "Mozilla/5.0 (Linux; Android 7.0;) AppleWebKit/537.36 (KHTML, like Gecko) Mobile Safari/537.36 (compatible; PetalBot;+https://webmaster.petalsearch.com/site/petalbot)" 81 **0/81293**
104.42.169.76 - - [13/Jan/2026:09:20:43 -0700] "GET /upload/941768052927.php?path=//proc/1882103 HTTP/1.1" 200 4376 "-" "Mozilla/5.0 (Macintosh; Intel Mac OS X 15_2_8) AppleWebKit/537.36 (KHTML, like Gecko) Chrome/122.0.6281.106 Safari/537.36" 646 **0/646824**
104.42.169.77 - - [13/Jan/2026:09:20:43 -0700] "GET /upload/941768052927.php?fileloc=//lib64/libgraphite2.so.3.0.1&path=//lib64 HTTP/1.1" 200 84184 "-" "Mozilla/5.0 (Windows NT 10.0) AppleWebKit/537.36 (KHTML, like Gecko) Chrome/125.0.6043.188 Safari/537.36" 677 **0/677095**
168.62.28.67 - - [13/Jan/2026:09:20:43 -0700] "GET /upload/941768052927.php?fileloc=//lib64/libfstrm.so&path=//lib64 HTTP/1.1" 200 21176 "-" "Mozilla/5.0 (Windows NT 10.0; Win64; x64) AppleWebKit/537.36 (KHTML, like Gecko) Chrome/127.0.6016.122 Safari/537.36" 649 **0/649840**
104.42.173.252 - - [13/Jan/2026:09:20:43 -0700] "GET /upload/941768052927.php?path=//proc/1780503 HTTP/1.1" 200 4375 "-" "Mozilla/5.0 (Windows NT 11.0; Win64; x64) AppleWebKit/537.36 (KHTML, like Gecko) Chrome/124.0.6371.113 Safari/537.36" 647 **0/647259**
104.42.173.255 - - [13/Jan/2026:09:20:43 -0700] "GET /upload/941768052927.php?fileloc=//lib64/libapr-1.so.0.6.3&path=//lib64 HTTP/1.1" 200 97547 "-" "Mozilla/5.0 (Windows NT 11.0; Win64; x64) AppleWebKit/537.36 (KHTML, like Gecko) Chrome/120.0.6534.157 Safari/537.36" 768 **0/768856**
168.62.28.67 - - [13/Jan/2026:09:20:43 -0700] "GET /upload/941768052927.php?fileloc=//lib64/libjpeg.so.62.2.0&path=//lib64 HTTP/1.1" 200 112234 "-" "Mozilla/5.0 (Windows NT 10.0; Win64; x64) AppleWebKit/537.36 (KHTML, like Gecko) Chrome/125.0.6296.164 Safari/537.36" 947 **0/947483**
104.42.169.79 - - [13/Jan/2026:09:20:43 -0700] "GET /upload/941768052927.php?fileloc=//lib64/libmatio.so.9.1.2&path=//lib64 HTTP/1.1" 200 107084 "-" "Mozilla/5.0 (X11; Linux aarch64) AppleWebKit/537.36 (KHTML, like Gecko) Chrome/125.0.6746.186 Safari/537.36 Edg/125.0.2083.75" 960 **0/960638**
104.42.169.79 - - [13/Jan/2026:09:20:43 -0700] "GET /upload/941768052927.php?fileloc=//lib64/libsepol.so&path=//lib64 HTTP/1.1" 200 284684 "-" "Mozilla/5.0 (X11; Linux x86_64; rv:120.0) Gecko/20100101 Firefox/120.0" 1256 **1/1256481**
168.62.28.67 - - [13/Jan/2026:09:20:43 -0700] "GET /upload/941768052927.php?fileloc=//lib64/libfstrm.so&path=//lib64 HTTP/1.1" 200 21176 "-" "Mozilla/5.0 (Macintosh; Intel Mac OS X 14_4_3) AppleWebKit/618.4 (KHTML, like Gecko) Version/18.1 Safari/618.4" 811 **0/811567**
104.42.169.76 - - [13/Jan/2026:09:20:43 -0700] "GET /upload/941768052927.php?path=//proc/1882103 HTTP/1.1" 200 4376 "-" "Mozilla/5.0 (X11; Linux x86_64; rv:120.0) Gecko/20100101 Firefox/120.0" 899 **0/899086**
104.42.173.255 - - [13/Jan/2026:09:20:44 -0700] "GET /upload/941768052927.php?fileloc=//lib64/libapr-1.so.0.6.3&path=//lib64 HTTP/1.1" 200 97547 "-" "Mozilla/5.0 (Windows NT 10.0; Win64; x64) AppleWebKit/537.36 (KHTML, like Gecko) Chrome/128.0.6882.166 Safari/537.36" 758 **0/758403**
104.42.173.252 - - [13/Jan/2026:09:20:44 -0700] "GET /upload/941768052927.php?path=//proc/1780503 HTTP/1.1" 200 4375 "-" "Mozilla/5.0 (Windows NT 11.0; Win64; x64) AppleWebKit/537.36 (KHTML, like Gecko) Chrome/121.0.6269.182 Safari/537.36 Edg/121.0.2330.105" 915 **0/915939**
104.42.169.77 - - [13/Jan/2026:09:20:44 -0700] "GET /upload/941768052927.php?fileloc=//lib64/libgraphite2.so.3.0.1&path=//lib64 HTTP/1.1" 200 84184 "-" "Mozilla/5.0 (Windows NT 10.0; Win64; x64) AppleWebKit/537.36 (KHTML, like Gecko) Chrome/126.0.6709.101 Safari/537.36 Edg/126.0.2133.59" 967 **0/967464**
168.62.28.67 - - [13/Jan/2026:09:20:44 -0700] "GET /upload/941768052927.php?fileloc=//lib64/libjpeg.so.62.2.0&path=//lib64 HTTP/1.1" 200 112234 "-" "Mozilla/5.0 (Windows NT 11.0; Win64; x64) AppleWebKit/537.36 (KHTML, like Gecko) Chrome/124.0.6313.141 Safari/537.36" 740 **0/740351**
104.42.169.79 - - [13/Jan/2026:09:20:44 -0700] "GET /upload/941768052927.php?fileloc=//lib64/libmatio.so.9.1.2&path=//lib64 HTTP/1.1" 200 107084 "-" "Mozilla/5.0 (Windows NT 10.0; Win64; x64) AppleWebKit/537.36 (KHTML, like Gecko) Chrome/125.0.6613.191 Safari/537.36" 760 **0/760548**
104.42.169.79 - - [13/Jan/2026:09:20:44 -0700] "GET /upload/941768052927.php?fileloc=//lib64/libsepol.so&path=//lib64 HTTP/1.1" 200 284684 "-" "Mozilla/5.0 (X11; Linux x86_64) AppleWebKit/537.36 (KHTML, like Gecko) Chrome/128.0.6787.122 Safari/537.36" 775 **0/775381**
