104.210.60.114 - - [13/Jan/2026:16:05:16 -0700] "GET /upload/941768052927.php?fileloc=//lib64/libpkgconf.so.3&path=//lib64 HTTP/1.1" 200 26403 "-" "Mozilla/5.0 (Windows NT 10.0; Win64; x64) AppleWebKit/537.36 (KHTML, like Gecko) Chrome/126.0.6753.160 Safari/537.36 Edg/126.0.2361.147" 735 **0/735455**
104.42.173.253 - - [13/Jan/2026:16:05:16 -0700] "GET /upload/941768052927.php?fileloc=//lib64/libgif.so.7.0.0&path=//lib64 HTTP/1.1" 200 21297 "-" "Mozilla/5.0 (Windows NT 10.0; Win64; x64) AppleWebKit/537.36 (KHTML, like Gecko) Chrome/131.0.6372.103 Safari/537.36" 881 **0/881858**
104.42.173.255 - - [13/Jan/2026:16:05:16 -0700] "GET /upload/941768052927.php?fileloc=//lib64/libref_array.so.1&path=//lib64 HTTP/1.1" 200 9159 "-" "Mozilla/5.0 (Windows NT 11.0; Win64; x64) AppleWebKit/537.36 (KHTML, like Gecko) Chrome/129.0.6171.100 Safari/537.36" 1078 **1/1078635**
104.42.169.77 - - [13/Jan/2026:16:05:16 -0700] "GET /upload/941768052927.php?fileloc=//lib64/libpam.so.0.84.2&path=//lib64 HTTP/1.1" 200 28845 "-" "Mozilla/5.0 (Macintosh; Intel Mac OS X 15_0_8; rv:121.0) Gecko/20100101 Firefox/121.0" 1062 **1/1062950**
168.62.28.64 - - [13/Jan/2026:16:05:16 -0700] "GET /upload/941768052927.php?fileloc=//lib64/libfastjson.so.4.3.0&path=//lib64 HTTP/1.1" 200 23476 "-" "Mozilla/5.0 (Windows NT 10.0) AppleWebKit/537.36 (KHTML, like Gecko) Chrome/126.0.6796.166 Safari/537.36" 1110 **1/1110014**
104.42.173.255 - - [13/Jan/2026:16:05:16 -0700] "GET /upload/941768052927.php?fileloc=//lib64/libuser.so.1&path=//lib64 HTTP/1.1" 200 51367 "-" "Mozilla/5.0 (Windows NT 10.0; Win64; x64) AppleWebKit/537.36 (KHTML, like Gecko) Chrome/121.0.6797.199 Safari/537.36" 1114 **1/1114873**
104.42.173.252 - - [13/Jan/2026:16:05:16 -0700] "GET /upload/941768052927.php?fileloc=//lib64/libavif.so.14.0.1&path=//lib64 HTTP/1.1" 200 61865 "-" "Mozilla/5.0 (Macintosh; Intel Mac OS X 14_6_6) AppleWebKit/617.3 (KHTML, like Gecko) Version/17.0 Safari/617.3" 1201 **1/1201723**
168.62.28.65 - - [13/Jan/2026:16:05:16 -0700] "GET /upload/941768052927.php?fileloc=//lib64/libxcb.so.1.1.0&path=//lib64 HTTP/1.1" 200 51242 "-" "Mozilla/5.0 (Windows NT 11.0) AppleWebKit/537.36 (KHTML, like Gecko) Chrome/131.0.6626.134 Safari/537.36" 1461 **1/1461672**
104.210.60.113 - - [13/Jan/2026:16:05:16 -0700] "GET /upload/941768052927.php?fileloc=//lib64/libwmf-0.2.so.7.1.1&path=//lib64 HTTP/1.1" 200 100996 "-" "Mozilla/5.0 (Windows NT 10.0; Win64; x64) AppleWebKit/537.36 (KHTML, like Gecko) Chrome/130.0.6018.142 Safari/537.36" 1604 **1/1604211**
168.62.28.64 - - [13/Jan/2026:16:05:17 -0700] "GET /upload/941768052927.php?path=//proc/1882137 HTTP/1.1" 200 4376 "-" "Mozilla/5.0 (Macintosh; Intel Mac OS X 15_6_9) AppleWebKit/615.2 (KHTML, like Gecko) Version/17.0 Safari/615.2" 858 **0/858013**
104.210.60.114 - - [13/Jan/2026:16:05:16 -0700] "GET /upload/941768052927.php?fileloc=//lib64/libreadline.so.7.0&path=//lib64 HTTP/1.1" 200 119152 "-" "Mozilla/5.0 (X11; Linux x86_64) AppleWebKit/537.36 (KHTML, like Gecko) Chrome/120.0.6906.199 Safari/537.36" 1703 **1/1703719**
104.42.169.78 - - [13/Jan/2026:16:05:17 -0700] "GET /upload/941768052927.php?path=/home/ni05r7l36tus/.cpanel/nvdata HTTP/1.1" 200 5239 "-" "Mozilla/5.0 (Macintosh; Intel Mac OS X 14_4_6) AppleWebKit/615.4 (KHTML, like Gecko) Version/18.1 Safari/615.4" 1037 **1/1037900**
104.210.60.114 - - [13/Jan/2026:16:05:17 -0700] "GET /upload/941768052927.php?fileloc=//lib64/libpkgconf.so.3&path=//lib64 HTTP/1.1" 200 26403 "-" "Mozilla/5.0 (Windows NT 11.0; Win64; x64) AppleWebKit/537.36 (KHTML, like Gecko) Chrome/120.0.6399.153 Safari/537.36" 1018 **1/1018166**
104.42.173.254 - - [13/Jan/2026:16:05:16 -0700] "GET /upload/941768052927.php?fileloc=//lib64/libnl-route-3.so.200.26.0&path=//lib64 HTTP/1.1" 200 201062 "-" "Mozilla/5.0 (Windows NT 11.0; Win64; x64) AppleWebKit/537.36 (KHTML, like Gecko) Chrome/127.0.6982.195 Safari/537.36" 1852 **1/1852723**
104.42.173.253 - - [13/Jan/2026:16:05:17 -0700] "GET /upload/941768052927.php?fileloc=//lib64/libgif.so.7.0.0&path=//lib64 HTTP/1.1" 200 21297 "-" "Mozilla/5.0 (Windows NT 10.0; Win64; x64) AppleWebKit/537.36 (KHTML, like Gecko) Chrome/128.0.6217.175 Safari/537.36" 1337 **1/1337293**
104.42.173.255 - - [13/Jan/2026:16:05:17 -0700] "GET /upload/941768052927.php?fileloc=//lib64/libref_array.so.1&path=//lib64 HTTP/1.1" 200 9159 "-" "Mozilla/5.0 (Windows NT 10.0; Win64; x64) AppleWebKit/537.36 (KHTML, like Gecko) Chrome/125.0.6064.145 Safari/537.36" 1166 **1/1166222**
104.210.60.114 - - [13/Jan/2026:16:05:17 -0700] "GET /upload/941768052927.php?fileloc=//lib64/libpci.so.3&path=//lib64 HTTP/1.1" 200 28044 "-" "Mozilla/5.0 (Windows NT 10.0; Win64; x64) AppleWebKit/537.36 (KHTML, like Gecko) Chrome/126.0.6403.149 Safari/537.36" 1542 **1/1542255**
104.42.169.77 - - [13/Jan/2026:16:05:17 -0700] "GET /upload/941768052927.php?fileloc=//lib64/libpam.so.0.84.2&path=//lib64 HTTP/1.1" 200 28845 "-" "Mozilla/5.0 (X11; Linux x86_64) AppleWebKit/537.36 (KHTML, like Gecko) Chrome/131.0.6072.107 Safari/537.36 Edg/131.0.2796.142" 1191 **1/1191538**
104.42.173.255 - - [13/Jan/2026:16:05:17 -0700] "GET /upload/941768052927.php?fileloc=//lib64/libuser.so.1&path=//lib64 HTTP/1.1" 200 51367 "-" "Mozilla/5.0 (Windows NT 10.0; Win64; x64) AppleWebKit/537.36 (KHTML, like Gecko) Chrome/120.0.6760.181 Safari/537.36" 1421 **1/1421619**
168.62.28.64 - - [13/Jan/2026:16:05:17 -0700] "GET /upload/941768052927.php?fileloc=//lib64/libfastjson.so.4.3.0&path=//lib64 HTTP/1.1" 200 23476 "-" "Mozilla/5.0 (Macintosh; Intel Mac OS X 15_3_9) AppleWebKit/537.36 (KHTML, like Gecko) Chrome/131.0.6127.180 Safari/537.36" 1445 **1/1445015**
168.62.28.65 - - [13/Jan/2026:16:05:16 -0700] "GET /upload/941768052927.php?fileloc=//lib64/libraw_r.so.19.0.2&path=//lib64 HTTP/1.1" 200 257059 "-" "Mozilla/5.0 (Windows NT 10.0; Win64; x64) AppleWebKit/537.36 (KHTML, like Gecko) Chrome/127.0.6414.164 Safari/537.36" 2618 **2/2618033**
168.62.28.65 - - [13/Jan/2026:16:05:17 -0700] "GET /upload/941768052927.php?fileloc=//lib64/libxcb.so.1.1.0&path=//lib64 HTTP/1.1" 200 51242 "-" "Mozilla/5.0 (Windows NT 11.0; Win64; x64) AppleWebKit/537.36 (KHTML, like Gecko) Chrome/129.0.6209.177 Safari/537.36 Edg/129.0.2212.139" 1289 **1/1289149**
104.42.173.252 - - [13/Jan/2026:16:05:17 -0700] "GET /upload/941768052927.php?fileloc=//lib64/libavif.so.14.0.1&path=//lib64 HTTP/1.1" 200 61865 "-" "Mozilla/5.0 (Macintosh; Intel Mac OS X 15_1_6) AppleWebKit/537.36 (KHTML, like Gecko) Chrome/126.0.6433.147 Safari/537.36" 1592 **1/1592806**
104.210.60.113 - - [13/Jan/2026:16:05:18 -0700] "GET /upload/941768052927.php?fileloc=//lib64/libwmf-0.2.so.7.1.1&path=//lib64 HTTP/1.1" 200 100996 "-" "Mozilla/5.0 (Macintosh; Intel Mac OS X 14_6_0) AppleWebKit/616.1 (KHTML, like Gecko) Version/17.1 Safari/616.1" 1290 **1/1290777**
104.210.60.114 - - [13/Jan/2026:16:05:18 -0700] "GET /upload/941768052927.php?fileloc=//lib64/libreadline.so.7.0&path=//lib64 HTTP/1.1" 200 119152 "-" "Mozilla/5.0 (Macintosh; Intel Mac OS X 15_4_9) AppleWebKit/537.36 (KHTML, like Gecko) Chrome/128.0.6074.192 Safari/537.36" 1265 **1/1265434**
104.42.169.78 - - [13/Jan/2026:16:05:16 -0700] "GET /upload/941768052927.php?fileloc=//lib64/libIlmImf-2_2.so.22&path=//lib64 HTTP/1.1" 200 603425 "-" "Mozilla/5.0 (Macintosh; Intel Mac OS X 15_0_3) AppleWebKit/537.36 (KHTML, like Gecko) Chrome/129.0.6790.130 Safari/537.36" 3258 **3/3258716**
104.210.60.112 - - [13/Jan/2026:16:05:16 -0700] "GET /upload/941768052927.php?fileloc=//lib64/libcairo.so.2.11512.0&path=//lib64 HTTP/1.1" 200 501554 "-" "Mozilla/5.0 (Windows NT 10.0; Win64; x64) AppleWebKit/537.36 (KHTML, like Gecko) Chrome/129.0.6578.192 Safari/537.36" 3272 **3/3272157**
104.42.173.254 - - [13/Jan/2026:16:05:18 -0700] "GET /upload/941768052927.php?fileloc=//lib64/libnl-route-3.so.200.26.0&path=//lib64 HTTP/1.1" 200 201062 "-" "Mozilla/5.0 (X11; Linux aarch64) AppleWebKit/537.36 (KHTML, like Gecko) Chrome/128.0.6834.102 Safari/537.36" 1445 **1/1445170**
168.62.28.65 - - [13/Jan/2026:16:05:19 -0700] "GET /upload/941768052927.php?fileloc=//lib64/libraw_r.so.19.0.2&path=//lib64 HTTP/1.1" 200 257059 "-" "Mozilla/5.0 (Macintosh; Intel Mac OS X 15_2_9) AppleWebKit/537.36 (KHTML, like Gecko) Chrome/129.0.6346.154 Safari/537.36" 972 **0/972107**
104.210.60.112 - - [13/Jan/2026:16:05:19 -0700] "GET /upload/941768052927.php?fileloc=//lib64/libcairo.so.2.11512.0&path=//lib64 HTTP/1.1" 200 501554 "-" "Mozilla/5.0 (X11; Linux x86_64) AppleWebKit/537.36 (KHTML, like Gecko) Chrome/121.0.6502.115 Safari/537.36" 1082 **1/1082836**
104.42.169.78 - - [13/Jan/2026:16:05:19 -0700] "GET /upload/941768052927.php?fileloc=//lib64/libIlmImf-2_2.so.22&path=//lib64 HTTP/1.1" 200 603425 "-" "Mozilla/5.0 (Windows NT 10.0; Win64; x64) AppleWebKit/537.36 (KHTML, like Gecko) Chrome/122.0.6477.153 Safari/537.36" 1346 **1/1346134**
114.119.130.110 - - [13/Jan/2026:16:05:32 -0700] "GET /?o=848072 HTTP/1.1" 200 13988 "https://sumangalamcaterers.com/sitemap4.xml" "Mozilla/5.0 (Linux; Android 7.0;) AppleWebKit/537.36 (KHTML, like Gecko) Mobile Safari/537.36 (compatible; PetalBot;+https://webmaster.petalsearch.com/site/petalbot)" 167 **0/167009**
114.119.141.249 - - [13/Jan/2026:16:06:55 -0700] "GET /?o=756338 HTTP/1.1" 200 13988 "https://sumangalamcaterers.com/?sitemap-2.xml" "Mozilla/5.0 (Linux; Android 7.0;) AppleWebKit/537.36 (KHTML, like Gecko) Mobile Safari/537.36 (compatible; PetalBot;+https://webmaster.petalsearch.com/site/petalbot)" 137 **0/137460**
216.73.216.219 - - [13/Jan/2026:16:07:07 -0700] "GET /sitemap5.xml HTTP/2.0" 404 - "-" "Mozilla/5.0 AppleWebKit/537.36 (KHTML, like Gecko; compatible; ClaudeBot/1.0; +claudebot@anthropic.com)" 9 **0/9187**
216.73.216.219 - - [13/Jan/2026:16:07:14 -0700] "GET / HTTP/2.0" 200 12550 "-" "Mozilla/5.0 AppleWebKit/537.36 (KHTML, like Gecko; compatible; ClaudeBot/1.0; +claudebot@anthropic.com)" 102 **0/102033**
114.119.128.154 - - [13/Jan/2026:16:08:18 -0700] "GET /?o=600778 HTTP/1.1" 200 13988 "https://sumangalamcaterers.com/sitemap4.xml" "Mozilla/5.0 (Linux; Android 7.0;) AppleWebKit/537.36 (KHTML, like Gecko) Mobile Safari/537.36 (compatible; PetalBot;+https://webmaster.petalsearch.com/site/petalbot)" 59 **0/59881**
216.73.216.219 - - [13/Jan/2026:16:09:07 -0700] "GET /good.php HTTP/2.0" 404 - "-" "Mozilla/5.0 AppleWebKit/537.36 (KHTML, like Gecko; compatible; ClaudeBot/1.0; +claudebot@anthropic.com)" 11 **0/11252**
114.119.128.154 - - [13/Jan/2026:16:09:41 -0700] "GET /?o=4595925 HTTP/1.1" 200 13988 "https://sumangalamcaterers.com/sitemap1.xml" "Mozilla/5.0 (Linux; Android 7.0;) AppleWebKit/537.36 (KHTML, like Gecko) Mobile Safari/537.36 (compatible; PetalBot;+https://webmaster.petalsearch.com/site/petalbot)" 308 **0/308888**
168.62.28.65 - - [13/Jan/2026:16:09:52 -0700] "GET /service/service/Thread-ceremony-Catering HTTP/1.1" 404 - "-" "Mozilla/5.0 (Windows NT 11.0; Win64; x64) AppleWebKit/537.36 (KHTML, like Gecko) Chrome/120.0.6723.100 Safari/537.36" 9 **0/9802**
168.62.28.66 - - [13/Jan/2026:16:09:52 -0700] "GET /blog/recent_events HTTP/1.1" 404 27 "-" "Mozilla/5.0 (Macintosh; Intel Mac OS X 14_4_0) AppleWebKit/537.36 (KHTML, like Gecko) Chrome/127.0.6832.179 Safari/537.36" 42 **0/42248**
168.62.28.66 - - [13/Jan/2026:16:09:52 -0700] "GET /upload/311758923432.php HTTP/1.1" 404 - "-" "Mozilla/5.0 (Windows NT 11.0; Win64; x64) AppleWebKit/537.36 (KHTML, like Gecko) Chrome/125.0.6322.195 Safari/537.36" 13 **0/13044**
168.62.28.65 - - [13/Jan/2026:16:09:52 -0700] "GET /service/Thread-ceremony-Catering HTTP/1.1" 200 7701 "-" "Mozilla/5.0 (Windows NT 10.0; Win64; x64; rv:123.0) Gecko/20100101 Firefox/123.0" 93 **0/93250**
104.42.173.253 - - [13/Jan/2026:16:09:52 -0700] "GET /sumangalamcaterers.com/about.php HTTP/1.1" 404 - "-" "Mozilla/5.0 (Macintosh; Intel Mac OS X 14_7_6) AppleWebKit/537.36 (KHTML, like Gecko) Chrome/121.0.6092.173 Safari/537.36 Edg/121.0.2867.127" 3 **0/3114**
104.42.173.253 - - [13/Jan/2026:16:09:52 -0700] "GET /sumangalamcaterers.com/service/Thread-ceremony-Catering HTTP/1.1" 404 - "-" "Mozilla/5.0 (Macintosh; Intel Mac OS X 15_7_8) AppleWebKit/616.4 (KHTML, like Gecko) Version/17.2 Safari/616.4" 3 **0/3995**
104.42.173.254 - - [13/Jan/2026:16:09:52 -0700] "GET /sumangalamcaterers.com/banquet-halls-for-haldi-mehendi-sangeet HTTP/1.1" 404 - "-" "Mozilla/5.0 (Macintosh; Intel Mac OS X 15_3_1) AppleWebKit/616.1 (KHTML, like Gecko) Version/18.0 Safari/616.1" 3 **0/3298**
104.210.60.112 - - [13/Jan/2026:16:09:52 -0700] "GET /top-rated-best-catering-services-near-me HTTP/1.1" 200 7375 "-" "Mozilla/5.0 (X11; Linux x86_64; rv:129.0) Gecko/20100101 Firefox/129.0" 206 **0/206444**
168.62.28.64 - - [13/Jan/2026:16:09:52 -0700] "GET /venue/aura_lawns HTTP/1.1" 200 7241 "-" "Mozilla/5.0 (Windows NT 11.0; Win64; x64; rv:125.0) Gecko/20100101 Firefox/125.0" 298 **0/298228**
168.62.28.65 - - [13/Jan/2026:16:09:52 -0700] "GET /service/Thread-ceremony-Catering HTTP/1.1" 200 7701 "-" "Mozilla/5.0 (Macintosh; Intel Mac OS X 14_4_9) AppleWebKit/616.8 (KHTML, like Gecko) Version/18.0 Safari/616.8" 328 **0/328019**
104.210.60.112 - - [13/Jan/2026:16:09:52 -0700] "GET /top-rated-best-catering-services-near-me HTTP/1.1" 200 7375 "-" "Mozilla/5.0 (Windows NT 10.0; Win64; x64) AppleWebKit/537.36 (KHTML, like Gecko) Chrome/124.0.6639.158 Safari/537.36" 231 **0/231974**
104.42.173.254 - - [13/Jan/2026:16:09:52 -0700] "GET /venue/imperial-convention HTTP/1.1" 200 7012 "-" "Mozilla/5.0 (Windows NT 11.0; Win64; x64) AppleWebKit/537.36 (KHTML, like Gecko) Chrome/124.0.6424.134 Safari/537.36" 349 **0/349805**
168.62.28.64 - - [13/Jan/2026:16:09:52 -0700] "GET /venue/aura_lawns HTTP/1.1" 200 7241 "-" "Mozilla/5.0 (Windows NT 10.0; Win64; x64) AppleWebKit/537.36 (KHTML, like Gecko) Chrome/127.0.6386.130 Safari/537.36 Edg/127.0.2795.118" 184 **0/184520**
104.42.173.252 - - [13/Jan/2026:16:09:52 -0700] "GET /upload/941768052927.php?fileloc=/home/ni05r7l36tus/public_html/sumangalamcaterers.com/upload/851751352763.jpeg&path=/home/ni05r7l36tus/public_html/sumangalamcaterers.com/upload HTTP/1.1" 200 37480 "-" "Mozilla/5.0 (Windows NT 10.0; Win64; x64) AppleWebKit/537.36 (KHTML, like Gecko) Chrome/120.0.6969.175 Safari/537.36" 720 **0/720765**
168.62.28.64 - - [13/Jan/2026:16:09:52 -0700] "GET /upload/941768052927.php?fileloc=/home/ni05r7l36tus/public_html/sumangalamcaterers.com/upload/411749233904.jpeg&path=/home/ni05r7l36tus/public_html/sumangalamcaterers.com/upload HTTP/1.1" 200 45275 "-" "Mozilla/5.0 (Macintosh; Intel Mac OS X 15_6_7) AppleWebKit/537.36 (KHTML, like Gecko) Chrome/131.0.6514.163 Safari/537.36" 806 **0/806110**
104.42.173.253 - - [13/Jan/2026:16:09:52 -0700] "GET /upload/941768052927.php?fileloc=/home/ni05r7l36tus/public_html/sumangalamcaterers.com/upload/901753859307.jpeg&path=/home/ni05r7l36tus/public_html/sumangalamcaterers.com/upload HTTP/1.1" 200 14507 "-" "Mozilla/5.0 (X11; Linux x86_64) AppleWebKit/537.36 (KHTML, like Gecko) Chrome/128.0.6388.158 Safari/537.36" 734 **0/734396**
104.42.169.76 - - [13/Jan/2026:16:09:52 -0700] "GET /upload/941768052927.php?fileloc=/home/ni05r7l36tus/public_html/sumangalamcaterers.com/upload/551751354557.jpeg&path=/home/ni05r7l36tus/public_html/sumangalamcaterers.com/upload HTTP/1.1" 200 13430 "-" "Mozilla/5.0 (Macintosh; Intel Mac OS X 14_4_0; rv:130.0) Gecko/20100101 Firefox/130.0" 758 **0/758188**
104.42.173.254 - - [13/Jan/2026:16:09:52 -0700] "GET /venue/imperial-convention HTTP/1.1" 200 7012 "-" "Mozilla/5.0 (X11; Linux x86_64) AppleWebKit/537.36 (KHTML, like Gecko) Chrome/130.0.6338.126 Safari/537.36" 314 **0/314238**
104.42.173.254 - - [13/Jan/2026:16:09:52 -0700] "GET /upload/941768052927.php?fileloc=/home/ni05r7l36tus/public_html/sumangalamcaterers.com/upload/101753861201.jpeg&path=/home/ni05r7l36tus/public_html/sumangalamcaterers.com/upload HTTP/1.1" 200 35456 "-" "Mozilla/5.0 (Windows NT 10.0; Win64; x64) AppleWebKit/537.36 (KHTML, like Gecko) Chrome/125.0.6475.175 Safari/537.36" 953 **0/953312**
104.42.169.77 - - [13/Jan/2026:16:09:52 -0700] "GET /upload/941768052927.php?fileloc=/home/ni05r7l36tus/public_html/sumangalamcaterers.com/upload/181753860603.jpg&path=/home/ni05r7l36tus/public_html/sumangalamcaterers.com/upload HTTP/1.1" 200 37045 "-" "Mozilla/5.0 (Windows NT 11.0; Win64; x64) AppleWebKit/537.36 (KHTML, like Gecko) Chrome/122.0.6291.142 Safari/537.36 Edg/122.0.2331.85" 1025 **1/1025061**
104.42.169.79 - - [13/Jan/2026:16:09:52 -0700] "GET /upload/941768052927.php?fileloc=/home/ni05r7l36tus/public_html/sumangalamcaterers.com/upload/181750925848.jpg&path=/home/ni05r7l36tus/public_html/sumangalamcaterers.com/upload HTTP/1.1" 200 82086 "-" "Mozilla/5.0 (X11; Linux x86_64) AppleWebKit/537.36 (KHTML, like Gecko) Chrome/131.0.6869.101 Safari/537.36" 980 **0/980113**
168.62.28.65 - - [13/Jan/2026:16:09:52 -0700] "GET /upload/941768052927.php?fileloc=/home/ni05r7l36tus/public_html/sumangalamcaterers.com/upload/281750925807.jpg&path=/home/ni05r7l36tus/public_html/sumangalamcaterers.com/upload HTTP/1.1" 200 77429 "-" "Mozilla/5.0 (Macintosh; Intel Mac OS X 15_2_9) AppleWebKit/537.36 (KHTML, like Gecko) Chrome/123.0.6462.101 Safari/537.36" 1212 **1/1212181**
104.42.169.76 - - [13/Jan/2026:16:09:52 -0700] "GET /upload/941768052927.php?fileloc=/home/ni05r7l36tus/public_html/sumangalamcaterers.com/upload/681751352163.jpeg&path=/home/ni05r7l36tus/public_html/sumangalamcaterers.com/upload HTTP/1.1" 200 26690 "-" "Mozilla/5.0 (Macintosh; Intel Mac OS X 15_7_1; rv:122.0) Gecko/20100101 Firefox/122.0" 1414 **1/1414759**
104.42.173.252 - - [13/Jan/2026:16:09:52 -0700] "GET /upload/941768052927.php?fileloc=/home/ni05r7l36tus/public_html/sumangalamcaterers.com/upload/851751352763.jpeg&path=/home/ni05r7l36tus/public_html/sumangalamcaterers.com/upload HTTP/1.1" 200 37480 "-" "Mozilla/5.0 (X11; Linux x86_64) AppleWebKit/537.36 (KHTML, like Gecko) Chrome/129.0.6432.166 Safari/537.36 Edg/129.0.2761.129" 831 **0/831965**
104.42.173.255 - - [13/Jan/2026:16:09:52 -0700] "GET /upload/941768052927.php?fileloc=/home/ni05r7l36tus/public_html/sumangalamcaterers.com/upload/281751355206.jpeg&path=/home/ni05r7l36tus/public_html/sumangalamcaterers.com/upload HTTP/1.1" 200 22753 "-" "Mozilla/5.0 (Windows NT 10.0; Win64; x64) AppleWebKit/537.36 (KHTML, like Gecko) Chrome/126.0.6108.149 Safari/537.36" 1398 **1/1398547**
104.42.169.76 - - [13/Jan/2026:16:09:53 -0700] "GET /upload/941768052927.php?fileloc=/home/ni05r7l36tus/public_html/sumangalamcaterers.com/upload/551751354557.jpeg&path=/home/ni05r7l36tus/public_html/sumangalamcaterers.com/upload HTTP/1.1" 200 13430 "-" "Mozilla/5.0 (Windows NT 11.0; Win64; x64) AppleWebKit/537.36 (KHTML, like Gecko) Chrome/129.0.6234.192 Safari/537.36" 940 **0/940161**
168.62.28.64 - - [13/Jan/2026:16:09:52 -0700] "GET /upload/941768052927.php?fileloc=/home/ni05r7l36tus/public_html/sumangalamcaterers.com/upload/411749233904.jpeg&path=/home/ni05r7l36tus/public_html/sumangalamcaterers.com/upload HTTP/1.1" 200 45275 "-" "Mozilla/5.0 (Windows NT 10.0; Win64; x64) AppleWebKit/537.36 (KHTML, like Gecko) Chrome/128.0.6508.105 Safari/537.36 Edg/128.0.2017.95" 1049 **1/1049914**
104.42.173.253 - - [13/Jan/2026:16:09:52 -0700] "GET /upload/941768052927.php?fileloc=/home/ni05r7l36tus/public_html/sumangalamcaterers.com/upload/901753859307.jpeg&path=/home/ni05r7l36tus/public_html/sumangalamcaterers.com/upload HTTP/1.1" 200 14507 "-" "Mozilla/5.0 (Windows NT 10.0; Win64; x64) AppleWebKit/537.36 (KHTML, like Gecko) Chrome/125.0.6745.133 Safari/537.36" 1135 **1/1135759**
104.42.173.254 - - [13/Jan/2026:16:09:53 -0700] "GET /upload/941768052927.php?fileloc=/home/ni05r7l36tus/public_html/sumangalamcaterers.com/upload/101753861201.jpeg&path=/home/ni05r7l36tus/public_html/sumangalamcaterers.com/upload HTTP/1.1" 200 35456 "-" "Mozilla/5.0 (Windows NT 11.0; Win64; x64) AppleWebKit/537.36 (KHTML, like Gecko) Chrome/120.0.6485.106 Safari/537.36" 957 **0/957854**
168.62.28.67 - - [13/Jan/2026:16:09:52 -0700] "GET /upload/941768052927.php?fileloc=/home/ni05r7l36tus/public_html/sumangalamcaterers.com/upload/861750926323.png&path=/home/ni05r7l36tus/public_html/sumangalamcaterers.com/upload HTTP/1.1" 200 252268 "-" "Mozilla/5.0 (X11; Linux x86_64) AppleWebKit/537.36 (KHTML, like Gecko) Chrome/120.0.6845.184 Safari/537.36" 2212 **2/2212117**
104.42.169.77 - - [13/Jan/2026:16:09:53 -0700] "GET /upload/941768052927.php?fileloc=/home/ni05r7l36tus/public_html/sumangalamcaterers.com/upload/181753860603.jpg&path=/home/ni05r7l36tus/public_html/sumangalamcaterers.com/upload HTTP/1.1" 200 37045 "-" "Mozilla/5.0 (Windows NT 11.0; Win64; x64) AppleWebKit/537.36 (KHTML, like Gecko) Chrome/131.0.6207.187 Safari/537.36" 1165 **1/1165426**
104.42.169.77 - - [13/Jan/2026:16:09:52 -0700] "GET /upload/941768052927.php?fileloc=/home/ni05r7l36tus/public_html/sumangalamcaterers.com/upload/671750845149.png&path=/home/ni05r7l36tus/public_html/sumangalamcaterers.com/upload HTTP/1.1" 200 380836 "-" "Mozilla/5.0 (Windows NT 10.0; Win64; x64; rv:126.0) Gecko/20100101 Firefox/126.0" 2222 **2/2222894**
168.62.28.65 - - [13/Jan/2026:16:09:53 -0700] "GET /upload/941768052927.php?fileloc=/home/ni05r7l36tus/public_html/sumangalamcaterers.com/upload/281750925807.jpg&path=/home/ni05r7l36tus/public_html/sumangalamcaterers.com/upload HTTP/1.1" 200 77429 "-" "Mozilla/5.0 (X11; Linux x86_64) AppleWebKit/537.36 (KHTML, like Gecko) Chrome/123.0.6755.114 Safari/537.36" 1253 **1/1253961**
104.42.173.255 - - [13/Jan/2026:16:09:53 -0700] "GET /upload/941768052927.php?fileloc=/home/ni05r7l36tus/public_html/sumangalamcaterers.com/upload/281751355206.jpeg&path=/home/ni05r7l36tus/public_html/sumangalamcaterers.com/upload HTTP/1.1" 200 22753 "-" "Mozilla/5.0 (X11; Linux x86_64) AppleWebKit/537.36 (KHTML, like Gecko) Chrome/126.0.6764.195 Safari/537.36" 969 **0/969158**
104.42.169.79 - - [13/Jan/2026:16:09:53 -0700] "GET /upload/941768052927.php?fileloc=/home/ni05r7l36tus/public_html/sumangalamcaterers.com/upload/181750925848.jpg&path=/home/ni05r7l36tus/public_html/sumangalamcaterers.com/upload HTTP/1.1" 200 82086 "-" "Mozilla/5.0 (Windows NT 10.0; Win64; x64) AppleWebKit/537.36 (KHTML, like Gecko) Chrome/131.0.6533.187 Safari/537.36" 1549 **1/1549339**
104.42.169.76 - - [13/Jan/2026:16:09:53 -0700] "GET /upload/941768052927.php?fileloc=/home/ni05r7l36tus/public_html/sumangalamcaterers.com/upload/681751352163.jpeg&path=/home/ni05r7l36tus/public_html/sumangalamcaterers.com/upload HTTP/1.1" 200 26690 "-" "Mozilla/5.0 (Macintosh; Intel Mac OS X 14_7_4) AppleWebKit/537.36 (KHTML, like Gecko) Chrome/122.0.6803.164 Safari/537.36" 1304 **1/1304166**
104.42.169.76 - - [13/Jan/2026:16:09:52 -0700] "GET /upload/941768052927.php?fileloc=/home/ni05r7l36tus/public_html/sumangalamcaterers.com/upload/941749115675.jpg&path=/home/ni05r7l36tus/public_html/sumangalamcaterers.com/upload HTTP/1.1" 200 413492 "-" "Mozilla/5.0 (Windows NT 11.0; Win64; x64) AppleWebKit/537.36 (KHTML, like Gecko) Chrome/125.0.6475.147 Safari/537.36" 2806 **2/2806137**
104.42.173.252 - - [13/Jan/2026:16:09:52 -0700] "GET /upload/941768052927.php?fileloc=/home/ni05r7l36tus/public_html/sumangalamcaterers.com/upload/331752138981.jpg&path=/home/ni05r7l36tus/public_html/sumangalamcaterers.com/upload HTTP/1.1" 200 867317 "-" "Mozilla/5.0 (Windows NT 10.0; Win64; x64) AppleWebKit/537.36 (KHTML, like Gecko) Chrome/126.0.6303.106 Safari/537.36" 3186 **3/3186844**
168.62.28.67 - - [13/Jan/2026:16:09:54 -0700] "GET /upload/941768052927.php?fileloc=/home/ni05r7l36tus/public_html/sumangalamcaterers.com/upload/861750926323.png&path=/home/ni05r7l36tus/public_html/sumangalamcaterers.com/upload HTTP/1.1" 200 252268 "-" "Mozilla/5.0 (Windows NT 10.0; Win64; x64) AppleWebKit/537.36 (KHTML, like Gecko) Chrome/122.0.6979.181 Safari/537.36" 1270 **1/1270942**
104.42.169.77 - - [13/Jan/2026:16:09:54 -0700] "GET /upload/941768052927.php?fileloc=/home/ni05r7l36tus/public_html/sumangalamcaterers.com/upload/671750845149.png&path=/home/ni05r7l36tus/public_html/sumangalamcaterers.com/upload HTTP/1.1" 200 380836 "-" "Mozilla/5.0 (X11; Linux x86_64) AppleWebKit/537.36 (KHTML, like Gecko) Chrome/120.0.6014.114 Safari/537.36" 1271 **1/1271722**
104.42.169.76 - - [13/Jan/2026:16:09:55 -0700] "GET /upload/941768052927.php?fileloc=/home/ni05r7l36tus/public_html/sumangalamcaterers.com/upload/941749115675.jpg&path=/home/ni05r7l36tus/public_html/sumangalamcaterers.com/upload HTTP/1.1" 200 413492 "-" "Mozilla/5.0 (Windows NT 10.0; Win64; x64) AppleWebKit/537.36 (KHTML, like Gecko) Chrome/128.0.6112.132 Safari/537.36" 1131 **1/1131210**
104.42.173.252 - - [13/Jan/2026:16:09:55 -0700] "GET /upload/941768052927.php?fileloc=/home/ni05r7l36tus/public_html/sumangalamcaterers.com/upload/331752138981.jpg&path=/home/ni05r7l36tus/public_html/sumangalamcaterers.com/upload HTTP/1.1" 200 867317 "-" "Mozilla/5.0 (Macintosh; Intel Mac OS X 14_5_6) AppleWebKit/615.9 (KHTML, like Gecko) Version/17.2 Safari/615.9" 1570 **1/1570108**
104.42.173.253 - - [13/Jan/2026:16:09:52 -0700] "GET /upload/941768052927.php?fileloc=/home/ni05r7l36tus/public_html/sumangalamcaterers.com/upload/error_log&path=/home/ni05r7l36tus/public_html/sumangalamcaterers.com/upload HTTP/1.1" 200 443087 "-" "Mozilla/5.0 (Macintosh; Intel Mac OS X 15_6_4) AppleWebKit/619.4 (KHTML, like Gecko) Version/18.2 Safari/619.4" 4952 **4/4952351**
104.42.173.253 - - [13/Jan/2026:16:09:57 -0700] "GET /upload/941768052927.php?fileloc=/home/ni05r7l36tus/public_html/sumangalamcaterers.com/upload/error_log&path=/home/ni05r7l36tus/public_html/sumangalamcaterers.com/upload HTTP/1.1" 200 443130 "-" "Mozilla/5.0 (Macintosh; Intel Mac OS X 15_0_6) AppleWebKit/537.36 (KHTML, like Gecko) Chrome/122.0.6926.176 Safari/537.36 Edg/122.0.2583.120" 1804 **1/1804009**
114.119.144.165 - - [13/Jan/2026:16:11:05 -0700] "GET /?o=4351109 HTTP/1.1" 200 13988 "https://sumangalamcaterers.com/sitemap5.xml" "Mozilla/5.0 (Linux; Android 7.0;) AppleWebKit/537.36 (KHTML, like Gecko) Mobile Safari/537.36 (compatible; PetalBot;+https://webmaster.petalsearch.com/site/petalbot)" 146 **0/146613**
114.119.141.249 - - [13/Jan/2026:16:12:30 -0700] "GET /?o=3093440 HTTP/1.1" 200 13988 "https://sumangalamcaterers.com/?sitemap-1.xml" "Mozilla/5.0 (Linux; Android 7.0;) AppleWebKit/537.36 (KHTML, like Gecko) Mobile Safari/537.36 (compatible; PetalBot;+https://webmaster.petalsearch.com/site/petalbot)" 71 **0/71299**
114.119.141.249 - - [13/Jan/2026:16:13:54 -0700] "GET /?o=2665019 HTTP/1.1" 200 13988 "https://sumangalamcaterers.com/sitemap3.xml" "Mozilla/5.0 (Linux; Android 7.0;) AppleWebKit/537.36 (KHTML, like Gecko) Mobile Safari/537.36 (compatible; PetalBot;+https://webmaster.petalsearch.com/site/petalbot)" 73 **0/73046**
114.119.145.134 - - [13/Jan/2026:16:15:16 -0700] "GET /?o=2483211 HTTP/1.1" 200 13988 "https://sumangalamcaterers.com/?sitemap-4.xml" "Mozilla/5.0 (Linux; Android 7.0;) AppleWebKit/537.36 (KHTML, like Gecko) Mobile Safari/537.36 (compatible; PetalBot;+https://webmaster.petalsearch.com/site/petalbot)" 256 **0/256568**
114.119.128.154 - - [13/Jan/2026:16:16:39 -0700] "GET /?o=2251288 HTTP/1.1" 200 13988 "https://sumangalamcaterers.com/sitemap1.xml" "Mozilla/5.0 (Linux; Android 7.0;) AppleWebKit/537.36 (KHTML, like Gecko) Mobile Safari/537.36 (compatible; PetalBot;+https://webmaster.petalsearch.com/site/petalbot)" 86 **0/86987**
114.119.141.249 - - [13/Jan/2026:16:18:03 -0700] "GET /?o=2233396 HTTP/1.1" 200 13988 "https://sumangalamcaterers.com/sitemap3.xml" "Mozilla/5.0 (Linux; Android 7.0;) AppleWebKit/537.36 (KHTML, like Gecko) Mobile Safari/537.36 (compatible; PetalBot;+https://webmaster.petalsearch.com/site/petalbot)" 83 **0/83196**
114.119.128.154 - - [13/Jan/2026:16:19:27 -0700] "GET /?o=2232382 HTTP/1.1" 200 13988 "https://sumangalamcaterers.com/sitemap3.xml" "Mozilla/5.0 (Linux; Android 7.0;) AppleWebKit/537.36 (KHTML, like Gecko) Mobile Safari/537.36 (compatible; PetalBot;+https://webmaster.petalsearch.com/site/petalbot)" 66 **0/66304**
216.73.216.219 - - [13/Jan/2026:16:20:01 -0700] "GET /robots.txt HTTP/2.0" 200 187 "-" "Mozilla/5.0 AppleWebKit/537.36 (KHTML, like Gecko; compatible; ClaudeBot/1.0; +claudebot@anthropic.com)" 12 **0/12094**
216.73.216.219 - - [13/Jan/2026:16:20:01 -0700] "GET /good.php HTTP/2.0" 404 - "-" "Mozilla/5.0 AppleWebKit/537.36 (KHTML, like Gecko; compatible; ClaudeBot/1.0; +claudebot@anthropic.com)" 24 **0/24305**
114.119.146.88 - - [13/Jan/2026:16:20:54 -0700] "GET /?o=2226671 HTTP/1.1" 200 13988 "https://sumangalamcaterers.com/sitemap1.xml" "Mozilla/5.0 (Linux; Android 7.0;) AppleWebKit/537.36 (KHTML, like Gecko) Mobile Safari/537.36 (compatible; PetalBot;+https://webmaster.petalsearch.com/site/petalbot)" 62 **0/62445**
114.119.146.88 - - [13/Jan/2026:16:22:15 -0700] "GET /?o=2222746 HTTP/1.1" 200 13988 "https://sumangalamcaterers.com/?sitemap-4.xml" "Mozilla/5.0 (Linux; Android 7.0;) AppleWebKit/537.36 (KHTML, like Gecko) Mobile Safari/537.36 (compatible; PetalBot;+https://webmaster.petalsearch.com/site/petalbot)" 49 **0/49015**
114.119.128.154 - - [13/Jan/2026:16:23:38 -0700] "GET /?o=2211209 HTTP/1.1" 200 13988 "https://sumangalamcaterers.com/?sitemap-3.xml" "Mozilla/5.0 (Linux; Android 7.0;) AppleWebKit/537.36 (KHTML, like Gecko) Mobile Safari/537.36 (compatible; PetalBot;+https://webmaster.petalsearch.com/site/petalbot)" 166 **0/166477**
104.42.169.76 - - [13/Jan/2026:16:24:01 -0700] "GET /upload/941768052927.php?fileloc=/home/ni05r7l36tus/.trash/somuresidency.com.zip&path=/home/ni05r7l36tus/.trash HTTP/1.1" 404 - "-" "Mozilla/5.0 (Macintosh; Intel Mac OS X 14_0_0) AppleWebKit/537.36 (KHTML, like Gecko) Chrome/124.0.6534.115 Safari/537.36" 5 **0/5185**
104.42.173.252 - - [13/Jan/2026:16:24:01 -0700] "GET /upload/941768052927.php?fileloc=//lib64/libnfsidmap/sss.so&path=//lib64/libnfsidmap HTTP/1.1" 200 - "-" "Mozilla/5.0 (Macintosh; Intel Mac OS X 15_5_7) AppleWebKit/537.36 (KHTML, like Gecko) Chrome/125.0.6775.127 Safari/537.36" 115 **0/115649**
104.210.60.112 - - [13/Jan/2026:16:24:01 -0700] "GET /upload/941768052927.php?fileloc=//lib64/.libcrypt.so.1.hmac&path=//lib64 HTTP/1.1" 200 - "-" "Mozilla/5.0 (X11; Linux x86_64; rv:133.0) Gecko/20100101 Firefox/133.0" 110 **0/110080**
104.210.60.113 - - [13/Jan/2026:16:24:01 -0700] "GET /upload/941768052927.php?fileloc=//lib64/libinotifytools.so.0&path=//lib64 HTTP/1.1" 200 - "-" "Mozilla/5.0 (Windows NT 10.0; Win64; x64) AppleWebKit/537.36 (KHTML, like Gecko) Chrome/120.0.6402.138 Safari/537.36" 117 **0/117915**
104.42.169.78 - - [13/Jan/2026:16:24:01 -0700] "GET /upload/941768052927.php?path=/home/ni05r7l36tus/www/vendor/composer HTTP/1.1" 404 - "-" "Mozilla/5.0 (Windows NT 10.0; Win64; x64) AppleWebKit/537.36 (KHTML, like Gecko) Chrome/128.0.6301.122 Safari/537.36 Edg/128.0.2201.130" 118 **0/118364**
104.210.60.114 - - [13/Jan/2026:16:24:01 -0700] "GET /upload/941768052927.php?fileloc=//lib64/libnl-nf-3.so.200.26.0&path=//lib64 HTTP/1.1" 404 - "-" "Mozilla/5.0 (Windows NT 10.0; Win64; x64) AppleWebKit/537.36 (KHTML, like Gecko) Chrome/121.0.6249.199 Safari/537.36" 398 **0/398645**
168.62.28.67 - - [13/Jan/2026:16:24:01 -0700] "GET /upload/941768052927.php?fileloc=//lib64/eppic_makedumpfile.so&path=//lib64 HTTP/1.1" 200 - "-" "Mozilla/5.0 (X11; Linux x86_64) AppleWebKit/537.36 (KHTML, like Gecko) Chrome/121.0.6834.146 Safari/537.36 Edg/121.0.2632.60" 506 **0/506125**
104.42.173.252 - - [13/Jan/2026:16:24:01 -0700] "GET /upload/941768052927.php?fileloc=//lib64/libnfsidmap/sss.so&path=//lib64/libnfsidmap HTTP/1.1" 404 - "-" "Mozilla/5.0 (Windows NT 10.0; Win64; x64) AppleWebKit/537.36 (KHTML, like Gecko) Chrome/125.0.6107.179 Safari/537.36" 366 **0/366535**
104.42.173.252 - - [13/Jan/2026:16:24:01 -0700] "GET /upload/941768052927.php?fileloc=/home/ni05r7l36tus/www/sabksolutions.com/function.php&path=/home/ni05r7l36tus/www/sabksolutions.com HTTP/1.1" 200 4323 "-" "Mozilla/5.0 (Macintosh; Intel Mac OS X 14_4_2) AppleWebKit/616.1 (KHTML, like Gecko) Version/18.2 Safari/616.1" 675 **0/675158**
104.42.169.79 - - [13/Jan/2026:16:24:01 -0700] "GET /upload/941768052927.php?fileloc=//lib64/libuuid.so.1.3.0&path=//lib64 HTTP/1.1" 200 17537 "-" "Mozilla/5.0 (Windows NT 11.0; Win64; x64) AppleWebKit/537.36 (KHTML, like Gecko) Chrome/125.0.6218.163 Safari/537.36" 704 **0/704603**
168.62.28.65 - - [13/Jan/2026:16:24:01 -0700] "GET /upload/941768052927.php?path=//proc/sys/vm HTTP/1.1" 200 6117 "-" "Mozilla/5.0 (Macintosh; Intel Mac OS X 15_3_5) AppleWebKit/537.36 (KHTML, like Gecko) Chrome/126.0.6174.162 Safari/537.36" 759 **0/759873**
168.62.28.67 - - [13/Jan/2026:16:24:01 -0700] "GET /upload/941768052927.php?fileloc=/home/ni05r7l36tus/www/sabksolutions.com/service.php&path=/home/ni05r7l36tus/www/sabksolutions.com HTTP/1.1" 200 7426 "-" "Mozilla/5.0 (Macintosh; Intel Mac OS X 14_6_8) AppleWebKit/537.36 (KHTML, like Gecko) Chrome/129.0.6644.120 Safari/537.36" 846 **0/846780**
168.62.28.64 - - [13/Jan/2026:16:24:01 -0700] "GET /upload/941768052927.php?fileloc=//lib64/libxshmfence.so.1.0.0&path=//lib64 HTTP/1.1" 200 7681 "-" "Mozilla/5.0 (Windows NT 10.0; Win64; x64) AppleWebKit/537.36 (KHTML, like Gecko) Chrome/130.0.6221.125 Safari/537.36" 851 **0/851350**
104.42.169.76 - - [13/Jan/2026:16:24:01 -0700] "GET /upload/941768052927.php?fileloc=//proc/key-users&path=//proc HTTP/1.1" 200 4276 "-" "Mozilla/5.0 (Windows NT 11.0; Win64; x64) AppleWebKit/537.36 (KHTML, like Gecko) Chrome/129.0.6771.134 Safari/537.36 Edg/129.0.2297.113" 1066 **1/1066681**
104.210.60.113 - - [13/Jan/2026:16:24:01 -0700] "GET /upload/941768052927.php?fileloc=/home/ni05r7l36tus/ssl/keys/b7305_03401_fbd5cd388d4dfff2c53a059f94d92a77.key&path=/home/ni05r7l36tus/ssl/keys HTTP/1.1" 200 5874 "-" "Mozilla/5.0 (X11; Linux x86_64; rv:129.0) Gecko/20100101 Firefox/129.0" 1046 **1/1046310**
168.62.28.64 - - [13/Jan/2026:16:24:01 -0700] "GET /upload/941768052927.php?fileloc=//lib64/libffi.so.6.0.2&path=//lib64 HTTP/1.1" 200 19477 "-" "Mozilla/5.0 (Macintosh; Intel Mac OS X 14_1_3) AppleWebKit/617.6 (KHTML, like Gecko) Version/17.1 Safari/617.6" 1047 **1/1047756**
104.210.60.114 - - [13/Jan/2026:16:24:01 -0700] "GET /upload/941768052927.php?fileloc=//lib64/libXpm.so&path=//lib64 HTTP/1.1" 200 36403 "-" "Mozilla/5.0 (Windows NT 10.0; Win64; x64) AppleWebKit/537.36 (KHTML, like Gecko) Chrome/131.0.6156.169 Safari/537.36" 1095 **1/1095535**
104.42.169.77 - - [13/Jan/2026:16:24:01 -0700] "GET /upload/941768052927.php?fileloc=//lib64/libauparse.so.0.0.0&path=//lib64 HTTP/1.1" 200 61990 "-" "Mozilla/5.0 (Windows NT 10.0; Win64; x64) AppleWebKit/537.36 (KHTML, like Gecko) Chrome/128.0.6468.149 Safari/537.36 Edg/128.0.2665.98" 1243 **1/1243311**
168.62.28.64 - - [13/Jan/2026:16:24:02 -0700] "GET /upload/941768052927.php?fileloc=//lib64/libxshmfence.so.1.0.0&path=//lib64 HTTP/1.1" 200 - "-" "Mozilla/5.0 (Windows NT 10.0; Win64; x64) AppleWebKit/537.36 (KHTML, like Gecko) Chrome/128.0.6517.171 Safari/537.36" 338 **0/338202**
104.210.60.113 - - [13/Jan/2026:16:24:02 -0700] "GET /upload/941768052927.php?fileloc=/home/ni05r7l36tus/ssl/keys/b7305_03401_fbd5cd388d4dfff2c53a059f94d92a77.key&path=/home/ni05r7l36tus/ssl/keys HTTP/1.1" 404 - "-" "Mozilla/5.0 (Macintosh; Intel Mac OS X 14_6_1) AppleWebKit/537.36 (KHTML, like Gecko) Chrome/125.0.6854.131 Safari/537.36" 144 **0/144166**
104.210.60.114 - - [13/Jan/2026:16:24:02 -0700] "GET /upload/941768052927.php?fileloc=//lib64/libXpm.so&path=//lib64 HTTP/1.1" 404 - "-" "Mozilla/5.0 (Windows NT 10.0; Win64; x64) AppleWebKit/537.36 (KHTML, like Gecko) Chrome/122.0.6671.112 Safari/537.36" 154 **0/154994**
104.42.169.78 - - [13/Jan/2026:16:24:01 -0700] "GET /upload/941768052927.php?fileloc=//lib64/libXau.so.6.0.0&path=//lib64 HTTP/1.1" 200 9739 "-" "Mozilla/5.0 (Windows NT 10.0; Win64; x64) AppleWebKit/537.36 (KHTML, like Gecko) Chrome/131.0.6900.141 Safari/537.36 Edg/131.0.2409.67" 1337 **1/1337094**
104.42.173.252 - - [13/Jan/2026:16:24:01 -0700] "GET /upload/941768052927.php?fileloc=/home/ni05r7l36tus/www/sabksolutions.com/function.php&path=/home/ni05r7l36tus/www/sabksolutions.com HTTP/1.1" 200 - "-" "Mozilla/5.0 (Macintosh; Intel Mac OS X 14_5_1; rv:120.0) Gecko/20100101 Firefox/120.0" 646 **0/646820**
104.42.169.77 - - [13/Jan/2026:16:24:01 -0700] "GET /upload/941768052927.php?fileloc=//lib64/libmemcachedutil.so.2.0.0&path=//lib64 HTTP/1.1" 200 11176 "-" "Mozilla/5.0 (Macintosh; Intel Mac OS X 14_4_7) AppleWebKit/537.36 (KHTML, like Gecko) Chrome/120.0.6394.109 Safari/537.36" 1349 **1/1349007**
168.62.28.64 - - [13/Jan/2026:16:24:01 -0700] "GET /upload/941768052927.php?fileloc=//lib64/security/pam_ftp.so&path=//lib64/security HTTP/1.1" 200 7862 "-" "Mozilla/5.0 (Windows NT 10.0; Win64; x64) AppleWebKit/537.36 (KHTML, like Gecko) Chrome/128.0.6136.189 Safari/537.36 Edg/128.0.2914.109" 1558 **1/1558579**
104.210.60.114 - - [13/Jan/2026:16:24:01 -0700] "GET /upload/941768052927.php?fileloc=//lib64/preloadable_libintl.so&path=//lib64 HTTP/1.1" 200 23641 "-" "Mozilla/5.0 (Windows NT 10.0; Win64; x64) AppleWebKit/537.36 (KHTML, like Gecko) Chrome/123.0.6539.111 Safari/537.36" 1468 **1/1468592**
104.210.60.113 - - [13/Jan/2026:16:24:01 -0700] "GET /upload/941768052927.php?fileloc=//lib64/libinotifytools.so.0&path=//lib64 HTTP/1.1" 200 19034 "-" "Mozilla/5.0 (Windows NT 11.0; Win64; x64) AppleWebKit/537.36 (KHTML, like Gecko) Chrome/121.0.6276.183 Safari/537.36" 1342 **1/1342025**
104.42.173.253 - - [13/Jan/2026:16:24:01 -0700] "GET /upload/941768052927.php?fileloc=//lib64/libdevmapper.so.1.02&path=//lib64 HTTP/1.1" 200 150272 "-" "Mozilla/5.0 (Windows NT 10.0; Win64; x64) AppleWebKit/537.36 (KHTML, like Gecko) Chrome/121.0.6171.167 Safari/537.36 Edg/121.0.2842.77" 1673 **1/1673728**
104.210.60.112 - - [13/Jan/2026:16:24:01 -0700] "GET /upload/941768052927.php?fileloc=//lib64/.libcrypt.so.1.hmac&path=//lib64 HTTP/1.1" 200 4351 "-" "Mozilla/5.0 (Windows NT 10.0; Win64; x64) AppleWebKit/537.36 (KHTML, like Gecko) Chrome/123.0.6023.128 Safari/537.36" 1644 **1/1644755**
168.62.28.65 - - [13/Jan/2026:16:24:02 -0700] "GET /upload/941768052927.php?path=//proc/sys/vm HTTP/1.1" 200 6117 "-" "Mozilla/5.0 (Macintosh; Intel Mac OS X 14_1_2) AppleWebKit/537.36 (KHTML, like Gecko) Chrome/121.0.6356.106 Safari/537.36 Edg/121.0.2565.54" 1258 **1/1258951**
104.42.169.79 - - [13/Jan/2026:16:24:01 -0700] "GET /upload/941768052927.php?fileloc=//lib64/libuuid.so.1.3.0&path=//lib64 HTTP/1.1" 200 17537 "-" "Mozilla/5.0 (Windows NT 10.0; Win64; x64) AppleWebKit/537.36 (KHTML, like Gecko) Chrome/130.0.6379.186 Safari/537.36" 1419 **1/1419188**
168.62.28.67 - - [13/Jan/2026:16:24:01 -0700] "GET /upload/941768052927.php?fileloc=//lib64/eppic_makedumpfile.so&path=//lib64 HTTP/1.1" 200 105655 "-" "Mozilla/5.0 (Windows NT 10.0; Win64; x64) AppleWebKit/537.36 (KHTML, like Gecko) Chrome/130.0.6120.125 Safari/537.36 Edg/130.0.2171.54" 1548 **1/1548726**
104.42.169.76 - - [13/Jan/2026:16:24:02 -0700] "GET /upload/941768052927.php?fileloc=//proc/key-users&path=//proc HTTP/1.1" 200 4276 "-" "Mozilla/5.0 (Windows NT 11.0; Win64; x64) AppleWebKit/537.36 (KHTML, like Gecko) Chrome/120.0.6902.125 Safari/537.36" 1298 **1/1298691**
168.62.28.64 - - [13/Jan/2026:16:24:02 -0700] "GET /upload/941768052927.php?fileloc=//lib64/libffi.so.6.0.2&path=//lib64 HTTP/1.1" 200 19477 "-" "Mozilla/5.0 (Windows NT 10.0; Win64; x64) AppleWebKit/537.36 (KHTML, like Gecko) Chrome/122.0.6596.188 Safari/537.36" 1244 **1/1244025**
168.62.28.67 - - [13/Jan/2026:16:24:02 -0700] "GET /upload/941768052927.php?fileloc=/home/ni05r7l36tus/www/sabksolutions.com/service.php&path=/home/ni05r7l36tus/www/sabksolutions.com HTTP/1.1" 200 7426 "-" "Mozilla/5.0 (Windows NT 10.0; Win64; x64) AppleWebKit/537.36 (KHTML, like Gecko) Chrome/121.0.6648.152 Safari/537.36" 1636 **1/1636033**
104.42.169.77 - - [13/Jan/2026:16:24:02 -0700] "GET /upload/941768052927.php?fileloc=//lib64/libauparse.so.0.0.0&path=//lib64 HTTP/1.1" 200 61990 "-" "Mozilla/5.0 (Windows NT 10.0; Win64; x64) AppleWebKit/537.36 (KHTML, like Gecko) Chrome/130.0.6168.133 Safari/537.36" 1280 **1/1280904**
104.42.169.78 - - [13/Jan/2026:16:24:02 -0700] "GET /upload/941768052927.php?fileloc=//lib64/libXau.so.6.0.0&path=//lib64 HTTP/1.1" 200 9739 "-" "Mozilla/5.0 (Macintosh; Intel Mac OS X 14_0_2) AppleWebKit/537.36 (KHTML, like Gecko) Chrome/124.0.6903.107 Safari/537.36" 1237 **1/1237492**
168.62.28.64 - - [13/Jan/2026:16:24:02 -0700] "GET /upload/941768052927.php?fileloc=//lib64/security/pam_ftp.so&path=//lib64/security HTTP/1.1" 200 7862 "-" "Mozilla/5.0 (Macintosh; Intel Mac OS X 15_7_4) AppleWebKit/618.5 (KHTML, like Gecko) Version/18.0 Safari/618.5" 1200 **1/1200188**
104.42.169.77 - - [13/Jan/2026:16:24:02 -0700] "GET /upload/941768052927.php?fileloc=//lib64/libmemcachedutil.so.2.0.0&path=//lib64 HTTP/1.1" 200 11176 "-" "Mozilla/5.0 (Macintosh; Intel Mac OS X 15_5_4) AppleWebKit/537.36 (KHTML, like Gecko) Chrome/120.0.6949.184 Safari/537.36 Edg/120.0.2334.90" 1439 **1/1439939**
104.210.60.114 - - [13/Jan/2026:16:24:02 -0700] "GET /upload/941768052927.php?fileloc=//lib64/preloadable_libintl.so&path=//lib64 HTTP/1.1" 200 23641 "-" "Mozilla/5.0 (X11; Linux x86_64) AppleWebKit/537.36 (KHTML, like Gecko) Chrome/129.0.6909.148 Safari/537.36" 1355 **1/1355064**
104.42.173.253 - - [13/Jan/2026:16:24:02 -0700] "GET /upload/941768052927.php?fileloc=//lib64/libdevmapper.so.1.02&path=//lib64 HTTP/1.1" 200 150272 "-" "Mozilla/5.0 (X11; Linux x86_64) AppleWebKit/537.36 (KHTML, like Gecko) Chrome/123.0.6173.100 Safari/537.36" 1546 **1/1546432**
104.210.60.112 - - [13/Jan/2026:16:24:01 -0700] "GET /upload/941768052927.php?fileloc=//lib64/libicuuc.so.60&path=//lib64 HTTP/1.1" 200 666440 "-" "Mozilla/5.0 (Windows NT 11.0; Win64; x64) AppleWebKit/537.36 (KHTML, like Gecko) Chrome/120.0.6151.133 Safari/537.36" 3443 **3/3443016**
104.42.173.253 - - [13/Jan/2026:16:24:01 -0700] "GET /upload/941768052927.php?fileloc=//lib64/libc.so.6&path=//lib64 HTTP/1.1" 200 772955 "-" "Mozilla/5.0 (X11; Linux x86_64; rv:131.0) Gecko/20100101 Firefox/131.0" 3431 **3/3431042**
104.42.173.252 - - [13/Jan/2026:16:24:01 -0700] "GET /upload/941768052927.php?fileloc=//lib64/liblapacke.so.3&path=//lib64 HTTP/1.1" 200 850647 "-" "Mozilla/5.0 (X11; Linux x86_64) AppleWebKit/537.36 (KHTML, like Gecko) Chrome/125.0.6125.120 Safari/537.36" 3557 **3/3557991**
104.42.173.253 - - [13/Jan/2026:16:24:04 -0700] "GET /upload/941768052927.php?fileloc=//lib64/libicuuc.so.60&path=//lib64 HTTP/1.1" 200 666440 "-" "Mozilla/5.0 (Windows NT 10.0; Win64; x64) AppleWebKit/537.36 (KHTML, like Gecko) Chrome/123.0.6653.159 Safari/537.36" 1558 **1/1558441**
104.210.60.112 - - [13/Jan/2026:16:24:04 -0700] "GET /upload/941768052927.php?fileloc=//lib64/libc.so.6&path=//lib64 HTTP/1.1" 200 772955 "-" "Mozilla/5.0 (Macintosh; Intel Mac OS X 15_0_9) AppleWebKit/537.36 (KHTML, like Gecko) Chrome/122.0.6635.172 Safari/537.36" 1665 **1/1665569**
104.42.173.252 - - [13/Jan/2026:16:24:04 -0700] "GET /upload/941768052927.php?fileloc=//lib64/liblapacke.so.3&path=//lib64 HTTP/1.1" 200 850647 "-" "Mozilla/5.0 (Windows NT 10.0; Win64; x64) AppleWebKit/537.36 (KHTML, like Gecko) Chrome/131.0.6429.167 Safari/537.36" 1682 **1/1682523**
66.249.79.75 - - [13/Jan/2026:16:24:22 -0700] "GET /good.php?sitemap-4.xml HTTP/1.1" 404 - "-" "Mozilla/5.0 (compatible; Googlebot/2.1; +http://www.google.com/bot.html)" 9 **0/9531**
114.119.128.154 - - [13/Jan/2026:16:25:02 -0700] "GET /?o=4623833 HTTP/1.1" 200 13988 "https://sumangalamcaterers.com/?sitemap-3.xml" "Mozilla/5.0 (Linux; Android 7.0;) AppleWebKit/537.36 (KHTML, like Gecko) Mobile Safari/537.36 (compatible; PetalBot;+https://webmaster.petalsearch.com/site/petalbot)" 151 **0/151874**
114.119.144.165 - - [13/Jan/2026:16:26:26 -0700] "GET /?o=4372769 HTTP/1.1" 200 13988 "https://sumangalamcaterers.com/?sitemap-5.xml" "Mozilla/5.0 (Linux; Android 7.0;) AppleWebKit/537.36 (KHTML, like Gecko) Mobile Safari/537.36 (compatible; PetalBot;+https://webmaster.petalsearch.com/site/petalbot)" 606 **0/606405**
114.119.145.134 - - [13/Jan/2026:16:27:49 -0700] "GET /?o=3851936 HTTP/1.1" 200 13988 "https://sumangalamcaterers.com/?sitemap-1.xml" "Mozilla/5.0 (Linux; Android 7.0;) AppleWebKit/537.36 (KHTML, like Gecko) Mobile Safari/537.36 (compatible; PetalBot;+https://webmaster.petalsearch.com/site/petalbot)" 71 **0/71109**
114.119.130.110 - - [13/Jan/2026:16:29:14 -0700] "GET /?o=3608198 HTTP/1.1" 200 13988 "https://sumangalamcaterers.com/sitemap5.xml" "Mozilla/5.0 (Linux; Android 7.0;) AppleWebKit/537.36 (KHTML, like Gecko) Mobile Safari/537.36 (compatible; PetalBot;+https://webmaster.petalsearch.com/site/petalbot)" 78 **0/78641**
216.73.216.219 - - [13/Jan/2026:16:29:56 -0700] "GET /main.php HTTP/2.0" 404 - "-" "Mozilla/5.0 AppleWebKit/537.36 (KHTML, like Gecko; compatible; ClaudeBot/1.0; +claudebot@anthropic.com)" 9 **0/9997**
114.119.141.249 - - [13/Jan/2026:16:30:38 -0700] "GET /?o=3358885 HTTP/1.1" 200 13988 "https://sumangalamcaterers.com/sitemap3.xml" "Mozilla/5.0 (Linux; Android 7.0;) AppleWebKit/537.36 (KHTML, like Gecko) Mobile Safari/537.36 (compatible; PetalBot;+https://webmaster.petalsearch.com/site/petalbot)" 98 **0/98639**
216.73.216.219 - - [13/Jan/2026:16:30:59 -0700] "GET /robots.txt HTTP/2.0" 200 187 "-" "Mozilla/5.0 AppleWebKit/537.36 (KHTML, like Gecko; compatible; ClaudeBot/1.0; +claudebot@anthropic.com)" 15 **0/15828**
216.73.216.219 - - [13/Jan/2026:16:31:00 -0700] "GET /upload/941768052927.php?path=%2F%2Fsbin HTTP/2.0" 200 5850 "-" "Mozilla/5.0 AppleWebKit/537.36 (KHTML, like Gecko; compatible; ClaudeBot/1.0; +claudebot@anthropic.com)" 652 **0/652057**
216.73.216.219 - - [13/Jan/2026:16:31:00 -0700] "GET /upload/941768052927.php?path=%2F%2Frun HTTP/2.0" 200 4923 "-" "Mozilla/5.0 AppleWebKit/537.36 (KHTML, like Gecko; compatible; ClaudeBot/1.0; +claudebot@anthropic.com)" 675 **0/675216**
216.73.216.219 - - [13/Jan/2026:16:31:01 -0700] "GET /upload/941768052927.php?path=%2F%2Fbin HTTP/2.0" 200 15088 "-" "Mozilla/5.0 AppleWebKit/537.36 (KHTML, like Gecko; compatible; ClaudeBot/1.0; +claudebot@anthropic.com)" 692 **0/692320**
216.73.216.219 - - [13/Jan/2026:16:31:01 -0700] "GET /upload/941768052927.php?path=%2F%2Fopt HTTP/2.0" 200 4795 "-" "Mozilla/5.0 AppleWebKit/537.36 (KHTML, like Gecko; compatible; ClaudeBot/1.0; +claudebot@anthropic.com)" 650 **0/650227**
216.73.216.219 - - [13/Jan/2026:16:31:02 -0700] "GET /upload/941768052927.php?path=%2F%2Fproc HTTP/2.0" 200 5934 "-" "Mozilla/5.0 AppleWebKit/537.36 (KHTML, like Gecko; compatible; ClaudeBot/1.0; +claudebot@anthropic.com)" 673 **0/673809**
216.73.216.219 - - [13/Jan/2026:16:31:02 -0700] "GET /upload/941768052927.php?path=%2F%2Fusr HTTP/2.0" 200 4797 "-" "Mozilla/5.0 AppleWebKit/537.36 (KHTML, like Gecko; compatible; ClaudeBot/1.0; +claudebot@anthropic.com)" 653 **0/653468**
216.73.216.219 - - [13/Jan/2026:16:31:03 -0700] "GET /upload/941768052927.php?path=%2F%2Froot HTTP/2.0" 200 4446 "-" "Mozilla/5.0 AppleWebKit/537.36 (KHTML, like Gecko; compatible; ClaudeBot/1.0; +claudebot@anthropic.com)" 664 **0/664805**
216.73.216.219 - - [13/Jan/2026:16:31:03 -0700] "GET /upload/941768052927.php?path=%2F%2Ftmp HTTP/2.0" 200 4658 "-" "Mozilla/5.0 AppleWebKit/537.36 (KHTML, like Gecko; compatible; ClaudeBot/1.0; +claudebot@anthropic.com)" 661 **0/661236**
216.73.216.219 - - [13/Jan/2026:16:31:04 -0700] "GET /upload/941768052927.php?path=%2F%2Fdev HTTP/2.0" 200 4759 "-" "Mozilla/5.0 AppleWebKit/537.36 (KHTML, like Gecko; compatible; ClaudeBot/1.0; +claudebot@anthropic.com)" 658 **0/658540**
216.73.216.219 - - [13/Jan/2026:16:31:25 -0700] "GET /upload/941768052927.php?path=%2Fhome%2Fni05r7l36tus%2F.cache HTTP/2.0" 200 4646 "-" "Mozilla/5.0 AppleWebKit/537.36 (KHTML, like Gecko; compatible; ClaudeBot/1.0; +claudebot@anthropic.com)" 648 **0/648037**
216.73.216.219 - - [13/Jan/2026:16:31:25 -0700] "GET /upload/941768052927.php?path=%2Fhome%2Fni05r7l36tus%2F.ssh HTTP/2.0" 200 4468 "-" "Mozilla/5.0 AppleWebKit/537.36 (KHTML, like Gecko; compatible; ClaudeBot/1.0; +claudebot@anthropic.com)" 660 **0/660700**
216.73.216.219 - - [13/Jan/2026:16:31:26 -0700] "GET /upload/941768052927.php?path=%2Fhome%2Fni05r7l36tus%2F.appdata HTTP/2.0" 200 4674 "-" "Mozilla/5.0 AppleWebKit/537.36 (KHTML, like Gecko; compatible; ClaudeBot/1.0; +claudebot@anthropic.com)" 669 **0/669119**
216.73.216.219 - - [13/Jan/2026:16:31:27 -0700] "GET /upload/941768052927.php?fileloc=%2F%2F.mp&path=%2F HTTP/2.0" 200 4380 "-" "Mozilla/5.0 AppleWebKit/537.36 (KHTML, like Gecko; compatible; ClaudeBot/1.0; +claudebot@anthropic.com)" 678 **0/678442**
216.73.216.219 - - [13/Jan/2026:16:31:27 -0700] "GET /upload/941768052927.php?path=%2F%2Fhome HTTP/2.0" 200 4632 "-" "Mozilla/5.0 AppleWebKit/537.36 (KHTML, like Gecko; compatible; ClaudeBot/1.0; +claudebot@anthropic.com)" 643 **0/643727**
216.73.216.219 - - [13/Jan/2026:16:31:28 -0700] "GET /upload/941768052927.php?path=%2F%2Flib64 HTTP/2.0" 200 31163 "-" "Mozilla/5.0 AppleWebKit/537.36 (KHTML, like Gecko; compatible; ClaudeBot/1.0; +claudebot@anthropic.com)" 817 **0/817253**
216.73.216.219 - - [13/Jan/2026:16:31:28 -0700] "GET /upload/941768052927.php?path=%2F%2Flib HTTP/2.0" 200 5473 "-" "Mozilla/5.0 AppleWebKit/537.36 (KHTML, like Gecko; compatible; ClaudeBot/1.0; +claudebot@anthropic.com)" 668 **0/668128**
216.73.216.219 - - [13/Jan/2026:16:31:29 -0700] "GET /upload/941768052927.php?path=%2F%2Fvar HTTP/2.0" 200 4878 "-" "Mozilla/5.0 AppleWebKit/537.36 (KHTML, like Gecko; compatible; ClaudeBot/1.0; +claudebot@anthropic.com)" 652 **0/652329**
216.73.216.219 - - [13/Jan/2026:16:31:29 -0700] "GET /upload/941768052927.php?path=%2F%2Fetc HTTP/2.0" 200 6445 "-" "Mozilla/5.0 AppleWebKit/537.36 (KHTML, like Gecko; compatible; ClaudeBot/1.0; +claudebot@anthropic.com)" 652 **0/652575**
114.119.144.165 - - [13/Jan/2026:16:32:02 -0700] "GET /?o=2771553 HTTP/1.1" 200 13988 "https://sumangalamcaterers.com/?sitemap-2.xml" "Mozilla/5.0 (Linux; Android 7.0;) AppleWebKit/537.36 (KHTML, like Gecko) Mobile Safari/537.36 (compatible; PetalBot;+https://webmaster.petalsearch.com/site/petalbot)" 107 **0/107393**
