114.119.128.154 - - [13/Jan/2026:08:01:46 -0700] "GET /?o=2577853 HTTP/1.1" 200 13988 "https://sumangalamcaterers.com/sitemap3.xml" "Mozilla/5.0 (Linux; Android 7.0;) AppleWebKit/537.36 (KHTML, like Gecko) Mobile Safari/537.36 (compatible; PetalBot;+https://webmaster.petalsearch.com/site/petalbot)" 40 **0/40188**
216.73.216.219 - - [13/Jan/2026:08:01:53 -0700] "GET /upload/941768052927.php?fileloc=%2F%2Fopt%2Falt%2Fpython37%2Flib%2Fpython3.7%2Fsite-packages%2Ffilelock%2F__pycache__%2F_windows.cpython-37.pyc&path=%2F%2Fopt%2Falt%2Fpython37%2Flib%2Fpython3.7%2Fsite-packages%2Ffilelock%2F__pycache__ HTTP/2.0" 200 5477 "-" "Mozilla/5.0 AppleWebKit/537.36 (KHTML, like Gecko; compatible; ClaudeBot/1.0; +claudebot@anthropic.com)" 650 **0/650270**
216.73.216.219 - - [13/Jan/2026:08:01:53 -0700] "GET /upload/941768052927.php?fileloc=%2F%2Fopt%2Falt%2Fpython37%2Flib%2Fpython3.7%2Fsite-packages%2Fclselector%2F__pycache__%2Fcl_selector.cpython-37.pyc&path=%2F%2Fopt%2Falt%2Fpython37%2Flib%2Fpython3.7%2Fsite-packages%2Fclselector%2F__pycache__ HTTP/2.0" 200 15887 "-" "Mozilla/5.0 AppleWebKit/537.36 (KHTML, like Gecko; compatible; ClaudeBot/1.0; +claudebot@anthropic.com)" 664 **0/664223**
216.73.216.219 - - [13/Jan/2026:08:01:54 -0700] "GET /upload/941768052927.php?fileloc=%2F%2Fopt%2Falt%2Fpython37%2Flib%2Fpython3.7%2Fsite-packages%2Fjwt%2F__pycache__%2Fhelp.cpython-37.opt-1.pyc&path=%2F%2Fopt%2Falt%2Fpython37%2Flib%2Fpython3.7%2Fsite-packages%2Fjwt%2F__pycache__ HTTP/2.0" 200 5293 "-" "Mozilla/5.0 AppleWebKit/537.36 (KHTML, like Gecko; compatible; ClaudeBot/1.0; +claudebot@anthropic.com)" 648 **0/648726**
216.73.216.219 - - [13/Jan/2026:08:01:55 -0700] "GET /upload/941768052927.php?fileloc=%2F%2Fopt%2Falt%2Fpython37%2Flib%2Fpython3.7%2Fsite-packages%2Fjwt%2F__pycache__%2Futils.cpython-37.opt-1.pyc&path=%2F%2Fopt%2Falt%2Fpython37%2Flib%2Fpython3.7%2Fsite-packages%2Fjwt%2F__pycache__ HTTP/2.0" 200 6013 "-" "Mozilla/5.0 AppleWebKit/537.36 (KHTML, like Gecko; compatible; ClaudeBot/1.0; +claudebot@anthropic.com)" 655 **0/655709**
216.73.216.219 - - [13/Jan/2026:08:01:55 -0700] "GET /upload/941768052927.php?fileloc=%2F%2Fopt%2Falt%2Fpython37%2Flib%2Fpython3.7%2Fsite-packages%2Fjwt%2F__pycache__%2Fexceptions.cpython-37.opt-1.pyc&path=%2F%2Fopt%2Falt%2Fpython37%2Flib%2Fpython3.7%2Fsite-packages%2Fjwt%2F__pycache__ HTTP/2.0" 200 5258 "-" "Mozilla/5.0 AppleWebKit/537.36 (KHTML, like Gecko; compatible; ClaudeBot/1.0; +claudebot@anthropic.com)" 645 **0/645732**
216.73.216.219 - - [13/Jan/2026:08:01:56 -0700] "GET /upload/941768052927.php?fileloc=%2F%2Fopt%2Falt%2Fpython37%2Flib%2Fpython3.7%2Fsite-packages%2Ffilelock%2F__pycache__%2F_soft.cpython-37.pyc&path=%2F%2Fopt%2Falt%2Fpython37%2Flib%2Fpython3.7%2Fsite-packages%2Ffilelock%2F__pycache__ HTTP/2.0" 200 5308 "-" "Mozilla/5.0 AppleWebKit/537.36 (KHTML, like Gecko; compatible; ClaudeBot/1.0; +claudebot@anthropic.com)" 652 **0/652049**
216.73.216.219 - - [13/Jan/2026:08:02:07 -0700] "GET /upload/941768052927.php?fileloc=%2Fhome%2Fni05r7l36tus%2Fpublic_html%2Fannapurnaed.com%2Fadmin%2Fckeditor%2F_source%2Fplugins%2Fa11yhelp%2Flang%2Ffi.js&path=%2Fhome%2Fni05r7l36tus%2Fpublic_html%2Fannapurnaed.com%2Fadmin%2Fckeditor%2F_source%2Fplugins%2Fa11yhelp%2Flang HTTP/2.0" 200 5613 "-" "Mozilla/5.0 AppleWebKit/537.36 (KHTML, like Gecko; compatible; ClaudeBot/1.0; +claudebot@anthropic.com)" 629 **0/629857**
216.73.216.219 - - [13/Jan/2026:08:02:07 -0700] "GET /upload/941768052927.php?fileloc=%2Fhome%2Fni05r7l36tus%2Fpublic_html%2Fannapurnaed.com%2Fadmin%2Fckeditor%2F_source%2Fplugins%2Fa11yhelp%2Flang%2Ffr.js&path=%2Fhome%2Fni05r7l36tus%2Fpublic_html%2Fannapurnaed.com%2Fadmin%2Fckeditor%2F_source%2Fplugins%2Fa11yhelp%2Flang HTTP/2.0" 200 5691 "-" "Mozilla/5.0 AppleWebKit/537.36 (KHTML, like Gecko; compatible; ClaudeBot/1.0; +claudebot@anthropic.com)" 644 **0/644111**
216.73.216.219 - - [13/Jan/2026:08:02:08 -0700] "GET /upload/941768052927.php?fileloc=%2Fhome%2Fni05r7l36tus%2Fpublic_html%2Fannapurnaed.com%2Fadmin%2Fckeditor%2F_source%2Fplugins%2Fa11yhelp%2Flang%2Fhe.js&path=%2Fhome%2Fni05r7l36tus%2Fpublic_html%2Fannapurnaed.com%2Fadmin%2Fckeditor%2F_source%2Fplugins%2Fa11yhelp%2Flang HTTP/2.0" 200 5651 "-" "Mozilla/5.0 AppleWebKit/537.36 (KHTML, like Gecko; compatible; ClaudeBot/1.0; +claudebot@anthropic.com)" 660 **0/660464**
216.73.216.219 - - [13/Jan/2026:08:02:09 -0700] "GET /upload/941768052927.php?fileloc=%2Fhome%2Fni05r7l36tus%2Fpublic_html%2Fannapurnaed.com%2Fadmin%2Fckeditor%2F_source%2Fplugins%2Fa11yhelp%2Flang%2Fmk.js&path=%2Fhome%2Fni05r7l36tus%2Fpublic_html%2Fannapurnaed.com%2Fadmin%2Fckeditor%2F_source%2Fplugins%2Fa11yhelp%2Flang HTTP/2.0" 200 5597 "-" "Mozilla/5.0 AppleWebKit/537.36 (KHTML, like Gecko; compatible; ClaudeBot/1.0; +claudebot@anthropic.com)" 659 **0/659085**
216.73.216.219 - - [13/Jan/2026:08:02:09 -0700] "GET /upload/941768052927.php?fileloc=%2Fhome%2Fni05r7l36tus%2Fpublic_html%2Fannapurnaed.com%2Fadmin%2Fckeditor%2F_source%2Fplugins%2Fa11yhelp%2Flang%2Fit.js&path=%2Fhome%2Fni05r7l36tus%2Fpublic_html%2Fannapurnaed.com%2Fadmin%2Fckeditor%2F_source%2Fplugins%2Fa11yhelp%2Flang HTTP/2.0" 200 5664 "-" "Mozilla/5.0 AppleWebKit/537.36 (KHTML, like Gecko; compatible; ClaudeBot/1.0; +claudebot@anthropic.com)" 647 **0/647642**
216.73.216.219 - - [13/Jan/2026:08:02:10 -0700] "GET /upload/941768052927.php?fileloc=%2Fhome%2Fni05r7l36tus%2Fpublic_html%2Fannapurnaed.com%2Fadmin%2Fckeditor%2F_source%2Fplugins%2Fa11yhelp%2Flang%2Fel.js&path=%2Fhome%2Fni05r7l36tus%2Fpublic_html%2Fannapurnaed.com%2Fadmin%2Fckeditor%2F_source%2Fplugins%2Fa11yhelp%2Flang HTTP/2.0" 200 5984 "-" "Mozilla/5.0 AppleWebKit/537.36 (KHTML, like Gecko; compatible; ClaudeBot/1.0; +claudebot@anthropic.com)" 676 **0/676477**
216.73.216.219 - - [13/Jan/2026:08:02:17 -0700] "GET /upload/941768052927.php?fileloc=%2Fhome%2Fni05r7l36tus%2Fpublic_html%2Fannapurnaed.com%2Fadmin%2Fckeditor%2Fplugins%2Fabout%2Fdialogs%2Fabout.js&path=%2Fhome%2Fni05r7l36tus%2Fpublic_html%2Fannapurnaed.com%2Fadmin%2Fckeditor%2Fplugins%2Fabout%2Fdialogs HTTP/2.0" 200 5203 "-" "Mozilla/5.0 AppleWebKit/537.36 (KHTML, like Gecko; compatible; ClaudeBot/1.0; +claudebot@anthropic.com)" 649 **0/649234**
216.73.216.219 - - [13/Jan/2026:08:02:17 -0700] "GET /upload/941768052927.php?fileloc=%2Fhome%2Fni05r7l36tus%2Fpublic_html%2Fannapurnaed.com%2Fadmin%2Fckeditor%2F_source%2Fplugins%2Fa11yhelp%2Flang%2Fda.js&path=%2Fhome%2Fni05r7l36tus%2Fpublic_html%2Fannapurnaed.com%2Fadmin%2Fckeditor%2F_source%2Fplugins%2Fa11yhelp%2Flang HTTP/2.0" 200 5518 "-" "Mozilla/5.0 AppleWebKit/537.36 (KHTML, like Gecko; compatible; ClaudeBot/1.0; +claudebot@anthropic.com)" 658 **0/658107**
216.73.216.219 - - [13/Jan/2026:08:02:18 -0700] "GET /upload/941768052927.php?fileloc=%2Fhome%2Fni05r7l36tus%2Fpublic_html%2Fannapurnaed.com%2Fadmin%2Fckeditor%2Fplugins%2Fa11yhelp%2Fdialogs%2Fa11yhelp.js&path=%2Fhome%2Fni05r7l36tus%2Fpublic_html%2Fannapurnaed.com%2Fadmin%2Fckeditor%2Fplugins%2Fa11yhelp%2Fdialogs HTTP/2.0" 200 6049 "-" "Mozilla/5.0 AppleWebKit/537.36 (KHTML, like Gecko; compatible; ClaudeBot/1.0; +claudebot@anthropic.com)" 656 **0/656888**
216.73.216.219 - - [13/Jan/2026:08:02:18 -0700] "GET /upload/941768052927.php?fileloc=%2Fhome%2Fni05r7l36tus%2Fpublic_html%2Fannapurnaed.com%2Fadmin%2Fckeditor%2F_source%2Fplugins%2Fa11yhelp%2Flang%2Ffa.js&path=%2Fhome%2Fni05r7l36tus%2Fpublic_html%2Fannapurnaed.com%2Fadmin%2Fckeditor%2F_source%2Fplugins%2Fa11yhelp%2Flang HTTP/2.0" 200 5837 "-" "Mozilla/5.0 AppleWebKit/537.36 (KHTML, like Gecko; compatible; ClaudeBot/1.0; +claudebot@anthropic.com)" 656 **0/656710**
216.73.216.219 - - [13/Jan/2026:08:02:19 -0700] "GET /upload/941768052927.php?fileloc=%2F%2Fopt%2Falt%2Fpython37%2Flib%2Fpython3.7%2Fsite-packages%2Fjwt%2F__pycache__%2Fjwks_client.cpython-37.pyc&path=%2F%2Fopt%2Falt%2Fpython37%2Flib%2Fpython3.7%2Fsite-packages%2Fjwt%2F__pycache__ HTTP/2.0" 200 5748 "-" "Mozilla/5.0 AppleWebKit/537.36 (KHTML, like Gecko; compatible; ClaudeBot/1.0; +claudebot@anthropic.com)" 648 **0/648210**
216.73.216.219 - - [13/Jan/2026:08:02:19 -0700] "GET /upload/941768052927.php?fileloc=%2F%2Fopt%2Falt%2Fpython37%2Flib%2Fpython3.7%2Fsite-packages%2Ffilelock%2F__pycache__%2F_unix.cpython-37.pyc&path=%2F%2Fopt%2Falt%2Fpython37%2Flib%2Fpython3.7%2Fsite-packages%2Ffilelock%2F__pycache__ HTTP/2.0" 200 5352 "-" "Mozilla/5.0 AppleWebKit/537.36 (KHTML, like Gecko; compatible; ClaudeBot/1.0; +claudebot@anthropic.com)" 649 **0/649978**
216.73.216.219 - - [13/Jan/2026:08:02:33 -0700] "GET /upload/941768052927.php?fileloc=%2Fhome%2Fni05r7l36tus%2Fpublic_html%2Fannapurnaed.com%2Fadmin%2Fckeditor%2Fplugins%2Fa11yhelp%2Flang%2Ffi.js&path=%2Fhome%2Fni05r7l36tus%2Fpublic_html%2Fannapurnaed.com%2Fadmin%2Fckeditor%2Fplugins%2Fa11yhelp%2Flang HTTP/2.0" 200 5521 "-" "Mozilla/5.0 AppleWebKit/537.36 (KHTML, like Gecko; compatible; ClaudeBot/1.0; +claudebot@anthropic.com)" 646 **0/646569**
216.73.216.219 - - [13/Jan/2026:08:02:33 -0700] "GET /upload/941768052927.php?fileloc=%2Fhome%2Fni05r7l36tus%2Fpublic_html%2Fannapurnaed.com%2Fadmin%2Fckeditor%2Fplugins%2Fa11yhelp%2Flang%2Fnl.js&path=%2Fhome%2Fni05r7l36tus%2Fpublic_html%2Fannapurnaed.com%2Fadmin%2Fckeditor%2Fplugins%2Fa11yhelp%2Flang HTTP/2.0" 200 5434 "-" "Mozilla/5.0 AppleWebKit/537.36 (KHTML, like Gecko; compatible; ClaudeBot/1.0; +claudebot@anthropic.com)" 650 **0/650051**
216.73.216.219 - - [13/Jan/2026:08:02:34 -0700] "GET /upload/941768052927.php?fileloc=%2Fhome%2Fni05r7l36tus%2Fpublic_html%2Fannapurnaed.com%2Fadmin%2Fckeditor%2Fplugins%2Fa11yhelp%2Flang%2Ffr.js&path=%2Fhome%2Fni05r7l36tus%2Fpublic_html%2Fannapurnaed.com%2Fadmin%2Fckeditor%2Fplugins%2Fa11yhelp%2Flang HTTP/2.0" 200 5626 "-" "Mozilla/5.0 AppleWebKit/537.36 (KHTML, like Gecko; compatible; ClaudeBot/1.0; +claudebot@anthropic.com)" 652 **0/652879**
216.73.216.219 - - [13/Jan/2026:08:02:34 -0700] "GET /upload/941768052927.php?fileloc=%2Fhome%2Fni05r7l36tus%2Fpublic_html%2Fannapurnaed.com%2Fadmin%2Fckeditor%2Fplugins%2Fa11yhelp%2Flang%2Fhe.js&path=%2Fhome%2Fni05r7l36tus%2Fpublic_html%2Fannapurnaed.com%2Fadmin%2Fckeditor%2Fplugins%2Fa11yhelp%2Flang HTTP/2.0" 200 5565 "-" "Mozilla/5.0 AppleWebKit/537.36 (KHTML, like Gecko; compatible; ClaudeBot/1.0; +claudebot@anthropic.com)" 660 **0/660060**
216.73.216.219 - - [13/Jan/2026:08:02:35 -0700] "GET /upload/941768052927.php?fileloc=%2Fhome%2Fni05r7l36tus%2Fpublic_html%2Fannapurnaed.com%2Fadmin%2Fckeditor%2Fplugins%2Fa11yhelp%2Flang%2Fmk.js&path=%2Fhome%2Fni05r7l36tus%2Fpublic_html%2Fannapurnaed.com%2Fadmin%2Fckeditor%2Fplugins%2Fa11yhelp%2Flang HTTP/2.0" 200 5493 "-" "Mozilla/5.0 AppleWebKit/537.36 (KHTML, like Gecko; compatible; ClaudeBot/1.0; +claudebot@anthropic.com)" 653 **0/653595**
216.73.216.219 - - [13/Jan/2026:08:02:35 -0700] "GET /upload/941768052927.php?fileloc=%2Fhome%2Fni05r7l36tus%2Fpublic_html%2Fannapurnaed.com%2Fadmin%2Fckeditor%2Fplugins%2Fa11yhelp%2Flang%2Fel.js&path=%2Fhome%2Fni05r7l36tus%2Fpublic_html%2Fannapurnaed.com%2Fadmin%2Fckeditor%2Fplugins%2Fa11yhelp%2Flang HTTP/2.0" 200 5884 "-" "Mozilla/5.0 AppleWebKit/537.36 (KHTML, like Gecko; compatible; ClaudeBot/1.0; +claudebot@anthropic.com)" 654 **0/654404**
114.119.144.165 - - [13/Jan/2026:08:03:13 -0700] "GET /?o=2560143 HTTP/1.1" 200 13988 "https://sumangalamcaterers.com/sitemap4.xml" "Mozilla/5.0 (Linux; Android 7.0;) AppleWebKit/537.36 (KHTML, like Gecko) Mobile Safari/537.36 (compatible; PetalBot;+https://webmaster.petalsearch.com/site/petalbot)" 64 **0/64928**
114.119.144.165 - - [13/Jan/2026:08:04:35 -0700] "GET /?o=2518449 HTTP/1.1" 200 13988 "https://sumangalamcaterers.com/?sitemap-1.xml" "Mozilla/5.0 (Linux; Android 7.0;) AppleWebKit/537.36 (KHTML, like Gecko) Mobile Safari/537.36 (compatible; PetalBot;+https://webmaster.petalsearch.com/site/petalbot)" 69 **0/69165**
114.119.128.154 - - [13/Jan/2026:08:05:58 -0700] "GET /?o=2511638 HTTP/1.1" 200 13988 "https://sumangalamcaterers.com/?sitemap-2.xml" "Mozilla/5.0 (Linux; Android 7.0;) AppleWebKit/537.36 (KHTML, like Gecko) Mobile Safari/537.36 (compatible; PetalBot;+https://webmaster.petalsearch.com/site/petalbot)" 125 **0/125382**
107.20.255.194 - - [13/Jan/2026:08:06:55 -0700] "GET /thread_ceremony.php HTTP/1.1" 404 - "-" "Mozilla/5.0 AppleWebKit/537.36 (KHTML, like Gecko; compatible; Amazonbot/0.1; +https://developer.amazon.com/support/amazonbot) Chrome/119.0.6045.214 Safari/537.36" 5 **0/5088**
114.119.141.249 - - [13/Jan/2026:08:07:23 -0700] "GET /?o=2509300 HTTP/1.1" 200 13988 "https://sumangalamcaterers.com/sitemap5.xml" "Mozilla/5.0 (Linux; Android 7.0;) AppleWebKit/537.36 (KHTML, like Gecko) Mobile Safari/537.36 (compatible; PetalBot;+https://webmaster.petalsearch.com/site/petalbot)" 56 **0/56964**
142.44.228.40 - - [13/Jan/2026:08:07:29 -0700] "GET /good.php?sitemap5.xml HTTP/2.0" 404 - "-" "Mozilla/5.0 (compatible; AhrefsBot/7.0; +http://ahrefs.com/robot/)" 9 **0/9493**
104.42.169.79 - - [13/Jan/2026:08:08:18 -0700] "GET /upload/941768052927.php?fileloc=//lib64/liblz4.so.1&path=//lib64 HTTP/1.1" 200 54638 "-" "Mozilla/5.0 (Windows NT 11.0; Win64; x64) AppleWebKit/537.36 (KHTML, like Gecko) Chrome/125.0.6090.163 Safari/537.36" 664 **0/664481**
104.42.169.79 - - [13/Jan/2026:08:08:18 -0700] "GET /upload/941768052927.php?fileloc=//lib64/liblz4.so.1&path=//lib64 HTTP/1.1" 200 54638 "-" "Mozilla/5.0 (Macintosh; Intel Mac OS X 15_2_1) AppleWebKit/618.5 (KHTML, like Gecko) Version/17.0 Safari/618.5" 659 **0/659308**
114.119.141.249 - - [13/Jan/2026:08:08:44 -0700] "GET /?o=2505560 HTTP/1.1" 200 13988 "https://sumangalamcaterers.com/sitemap4.xml" "Mozilla/5.0 (Linux; Android 7.0;) AppleWebKit/537.36 (KHTML, like Gecko) Mobile Safari/537.36 (compatible; PetalBot;+https://webmaster.petalsearch.com/site/petalbot)" 77 **0/77297**
114.119.141.249 - - [13/Jan/2026:08:10:08 -0700] "GET /?o=2485963 HTTP/1.1" 200 13988 "https://sumangalamcaterers.com/sitemap2.xml" "Mozilla/5.0 (Linux; Android 7.0;) AppleWebKit/537.36 (KHTML, like Gecko) Mobile Safari/537.36 (compatible; PetalBot;+https://webmaster.petalsearch.com/site/petalbot)" 104 **0/104296**
114.119.145.134 - - [13/Jan/2026:08:11:31 -0700] "GET /?o=2480598 HTTP/1.1" 200 13988 "https://sumangalamcaterers.com/?sitemap-1.xml" "Mozilla/5.0 (Linux; Android 7.0;) AppleWebKit/537.36 (KHTML, like Gecko) Mobile Safari/537.36 (compatible; PetalBot;+https://webmaster.petalsearch.com/site/petalbot)" 51 **0/51496**
114.119.144.165 - - [13/Jan/2026:08:12:56 -0700] "GET /?o=247069 HTTP/1.1" 200 13988 "https://sumangalamcaterers.com/?sitemap-1.xml" "Mozilla/5.0 (Linux; Android 7.0;) AppleWebKit/537.36 (KHTML, like Gecko) Mobile Safari/537.36 (compatible; PetalBot;+https://webmaster.petalsearch.com/site/petalbot)" 55 **0/55558**
95.108.213.188 - - [13/Jan/2026:08:13:37 -0700] "GET /robots.txt HTTP/1.1" 200 2394 "-" "Mozilla/5.0 (compatible; YandexBot/3.0; +http://yandex.com/bots)" 7 **0/7293**
213.180.203.16 - - [13/Jan/2026:08:13:38 -0700] "GET /main.php?sitemap-7.xml HTTP/1.1" 404 - "-" "Mozilla/5.0 (compatible; YandexBot/3.0; +http://yandex.com/bots)" 11 **0/11987**
95.108.213.194 - - [13/Jan/2026:08:13:38 -0700] "GET /main.php?sitemap-3.xml HTTP/1.1" 404 - "-" "Mozilla/5.0 (compatible; YandexBot/3.0; +http://yandex.com/bots)" 10 **0/10874**
5.255.231.137 - - [13/Jan/2026:08:13:41 -0700] "GET /?sitemap-3.xml HTTP/1.1" 200 13988 "-" "Mozilla/5.0 (compatible; YandexBot/3.0; +http://yandex.com/bots)" 61 **0/61126**
114.119.141.249 - - [13/Jan/2026:08:14:19 -0700] "GET /?o=2452980 HTTP/1.1" 200 13988 "https://sumangalamcaterers.com/?sitemap-5.xml" "Mozilla/5.0 (Linux; Android 7.0;) AppleWebKit/537.36 (KHTML, like Gecko) Mobile Safari/537.36 (compatible; PetalBot;+https://webmaster.petalsearch.com/site/petalbot)" 42 **0/42801**
104.42.169.79 - - [13/Jan/2026:08:15:09 -0700] "GET /upload/941768052927.php?fileloc=/home/ni05r7l36tus/www/sabksolutions.com/departmentstaffeddetails.php&path=/home/ni05r7l36tus/www/sabksolutions.com HTTP/1.1" 200 - "-" "Mozilla/5.0 (Windows NT 10.0; Win64; x64) AppleWebKit/537.36 (KHTML, like Gecko) Chrome/124.0.6829.105 Safari/537.36" 108 **0/108418**
104.210.60.114 - - [13/Jan/2026:08:15:09 -0700] "GET /upload/941768052927.php?fileloc=//lib64/libxtables.so.12&path=//lib64 HTTP/1.1" 404 - "-" "Mozilla/5.0 (Macintosh; Intel Mac OS X 15_1_3) AppleWebKit/537.36 (KHTML, like Gecko) Chrome/128.0.6537.134 Safari/537.36" 138 **0/138137**
104.210.60.112 - - [13/Jan/2026:08:15:09 -0700] "GET /upload/941768052927.php?path=//lib64/pkgconfig HTTP/1.1" 200 - "-" "Mozilla/5.0 (Macintosh; Intel Mac OS X 14_4_3) AppleWebKit/537.36 (KHTML, like Gecko) Chrome/128.0.6074.174 Safari/537.36" 170 **0/170299**
104.42.169.77 - - [13/Jan/2026:08:15:09 -0700] "GET /upload/941768052927.php?fileloc=//proc/misc&path=//proc HTTP/1.1" 404 - "-" "Mozilla/5.0 (Windows NT 11.0; Win64; x64) AppleWebKit/537.36 (KHTML, like Gecko) Chrome/122.0.6352.177 Safari/537.36 Edg/122.0.2040.68" 169 **0/169283**
104.42.169.79 - - [13/Jan/2026:08:15:09 -0700] "GET /upload/941768052927.php?fileloc=//lib64/libboost_filesystem.so.1.66.0&path=//lib64 HTTP/1.1" 200 - "-" "Mozilla/5.0 (Windows NT 11.0; Win64; x64; rv:130.0) Gecko/20100101 Firefox/130.0" 155 **0/155962**
104.42.169.77 - - [13/Jan/2026:08:15:09 -0700] "GET /upload/941768052927.php?fileloc=//lib64/libnpth.so.0.1.1&path=//lib64 HTTP/1.1" 200 - "-" "Mozilla/5.0 (Windows NT 10.0; Win64; x64; rv:123.0) Gecko/20100101 Firefox/123.0" 183 **0/183694**
104.42.169.79 - - [13/Jan/2026:08:15:09 -0700] "GET /upload/941768052927.php?fileloc=/home/ni05r7l36tus/www/sabksolutions.com/departmentstaffeddetails.php&path=/home/ni05r7l36tus/www/sabksolutions.com HTTP/1.1" 404 - "-" "Mozilla/5.0 (Macintosh; Intel Mac OS X 15_7_5; rv:127.0) Gecko/20100101 Firefox/127.0" 141 **0/141157**
168.62.28.67 - - [13/Jan/2026:08:15:09 -0700] "GET /upload/941768052927.php?fileloc=//lib64/libxcb-xinerama.so&path=//lib64 HTTP/1.1" 200 - "-" "Mozilla/5.0 (Windows NT 10.0; Win64; x64) AppleWebKit/537.36 (KHTML, like Gecko) Chrome/131.0.6062.160 Safari/537.36" 358 **0/358610**
104.42.169.79 - - [13/Jan/2026:08:15:09 -0700] "GET /upload/941768052927.php?fileloc=//lib64/libboost_filesystem.so.1.66.0&path=//lib64 HTTP/1.1" 404 - "-" "Mozilla/5.0 (Macintosh; Intel Mac OS X 15_6_4) AppleWebKit/617.1 (KHTML, like Gecko) Version/18.1 Safari/617.1" 238 **0/238189**
104.210.60.112 - - [13/Jan/2026:08:15:09 -0700] "GET /upload/941768052927.php?path=//lib64/hmaccalc HTTP/1.1" 200 4708 "-" "Mozilla/5.0 (Macintosh; Intel Mac OS X 15_0_0) AppleWebKit/537.36 (KHTML, like Gecko) Chrome/127.0.6019.151 Safari/537.36" 694 **0/694336**
104.210.60.115 - - [13/Jan/2026:08:15:09 -0700] "GET /upload/941768052927.php?fileloc=//lib64/security/pam_pwhistory.so&path=//lib64/security HTTP/1.1" 200 - "-" "Mozilla/5.0 (Windows NT 10.0; Win64; x64) AppleWebKit/537.36 (KHTML, like Gecko) Chrome/128.0.6368.133 Safari/537.36" 274 **0/274383**
104.42.169.78 - - [13/Jan/2026:08:15:09 -0700] "GET /upload/941768052927.php?fileloc=//lib64/libyaz_server.so.5.0.0&path=//lib64 HTTP/1.1" 200 35400 "-" "Mozilla/5.0 (Windows NT 10.0; Win64; x64; rv:132.0) Gecko/20100101 Firefox/132.0" 804 **0/804284**
104.210.60.112 - - [13/Jan/2026:08:15:09 -0700] "GET /upload/941768052927.php?path=//proc/1882134 HTTP/1.1" 200 4376 "-" "Mozilla/5.0 (Windows NT 11.0) AppleWebKit/537.36 (KHTML, like Gecko) Chrome/120.0.6962.198 Safari/537.36" 923 **0/923878**
104.42.173.252 - - [13/Jan/2026:08:15:09 -0700] "GET /upload/941768052927.php?fileloc=//lib64/libboost_system.so.1.66.0&path=//lib64 HTTP/1.1" 200 11199 "-" "Mozilla/5.0 (X11; Linux x86_64) AppleWebKit/537.36 (KHTML, like Gecko) Chrome/129.0.6247.157 Safari/537.36" 907 **0/907588**
104.210.60.115 - - [13/Jan/2026:08:15:10 -0700] "GET /upload/941768052927.php?fileloc=//lib64/security/pam_pwhistory.so&path=//lib64/security HTTP/1.1" 404 - "-" "Mozilla/5.0 (Macintosh; Intel Mac OS X 15_6_1) AppleWebKit/616.8 (KHTML, like Gecko) Version/18.1 Safari/616.8" 152 **0/152767**
104.42.173.254 - - [13/Jan/2026:08:15:09 -0700] "GET /upload/941768052927.php?fileloc=//lib64/libpsl.so.5&path=//lib64 HTTP/1.1" 200 48603 "-" "Mozilla/5.0 (Macintosh; Intel Mac OS X 14_2_1) AppleWebKit/617.5 (KHTML, like Gecko) Version/17.0 Safari/617.5" 1019 **1/1019686**
104.42.173.254 - - [13/Jan/2026:08:15:09 -0700] "GET /upload/941768052927.php?fileloc=//lib64/libxcb-render.so.0&path=//lib64 HTTP/1.1" 200 18227 "-" "Mozilla/5.0 (Windows NT 10.0; Win64; x64) AppleWebKit/537.36 (KHTML, like Gecko) Chrome/121.0.6308.191 Safari/537.36" 962 **0/962148**
104.42.169.76 - - [13/Jan/2026:08:15:09 -0700] "GET /upload/941768052927.php?fileloc=//lib64/libnfnetlink.so.0.2.0&path=//lib64 HTTP/1.1" 200 16513 "-" "Mozilla/5.0 (Windows NT 11.0; Win64; x64) AppleWebKit/537.36 (KHTML, like Gecko) Chrome/123.0.6516.126 Safari/537.36" 947 **0/947342**
104.42.169.77 - - [13/Jan/2026:08:15:09 -0700] "GET /upload/941768052927.php?fileloc=//lib64/libxcb-present.so.0.0.0&path=//lib64 HTTP/1.1" 200 8508 "-" "Mozilla/5.0 (Macintosh; Intel Mac OS X 15_0_0) AppleWebKit/537.36 (KHTML, like Gecko) Chrome/123.0.6230.153 Safari/537.36" 848 **0/848277**
168.62.28.66 - - [13/Jan/2026:08:15:09 -0700] "GET /upload/941768052927.php?fileloc=//lib64/libprotobuf-c.so.1&path=//lib64 HTTP/1.1" 200 20023 "-" "Mozilla/5.0 (Macintosh; Intel Mac OS X 14_0_9) AppleWebKit/537.36 (KHTML, like Gecko) Chrome/123.0.6311.179 Safari/537.36" 992 **0/992977**
104.42.173.253 - - [13/Jan/2026:08:15:09 -0700] "GET /upload/941768052927.php?fileloc=//lib64/libmemcached.so.11&path=//lib64 HTTP/1.1" 200 91328 "-" "Mozilla/5.0 (Windows NT 11.0; Win64; x64) AppleWebKit/537.36 (KHTML, like Gecko) Chrome/125.0.6690.187 Safari/537.36" 1284 **1/1284374**
168.62.28.66 - - [13/Jan/2026:08:15:09 -0700] "GET /upload/941768052927.php?fileloc=//lib64/libicutest.so.60&path=//lib64 HTTP/1.1" 200 30136 "-" "Mozilla/5.0 (Macintosh; Intel Mac OS X 15_0_6) AppleWebKit/537.36 (KHTML, like Gecko) Chrome/129.0.6409.126 Safari/537.36" 1470 **1/1470150**
104.42.169.79 - - [13/Jan/2026:08:15:09 -0700] "GET /upload/941768052927.php?fileloc=//lib64/libisccfg.so.163&path=//lib64 HTTP/1.1" 200 55406 "-" "Mozilla/5.0 (X11; Linux x86_64) AppleWebKit/537.36 (KHTML, like Gecko) Chrome/124.0.6435.122 Safari/537.36 Edg/124.0.2151.84" 1614 **1/1614658**
168.62.28.67 - - [13/Jan/2026:08:15:10 -0700] "GET /upload/941768052927.php?fileloc=//lib64/libxcb-xinerama.so&path=//lib64 HTTP/1.1" 200 8121 "-" "Mozilla/5.0 (Windows NT 10.0; Win64; x64) AppleWebKit/537.36 (KHTML, like Gecko) Chrome/131.0.6364.141 Safari/537.36 Edg/131.0.2559.72" 1029 **1/1029082**
104.210.60.112 - - [13/Jan/2026:08:15:09 -0700] "GET /upload/941768052927.php?fileloc=//lib64/libsmartcols.so.1.1.0&path=//lib64 HTTP/1.1" 200 89012 "-" "Mozilla/5.0 (Windows NT 10.0; Win64; x64) AppleWebKit/537.36 (KHTML, like Gecko) Chrome/124.0.6024.179 Safari/537.36" 1511 **1/1511329**
104.42.169.77 - - [13/Jan/2026:08:15:09 -0700] "GET /upload/941768052927.php?fileloc=//lib64/libnpth.so.0.1.1&path=//lib64 HTTP/1.1" 200 10672 "-" "Mozilla/5.0 (Windows NT 10.0; Win64; x64) AppleWebKit/537.36 (KHTML, like Gecko) Chrome/129.0.6407.189 Safari/537.36 Edg/129.0.2923.71" 1236 **1/1236246**
104.210.60.112 - - [13/Jan/2026:08:15:09 -0700] "GET /upload/941768052927.php?path=//lib64/pkgconfig HTTP/1.1" 200 7226 "-" "Mozilla/5.0 (Windows NT 10.0; Win64; x64) AppleWebKit/537.36 (KHTML, like Gecko) Chrome/131.0.6449.110 Safari/537.36" 1352 **1/1352372**
168.62.28.65 - - [13/Jan/2026:08:15:09 -0700] "GET /upload/941768052927.php?fileloc=//lib64/libexpat.so.1.8.10&path=//lib64 HTTP/1.1" 200 78633 "-" "Mozilla/5.0 (Macintosh; Intel Mac OS X 14_4_4) AppleWebKit/537.36 (KHTML, like Gecko) Chrome/131.0.6255.158 Safari/537.36 Edg/131.0.2897.113" 1598 **1/1598261**
104.42.169.77 - - [13/Jan/2026:08:15:09 -0700] "GET /upload/941768052927.php?fileloc=//lib64/libgearman.so.8.0.0&path=//lib64 HTTP/1.1" 200 81625 "-" "Mozilla/5.0 (Windows NT 10.0; Win64; x64) AppleWebKit/537.36 (KHTML, like Gecko) Chrome/127.0.6162.146 Safari/537.36" 1592 **1/1592468**
104.210.60.112 - - [13/Jan/2026:08:15:10 -0700] "GET /upload/941768052927.php?path=//lib64/hmaccalc HTTP/1.1" 200 4708 "-" "Mozilla/5.0 (Windows NT 11.0; Win64; x64) AppleWebKit/537.36 (KHTML, like Gecko) Chrome/131.0.6224.187 Safari/537.36" 1230 **1/1230580**
104.210.60.113 - - [13/Jan/2026:08:15:09 -0700] "GET /upload/941768052927.php?fileloc=//lib64/libmodulemd.so.2&path=//lib64 HTTP/1.1" 200 202943 "-" "Mozilla/5.0 (Windows NT 10.0; Win64; x64; rv:133.0) Gecko/20100101 Firefox/133.0" 1782 **1/1782311**
104.42.173.252 - - [13/Jan/2026:08:15:10 -0700] "GET /upload/941768052927.php?fileloc=//lib64/libboost_system.so.1.66.0&path=//lib64 HTTP/1.1" 200 11199 "-" "Mozilla/5.0 (Macintosh; Intel Mac OS X 14_3_9) AppleWebKit/537.36 (KHTML, like Gecko) Chrome/123.0.6657.152 Safari/537.36" 1155 **1/1155097**
104.42.169.78 - - [13/Jan/2026:08:15:10 -0700] "GET /upload/941768052927.php?fileloc=//lib64/libyaz_server.so.5.0.0&path=//lib64 HTTP/1.1" 200 35400 "-" "Mozilla/5.0 (Macintosh; Intel Mac OS X 14_4_1) AppleWebKit/615.2 (KHTML, like Gecko) Version/17.1 Safari/615.2" 1546 **1/1546066**
104.210.60.112 - - [13/Jan/2026:08:15:10 -0700] "GET /upload/941768052927.php?path=//proc/1882134 HTTP/1.1" 200 4376 "-" "Mozilla/5.0 (Macintosh; Intel Mac OS X 14_5_7) AppleWebKit/537.36 (KHTML, like Gecko) Chrome/131.0.6939.111 Safari/537.36" 1368 **1/1368069**
104.42.173.254 - - [13/Jan/2026:08:15:10 -0700] "GET /upload/941768052927.php?fileloc=//lib64/libxcb-render.so.0&path=//lib64 HTTP/1.1" 200 18227 "-" "Mozilla/5.0 (X11; Linux x86_64) AppleWebKit/537.36 (KHTML, like Gecko) Chrome/129.0.6876.189 Safari/537.36" 1561 **1/1561238**
104.42.173.254 - - [13/Jan/2026:08:15:10 -0700] "GET /upload/941768052927.php?fileloc=//lib64/libpsl.so.5&path=//lib64 HTTP/1.1" 200 48603 "-" "Mozilla/5.0 (Windows NT 11.0; Win64; x64; rv:132.0) Gecko/20100101 Firefox/132.0" 1651 **1/1651109**
104.42.169.77 - - [13/Jan/2026:08:15:10 -0700] "GET /upload/941768052927.php?fileloc=//lib64/libxcb-present.so.0.0.0&path=//lib64 HTTP/1.1" 200 8508 "-" "Mozilla/5.0 (X11; Linux x86_64) AppleWebKit/537.36 (KHTML, like Gecko) Chrome/127.0.6171.157 Safari/537.36" 1651 **1/1651963**
104.42.169.76 - - [13/Jan/2026:08:15:10 -0700] "GET /upload/941768052927.php?fileloc=//lib64/libnfnetlink.so.0.2.0&path=//lib64 HTTP/1.1" 200 16513 "-" "Mozilla/5.0 (X11; Linux x86_64; rv:124.0) Gecko/20100101 Firefox/124.0" 1655 **1/1655464**
168.62.28.66 - - [13/Jan/2026:08:15:10 -0700] "GET /upload/941768052927.php?fileloc=//lib64/libprotobuf-c.so.1&path=//lib64 HTTP/1.1" 200 20023 "-" "Mozilla/5.0 (Windows NT 10.0; Win64; x64) AppleWebKit/537.36 (KHTML, like Gecko) Chrome/126.0.6168.162 Safari/537.36" 1745 **1/1745961**
104.42.173.253 - - [13/Jan/2026:08:15:10 -0700] "GET /upload/941768052927.php?fileloc=//lib64/libmemcached.so.11&path=//lib64 HTTP/1.1" 200 91328 "-" "Mozilla/5.0 (Windows NT 11.0; Win64; x64) AppleWebKit/537.36 (KHTML, like Gecko) Chrome/130.0.6831.194 Safari/537.36" 1545 **1/1545134**
104.42.169.79 - - [13/Jan/2026:08:15:11 -0700] "GET /upload/941768052927.php?fileloc=//lib64/libisccfg.so.163&path=//lib64 HTTP/1.1" 200 55406 "-" "Mozilla/5.0 (Windows NT 11.0; Win64; x64) AppleWebKit/537.36 (KHTML, like Gecko) Chrome/125.0.6789.142 Safari/537.36" 1171 **1/1171583**
168.62.28.66 - - [13/Jan/2026:08:15:11 -0700] "GET /upload/941768052927.php?fileloc=//lib64/libicutest.so.60&path=//lib64 HTTP/1.1" 200 30136 "-" "Mozilla/5.0 (Windows NT 11.0) AppleWebKit/537.36 (KHTML, like Gecko) Chrome/131.0.6955.140 Safari/537.36 Edg/131.0.2907.73" 1262 **1/1262225**
104.210.60.112 - - [13/Jan/2026:08:15:11 -0700] "GET /upload/941768052927.php?fileloc=//lib64/libsmartcols.so.1.1.0&path=//lib64 HTTP/1.1" 200 89012 "-" "Mozilla/5.0 (Windows NT 10.0; Win64; x64) AppleWebKit/537.36 (KHTML, like Gecko) Chrome/126.0.6296.174 Safari/537.36" 1379 **1/1379273**
104.42.169.77 - - [13/Jan/2026:08:15:11 -0700] "GET /upload/941768052927.php?fileloc=//lib64/libgearman.so.8.0.0&path=//lib64 HTTP/1.1" 200 81625 "-" "Mozilla/5.0 (Windows NT 11.0; Win64; x64) AppleWebKit/537.36 (KHTML, like Gecko) Chrome/124.0.6058.129 Safari/537.36" 1450 **1/1450551**
168.62.28.65 - - [13/Jan/2026:08:15:11 -0700] "GET /upload/941768052927.php?fileloc=//lib64/libexpat.so.1.8.10&path=//lib64 HTTP/1.1" 200 78633 "-" "Mozilla/5.0 (X11; Linux x86_64) AppleWebKit/537.36 (KHTML, like Gecko) Chrome/127.0.6591.198 Safari/537.36" 1464 **1/1464558**
104.210.60.113 - - [13/Jan/2026:08:15:11 -0700] "GET /upload/941768052927.php?fileloc=//lib64/libmodulemd.so.2&path=//lib64 HTTP/1.1" 200 202943 "-" "Mozilla/5.0 (Macintosh; Intel Mac OS X 15_0_8) AppleWebKit/537.36 (KHTML, like Gecko) Chrome/126.0.6619.155 Safari/537.36 Edg/126.0.2200.121" 1460 **1/1460369**
104.210.60.115 - - [13/Jan/2026:08:15:09 -0700] "GET /upload/941768052927.php?fileloc=//lib64/libvpx.so.5.0.0&path=//lib64 HTTP/1.1" 200 747799 "-" "Mozilla/5.0 (X11; Linux x86_64) AppleWebKit/537.36 (KHTML, like Gecko) Chrome/121.0.6371.183 Safari/537.36" 3488 **3/3488657**
104.210.60.115 - - [13/Jan/2026:08:15:13 -0700] "GET /upload/941768052927.php?fileloc=//lib64/libvpx.so.5.0.0&path=//lib64 HTTP/1.1" 200 747799 "-" "Mozilla/5.0 (X11; Linux x86_64) AppleWebKit/537.36 (KHTML, like Gecko) Chrome/129.0.6877.165 Safari/537.36" 1015 **1/1015690**
114.119.146.88 - - [13/Jan/2026:08:15:43 -0700] "GET /?o=2406227 HTTP/1.1" 200 13988 "https://sumangalamcaterers.com/?sitemap-2.xml" "Mozilla/5.0 (Linux; Android 7.0;) AppleWebKit/537.36 (KHTML, like Gecko) Mobile Safari/537.36 (compatible; PetalBot;+https://webmaster.petalsearch.com/site/petalbot)" 83 **0/83255**
50.16.248.61 - - [13/Jan/2026:08:16:05 -0700] "GET /servicedetail.php?id=12 HTTP/1.1" 404 - "-" "Mozilla/5.0 AppleWebKit/537.36 (KHTML, like Gecko; compatible; Amazonbot/0.1; +https://developer.amazon.com/support/amazonbot) Chrome/119.0.6045.214 Safari/537.36" 5 **0/5711**
216.73.216.219 - - [13/Jan/2026:08:16:09 -0700] "GET /upload/941768052927.php?fileloc=%2F%2Fopt%2Falt%2Fpython37%2Flib64%2Fpython3.7%2Fdistutils%2Fcommand%2F__pycache__%2Finstall_lib.cpython-37.opt-2.pyc&path=%2F%2Fopt%2Falt%2Fpython37%2Flib64%2Fpython3.7%2Fdistutils%2Fcommand%2F__pycache__ HTTP/2.0" 200 6811 "-" "Mozilla/5.0 AppleWebKit/537.36 (KHTML, like Gecko; compatible; ClaudeBot/1.0; +claudebot@anthropic.com)" 642 **0/642945**
216.73.216.219 - - [13/Jan/2026:08:16:09 -0700] "GET /upload/941768052927.php?fileloc=%2F%2Fopt%2Falt%2Fpython37%2Flib64%2Fpython3.7%2Fdistutils%2Fcommand%2F__pycache__%2Fbuild_ext.cpython-37.pyc&path=%2F%2Fopt%2Falt%2Fpython37%2Flib64%2Fpython3.7%2Fdistutils%2Fcommand%2F__pycache__ HTTP/2.0" 200 12147 "-" "Mozilla/5.0 AppleWebKit/537.36 (KHTML, like Gecko; compatible; ClaudeBot/1.0; +claudebot@anthropic.com)" 654 **0/654348**
216.73.216.219 - - [13/Jan/2026:08:16:10 -0700] "GET /upload/941768052927.php?fileloc=%2F%2Fopt%2Falt%2Fpython37%2Flib64%2Fpython3.7%2Fdistutils%2Fcommand%2F__pycache__%2Fconfig.cpython-37.pyc&path=%2F%2Fopt%2Falt%2Fpython37%2Flib64%2Fpython3.7%2Fdistutils%2Fcommand%2F__pycache__ HTTP/2.0" 200 9103 "-" "Mozilla/5.0 AppleWebKit/537.36 (KHTML, like Gecko; compatible; ClaudeBot/1.0; +claudebot@anthropic.com)" 653 **0/653396**
216.73.216.219 - - [13/Jan/2026:08:16:11 -0700] "GET /upload/941768052927.php?fileloc=%2F%2Fopt%2Falt%2Fpython37%2Flib64%2Fpython3.7%2Fdistutils%2Fcommand%2F__pycache__%2Fbuild.cpython-37.pyc&path=%2F%2Fopt%2Falt%2Fpython37%2Flib64%2Fpython3.7%2Fdistutils%2Fcommand%2F__pycache__ HTTP/2.0" 200 6315 "-" "Mozilla/5.0 AppleWebKit/537.36 (KHTML, like Gecko; compatible; ClaudeBot/1.0; +claudebot@anthropic.com)" 657 **0/657599**
216.73.216.219 - - [13/Jan/2026:08:16:11 -0700] "GET /upload/941768052927.php?fileloc=%2F%2Fopt%2Falt%2Fpython37%2Flib64%2Fpython3.7%2Fdistutils%2Fcommand%2F__pycache__%2Fbdist.cpython-37.pyc&path=%2F%2Fopt%2Falt%2Fpython37%2Flib64%2Fpython3.7%2Fdistutils%2Fcommand%2F__pycache__ HTTP/2.0" 200 6460 "-" "Mozilla/5.0 AppleWebKit/537.36 (KHTML, like Gecko; compatible; ClaudeBot/1.0; +claudebot@anthropic.com)" 655 **0/655086**
216.73.216.219 - - [13/Jan/2026:08:16:12 -0700] "GET /upload/941768052927.php?fileloc=%2F%2Fopt%2Falt%2Fpython37%2Flib64%2Fpython3.7%2Fdistutils%2Fcommand%2F__pycache__%2Finstall_data.cpython-37.opt-1.pyc&path=%2F%2Fopt%2Falt%2Fpython37%2Flib64%2Fpython3.7%2Fdistutils%2Fcommand%2F__pycache__ HTTP/2.0" 200 5685 "-" "Mozilla/5.0 AppleWebKit/537.36 (KHTML, like Gecko; compatible; ClaudeBot/1.0; +claudebot@anthropic.com)" 657 **0/657044**
216.73.216.219 - - [13/Jan/2026:08:16:12 -0700] "GET /upload/941768052927.php?fileloc=%2F%2Fopt%2Falt%2Fpython37%2Flib64%2Fpython3.7%2Fdistutils%2Fcommand%2F__pycache__%2Fregister.cpython-37.pyc&path=%2F%2Fopt%2Falt%2Fpython37%2Flib64%2Fpython3.7%2Fdistutils%2Fcommand%2F__pycache__ HTTP/2.0" 200 8836 "-" "Mozilla/5.0 AppleWebKit/537.36 (KHTML, like Gecko; compatible; ClaudeBot/1.0; +claudebot@anthropic.com)" 645 **0/645259**
216.73.216.219 - - [13/Jan/2026:08:16:13 -0700] "GET /upload/941768052927.php?fileloc=%2F%2Fopt%2Falt%2Fpython37%2Flib64%2Fpython3.7%2Fdistutils%2Fcommand%2F__pycache__%2Fclean.cpython-37.pyc&path=%2F%2Fopt%2Falt%2Fpython37%2Flib64%2Fpython3.7%2Fdistutils%2Fcommand%2F__pycache__ HTTP/2.0" 200 5564 "-" "Mozilla/5.0 AppleWebKit/537.36 (KHTML, like Gecko; compatible; ClaudeBot/1.0; +claudebot@anthropic.com)" 641 **0/641221**
216.73.216.219 - - [13/Jan/2026:08:16:13 -0700] "GET /upload/941768052927.php?fileloc=%2F%2Fopt%2Falt%2Fpython37%2Flib64%2Fpython3.7%2Fdistutils%2Fcommand%2F__pycache__%2Fcheck.cpython-37.pyc&path=%2F%2Fopt%2Falt%2Fpython37%2Flib64%2Fpython3.7%2Fdistutils%2Fcommand%2F__pycache__ HTTP/2.0" 200 7019 "-" "Mozilla/5.0 AppleWebKit/537.36 (KHTML, like Gecko; compatible; ClaudeBot/1.0; +claudebot@anthropic.com)" 652 **0/652110**
216.73.216.219 - - [13/Jan/2026:08:16:14 -0700] "GET /upload/941768052927.php?fileloc=%2F%2Fopt%2Falt%2Fpython37%2Flib64%2Fpython3.7%2Fdistutils%2Fcommand%2F__pycache__%2Fbuild_scripts.cpython-37.opt-1.pyc&path=%2F%2Fopt%2Falt%2Fpython37%2Flib64%2Fpython3.7%2Fdistutils%2Fcommand%2F__pycache__ HTTP/2.0" 200 6874 "-" "Mozilla/5.0 AppleWebKit/537.36 (KHTML, like Gecko; compatible; ClaudeBot/1.0; +claudebot@anthropic.com)" 652 **0/652238**
216.73.216.219 - - [13/Jan/2026:08:16:14 -0700] "GET /upload/941768052927.php?fileloc=%2F%2Fopt%2Falt%2Fpython37%2Flib64%2Fpython3.7%2Fdistutils%2Fcommand%2F__pycache__%2F__init__.cpython-37.pyc&path=%2F%2Fopt%2Falt%2Fpython37%2Flib64%2Fpython3.7%2Fdistutils%2Fcommand%2F__pycache__ HTTP/2.0" 200 4771 "-" "Mozilla/5.0 AppleWebKit/537.36 (KHTML, like Gecko; compatible; ClaudeBot/1.0; +claudebot@anthropic.com)" 648 **0/648744**
216.73.216.219 - - [13/Jan/2026:08:16:15 -0700] "GET /upload/941768052927.php?fileloc=%2F%2Fopt%2Falt%2Fpython37%2Flib64%2Fpython3.7%2Fdistutils%2Fcommand%2F__pycache__%2Fupload.cpython-37.pyc&path=%2F%2Fopt%2Falt%2Fpython37%2Flib64%2Fpython3.7%2Fdistutils%2Fcommand%2F__pycache__ HTTP/2.0" 200 7486 "-" "Mozilla/5.0 AppleWebKit/537.36 (KHTML, like Gecko; compatible; ClaudeBot/1.0; +claudebot@anthropic.com)" 648 **0/648658**
216.73.216.219 - - [13/Jan/2026:08:16:39 -0700] "GET /upload/941768052927.php?fileloc=%2F%2Fopt%2Falt%2Fpython37%2Flib64%2Fpython3.7%2Fdistutils%2Fcommand%2F__pycache__%2Fupload.cpython-37.opt-1.pyc&path=%2F%2Fopt%2Falt%2Fpython37%2Flib64%2Fpython3.7%2Fdistutils%2Fcommand%2F__pycache__ HTTP/2.0" 200 7491 "-" "Mozilla/5.0 AppleWebKit/537.36 (KHTML, like Gecko; compatible; ClaudeBot/1.0; +claudebot@anthropic.com)" 653 **0/653257**
216.73.216.219 - - [13/Jan/2026:08:16:39 -0700] "GET /upload/941768052927.php?fileloc=%2F%2Fopt%2Falt%2Fpython37%2Flib64%2Fpython3.7%2Fdistutils%2Fcommand%2F__pycache__%2Fbdist.cpython-37.opt-2.pyc&path=%2F%2Fopt%2Falt%2Fpython37%2Flib64%2Fpython3.7%2Fdistutils%2Fcommand%2F__pycache__ HTTP/2.0" 200 6376 "-" "Mozilla/5.0 AppleWebKit/537.36 (KHTML, like Gecko; compatible; ClaudeBot/1.0; +claudebot@anthropic.com)" 655 **0/655320**
216.73.216.219 - - [13/Jan/2026:08:16:40 -0700] "GET /upload/941768052927.php?fileloc=%2F%2Fopt%2Falt%2Fpython37%2Flib64%2Fpython3.7%2Fdistutils%2Fcommand%2F__pycache__%2Finstall.cpython-37.opt-1.pyc&path=%2F%2Fopt%2Falt%2Fpython37%2Flib64%2Fpython3.7%2Fdistutils%2Fcommand%2F__pycache__ HTTP/2.0" 200 10630 "-" "Mozilla/5.0 AppleWebKit/537.36 (KHTML, like Gecko; compatible; ClaudeBot/1.0; +claudebot@anthropic.com)" 648 **0/648836**
216.73.216.219 - - [13/Jan/2026:08:16:40 -0700] "GET /upload/941768052927.php?fileloc=%2F%2Fopt%2Falt%2Fpython37%2Flib64%2Fpython3.7%2Fdistutils%2Fcommand%2F__pycache__%2Fregister.cpython-37.opt-2.pyc&path=%2F%2Fopt%2Falt%2Fpython37%2Flib64%2Fpython3.7%2Fdistutils%2Fcommand%2F__pycache__ HTTP/2.0" 200 8358 "-" "Mozilla/5.0 AppleWebKit/537.36 (KHTML, like Gecko; compatible; ClaudeBot/1.0; +claudebot@anthropic.com)" 641 **0/641710**
216.73.216.219 - - [13/Jan/2026:08:16:41 -0700] "GET /upload/941768052927.php?fileloc=%2F%2Fopt%2Falt%2Fpython37%2Flib64%2Fpython3.7%2Fdistutils%2Fcommand%2F__pycache__%2Fclean.cpython-37.opt-2.pyc&path=%2F%2Fopt%2Falt%2Fpython37%2Flib64%2Fpython3.7%2Fdistutils%2Fcommand%2F__pycache__ HTTP/2.0" 200 5530 "-" "Mozilla/5.0 AppleWebKit/537.36 (KHTML, like Gecko; compatible; ClaudeBot/1.0; +claudebot@anthropic.com)" 647 **0/647713**
216.73.216.219 - - [13/Jan/2026:08:16:41 -0700] "GET /upload/941768052927.php?fileloc=%2F%2Fopt%2Falt%2Fpython37%2Flib64%2Fpython3.7%2Fdistutils%2Fcommand%2F__pycache__%2Finstall_lib.cpython-37.opt-1.pyc&path=%2F%2Fopt%2Falt%2Fpython37%2Flib64%2Fpython3.7%2Fdistutils%2Fcommand%2F__pycache__ HTTP/2.0" 200 7064 "-" "Mozilla/5.0 AppleWebKit/537.36 (KHTML, like Gecko; compatible; ClaudeBot/1.0; +claudebot@anthropic.com)" 673 **0/673003**
216.73.216.219 - - [13/Jan/2026:08:16:42 -0700] "GET /upload/941768052927.php?fileloc=%2F%2Fopt%2Falt%2Fpython37%2Flib64%2Fpython3.7%2Fdistutils%2Fcommand%2F__pycache__%2Fcheck.cpython-37.opt-2.pyc&path=%2F%2Fopt%2Falt%2Fpython37%2Flib64%2Fpython3.7%2Fdistutils%2Fcommand%2F__pycache__ HTTP/2.0" 200 6780 "-" "Mozilla/5.0 AppleWebKit/537.36 (KHTML, like Gecko; compatible; ClaudeBot/1.0; +claudebot@anthropic.com)" 659 **0/659539**
216.73.216.219 - - [13/Jan/2026:08:16:42 -0700] "GET /upload/941768052927.php?fileloc=%2F%2Fopt%2Falt%2Fpython37%2Flib64%2Fpython3.7%2Fdistutils%2Fcommand%2F__pycache__%2F__init__.cpython-37.opt-2.pyc&path=%2F%2Fopt%2Falt%2Fpython37%2Flib64%2Fpython3.7%2Fdistutils%2Fcommand%2F__pycache__ HTTP/2.0" 200 4716 "-" "Mozilla/5.0 AppleWebKit/537.36 (KHTML, like Gecko; compatible; ClaudeBot/1.0; +claudebot@anthropic.com)" 640 **0/640689**
216.73.216.219 - - [13/Jan/2026:08:16:43 -0700] "GET /upload/941768052927.php?fileloc=%2F%2Fopt%2Falt%2Fpython37%2Flib64%2Fpython3.7%2Fdistutils%2Fcommand%2F__pycache__%2Fupload.cpython-37.opt-2.pyc&path=%2F%2Fopt%2Falt%2Fpython37%2Flib64%2Fpython3.7%2Fdistutils%2Fcommand%2F__pycache__ HTTP/2.0" 200 7408 "-" "Mozilla/5.0 AppleWebKit/537.36 (KHTML, like Gecko; compatible; ClaudeBot/1.0; +claudebot@anthropic.com)" 652 **0/652374**
216.73.216.219 - - [13/Jan/2026:08:16:43 -0700] "GET /upload/941768052927.php?fileloc=%2F%2Fopt%2Falt%2Fpython37%2Flib64%2Fpython3.7%2Fdistutils%2Fcommand%2F__pycache__%2Fbuild_py.cpython-37.pyc&path=%2F%2Fopt%2Falt%2Fpython37%2Flib64%2Fpython3.7%2Fdistutils%2Fcommand%2F__pycache__ HTTP/2.0" 200 9452 "-" "Mozilla/5.0 AppleWebKit/537.36 (KHTML, like Gecko; compatible; ClaudeBot/1.0; +claudebot@anthropic.com)" 661 **0/661524**
216.73.216.219 - - [13/Jan/2026:08:16:44 -0700] "GET /upload/941768052927.php?fileloc=%2F%2Fopt%2Falt%2Fpython37%2Flib64%2Fpython3.7%2Fdistutils%2Fcommand%2F__pycache__%2Fsdist.cpython-37.pyc&path=%2F%2Fopt%2Falt%2Fpython37%2Flib64%2Fpython3.7%2Fdistutils%2Fcommand%2F__pycache__ HTTP/2.0" 200 11032 "-" "Mozilla/5.0 AppleWebKit/537.36 (KHTML, like Gecko; compatible; ClaudeBot/1.0; +claudebot@anthropic.com)" 645 **0/645899**
216.73.216.219 - - [13/Jan/2026:08:16:44 -0700] "GET /upload/941768052927.php?fileloc=%2F%2Fopt%2Falt%2Fpython37%2Flib64%2Fpython3.7%2Fdistutils%2Fcommand%2F__pycache__%2Finstall.cpython-37.opt-2.pyc&path=%2F%2Fopt%2Falt%2Fpython37%2Flib64%2Fpython3.7%2Fdistutils%2Fcommand%2F__pycache__ HTTP/2.0" 200 10240 "-" "Mozilla/5.0 AppleWebKit/537.36 (KHTML, like Gecko; compatible; ClaudeBot/1.0; +claudebot@anthropic.com)" 656 **0/656684**
216.73.216.219 - - [13/Jan/2026:08:16:58 -0700] "GET /upload/941768052927.php?fileloc=%2F%2Fopt%2Falt%2Fpython37%2Flib64%2Fpython3.7%2Fdistutils%2Fcommand%2F__pycache__%2Fbdist_wininst.cpython-37.opt-2.pyc&path=%2F%2Fopt%2Falt%2Fpython37%2Flib64%2Fpython3.7%2Fdistutils%2Fcommand%2F__pycache__ HTTP/2.0" 200 8738 "-" "Mozilla/5.0 AppleWebKit/537.36 (KHTML, like Gecko; compatible; ClaudeBot/1.0; +claudebot@anthropic.com)" 664 **0/664407**
216.73.216.219 - - [13/Jan/2026:08:16:58 -0700] "GET /upload/941768052927.php?fileloc=%2F%2Fopt%2Falt%2Fpython37%2Flib64%2Fpython3.7%2Fdistutils%2Fcommand%2F__pycache__%2Fbdist_msi.cpython-37.opt-2.pyc&path=%2F%2Fopt%2Falt%2Fpython37%2Flib64%2Fpython3.7%2Fdistutils%2Fcommand%2F__pycache__ HTTP/2.0" 200 13160 "-" "Mozilla/5.0 AppleWebKit/537.36 (KHTML, like Gecko; compatible; ClaudeBot/1.0; +claudebot@anthropic.com)" 679 **0/679483**
216.73.216.219 - - [13/Jan/2026:08:16:59 -0700] "GET /upload/941768052927.php?fileloc=%2F%2Fopt%2Falt%2Fpython37%2Flib64%2Fpython3.7%2Fdistutils%2Fcommand%2F__pycache__%2Fbdist_dumb.cpython-37.opt-2.pyc&path=%2F%2Fopt%2Falt%2Fpython37%2Flib64%2Fpython3.7%2Fdistutils%2Fcommand%2F__pycache__ HTTP/2.0" 200 6298 "-" "Mozilla/5.0 AppleWebKit/537.36 (KHTML, like Gecko; compatible; ClaudeBot/1.0; +claudebot@anthropic.com)" 769 **0/769344**
216.73.216.219 - - [13/Jan/2026:08:17:00 -0700] "GET /upload/941768052927.php?path=%2F%2Fopt%2Falt%2Fpython311%2Flib%2Fpython3.11%2Fsite-packages%2Fsetuptools%2Fcommand%2F__pycache__ HTTP/2.0" 200 5437 "-" "Mozilla/5.0 AppleWebKit/537.36 (KHTML, like Gecko; compatible; ClaudeBot/1.0; +claudebot@anthropic.com)" 667 **0/667704**
216.73.216.219 - - [13/Jan/2026:08:17:00 -0700] "GET /upload/941768052927.php?fileloc=%2F%2Fopt%2Falt%2Fpython37%2Flib64%2Fpython3.7%2Fdistutils%2Fcommand%2F__pycache__%2Fbuild_py.cpython-37.opt-1.pyc&path=%2F%2Fopt%2Falt%2Fpython37%2Flib64%2Fpython3.7%2Fdistutils%2Fcommand%2F__pycache__ HTTP/2.0" 200 9428 "-" "Mozilla/5.0 AppleWebKit/537.36 (KHTML, like Gecko; compatible; ClaudeBot/1.0; +claudebot@anthropic.com)" 657 **0/657968**
216.73.216.219 - - [13/Jan/2026:08:17:01 -0700] "GET /upload/941768052927.php?fileloc=%2F%2Fopt%2Falt%2Fpython37%2Flib64%2Fpython3.7%2Fdistutils%2Fcommand%2F__pycache__%2Fsdist.cpython-37.opt-1.pyc&path=%2F%2Fopt%2Falt%2Fpython37%2Flib64%2Fpython3.7%2Fdistutils%2Fcommand%2F__pycache__ HTTP/2.0" 200 11037 "-" "Mozilla/5.0 AppleWebKit/537.36 (KHTML, like Gecko; compatible; ClaudeBot/1.0; +claudebot@anthropic.com)" 686 **0/686086**
216.73.216.219 - - [13/Jan/2026:08:17:01 -0700] "GET /upload/941768052927.php?fileloc=%2F%2Fopt%2Falt%2Fpython37%2Flib64%2Fpython3.7%2Fdistutils%2Fcommand%2F__pycache__%2Fbuild_ext.cpython-37.opt-1.pyc&path=%2F%2Fopt%2Falt%2Fpython37%2Flib64%2Fpython3.7%2Fdistutils%2Fcommand%2F__pycache__ HTTP/2.0" 200 12136 "-" "Mozilla/5.0 AppleWebKit/537.36 (KHTML, like Gecko; compatible; ClaudeBot/1.0; +claudebot@anthropic.com)" 658 **0/658512**
216.73.216.219 - - [13/Jan/2026:08:17:02 -0700] "GET /upload/941768052927.php?fileloc=%2F%2Fopt%2Falt%2Fpython37%2Flib64%2Fpython3.7%2Fdistutils%2Fcommand%2F__pycache__%2Fconfig.cpython-37.opt-1.pyc&path=%2F%2Fopt%2Falt%2Fpython37%2Flib64%2Fpython3.7%2Fdistutils%2Fcommand%2F__pycache__ HTTP/2.0" 200 9111 "-" "Mozilla/5.0 AppleWebKit/537.36 (KHTML, like Gecko; compatible; ClaudeBot/1.0; +claudebot@anthropic.com)" 665 **0/665550**
216.73.216.219 - - [13/Jan/2026:08:17:02 -0700] "GET /upload/941768052927.php?fileloc=%2F%2Fopt%2Falt%2Fpython37%2Flib64%2Fpython3.7%2Fdistutils%2Fcommand%2F__pycache__%2Fbuild.cpython-37.opt-1.pyc&path=%2F%2Fopt%2Falt%2Fpython37%2Flib64%2Fpython3.7%2Fdistutils%2Fcommand%2F__pycache__ HTTP/2.0" 200 6320 "-" "Mozilla/5.0 AppleWebKit/537.36 (KHTML, like Gecko; compatible; ClaudeBot/1.0; +claudebot@anthropic.com)" 672 **0/672050**
216.73.216.219 - - [13/Jan/2026:08:17:02 -0700] "GET /upload/941768052927.php?fileloc=%2F%2Fopt%2Falt%2Fpython37%2Flib64%2Fpython3.7%2Fdistutils%2Fcommand%2F__pycache__%2Fbdist.cpython-37.opt-1.pyc&path=%2F%2Fopt%2Falt%2Fpython37%2Flib64%2Fpython3.7%2Fdistutils%2Fcommand%2F__pycache__ HTTP/2.0" 200 6465 "-" "Mozilla/5.0 AppleWebKit/537.36 (KHTML, like Gecko; compatible; ClaudeBot/1.0; +claudebot@anthropic.com)" 662 **0/662893**
216.73.216.219 - - [13/Jan/2026:08:17:03 -0700] "GET /upload/941768052927.php?fileloc=%2F%2Fopt%2Falt%2Fpython37%2Flib64%2Fpython3.7%2Fdistutils%2Fcommand%2F__pycache__%2Fbuild_clib.cpython-37.pyc&path=%2F%2Fopt%2Falt%2Fpython37%2Flib64%2Fpython3.7%2Fdistutils%2Fcommand%2F__pycache__ HTTP/2.0" 200 6848 "-" "Mozilla/5.0 AppleWebKit/537.36 (KHTML, like Gecko; compatible; ClaudeBot/1.0; +claudebot@anthropic.com)" 673 **0/673472**
216.73.216.219 - - [13/Jan/2026:08:17:03 -0700] "GET /upload/941768052927.php?fileloc=%2F%2Fopt%2Falt%2Fpython37%2Flib64%2Fpython3.7%2Fdistutils%2Fcommand%2F__pycache__%2Fbuild_py.cpython-37.opt-2.pyc&path=%2F%2Fopt%2Falt%2Fpython37%2Flib64%2Fpython3.7%2Fdistutils%2Fcommand%2F__pycache__ HTTP/2.0" 200 8886 "-" "Mozilla/5.0 AppleWebKit/537.36 (KHTML, like Gecko; compatible; ClaudeBot/1.0; +claudebot@anthropic.com)" 672 **0/672367**
114.119.128.154 - - [13/Jan/2026:08:17:07 -0700] "GET /?o=2392691 HTTP/1.1" 200 13988 "https://sumangalamcaterers.com/sitemap3.xml" "Mozilla/5.0 (Linux; Android 7.0;) AppleWebKit/537.36 (KHTML, like Gecko) Mobile Safari/537.36 (compatible; PetalBot;+https://webmaster.petalsearch.com/site/petalbot)" 66 **0/66770**
216.73.216.219 - - [13/Jan/2026:08:17:09 -0700] "GET /upload/941768052927.php?fileloc=%2F%2Fopt%2Falt%2Fpython311%2Flib%2Fpython3.11%2Fsite-packages%2Fsetuptools%2Fcommand%2Fdevelop.py&path=%2F%2Fopt%2Falt%2Fpython311%2Flib%2Fpython3.11%2Fsite-packages%2Fsetuptools%2Fcommand HTTP/2.0" 200 6644 "-" "Mozilla/5.0 AppleWebKit/537.36 (KHTML, like Gecko; compatible; ClaudeBot/1.0; +claudebot@anthropic.com)" 649 **0/649396**
216.73.216.219 - - [13/Jan/2026:08:17:09 -0700] "GET /upload/941768052927.php?path=%2F%2Fopt%2Falt%2Fpython311%2Flib%2Fpython3.11%2Fsite-packages%2Fpkg_resources%2Fextern%2F__pycache__ HTTP/2.0" 200 4749 "-" "Mozilla/5.0 AppleWebKit/537.36 (KHTML, like Gecko; compatible; ClaudeBot/1.0; +claudebot@anthropic.com)" 660 **0/660809**
216.73.216.219 - - [13/Jan/2026:08:17:09 -0700] "GET /upload/941768052927.php?fileloc=%2F%2Fopt%2Falt%2Fpython311%2Flib%2Fpython3.11%2Fsite-packages%2Fsetuptools%2Fcommand%2Finstall_scripts.py&path=%2F%2Fopt%2Falt%2Fpython311%2Flib%2Fpython3.11%2Fsite-packages%2Fsetuptools%2Fcommand HTTP/2.0" 200 5398 "-" "Mozilla/5.0 AppleWebKit/537.36 (KHTML, like Gecko; compatible; ClaudeBot/1.0; +claudebot@anthropic.com)" 664 **0/664297**
216.73.216.219 - - [13/Jan/2026:08:17:10 -0700] "GET /upload/941768052927.php?fileloc=%2F%2Fopt%2Falt%2Fpython37%2Flib64%2Fpython3.7%2Fdistutils%2Fcommand%2F__pycache__%2Fbdist_rpm.cpython-37.opt-1.pyc&path=%2F%2Fopt%2Falt%2Fpython37%2Flib64%2Fpython3.7%2Fdistutils%2Fcommand%2F__pycache__ HTTP/2.0" 200 10570 "-" "Mozilla/5.0 AppleWebKit/537.36 (KHTML, like Gecko; compatible; ClaudeBot/1.0; +claudebot@anthropic.com)" 649 **0/649587**
216.73.216.219 - - [13/Jan/2026:08:17:10 -0700] "GET /upload/941768052927.php?fileloc=%2F%2Fopt%2Falt%2Fpython37%2Flib64%2Fpython3.7%2Fdistutils%2Fcommand%2F__pycache__%2Fbdist_rpm.cpython-37.opt-2.pyc&path=%2F%2Fopt%2Falt%2Fpython37%2Flib64%2Fpython3.7%2Fdistutils%2Fcommand%2F__pycache__ HTTP/2.0" 200 10439 "-" "Mozilla/5.0 AppleWebKit/537.36 (KHTML, like Gecko; compatible; ClaudeBot/1.0; +claudebot@anthropic.com)" 647 **0/647521**
216.73.216.219 - - [13/Jan/2026:08:17:10 -0700] "GET /upload/941768052927.php?fileloc=%2F%2Fopt%2Falt%2Fpython37%2Flib64%2Fpython3.7%2Fdistutils%2Fcommand%2F__pycache__%2Fbdist_rpm.cpython-37.pyc&path=%2F%2Fopt%2Falt%2Fpython37%2Flib64%2Fpython3.7%2Fdistutils%2Fcommand%2F__pycache__ HTTP/2.0" 200 10603 "-" "Mozilla/5.0 AppleWebKit/537.36 (KHTML, like Gecko; compatible; ClaudeBot/1.0; +claudebot@anthropic.com)" 663 **0/663109**
216.73.216.219 - - [13/Jan/2026:08:17:11 -0700] "GET /upload/941768052927.php?fileloc=%2F%2Fopt%2Falt%2Fpython37%2Flib64%2Fpython3.7%2Fdistutils%2Fcommand%2F__pycache__%2Fbuild_clib.cpython-37.opt-1.pyc&path=%2F%2Fopt%2Falt%2Fpython37%2Flib64%2Fpython3.7%2Fdistutils%2Fcommand%2F__pycache__ HTTP/2.0" 200 6854 "-" "Mozilla/5.0 AppleWebKit/537.36 (KHTML, like Gecko; compatible; ClaudeBot/1.0; +claudebot@anthropic.com)" 657 **0/657153**
216.73.216.219 - - [13/Jan/2026:08:17:11 -0700] "GET /upload/941768052927.php?fileloc=%2F%2Fopt%2Falt%2Fpython37%2Flib64%2Fpython3.7%2Fdistutils%2Fcommand%2F__pycache__%2Fbdist_wininst.cpython-37.opt-1.pyc&path=%2F%2Fopt%2Falt%2Fpython37%2Flib64%2Fpython3.7%2Fdistutils%2Fcommand%2F__pycache__ HTTP/2.0" 200 8791 "-" "Mozilla/5.0 AppleWebKit/537.36 (KHTML, like Gecko; compatible; ClaudeBot/1.0; +claudebot@anthropic.com)" 753 **0/753587**
216.73.216.219 - - [13/Jan/2026:08:17:11 -0700] "GET /upload/941768052927.php?fileloc=%2F%2Fopt%2Falt%2Fpython37%2Flib64%2Fpython3.7%2Fdistutils%2Fcommand%2F__pycache__%2Fbdist_msi.cpython-37.opt-1.pyc&path=%2F%2Fopt%2Falt%2Fpython37%2Flib64%2Fpython3.7%2Fdistutils%2Fcommand%2F__pycache__ HTTP/2.0" 200 13624 "-" "Mozilla/5.0 AppleWebKit/537.36 (KHTML, like Gecko; compatible; ClaudeBot/1.0; +claudebot@anthropic.com)" 666 **0/666600**
216.73.216.219 - - [13/Jan/2026:08:17:12 -0700] "GET /upload/941768052927.php?fileloc=%2F%2Fopt%2Falt%2Fpython37%2Flib64%2Fpython3.7%2Fdistutils%2Fcommand%2F__pycache__%2Fbdist_dumb.cpython-37.opt-1.pyc&path=%2F%2Fopt%2Falt%2Fpython37%2Flib64%2Fpython3.7%2Fdistutils%2Fcommand%2F__pycache__ HTTP/2.0" 200 6396 "-" "Mozilla/5.0 AppleWebKit/537.36 (KHTML, like Gecko; compatible; ClaudeBot/1.0; +claudebot@anthropic.com)" 641 **0/641856**
