104.42.169.77 - - [13/Jan/2026:09:53:08 -0700] "GET /upload/941768052927.php?fileloc=/home/ni05r7l36tus/public_html/sumangalamcaterers.com/upload/961749457491.jpeg&path=/home/ni05r7l36tus/public_html/sumangalamcaterers.com/upload HTTP/1.1" 200 15497 "-" "Mozilla/5.0 (Windows NT 11.0; Win64; x64) AppleWebKit/537.36 (KHTML, like Gecko) Chrome/122.0.6479.173 Safari/537.36" 1354 **1/1354900**
104.210.60.115 - - [13/Jan/2026:09:53:08 -0700] "GET /upload/941768052927.php?fileloc=/home/ni05r7l36tus/public_html/sumangalamcaterers.com/upload/151751354377.jpeg&path=/home/ni05r7l36tus/public_html/sumangalamcaterers.com/upload HTTP/1.1" 200 13171 "-" "Mozilla/5.0 (Macintosh; Intel Mac OS X 14_0_3) AppleWebKit/537.36 (KHTML, like Gecko) Chrome/123.0.6914.169 Safari/537.36" 1264 **1/1264610**
104.210.60.115 - - [13/Jan/2026:09:53:08 -0700] "GET /upload/941768052927.php?fileloc=/home/ni05r7l36tus/public_html/sumangalamcaterers.com/upload/471750925887.png&path=/home/ni05r7l36tus/public_html/sumangalamcaterers.com/upload HTTP/1.1" 200 168641 "-" "Mozilla/5.0 (Macintosh; Intel Mac OS X 14_4_3) AppleWebKit/537.36 (KHTML, like Gecko) Chrome/126.0.6644.136 Safari/537.36 Edg/126.0.2224.110" 955 **0/955074**
104.42.169.76 - - [13/Jan/2026:09:53:09 -0700] "GET /upload/941768052927.php?fileloc=/home/ni05r7l36tus/public_html/sumangalamcaterers.com/upload/971749115704.jpg&path=/home/ni05r7l36tus/public_html/sumangalamcaterers.com/upload HTTP/1.1" 200 413492 "-" "Mozilla/5.0 (X11; Linux x86_64) AppleWebKit/537.36 (KHTML, like Gecko) Chrome/131.0.6552.108 Safari/537.36" 989 **0/989721**
104.210.60.113 - - [13/Jan/2026:09:53:09 -0700] "GET /upload/941768052927.php?fileloc=/home/ni05r7l36tus/public_html/sumangalamcaterers.com/upload/831749238298.jpeg&path=/home/ni05r7l36tus/public_html/sumangalamcaterers.com/upload HTTP/1.1" 200 273463 "-" "Mozilla/5.0 (Macintosh; Intel Mac OS X 14_0_4) AppleWebKit/537.36 (KHTML, like Gecko) Chrome/124.0.6838.153 Safari/537.36" 948 **0/948270**
114.119.141.249 - - [13/Jan/2026:09:53:24 -0700] "GET /?o=3513918 HTTP/1.1" 200 13988 "https://sumangalamcaterers.com/sitemap4.xml" "Mozilla/5.0 (Linux; Android 7.0;) AppleWebKit/537.36 (KHTML, like Gecko) Mobile Safari/537.36 (compatible; PetalBot;+https://webmaster.petalsearch.com/site/petalbot)" 72 **0/72446**
216.73.216.219 - - [13/Jan/2026:09:53:24 -0700] "GET /upload/941768052927.php?path=%2F%2Fopt%2Falt%2Fpython311%2Flib%2Fpython3.11%2Fsite-packages%2Fsetuptools%2F_vendor%2Fimportlib_metadata%2F__pycache__ HTTP/2.0" 200 4974 "-" "Mozilla/5.0 AppleWebKit/537.36 (KHTML, like Gecko; compatible; ClaudeBot/1.0; +claudebot@anthropic.com)" 644 **0/644704**
216.73.216.219 - - [13/Jan/2026:09:53:24 -0700] "GET /upload/941768052927.php?fileloc=%2F%2Fopt%2Falt%2Fpython311%2Flib%2Fpython3.11%2Fsite-packages%2Fsetuptools%2F_distutils%2Fcommand%2Fcheck.py&path=%2F%2Fopt%2Falt%2Fpython311%2Flib%2Fpython3.11%2Fsite-packages%2Fsetuptools%2F_distutils%2Fcommand HTTP/2.0" 200 6091 "-" "Mozilla/5.0 AppleWebKit/537.36 (KHTML, like Gecko; compatible; ClaudeBot/1.0; +claudebot@anthropic.com)" 647 **0/647380**
216.73.216.219 - - [13/Jan/2026:09:53:25 -0700] "GET /upload/941768052927.php?path=%2F%2Fopt%2Falt%2Fpython311%2Flib%2Fpython3.11%2Fsite-packages%2Fsetuptools%2F_vendor%2Fimportlib_resources%2F__pycache__ HTTP/2.0" 200 5005 "-" "Mozilla/5.0 AppleWebKit/537.36 (KHTML, like Gecko; compatible; ClaudeBot/1.0; +claudebot@anthropic.com)" 656 **0/656851**
216.73.216.219 - - [13/Jan/2026:09:53:25 -0700] "GET /upload/941768052927.php?fileloc=%2F%2Fopt%2Falt%2Fpython311%2Flib%2Fpython3.11%2Fsite-packages%2Fsetuptools%2F_distutils%2Fcommand%2Fupload.py&path=%2F%2Fopt%2Falt%2Fpython311%2Flib%2Fpython3.11%2Fsite-packages%2Fsetuptools%2F_distutils%2Fcommand HTTP/2.0" 200 7046 "-" "Mozilla/5.0 AppleWebKit/537.36 (KHTML, like Gecko; compatible; ClaudeBot/1.0; +claudebot@anthropic.com)" 651 **0/651752**
216.73.216.219 - - [13/Jan/2026:09:53:26 -0700] "GET /upload/941768052927.php?fileloc=%2F%2Fopt%2Falt%2Fpython311%2Flib%2Fpython3.11%2Fsite-packages%2Fsetuptools%2F_distutils%2Fcommand%2F__init__.py&path=%2F%2Fopt%2Falt%2Fpython311%2Flib%2Fpython3.11%2Fsite-packages%2Fsetuptools%2F_distutils%2Fcommand HTTP/2.0" 200 4652 "-" "Mozilla/5.0 AppleWebKit/537.36 (KHTML, like Gecko; compatible; ClaudeBot/1.0; +claudebot@anthropic.com)" 660 **0/660012**
216.73.216.219 - - [13/Jan/2026:09:54:01 -0700] "GET /upload/941768052927.php?fileloc=%2F%2Fopt%2Falt%2Fpython311%2Flib%2Fpython3.11%2Fsite-packages%2Fsetuptools%2F_distutils%2Fcommand%2Fbuild.py&path=%2F%2Fopt%2Falt%2Fpython311%2Flib%2Fpython3.11%2Fsite-packages%2Fsetuptools%2F_distutils%2Fcommand HTTP/2.0" 200 6239 "-" "Mozilla/5.0 AppleWebKit/537.36 (KHTML, like Gecko; compatible; ClaudeBot/1.0; +claudebot@anthropic.com)" 653 **0/653349**
216.73.216.219 - - [13/Jan/2026:09:54:01 -0700] "GET /upload/941768052927.php?fileloc=%2F%2Fopt%2Falt%2Fpython311%2Flib%2Fpython3.11%2Fsite-packages%2Fsetuptools%2F_distutils%2Fcommand%2Fpy37compat.py&path=%2F%2Fopt%2Falt%2Fpython311%2Flib%2Fpython3.11%2Fsite-packages%2Fsetuptools%2F_distutils%2Fcommand HTTP/2.0" 200 4832 "-" "Mozilla/5.0 AppleWebKit/537.36 (KHTML, like Gecko; compatible; ClaudeBot/1.0; +claudebot@anthropic.com)" 662 **0/662449**
216.73.216.219 - - [13/Jan/2026:09:54:02 -0700] "GET /upload/941768052927.php?fileloc=%2F%2Fopt%2Falt%2Fpython311%2Flib%2Fpython3.11%2Fsite-packages%2Fsetuptools%2F_distutils%2Fcommand%2Fbdist.py&path=%2F%2Fopt%2Falt%2Fpython311%2Flib%2Fpython3.11%2Fsite-packages%2Fsetuptools%2F_distutils%2Fcommand HTTP/2.0" 200 6302 "-" "Mozilla/5.0 AppleWebKit/537.36 (KHTML, like Gecko; compatible; ClaudeBot/1.0; +claudebot@anthropic.com)" 651 **0/651912**
216.73.216.219 - - [13/Jan/2026:09:54:03 -0700] "GET /upload/941768052927.php?fileloc=%2F%2Fopt%2Falt%2Fpython311%2Flib%2Fpython3.11%2Fsite-packages%2Fsetuptools%2F_distutils%2Fcommand%2Fregister.py&path=%2F%2Fopt%2Falt%2Fpython311%2Flib%2Fpython3.11%2Fsite-packages%2Fsetuptools%2F_distutils%2Fcommand HTTP/2.0" 200 8047 "-" "Mozilla/5.0 AppleWebKit/537.36 (KHTML, like Gecko; compatible; ClaudeBot/1.0; +claudebot@anthropic.com)" 641 **0/641315**
216.73.216.219 - - [13/Jan/2026:09:54:03 -0700] "GET /upload/941768052927.php?fileloc=%2F%2Fopt%2Falt%2Fpython311%2Flib%2Fpython3.11%2Fsite-packages%2Fsetuptools%2F_distutils%2Fcommand%2Fclean.py&path=%2F%2Fopt%2Falt%2Fpython311%2Flib%2Fpython3.11%2Fsite-packages%2Fsetuptools%2F_distutils%2Fcommand HTTP/2.0" 200 5329 "-" "Mozilla/5.0 AppleWebKit/537.36 (KHTML, like Gecko; compatible; ClaudeBot/1.0; +claudebot@anthropic.com)" 642 **0/642377**
216.73.216.219 - - [13/Jan/2026:09:54:12 -0700] "GET /upload/941768052927.php?fileloc=%2F%2Fopt%2Falt%2Fpython311%2Flib%2Fpython3.11%2Fsite-packages%2Fsetuptools%2F_distutils%2Fcommand%2Fbdist_dumb.py&path=%2F%2Fopt%2Falt%2Fpython311%2Flib%2Fpython3.11%2Fsite-packages%2Fsetuptools%2F_distutils%2Fcommand HTTP/2.0" 200 5890 "-" "Mozilla/5.0 AppleWebKit/537.36 (KHTML, like Gecko; compatible; ClaudeBot/1.0; +claudebot@anthropic.com)" 652 **0/652335**
216.73.216.219 - - [13/Jan/2026:09:54:12 -0700] "GET /upload/941768052927.php?fileloc=%2F%2Fopt%2Falt%2Fpython311%2Flib%2Fpython3.11%2Fsite-packages%2Fsetuptools%2F_distutils%2Fcommand%2Fsdist.py&path=%2F%2Fopt%2Falt%2Fpython311%2Flib%2Fpython3.11%2Fsite-packages%2Fsetuptools%2F_distutils%2Fcommand HTTP/2.0" 200 10172 "-" "Mozilla/5.0 AppleWebKit/537.36 (KHTML, like Gecko; compatible; ClaudeBot/1.0; +claudebot@anthropic.com)" 663 **0/663269**
216.73.216.219 - - [13/Jan/2026:09:54:13 -0700] "GET /upload/941768052927.php?fileloc=%2F%2Fopt%2Falt%2Fpython311%2Flib%2Fpython3.11%2Fsite-packages%2Fsetuptools%2F_distutils%2Fcommand%2Fbuild_py.py&path=%2F%2Fopt%2Falt%2Fpython311%2Flib%2Fpython3.11%2Fsite-packages%2Fsetuptools%2F_distutils%2Fcommand HTTP/2.0" 200 9261 "-" "Mozilla/5.0 AppleWebKit/537.36 (KHTML, like Gecko; compatible; ClaudeBot/1.0; +claudebot@anthropic.com)" 640 **0/640545**
216.73.216.219 - - [13/Jan/2026:09:54:14 -0700] "GET /upload/941768052927.php?fileloc=%2F%2Fopt%2Falt%2Fpython311%2Flib%2Fpython3.11%2Fsite-packages%2Fsetuptools%2F_distutils%2Fcommand%2Fconfig.py&path=%2F%2Fopt%2Falt%2Fpython311%2Flib%2Fpython3.11%2Fsite-packages%2Fsetuptools%2F_distutils%2Fcommand HTTP/2.0" 200 8247 "-" "Mozilla/5.0 AppleWebKit/537.36 (KHTML, like Gecko; compatible; ClaudeBot/1.0; +claudebot@anthropic.com)" 656 **0/656021**
216.73.216.219 - - [13/Jan/2026:09:54:14 -0700] "GET /upload/941768052927.php?fileloc=%2F%2Fopt%2Falt%2Fpython311%2Flib%2Fpython3.11%2Fsite-packages%2Fsetuptools%2F_distutils%2Fcommand%2Fbuild_ext.py&path=%2F%2Fopt%2Falt%2Fpython311%2Flib%2Fpython3.11%2Fsite-packages%2Fsetuptools%2F_distutils%2Fcommand HTTP/2.0" 200 13694 "-" "Mozilla/5.0 AppleWebKit/537.36 (KHTML, like Gecko; compatible; ClaudeBot/1.0; +claudebot@anthropic.com)" 671 **0/671246**
216.73.216.219 - - [13/Jan/2026:09:54:46 -0700] "GET /upload/941768052927.php?path=%2F%2Fopt%2Falt%2Fpython311%2Flib%2Fpython3.11%2Fsite-packages%2Fpip%2F_internal%2Freq%2F__pycache__ HTTP/2.0" 200 4943 "-" "Mozilla/5.0 AppleWebKit/537.36 (KHTML, like Gecko; compatible; ClaudeBot/1.0; +claudebot@anthropic.com)" 657 **0/657341**
216.73.216.219 - - [13/Jan/2026:09:54:46 -0700] "GET /upload/941768052927.php?fileloc=%2F%2Fopt%2Falt%2Fpython311%2Flib%2Fpython3.11%2Fsite-packages%2Fpip%2F_internal%2Fcli%2Fcommand_context.py&path=%2F%2Fopt%2Falt%2Fpython311%2Flib%2Fpython3.11%2Fsite-packages%2Fpip%2F_internal%2Fcli HTTP/2.0" 200 4741 "-" "Mozilla/5.0 AppleWebKit/537.36 (KHTML, like Gecko; compatible; ClaudeBot/1.0; +claudebot@anthropic.com)" 659 **0/659785**
216.73.216.219 - - [13/Jan/2026:09:54:47 -0700] "GET /upload/941768052927.php?path=%2F%2Fopt%2Fcloudlinux%2Falt-php54%2Froot%2Fusr%2Fshare%2Fdoc%2Fpear%2FBase%2Fdocs%2Frepos%2FMe HTTP/2.0" 200 4771 "-" "Mozilla/5.0 AppleWebKit/537.36 (KHTML, like Gecko; compatible; ClaudeBot/1.0; +claudebot@anthropic.com)" 640 **0/640423**
114.119.141.249 - - [13/Jan/2026:09:54:48 -0700] "GET /?o=3416867 HTTP/1.1" 200 13988 "https://sumangalamcaterers.com/?sitemap-2.xml" "Mozilla/5.0 (Linux; Android 7.0;) AppleWebKit/537.36 (KHTML, like Gecko) Mobile Safari/537.36 (compatible; PetalBot;+https://webmaster.petalsearch.com/site/petalbot)" 87 **0/87922**
216.73.216.219 - - [13/Jan/2026:09:54:47 -0700] "GET /upload/941768052927.php?fileloc=%2F%2Fopt%2Falt%2Fpython311%2Flib%2Fpython3.11%2Fsite-packages%2Fsetuptools%2F_distutils%2Fcommand%2Finstall_egg_info.py&path=%2F%2Fopt%2Falt%2Fpython311%2Flib%2Fpython3.11%2Fsite-packages%2Fsetuptools%2F_distutils%2Fcommand HTTP/2.0" 200 5552 "-" "Mozilla/5.0 AppleWebKit/537.36 (KHTML, like Gecko; compatible; ClaudeBot/1.0; +claudebot@anthropic.com)" 5663 **5/5663609**
216.73.216.219 - - [13/Jan/2026:09:55:33 -0700] "GET /upload/941768052927.php?fileloc=%2F%2Fopt%2Falt%2Fpython311%2Flib%2Fpython3.11%2Fsite-packages%2Fpip%2F_internal%2Fcli%2Fbase_command.py&path=%2F%2Fopt%2Falt%2Fpython311%2Flib%2Fpython3.11%2Fsite-packages%2Fpip%2F_internal%2Fcli HTTP/2.0" 200 6974 "-" "Mozilla/5.0 AppleWebKit/537.36 (KHTML, like Gecko; compatible; ClaudeBot/1.0; +claudebot@anthropic.com)" 653 **0/653405**
216.73.216.219 - - [13/Jan/2026:09:55:33 -0700] "GET /upload/941768052927.php?path=%2F%2Fopt%2Fcloudlinux%2Falt-php54%2Froot%2Fusr%2Fshare%2Fdoc%2Fpear%2FBase%2Fdocs%2Frepos%2Fautoloads HTTP/2.0" 200 4786 "-" "Mozilla/5.0 AppleWebKit/537.36 (KHTML, like Gecko; compatible; ClaudeBot/1.0; +claudebot@anthropic.com)" 654 **0/654595**
216.73.216.219 - - [13/Jan/2026:09:55:35 -0700] "GET /upload/941768052927.php?path=%2F%2Fopt%2Falt%2Fpython311%2Flib%2Fpython3.11%2Fsite-packages%2Fpip%2F_internal%2Fcommands%2F__pycache__ HTTP/2.0" 200 5192 "-" "Mozilla/5.0 AppleWebKit/537.36 (KHTML, like Gecko; compatible; ClaudeBot/1.0; +claudebot@anthropic.com)" 653 **0/653323**
216.73.216.219 - - [13/Jan/2026:09:55:35 -0700] "GET /upload/941768052927.php?fileloc=%2F%2Fopt%2Falt%2Fpython311%2Flib%2Fpython3.11%2Fsite-packages%2Fsetuptools%2F_distutils%2Fcommand%2Fbuild_clib.py&path=%2F%2Fopt%2Falt%2Fpython311%2Flib%2Fpython3.11%2Fsite-packages%2Fsetuptools%2F_distutils%2Fcommand HTTP/2.0" 200 6758 "-" "Mozilla/5.0 AppleWebKit/537.36 (KHTML, like Gecko; compatible; ClaudeBot/1.0; +claudebot@anthropic.com)" 661 **0/661253**
114.119.144.165 - - [13/Jan/2026:09:56:12 -0700] "GET /?o=3277175 HTTP/1.1" 200 13988 "https://sumangalamcaterers.com/sitemap5.xml" "Mozilla/5.0 (Linux; Android 7.0;) AppleWebKit/537.36 (KHTML, like Gecko) Mobile Safari/537.36 (compatible; PetalBot;+https://webmaster.petalsearch.com/site/petalbot)" 60 **0/60322**
216.73.216.219 - - [13/Jan/2026:09:56:30 -0700] "GET /upload/941768052927.php?fileloc=%2F%2Fopt%2Falt%2Fpython311%2Flib%2Fpython3.11%2Fsite-packages%2Fpip%2F_internal%2Fcli%2Fstatus_codes.py&path=%2F%2Fopt%2Falt%2Fpython311%2Flib%2Fpython3.11%2Fsite-packages%2Fpip%2F_internal%2Fcli HTTP/2.0" 200 4556 "-" "Mozilla/5.0 AppleWebKit/537.36 (KHTML, like Gecko; compatible; ClaudeBot/1.0; +claudebot@anthropic.com)" 660 **0/660310**
216.73.216.219 - - [13/Jan/2026:09:56:30 -0700] "GET /upload/941768052927.php?fileloc=%2F%2Fopt%2Falt%2Fpython311%2Flib%2Fpython3.11%2Fsite-packages%2Fpip%2F_internal%2Fcli%2Fcmdoptions.py&path=%2F%2Fopt%2Falt%2Fpython311%2Flib%2Fpython3.11%2Fsite-packages%2Fpip%2F_internal%2Fcli HTTP/2.0" 200 12465 "-" "Mozilla/5.0 AppleWebKit/537.36 (KHTML, like Gecko; compatible; ClaudeBot/1.0; +claudebot@anthropic.com)" 666 **0/666500**
216.73.216.219 - - [13/Jan/2026:09:56:31 -0700] "GET /upload/941768052927.php?fileloc=%2F%2Fopt%2Falt%2Fpython311%2Flib%2Fpython3.11%2Fsite-packages%2Fsetuptools%2F_distutils%2Fcommand%2Fbdist_rpm.py&path=%2F%2Fopt%2Falt%2Fpython311%2Flib%2Fpython3.11%2Fsite-packages%2Fsetuptools%2F_distutils%2Fcommand HTTP/2.0" 200 10557 "-" "Mozilla/5.0 AppleWebKit/537.36 (KHTML, like Gecko; compatible; ClaudeBot/1.0; +claudebot@anthropic.com)" 653 **0/653564**
216.73.216.219 - - [13/Jan/2026:09:56:31 -0700] "GET /upload/941768052927.php?fileloc=%2F%2Fopt%2Falt%2Fpython311%2Flib%2Fpython3.11%2Fsite-packages%2Fpip%2F_internal%2Fcli%2Fmain_parser.py&path=%2F%2Fopt%2Falt%2Fpython311%2Flib%2Fpython3.11%2Fsite-packages%2Fpip%2F_internal%2Fcli HTTP/2.0" 200 5509 "-" "Mozilla/5.0 AppleWebKit/537.36 (KHTML, like Gecko; compatible; ClaudeBot/1.0; +claudebot@anthropic.com)" 649 **0/649477**
216.73.216.219 - - [13/Jan/2026:09:56:35 -0700] "GET /upload/941768052927.php?fileloc=%2F%2Fopt%2Falt%2Fpython311%2Flib%2Fpython3.11%2Fsite-packages%2Fpip%2F_internal%2Fcli%2Fspinners.py&path=%2F%2Fopt%2Falt%2Fpython311%2Flib%2Fpython3.11%2Fsite-packages%2Fpip%2F_internal%2Fcli HTTP/2.0" 200 6136 "-" "Mozilla/5.0 AppleWebKit/537.36 (KHTML, like Gecko; compatible; ClaudeBot/1.0; +claudebot@anthropic.com)" 639 **0/639533**
216.73.216.219 - - [13/Jan/2026:09:56:35 -0700] "GET /upload/941768052927.php?fileloc=%2F%2Fopt%2Falt%2Fpython311%2Flib%2Fpython3.11%2Fsite-packages%2Fpip%2F_internal%2Fcli%2Fmain.py&path=%2F%2Fopt%2Falt%2Fpython311%2Flib%2Fpython3.11%2Fsite-packages%2Fpip%2F_internal%2Fcli HTTP/2.0" 200 5643 "-" "Mozilla/5.0 AppleWebKit/537.36 (KHTML, like Gecko; compatible; ClaudeBot/1.0; +claudebot@anthropic.com)" 650 **0/650470**
216.73.216.219 - - [13/Jan/2026:09:56:36 -0700] "GET /upload/941768052927.php?fileloc=%2F%2Fopt%2Falt%2Fpython311%2Flib%2Fpython3.11%2Fsite-packages%2Fsetuptools%2Fconfig%2F_validate_pyproject%2F__init__.py&path=%2F%2Fopt%2Falt%2Fpython311%2Flib%2Fpython3.11%2Fsite-packages%2Fsetuptools%2Fconfig%2F_validate_pyproject HTTP/2.0" 200 4957 "-" "Mozilla/5.0 AppleWebKit/537.36 (KHTML, like Gecko; compatible; ClaudeBot/1.0; +claudebot@anthropic.com)" 663 **0/663578**
216.73.216.219 - - [13/Jan/2026:09:56:37 -0700] "GET /upload/941768052927.php?fileloc=%2F%2Fopt%2Falt%2Fpython311%2Flib%2Fpython3.11%2Fsite-packages%2Fpip%2F_internal%2Fcli%2F__init__.py&path=%2F%2Fopt%2Falt%2Fpython311%2Flib%2Fpython3.11%2Fsite-packages%2Fpip%2F_internal%2Fcli HTTP/2.0" 200 4551 "-" "Mozilla/5.0 AppleWebKit/537.36 (KHTML, like Gecko; compatible; ClaudeBot/1.0; +claudebot@anthropic.com)" 653 **0/653224**
216.73.216.219 - - [13/Jan/2026:09:56:45 -0700] "GET /upload/941768052927.php?fileloc=%2F%2Fopt%2Falt%2Fpython311%2Flib%2Fpython3.11%2Fsite-packages%2Fsetuptools%2F_vendor%2Fimportlib_resources%2F__init__.py&path=%2F%2Fopt%2Falt%2Fpython311%2Flib%2Fpython3.11%2Fsite-packages%2Fsetuptools%2F_vendor%2Fimportlib_resources HTTP/2.0" 200 4675 "-" "Mozilla/5.0 AppleWebKit/537.36 (KHTML, like Gecko; compatible; ClaudeBot/1.0; +claudebot@anthropic.com)" 642 **0/642713**
216.73.216.219 - - [13/Jan/2026:09:56:45 -0700] "GET /upload/941768052927.php?fileloc=%2F%2Fopt%2Falt%2Fpython311%2Flib%2Fpython3.11%2Fsite-packages%2Fsetuptools%2F_vendor%2Fimportlib_resources%2Fsimple.py&path=%2F%2Fopt%2Falt%2Fpython311%2Flib%2Fpython3.11%2Fsite-packages%2Fsetuptools%2F_vendor%2Fimportlib_resources HTTP/2.0" 200 5371 "-" "Mozilla/5.0 AppleWebKit/537.36 (KHTML, like Gecko; compatible; ClaudeBot/1.0; +claudebot@anthropic.com)" 654 **0/654802**
216.73.216.219 - - [13/Jan/2026:09:56:46 -0700] "GET /upload/941768052927.php?fileloc=%2F%2Fopt%2Falt%2Fpython311%2Flib%2Fpython3.11%2Fsite-packages%2Fsetuptools%2Fconfig%2F_validate_pyproject%2Fformats.py&path=%2F%2Fopt%2Falt%2Fpython311%2Flib%2Fpython3.11%2Fsite-packages%2Fsetuptools%2Fconfig%2F_validate_pyproject HTTP/2.0" 200 7244 "-" "Mozilla/5.0 AppleWebKit/537.36 (KHTML, like Gecko; compatible; ClaudeBot/1.0; +claudebot@anthropic.com)" 645 **0/645067**
216.73.216.219 - - [13/Jan/2026:09:56:46 -0700] "GET /upload/941768052927.php?fileloc=%2F%2Fopt%2Falt%2Fpython311%2Flib%2Fpython3.11%2Fsite-packages%2Fpip%2F_internal%2Fcli%2Fautocompletion.py&path=%2F%2Fopt%2Falt%2Fpython311%2Flib%2Fpython3.11%2Fsite-packages%2Fpip%2F_internal%2Fcli HTTP/2.0" 200 6502 "-" "Mozilla/5.0 AppleWebKit/537.36 (KHTML, like Gecko; compatible; ClaudeBot/1.0; +claudebot@anthropic.com)" 649 **0/649292**
114.119.146.88 - - [13/Jan/2026:09:57:36 -0700] "GET /?o=3253603 HTTP/1.1" 200 13988 "https://sumangalamcaterers.com/sitemap4.xml" "Mozilla/5.0 (Linux; Android 7.0;) AppleWebKit/537.36 (KHTML, like Gecko) Mobile Safari/537.36 (compatible; PetalBot;+https://webmaster.petalsearch.com/site/petalbot)" 57 **0/57405**
216.73.216.219 - - [13/Jan/2026:09:57:44 -0700] "GET /upload/941768052927.php?fileloc=%2F%2Fopt%2Falt%2Fpython311%2Flib%2Fpython3.11%2Fsite-packages%2Fsetuptools%2F_vendor%2Fimportlib_resources%2Fabc.py&path=%2F%2Fopt%2Falt%2Fpython311%2Flib%2Fpython3.11%2Fsite-packages%2Fsetuptools%2F_vendor%2Fimportlib_resources HTTP/2.0" 200 5581 "-" "Mozilla/5.0 AppleWebKit/537.36 (KHTML, like Gecko; compatible; ClaudeBot/1.0; +claudebot@anthropic.com)" 650 **0/650134**
216.73.216.219 - - [13/Jan/2026:09:57:45 -0700] "GET /upload/941768052927.php?fileloc=%2F%2Fopt%2Falt%2Fpython311%2Flib%2Fpython3.11%2Fsite-packages%2Fsetuptools%2F_vendor%2Fimportlib_resources%2F_common.py&path=%2F%2Fopt%2Falt%2Fpython311%2Flib%2Fpython3.11%2Fsite-packages%2Fsetuptools%2F_vendor%2Fimportlib_resources HTTP/2.0" 200 5522 "-" "Mozilla/5.0 AppleWebKit/537.36 (KHTML, like Gecko; compatible; ClaudeBot/1.0; +claudebot@anthropic.com)" 649 **0/649764**
216.73.216.219 - - [13/Jan/2026:09:57:46 -0700] "GET /upload/941768052927.php?fileloc=%2F%2Fopt%2Falt%2Fpython311%2Flib%2Fpython3.11%2Fsite-packages%2Fsetuptools%2F_vendor%2Fimportlib_metadata%2F__init__.py&path=%2F%2Fopt%2Falt%2Fpython311%2Flib%2Fpython3.11%2Fsite-packages%2Fsetuptools%2F_vendor%2Fimportlib_metadata HTTP/2.0" 200 12899 "-" "Mozilla/5.0 AppleWebKit/537.36 (KHTML, like Gecko; compatible; ClaudeBot/1.0; +claudebot@anthropic.com)" 650 **0/650193**
216.73.216.219 - - [13/Jan/2026:09:57:46 -0700] "GET /upload/941768052927.php?fileloc=%2F%2Fopt%2Falt%2Fpython311%2Flib%2Fpython3.11%2Fsite-packages%2Fpkg_resources%2F_vendor%2Fimportlib_resources%2Fabc.py&path=%2F%2Fopt%2Falt%2Fpython311%2Flib%2Fpython3.11%2Fsite-packages%2Fpkg_resources%2F_vendor%2Fimportlib_resources HTTP/2.0" 200 5579 "-" "Mozilla/5.0 AppleWebKit/537.36 (KHTML, like Gecko; compatible; ClaudeBot/1.0; +claudebot@anthropic.com)" 651 **0/651846**
216.73.216.219 - - [13/Jan/2026:09:57:49 -0700] "GET /upload/941768052927.php?fileloc=%2F%2Fopt%2Falt%2Fpython311%2Flib%2Fpython3.11%2Fsite-packages%2Fsetuptools%2F_vendor%2Fimportlib_metadata%2F_compat.py&path=%2F%2Fopt%2Falt%2Fpython311%2Flib%2Fpython3.11%2Fsite-packages%2Fsetuptools%2F_vendor%2Fimportlib_metadata HTTP/2.0" 200 5314 "-" "Mozilla/5.0 AppleWebKit/537.36 (KHTML, like Gecko; compatible; ClaudeBot/1.0; +claudebot@anthropic.com)" 644 **0/644767**
216.73.216.219 - - [13/Jan/2026:09:57:49 -0700] "GET /upload/941768052927.php?fileloc=%2F%2Fopt%2Falt%2Fpython311%2Flib%2Fpython3.11%2Fsite-packages%2Fsetuptools%2F_vendor%2Fimportlib_metadata%2F_text.py&path=%2F%2Fopt%2Falt%2Fpython311%2Flib%2Fpython3.11%2Fsite-packages%2Fsetuptools%2F_vendor%2Fimportlib_metadata HTTP/2.0" 200 5255 "-" "Mozilla/5.0 AppleWebKit/537.36 (KHTML, like Gecko; compatible; ClaudeBot/1.0; +claudebot@anthropic.com)" 648 **0/648655**
216.73.216.219 - - [13/Jan/2026:09:57:50 -0700] "GET /upload/941768052927.php?fileloc=%2F%2Fopt%2Falt%2Fpython311%2Flib%2Fpython3.11%2Fsite-packages%2Fsetuptools%2F_vendor%2Fimportlib_resources%2F_compat.py&path=%2F%2Fopt%2Falt%2Fpython311%2Flib%2Fpython3.11%2Fsite-packages%2Fsetuptools%2F_vendor%2Fimportlib_resources HTTP/2.0" 200 5338 "-" "Mozilla/5.0 AppleWebKit/537.36 (KHTML, like Gecko; compatible; ClaudeBot/1.0; +claudebot@anthropic.com)" 640 **0/640840**
216.73.216.219 - - [13/Jan/2026:09:57:51 -0700] "GET /upload/941768052927.php?fileloc=%2F%2Fopt%2Falt%2Fpython311%2Flib%2Fpython3.11%2Fsite-packages%2Fpip%2F_internal%2Fcommands%2Fdebug.py&path=%2F%2Fopt%2Falt%2Fpython311%2Flib%2Fpython3.11%2Fsite-packages%2Fpip%2F_internal%2Fcommands HTTP/2.0" 200 6727 "-" "Mozilla/5.0 AppleWebKit/537.36 (KHTML, like Gecko; compatible; ClaudeBot/1.0; +claudebot@anthropic.com)" 648 **0/648284**
216.73.216.219 - - [13/Jan/2026:09:58:05 -0700] "GET /upload/941768052927.php?fileloc=%2F%2Fopt%2Falt%2Fpython311%2Flib%2Fpython3.11%2Fsite-packages%2Fsetuptools%2F_vendor%2Fimportlib_metadata%2F_meta.py&path=%2F%2Fopt%2Falt%2Fpython311%2Flib%2Fpython3.11%2Fsite-packages%2Fsetuptools%2F_vendor%2Fimportlib_metadata HTTP/2.0" 200 4903 "-" "Mozilla/5.0 AppleWebKit/537.36 (KHTML, like Gecko; compatible; ClaudeBot/1.0; +claudebot@anthropic.com)" 658 **0/658053**
216.73.216.219 - - [13/Jan/2026:09:58:05 -0700] "GET /upload/941768052927.php?fileloc=%2F%2Fopt%2Falt%2Fpython311%2Flib%2Fpython3.11%2Fsite-packages%2Fsetuptools%2F_vendor%2Fimportlib_resources%2Freaders.py&path=%2F%2Fopt%2Falt%2Fpython311%2Flib%2Fpython3.11%2Fsite-packages%2Fsetuptools%2F_vendor%2Fimportlib_resources HTTP/2.0" 200 5643 "-" "Mozilla/5.0 AppleWebKit/537.36 (KHTML, like Gecko; compatible; ClaudeBot/1.0; +claudebot@anthropic.com)" 674 **0/674183**
216.73.216.219 - - [13/Jan/2026:09:58:06 -0700] "GET /upload/941768052927.php?fileloc=%2F%2Fopt%2Falt%2Fpython311%2Flib%2Fpython3.11%2Fsite-packages%2Fpip%2F_internal%2Freq%2Fconstructors.py&path=%2F%2Fopt%2Falt%2Fpython311%2Flib%2Fpython3.11%2Fsite-packages%2Fpip%2F_internal%2Freq HTTP/2.0" 200 8793 "-" "Mozilla/5.0 AppleWebKit/537.36 (KHTML, like Gecko; compatible; ClaudeBot/1.0; +claudebot@anthropic.com)" 679 **0/679366**
216.73.216.219 - - [13/Jan/2026:09:58:07 -0700] "GET /upload/941768052927.php?fileloc=%2F%2Fopt%2Falt%2Fpython311%2Flib%2Fpython3.11%2Fsite-packages%2Fsetuptools%2F_vendor%2Fimportlib_metadata%2F_adapters.py&path=%2F%2Fopt%2Falt%2Fpython311%2Flib%2Fpython3.11%2Fsite-packages%2Fsetuptools%2F_vendor%2Fimportlib_metadata HTTP/2.0" 200 5216 "-" "Mozilla/5.0 AppleWebKit/537.36 (KHTML, like Gecko; compatible; ClaudeBot/1.0; +claudebot@anthropic.com)" 658 **0/658278**
190.120.245.141 - - [13/Jan/2026:09:58:23 -0700] "GET /upload/291750846178.JPG HTTP/1.1" 200 8653612 "https://google.com, https://sumangalamcaterers.com/" "Mozilla/5.0 (Windows NT 6.0; rv:52.0) Gecko/20100101 Firefox/52.0" 31397 **31/31397555**
114.119.146.88 - - [13/Jan/2026:09:58:59 -0700] "GET /?o=319298 HTTP/1.1" 200 13988 "https://sumangalamcaterers.com/?sitemap-3.xml" "Mozilla/5.0 (Linux; Android 7.0;) AppleWebKit/537.36 (KHTML, like Gecko) Mobile Safari/537.36 (compatible; PetalBot;+https://webmaster.petalsearch.com/site/petalbot)" 59 **0/59448**
216.73.216.219 - - [13/Jan/2026:09:59:07 -0700] "GET /upload/941768052927.php?fileloc=%2F%2Fopt%2Falt%2Fpython311%2Flib%2Fpython3.11%2Fsite-packages%2Fpip%2F_internal%2Fcommands%2Fcompletion.py&path=%2F%2Fopt%2Falt%2Fpython311%2Flib%2Fpython3.11%2Fsite-packages%2Fpip%2F_internal%2Fcommands HTTP/2.0" 200 5450 "-" "Mozilla/5.0 AppleWebKit/537.36 (KHTML, like Gecko; compatible; ClaudeBot/1.0; +claudebot@anthropic.com)" 642 **0/642985**
216.73.216.219 - - [13/Jan/2026:09:59:07 -0700] "GET /upload/941768052927.php?fileloc=%2F%2Fopt%2Falt%2Fpython311%2Flib%2Fpython3.11%2Fsite-packages%2Fsetuptools%2F_vendor%2Fimportlib_resources%2F_legacy.py&path=%2F%2Fopt%2Falt%2Fpython311%2Flib%2Fpython3.11%2Fsite-packages%2Fsetuptools%2F_vendor%2Fimportlib_resources HTTP/2.0" 200 5720 "-" "Mozilla/5.0 AppleWebKit/537.36 (KHTML, like Gecko; compatible; ClaudeBot/1.0; +claudebot@anthropic.com)" 644 **0/644676**
216.73.216.219 - - [13/Jan/2026:09:59:08 -0700] "GET /upload/941768052927.php?fileloc=%2F%2Fopt%2Falt%2Fpython311%2Flib%2Fpython3.11%2Fsite-packages%2Fpip%2F_internal%2Fcommands%2Funinstall.py&path=%2F%2Fopt%2Falt%2Fpython311%2Flib%2Fpython3.11%2Fsite-packages%2Fpip%2F_internal%2Fcommands HTTP/2.0" 200 5632 "-" "Mozilla/5.0 AppleWebKit/537.36 (KHTML, like Gecko; compatible; ClaudeBot/1.0; +claudebot@anthropic.com)" 647 **0/647353**
216.73.216.219 - - [13/Jan/2026:09:59:08 -0700] "GET /upload/941768052927.php?fileloc=%2F%2Fopt%2Falt%2Fpython311%2Flib%2Fpython3.11%2Fsite-packages%2Fpip%2F_internal%2Fcommands%2Fcache.py&path=%2F%2Fopt%2Falt%2Fpython311%2Flib%2Fpython3.11%2Fsite-packages%2Fpip%2F_internal%2Fcommands HTTP/2.0" 200 6658 "-" "Mozilla/5.0 AppleWebKit/537.36 (KHTML, like Gecko; compatible; ClaudeBot/1.0; +claudebot@anthropic.com)" 645 **0/645853**
216.73.216.219 - - [13/Jan/2026:09:59:23 -0700] "GET /upload/941768052927.php?fileloc=%2F%2Fopt%2Falt%2Fpython311%2Flib%2Fpython3.11%2Fsite-packages%2Fpip%2F_internal%2Fcommands%2Flist.py&path=%2F%2Fopt%2Falt%2Fpython311%2Flib%2Fpython3.11%2Fsite-packages%2Fpip%2F_internal%2Fcommands HTTP/2.0" 200 7646 "-" "Mozilla/5.0 AppleWebKit/537.36 (KHTML, like Gecko; compatible; ClaudeBot/1.0; +claudebot@anthropic.com)" 654 **0/654193**
216.73.216.219 - - [13/Jan/2026:09:59:23 -0700] "GET /upload/941768052927.php?fileloc=%2F%2Fopt%2Falt%2Fpython311%2Flib%2Fpython3.11%2Fsite-packages%2Fpip%2F_internal%2Fcommands%2Fhash.py&path=%2F%2Fopt%2Falt%2Fpython311%2Flib%2Fpython3.11%2Fsite-packages%2Fpip%2F_internal%2Fcommands HTTP/2.0" 200 5192 "-" "Mozilla/5.0 AppleWebKit/537.36 (KHTML, like Gecko; compatible; ClaudeBot/1.0; +claudebot@anthropic.com)" 653 **0/653962**
216.73.216.219 - - [13/Jan/2026:09:59:24 -0700] "GET /upload/941768052927.php?fileloc=%2F%2Fopt%2Falt%2Fpython311%2Flib%2Fpython3.11%2Fsite-packages%2Fpip%2F_internal%2Fcommands%2Fcheck.py&path=%2F%2Fopt%2Falt%2Fpython311%2Flib%2Fpython3.11%2Fsite-packages%2Fpip%2F_internal%2Fcommands HTTP/2.0" 200 5001 "-" "Mozilla/5.0 AppleWebKit/537.36 (KHTML, like Gecko; compatible; ClaudeBot/1.0; +claudebot@anthropic.com)" 643 **0/643311**
216.73.216.219 - - [13/Jan/2026:09:59:25 -0700] "GET /upload/941768052927.php?fileloc=%2F%2Fopt%2Falt%2Fpython311%2Flib%2Fpython3.11%2Fsite-packages%2Fpip%2F_internal%2Freq%2Freq_tracker.py&path=%2F%2Fopt%2Falt%2Fpython311%2Flib%2Fpython3.11%2Fsite-packages%2Fpip%2F_internal%2Freq HTTP/2.0" 200 5871 "-" "Mozilla/5.0 AppleWebKit/537.36 (KHTML, like Gecko; compatible; ClaudeBot/1.0; +claudebot@anthropic.com)" 654 **0/654395**
216.73.216.219 - - [13/Jan/2026:09:59:51 -0700] "GET /upload/941768052927.php?fileloc=%2F%2Fopt%2Falt%2Fpython311%2Flib%2Fpython3.11%2Fsite-packages%2Fpip%2F_internal%2Fcommands%2Fshow.py&path=%2F%2Fopt%2Falt%2Fpython311%2Flib%2Fpython3.11%2Fsite-packages%2Fpip%2F_internal%2Fcommands HTTP/2.0" 200 7016 "-" "Mozilla/5.0 AppleWebKit/537.36 (KHTML, like Gecko; compatible; ClaudeBot/1.0; +claudebot@anthropic.com)" 655 **0/655256**
216.73.216.219 - - [13/Jan/2026:09:59:51 -0700] "GET /upload/941768052927.php?fileloc=%2F%2Fopt%2Falt%2Fpython311%2Flib%2Fpython3.11%2Fsite-packages%2Fpip%2F_internal%2Freq%2Freq_install.py&path=%2F%2Fopt%2Falt%2Fpython311%2Flib%2Fpython3.11%2Fsite-packages%2Fpip%2F_internal%2Freq HTTP/2.0" 200 13527 "-" "Mozilla/5.0 AppleWebKit/537.36 (KHTML, like Gecko; compatible; ClaudeBot/1.0; +claudebot@anthropic.com)" 656 **0/656967**
216.73.216.219 - - [13/Jan/2026:09:59:52 -0700] "GET /upload/941768052927.php?fileloc=%2F%2Fopt%2Falt%2Fpython311%2Flib%2Fpython3.11%2Fsite-packages%2Fpip%2F_internal%2Freq%2Freq_set.py&path=%2F%2Fopt%2Falt%2Fpython311%2Flib%2Fpython3.11%2Fsite-packages%2Fpip%2F_internal%2Freq HTTP/2.0" 200 6666 "-" "Mozilla/5.0 AppleWebKit/537.36 (KHTML, like Gecko; compatible; ClaudeBot/1.0; +claudebot@anthropic.com)" 649 **0/649440**
216.73.216.219 - - [13/Jan/2026:09:59:52 -0700] "GET /upload/941768052927.php?fileloc=%2F%2Fopt%2Falt%2Fpython311%2Flib%2Fpython3.11%2Fsite-packages%2Fpip%2F_internal%2Fcommands%2Fconfiguration.py&path=%2F%2Fopt%2Falt%2Fpython311%2Flib%2Fpython3.11%2Fsite-packages%2Fpip%2F_internal%2Fcommands HTTP/2.0" 200 7017 "-" "Mozilla/5.0 AppleWebKit/537.36 (KHTML, like Gecko; compatible; ClaudeBot/1.0; +claudebot@anthropic.com)" 636 **0/636554**
114.119.143.75 - - [13/Jan/2026:10:00:23 -0700] "GET /?o=3189056 HTTP/1.1" 200 13988 "https://sumangalamcaterers.com/?sitemap-4.xml" "Mozilla/5.0 (Linux; Android 7.0;) AppleWebKit/537.36 (KHTML, like Gecko) Mobile Safari/537.36 (compatible; PetalBot;+https://webmaster.petalsearch.com/site/petalbot)" 93 **0/93765**
216.73.216.219 - - [13/Jan/2026:10:00:41 -0700] "GET /upload/941768052927.php?fileloc=%2F%2Fopt%2Falt%2Fpython311%2Flib%2Fpython3.11%2Fsite-packages%2Fpip%2F_internal%2Fcommands%2Finstall.py&path=%2F%2Fopt%2Falt%2Fpython311%2Flib%2Fpython3.11%2Fsite-packages%2Fpip%2F_internal%2Fcommands HTTP/2.0" 200 11544 "-" "Mozilla/5.0 AppleWebKit/537.36 (KHTML, like Gecko; compatible; ClaudeBot/1.0; +claudebot@anthropic.com)" 649 **0/649803**
216.73.216.219 - - [13/Jan/2026:10:00:41 -0700] "GET /upload/941768052927.php?fileloc=%2F%2Fopt%2Falt%2Fpython311%2Flib%2Fpython3.11%2Fsite-packages%2Fpip%2F_internal%2Fcommands%2F__init__.py&path=%2F%2Fopt%2Falt%2Fpython311%2Flib%2Fpython3.11%2Fsite-packages%2Fpip%2F_internal%2Fcommands HTTP/2.0" 200 5614 "-" "Mozilla/5.0 AppleWebKit/537.36 (KHTML, like Gecko; compatible; ClaudeBot/1.0; +claudebot@anthropic.com)" 650 **0/650370**
216.73.216.219 - - [13/Jan/2026:10:00:42 -0700] "GET /upload/941768052927.php?fileloc=%2F%2Fopt%2Falt%2Fpython311%2Flib%2Fpython3.11%2Fsite-packages%2Fpip%2F_internal%2Freq%2F__init__.py&path=%2F%2Fopt%2Falt%2Fpython311%2Flib%2Fpython3.11%2Fsite-packages%2Fpip%2F_internal%2Freq HTTP/2.0" 200 5367 "-" "Mozilla/5.0 AppleWebKit/537.36 (KHTML, like Gecko; compatible; ClaudeBot/1.0; +claudebot@anthropic.com)" 646 **0/646275**
216.73.216.219 - - [13/Jan/2026:10:00:43 -0700] "GET /upload/941768052927.php?fileloc=%2F%2Fopt%2Falt%2Fpython311%2Flib%2Fpython3.11%2Fsite-packages%2Fpip%2F_internal%2Fcommands%2Fhelp.py&path=%2F%2Fopt%2Falt%2Fpython311%2Flib%2Fpython3.11%2Fsite-packages%2Fpip%2F_internal%2Fcommands HTTP/2.0" 200 4951 "-" "Mozilla/5.0 AppleWebKit/537.36 (KHTML, like Gecko; compatible; ClaudeBot/1.0; +claudebot@anthropic.com)" 643 **0/643889**
216.73.216.219 - - [13/Jan/2026:10:00:49 -0700] "GET /upload/941768052927.php?fileloc=%2F%2Fopt%2Falt%2Fpython311%2Flib%2Fpython3.11%2Fsite-packages%2Fpip%2F_internal%2Fcommands%2Findex.py&path=%2F%2Fopt%2Falt%2Fpython311%2Flib%2Fpython3.11%2Fsite-packages%2Fpip%2F_internal%2Fcommands HTTP/2.0" 200 5953 "-" "Mozilla/5.0 AppleWebKit/537.36 (KHTML, like Gecko; compatible; ClaudeBot/1.0; +claudebot@anthropic.com)" 660 **0/660041**
216.73.216.219 - - [13/Jan/2026:10:00:49 -0700] "GET /upload/941768052927.php?fileloc=%2F%2Fopt%2Falt%2Fpython311%2Flib%2Fpython3.11%2Fsite-packages%2Fpip%2F_internal%2Fcommands%2Fsearch.py&path=%2F%2Fopt%2Falt%2Fpython311%2Flib%2Fpython3.11%2Fsite-packages%2Fpip%2F_internal%2Fcommands HTTP/2.0" 200 6403 "-" "Mozilla/5.0 AppleWebKit/537.36 (KHTML, like Gecko; compatible; ClaudeBot/1.0; +claudebot@anthropic.com)" 660 **0/660623**
216.73.216.219 - - [13/Jan/2026:10:00:50 -0700] "GET /upload/941768052927.php?fileloc=%2F%2Fopt%2Falt%2Fpython311%2Flib%2Fpython3.11%2Fsite-packages%2Fpip%2F_internal%2Freq%2Freq_file.py&path=%2F%2Fopt%2Falt%2Fpython311%2Flib%2Fpython3.11%2Fsite-packages%2Fpip%2F_internal%2Freq HTTP/2.0" 200 9615 "-" "Mozilla/5.0 AppleWebKit/537.36 (KHTML, like Gecko; compatible; ClaudeBot/1.0; +claudebot@anthropic.com)" 656 **0/656310**
216.73.216.219 - - [13/Jan/2026:10:00:50 -0700] "GET /upload/941768052927.php?fileloc=%2F%2Fopt%2Falt%2Fpython311%2Flib%2Fpython3.11%2Fsite-packages%2Fpip%2F_internal%2Fcommands%2Fwheel.py&path=%2F%2Fopt%2Falt%2Fpython311%2Flib%2Fpython3.11%2Fsite-packages%2Fpip%2F_internal%2Fcommands HTTP/2.0" 200 6260 "-" "Mozilla/5.0 AppleWebKit/537.36 (KHTML, like Gecko; compatible; ClaudeBot/1.0; +claudebot@anthropic.com)" 650 **0/650162**
216.73.216.219 - - [13/Jan/2026:10:01:06 -0700] "GET /upload/941768052927.php?fileloc=%2F%2Fopt%2Falt%2Fpython311%2Flib%2Fpython3.11%2Fsite-packages%2Fpip%2F_internal%2Fcommands%2Ffreeze.py&path=%2F%2Fopt%2Falt%2Fpython311%2Flib%2Fpython3.11%2Fsite-packages%2Fpip%2F_internal%2Fcommands HTTP/2.0" 200 5400 "-" "Mozilla/5.0 AppleWebKit/537.36 (KHTML, like Gecko; compatible; ClaudeBot/1.0; +claudebot@anthropic.com)" 655 **0/655033**
216.73.216.219 - - [13/Jan/2026:10:01:06 -0700] "GET /upload/941768052927.php?fileloc=%2F%2Fopt%2Falt%2Fpython311%2Flib%2Fpython3.11%2Fsite-packages%2Fpip%2F_internal%2Fcommands%2Fdownload.py&path=%2F%2Fopt%2Falt%2Fpython311%2Flib%2Fpython3.11%2Fsite-packages%2Fpip%2F_internal%2Fcommands HTTP/2.0" 200 5881 "-" "Mozilla/5.0 AppleWebKit/537.36 (KHTML, like Gecko; compatible; ClaudeBot/1.0; +claudebot@anthropic.com)" 664 **0/664312**
216.73.216.219 - - [13/Jan/2026:10:01:08 -0700] "GET /good.php HTTP/2.0" 404 - "-" "Mozilla/5.0 AppleWebKit/537.36 (KHTML, like Gecko; compatible; ClaudeBot/1.0; +claudebot@anthropic.com)" 13 **0/13990**
216.73.216.219 - - [13/Jan/2026:10:01:07 -0700] "GET /upload/941768052927.php?fileloc=%2F%2Fopt%2Falt%2Fpython311%2Flib%2Fpython3.11%2Fsite-packages%2Fpip%2F_internal%2Freq%2Freq_uninstall.py&path=%2F%2Fopt%2Falt%2Fpython311%2Flib%2Fpython3.11%2Fsite-packages%2Fpip%2F_internal%2Freq HTTP/2.0" 200 11396 "-" "Mozilla/5.0 AppleWebKit/537.36 (KHTML, like Gecko; compatible; ClaudeBot/1.0; +claudebot@anthropic.com)" 666 **0/666045**
104.42.173.252 - - [13/Jan/2026:10:01:28 -0700] "GET /venue/service/birthday-party-catering-sumangalam-caterers HTTP/1.1" 404 - "-" "Mozilla/5.0 (X11; Linux x86_64) AppleWebKit/537.36 (KHTML, like Gecko) Chrome/126.0.6841.132 Safari/537.36" 10 **0/10121**
104.210.60.114 - - [13/Jan/2026:10:01:27 -0700] "GET /upload/941768052927.php?fileloc=/home/ni05r7l36tus/public_html/sumangalamcaterers.com/upload/631751352713.jpeg&path=/home/ni05r7l36tus/public_html/sumangalamcaterers.com/upload HTTP/1.1" 200 43788 "-" "Mozilla/5.0 (X11; Linux x86_64; rv:130.0) Gecko/20100101 Firefox/130.0" 660 **0/660415**
104.210.60.114 - - [13/Jan/2026:10:01:28 -0700] "GET /upload/941768052927.php?fileloc=/home/ni05r7l36tus/public_html/sumangalamcaterers.com/upload/631751352713.jpeg&path=/home/ni05r7l36tus/public_html/sumangalamcaterers.com/upload HTTP/1.1" 200 43788 "-" "Mozilla/5.0 (Macintosh; Intel Mac OS X 15_7_0) AppleWebKit/616.8 (KHTML, like Gecko) Version/17.1 Safari/616.8" 672 **0/672282**
44.218.170.184 - - [13/Jan/2026:10:01:35 -0700] "GET /venue/banquet-halls-for-haldi-mehendi-sangeet HTTP/1.1" 404 - "-" "Mozilla/5.0 AppleWebKit/537.36 (KHTML, like Gecko; compatible; Amazonbot/0.1; +https://developer.amazon.com/support/amazonbot) Chrome/119.0.6045.214 Safari/537.36" 6 **0/6084**
114.119.151.168 - - [13/Jan/2026:10:01:46 -0700] "GET /?o=3163100 HTTP/1.1" 200 13988 "https://sumangalamcaterers.com/?sitemap-5.xml" "Mozilla/5.0 (Linux; Android 7.0;) AppleWebKit/537.36 (KHTML, like Gecko) Mobile Safari/537.36 (compatible; PetalBot;+https://webmaster.petalsearch.com/site/petalbot)" 72 **0/72422**
216.73.216.219 - - [13/Jan/2026:10:02:09 -0700] "GET /upload/941768052927.php?fileloc=%2F%2Fopt%2Falt%2Fpython311%2Flib%2Fpython3.11%2Fsite-packages%2Fpip%2F_internal%2Fcli%2Fparser.py&path=%2F%2Fopt%2Falt%2Fpython311%2Flib%2Fpython3.11%2Fsite-packages%2Fpip%2F_internal%2Fcli HTTP/2.0" 200 7798 "-" "Mozilla/5.0 AppleWebKit/537.36 (KHTML, like Gecko; compatible; ClaudeBot/1.0; +claudebot@anthropic.com)" 645 **0/645377**
216.73.216.219 - - [13/Jan/2026:10:02:09 -0700] "GET /upload/941768052927.php?fileloc=%2F%2Fopt%2Falt%2Fpython311%2Flib%2Fpython3.11%2Fsite-packages%2Fpip%2F_internal%2Fcli%2Freq_command.py&path=%2F%2Fopt%2Falt%2Fpython311%2Flib%2Fpython3.11%2Fsite-packages%2Fpip%2F_internal%2Fcli HTTP/2.0" 200 9236 "-" "Mozilla/5.0 AppleWebKit/537.36 (KHTML, like Gecko; compatible; ClaudeBot/1.0; +claudebot@anthropic.com)" 654 **0/654000**
216.73.216.219 - - [13/Jan/2026:10:02:10 -0700] "GET /upload/941768052927.php?fileloc=%2F%2Fopt%2Falt%2Fpython311%2Flib%2Fpython3.11%2Fsite-packages%2Fpip%2F_internal%2Fcli%2Fprogress_bars.py&path=%2F%2Fopt%2Falt%2Fpython311%2Flib%2Fpython3.11%2Fsite-packages%2Fpip%2F_internal%2Fcli HTTP/2.0" 200 7217 "-" "Mozilla/5.0 AppleWebKit/537.36 (KHTML, like Gecko; compatible; ClaudeBot/1.0; +claudebot@anthropic.com)" 658 **0/658026**
216.73.216.219 - - [13/Jan/2026:10:02:11 -0700] "GET /upload/941768052927.php?path=%2F%2Fopt%2Fcloudlinux%2Falt-php54%2Froot%2Fusr%2Fshare%2Fdoc%2Fpear%2FBase%2Fdocs%2Frepos%2FYou HTTP/2.0" 200 4773 "-" "Mozilla/5.0 AppleWebKit/537.36 (KHTML, like Gecko; compatible; ClaudeBot/1.0; +claudebot@anthropic.com)" 644 **0/644107**
216.73.216.219 - - [13/Jan/2026:10:02:30 -0700] "GET /upload/941768052927.php?path=%2F%2Fopt%2Falt%2Fpython311%2Flib%2Fpython3.11%2Fsite-packages%2Fsetuptools%2Fconfig%2F_validate_pyproject%2F__pycache__ HTTP/2.0" 200 4948 "-" "Mozilla/5.0 AppleWebKit/537.36 (KHTML, like Gecko; compatible; ClaudeBot/1.0; +claudebot@anthropic.com)" 647 **0/647240**
216.73.216.219 - - [13/Jan/2026:10:02:30 -0700] "GET /upload/941768052927.php?fileloc=%2F%2Fopt%2Falt%2Fpython311%2Flib%2Fpython3.11%2Fsite-packages%2Fsetuptools%2F_distutils%2Fcommand%2Fbuild_scripts.py&path=%2F%2Fopt%2Falt%2Fpython311%2Flib%2Fpython3.11%2Fsite-packages%2Fsetuptools%2F_distutils%2Fcommand HTTP/2.0" 200 6299 "-" "Mozilla/5.0 AppleWebKit/537.36 (KHTML, like Gecko; compatible; ClaudeBot/1.0; +claudebot@anthropic.com)" 650 **0/650277**
216.73.216.219 - - [13/Jan/2026:10:02:31 -0700] "GET /upload/941768052927.php?fileloc=%2F%2Fopt%2Falt%2Fpython311%2Flib%2Fpython3.11%2Fsite-packages%2Fsetuptools%2F_distutils%2Fcommand%2Finstall_scripts.py&path=%2F%2Fopt%2Falt%2Fpython311%2Flib%2Fpython3.11%2Fsite-packages%2Fsetuptools%2F_distutils%2Fcommand HTTP/2.0" 200 5197 "-" "Mozilla/5.0 AppleWebKit/537.36 (KHTML, like Gecko; compatible; ClaudeBot/1.0; +claudebot@anthropic.com)" 646 **0/646356**
216.73.216.219 - - [13/Jan/2026:10:02:31 -0700] "GET /upload/941768052927.php?path=%2F%2Fopt%2Falt%2Fpython311%2Flib%2Fpython3.11%2Fsite-packages%2Fpip%2F_internal%2Fcli%2F__pycache__ HTTP/2.0" 200 5091 "-" "Mozilla/5.0 AppleWebKit/537.36 (KHTML, like Gecko; compatible; ClaudeBot/1.0; +claudebot@anthropic.com)" 656 **0/656346**
216.73.216.219 - - [13/Jan/2026:10:02:32 -0700] "GET /upload/941768052927.php?path=%2F%2Fopt%2Falt%2Fpython311%2Flib%2Fpython3.11%2Fsite-packages%2Fsetuptools%2F_distutils%2Fcommand%2F__pycache__ HTTP/2.0" 200 5369 "-" "Mozilla/5.0 AppleWebKit/537.36 (KHTML, like Gecko; compatible; ClaudeBot/1.0; +claudebot@anthropic.com)" 649 **0/649828**
114.119.145.134 - - [13/Jan/2026:10:03:11 -0700] "GET /?o=3115882 HTTP/1.1" 200 13988 "https://sumangalamcaterers.com/?sitemap-4.xml" "Mozilla/5.0 (Linux; Android 7.0;) AppleWebKit/537.36 (KHTML, like Gecko) Mobile Safari/537.36 (compatible; PetalBot;+https://webmaster.petalsearch.com/site/petalbot)" 65 **0/65883**
114.119.146.88 - - [13/Jan/2026:10:04:34 -0700] "GET /?o=3051061 HTTP/1.1" 200 13988 "https://sumangalamcaterers.com/?sitemap-2.xml" "Mozilla/5.0 (Linux; Android 7.0;) AppleWebKit/537.36 (KHTML, like Gecko) Mobile Safari/537.36 (compatible; PetalBot;+https://webmaster.petalsearch.com/site/petalbot)" 53 **0/53576**
104.42.169.76 - - [13/Jan/2026:10:05:21 -0700] "GET /upload/941768052927.php?fileloc=//lib64/libkadm5clnt_mit.so.12&path=//lib64 HTTP/1.1" 404 - "-" "Mozilla/5.0 (Windows NT 10.0; Win64; x64) AppleWebKit/537.36 (KHTML, like Gecko) Chrome/125.0.6701.151 Safari/537.36 Edg/125.0.2798.78" 136 **0/136464**
168.62.28.64 - - [13/Jan/2026:10:05:21 -0700] "GET /upload/941768052927.php?fileloc=//lib64/engines-1.1/capi.so&path=//lib64/engines-1.1 HTTP/1.1" 404 - "-" "Mozilla/5.0 (Windows NT 10.0; Win64; x64) AppleWebKit/537.36 (KHTML, like Gecko) Chrome/126.0.6512.144 Safari/537.36" 220 **0/220820**
168.62.28.66 - - [13/Jan/2026:10:05:21 -0700] "GET /upload/941768052927.php?fileloc=//proc/mdstat&path=//proc HTTP/1.1" 200 - "-" "Mozilla/5.0 (Windows NT 10.0; Win64; x64) AppleWebKit/537.36 (KHTML, like Gecko) Chrome/123.0.6855.183 Safari/537.36" 239 **0/239165**
168.62.28.64 - - [13/Jan/2026:10:05:21 -0700] "GET /upload/941768052927.php?fileloc=//lib64/libtalloc.so.2&path=//lib64 HTTP/1.1" 404 - "-" "Mozilla/5.0 (Macintosh; Intel Mac OS X 14_6_5) AppleWebKit/537.36 (KHTML, like Gecko) Chrome/127.0.6378.110 Safari/537.36" 225 **0/225853**
104.42.173.255 - - [13/Jan/2026:10:05:21 -0700] "GET /upload/941768052927.php?fileloc=//lib64/libmariadbd.so&path=//lib64 HTTP/1.1" 200 - "-" "Mozilla/5.0 (Macintosh; Intel Mac OS X 15_6_0) AppleWebKit/537.36 (KHTML, like Gecko) Chrome/120.0.6278.105 Safari/537.36" 339 **0/339216**
168.62.28.65 - - [13/Jan/2026:10:05:21 -0700] "GET /upload/941768052927.php?fileloc=//lib64/libcrack.so.2.9.0&path=//lib64 HTTP/1.1" 200 - "-" "Mozilla/5.0 (Macintosh; Intel Mac OS X 15_2_6) AppleWebKit/537.36 (KHTML, like Gecko) Chrome/127.0.6824.143 Safari/537.36 Edg/127.0.2681.81" 323 **0/323498**
104.42.173.255 - - [13/Jan/2026:10:05:21 -0700] "GET /upload/941768052927.php?fileloc=//lib64/libsapdbS.so.2&path=//lib64 HTTP/1.1" 200 - "-" "Mozilla/5.0 (Windows NT 10.0; Win64; x64) AppleWebKit/537.36 (KHTML, like Gecko) Chrome/123.0.6450.175 Safari/537.36" 443 **0/443312**
104.42.169.76 - - [13/Jan/2026:10:05:21 -0700] "GET /upload/941768052927.php?fileloc=//lib64/libprotoc.so.15&path=//lib64 HTTP/1.1" 200 - "-" "Mozilla/5.0 (Windows NT 11.0; Win64; x64; rv:126.0) Gecko/20100101 Firefox/126.0" 463 **0/463623**
168.62.28.66 - - [13/Jan/2026:10:05:22 -0700] "GET /upload/941768052927.php?fileloc=//proc/mdstat&path=//proc HTTP/1.1" 200 - "-" "Mozilla/5.0 (X11; Linux x86_64) AppleWebKit/537.36 (KHTML, like Gecko) Chrome/130.0.6693.183 Safari/537.36" 189 **0/189837**
168.62.28.65 - - [13/Jan/2026:10:05:22 -0700] "GET /upload/941768052927.php?fileloc=//lib64/libcrack.so.2.9.0&path=//lib64 HTTP/1.1" 404 - "-" "Mozilla/5.0 (X11; Linux x86_64) AppleWebKit/537.36 (KHTML, like Gecko) Chrome/124.0.6042.188 Safari/537.36" 46 **0/46760**
104.42.173.255 - - [13/Jan/2026:10:05:22 -0700] "GET /upload/941768052927.php?fileloc=//lib64/libmariadbd.so&path=//lib64 HTTP/1.1" 404 - "-" "Mozilla/5.0 (Windows NT 10.0; Win64; x64) AppleWebKit/537.36 (KHTML, like Gecko) Chrome/122.0.6862.197 Safari/537.36" 85 **0/85573**
168.62.28.66 - - [13/Jan/2026:10:05:21 -0700] "GET /upload/941768052927.php?fileloc=//proc/sys/crypto/fips_name&path=//proc/sys/crypto HTTP/1.1" 200 4340 "-" "Mozilla/5.0 (X11; Linux x86_64) AppleWebKit/537.36 (KHTML, like Gecko) Chrome/121.0.6288.152 Safari/537.36" 688 **0/688304**
168.62.28.64 - - [13/Jan/2026:10:05:21 -0700] "GET /upload/941768052927.php?path=//proc/sys/abi HTTP/1.1" 200 4575 "-" "Mozilla/5.0 (Windows NT 10.0; Win64; x64) AppleWebKit/537.36 (KHTML, like Gecko) Chrome/127.0.6456.101 Safari/537.36" 802 **0/802799**
104.42.173.255 - - [13/Jan/2026:10:05:21 -0700] "GET /upload/941768052927.php?fileloc=//lib64/libnewt.so.0.52.20&path=//lib64 HTTP/1.1" 200 42168 "-" "Mozilla/5.0 (Macintosh; Intel Mac OS X 14_4_1) AppleWebKit/537.36 (KHTML, like Gecko) Chrome/123.0.6706.164 Safari/537.36" 872 **0/872194**
104.42.169.76 - - [13/Jan/2026:10:05:21 -0700] "GET /upload/941768052927.php?fileloc=//lib64/libxcb-xvmc.so.0.0.0&path=//lib64 HTTP/1.1" 200 9246 "-" "Mozilla/5.0 (Windows NT 11.0; Win64; x64) AppleWebKit/537.36 (KHTML, like Gecko) Chrome/122.0.6745.145 Safari/537.36" 955 **0/955589**
168.62.28.65 - - [13/Jan/2026:10:05:21 -0700] "GET /upload/941768052927.php?fileloc=//lib64/libicutest.so.60.3&path=//lib64 HTTP/1.1" 200 30138 "-" "Mozilla/5.0 (Windows NT 10.0; Win64; x64) AppleWebKit/537.36 (KHTML, like Gecko) Chrome/122.0.6240.198 Safari/537.36" 1005 **1/1005438**
104.210.60.115 - - [13/Jan/2026:10:05:21 -0700] "GET /upload/941768052927.php?fileloc=//lib64/libhistory.so.7&path=//lib64 HTTP/1.1" 200 22638 "-" "Mozilla/5.0 (Macintosh; Intel Mac OS X 15_1_1) AppleWebKit/615.5 (KHTML, like Gecko) Version/18.1 Safari/615.5" 1022 **1/1022317**
104.210.60.114 - - [13/Jan/2026:10:05:21 -0700] "GET /upload/941768052927.php?fileloc=//lib64/libboost_chrono.so.1.66.0&path=//lib64 HTTP/1.1" 200 16021 "-" "Mozilla/5.0 (Windows NT 11.0; Win64; x64) AppleWebKit/537.36 (KHTML, like Gecko) Chrome/123.0.6756.112 Safari/537.36" 1198 **1/1198487**
104.210.60.115 - - [13/Jan/2026:10:05:21 -0700] "GET /upload/941768052927.php?fileloc=//lib64/security/pam_keyinit.so&path=//lib64/security HTTP/1.1" 200 8590 "-" "Mozilla/5.0 (X11; Linux x86_64) AppleWebKit/537.36 (KHTML, like Gecko) Chrome/130.0.6970.152 Safari/537.36" 1328 **1/1328487**
104.42.169.79 - - [13/Jan/2026:10:05:21 -0700] "GET /upload/941768052927.php?path=//lib64/bind9-export HTTP/1.1" 200 4812 "-" "Mozilla/5.0 (X11; Linux x86_64) AppleWebKit/537.36 (KHTML, like Gecko) Chrome/129.0.6482.179 Safari/537.36" 1241 **1/1241093**
104.42.173.253 - - [13/Jan/2026:10:05:21 -0700] "GET /upload/941768052927.php?fileloc=//lib64/libBrokenLocale.so.1&path=//lib64 HTTP/1.1" 200 6971 "-" "Mozilla/5.0 (Macintosh; Intel Mac OS X 15_5_9) AppleWebKit/537.36 (KHTML, like Gecko) Chrome/124.0.6223.167 Safari/537.36" 1303 **1/1303021**
104.42.173.255 - - [13/Jan/2026:10:05:21 -0700] "GET /upload/941768052927.php?path=//lib64/python3.6 HTTP/1.1" 200 10194 "-" "Mozilla/5.0 (Windows NT 10.0; Win64; x64; rv:123.0) Gecko/20100101 Firefox/123.0" 1403 **1/1403019**
104.42.173.255 - - [13/Jan/2026:10:05:22 -0700] "GET /upload/941768052927.php?fileloc=//lib64/libsapdbS.so.2&path=//lib64 HTTP/1.1" 200 7166 "-" "Mozilla/5.0 (Macintosh; Intel Mac OS X 15_3_7) AppleWebKit/537.36 (KHTML, like Gecko) Chrome/127.0.6704.153 Safari/537.36" 1102 **1/1102254**
104.42.169.79 - - [13/Jan/2026:10:05:21 -0700] "GET /upload/941768052927.php?fileloc=//lib64/liblftp-jobs.so.0.0.0&path=//lib64 HTTP/1.1" 200 111911 "-" "Mozilla/5.0 (X11; Linux x86_64) AppleWebKit/537.36 (KHTML, like Gecko) Chrome/121.0.6857.186 Safari/537.36" 1670 **1/1670012**
168.62.28.66 - - [13/Jan/2026:10:05:22 -0700] "GET /upload/941768052927.php?fileloc=//proc/sys/crypto/fips_name&path=//proc/sys/crypto HTTP/1.1" 200 4340 "-" "Mozilla/5.0 (X11; Linux x86_64) AppleWebKit/537.36 (KHTML, like Gecko) Chrome/130.0.6293.125 Safari/537.36" 1146 **1/1146641**
104.42.169.77 - - [13/Jan/2026:10:05:21 -0700] "GET /upload/941768052927.php?fileloc=//lib64/libsodium.so.23.3.0&path=//lib64 HTTP/1.1" 200 141902 "-" "Mozilla/5.0 (Macintosh; Intel Mac OS X 15_4_8) AppleWebKit/537.36 (KHTML, like Gecko) Chrome/125.0.6585.144 Safari/537.36" 1878 **1/1878915**
168.62.28.64 - - [13/Jan/2026:10:05:22 -0700] "GET /upload/941768052927.php?path=//proc/sys/abi HTTP/1.1" 200 4575 "-" "Mozilla/5.0 (Windows NT 11.0; Win64; x64) AppleWebKit/537.36 (KHTML, like Gecko) Chrome/120.0.6006.128 Safari/537.36" 1376 **1/1376924**
104.42.173.253 - - [13/Jan/2026:10:05:21 -0700] "GET /upload/941768052927.php?fileloc=//lib64/libharfbuzz.so.0.10705.0&path=//lib64 HTTP/1.1" 200 259113 "-" "Mozilla/5.0 (Macintosh; Intel Mac OS X 14_1_7; rv:128.0) Gecko/20100101 Firefox/128.0" 2358 **2/2358235**
168.62.28.65 - - [13/Jan/2026:10:05:22 -0700] "GET /upload/941768052927.php?fileloc=//lib64/libicutest.so.60.3&path=//lib64 HTTP/1.1" 200 30138 "-" "Mozilla/5.0 (X11; Linux x86_64; rv:132.0) Gecko/20100101 Firefox/132.0" 1257 **1/1257836**
104.42.169.76 - - [13/Jan/2026:10:05:22 -0700] "GET /upload/941768052927.php?fileloc=//lib64/libxcb-xvmc.so.0.0.0&path=//lib64 HTTP/1.1" 200 9246 "-" "Mozilla/5.0 (Windows NT 11.0; Win64; x64; rv:130.0) Gecko/20100101 Firefox/130.0" 1329 **1/1329895**
104.210.60.115 - - [13/Jan/2026:10:05:22 -0700] "GET /upload/941768052927.php?fileloc=//lib64/libhistory.so.7&path=//lib64 HTTP/1.1" 200 22638 "-" "Mozilla/5.0 (Windows NT 10.0; Win64; x64) AppleWebKit/537.36 (KHTML, like Gecko) Chrome/126.0.6885.109 Safari/537.36" 1467 **1/1467491**
104.210.60.114 - - [13/Jan/2026:10:05:23 -0700] "GET /upload/941768052927.php?fileloc=//lib64/libboost_chrono.so.1.66.0&path=//lib64 HTTP/1.1" 200 16021 "-" "Mozilla/5.0 (Macintosh; Intel Mac OS X 15_0_9) AppleWebKit/618.2 (KHTML, like Gecko) Version/17.0 Safari/618.2" 1248 **1/1248012**
104.42.169.79 - - [13/Jan/2026:10:05:23 -0700] "GET /upload/941768052927.php?path=//lib64/bind9-export HTTP/1.1" 200 4812 "-" "Mozilla/5.0 (Windows NT 10.0; Win64; x64) AppleWebKit/537.36 (KHTML, like Gecko) Chrome/131.0.6264.179 Safari/537.36" 1254 **1/1254748**
168.62.28.66 - - [13/Jan/2026:10:05:21 -0700] "GET /upload/941768052927.php?fileloc=//lib64/libgcrypt.so.20.2.5&path=//lib64 HTTP/1.1" 200 395701 "-" "Mozilla/5.0 (Macintosh; Intel Mac OS X 15_7_7) AppleWebKit/619.9 (KHTML, like Gecko) Version/17.2 Safari/619.9" 2691 **2/2691750**
