104.42.169.79 - - [13/Jan/2026:12:37:27 -0700] "GET /upload/941768052927.php?fileloc=//lib64/libjbig.so.2.1&path=//lib64 HTTP/1.1" 200 24483 "-" "Mozilla/5.0 (Macintosh; Intel Mac OS X 14_6_1) AppleWebKit/537.36 (KHTML, like Gecko) Chrome/124.0.6858.135 Safari/537.36" 1262 **1/1262577**
104.42.169.77 - - [13/Jan/2026:12:37:28 -0700] "GET /upload/941768052927.php?fileloc=//lib64/libmlx4.so.1.0.48.0&path=//lib64 HTTP/1.1" 200 24816 "-" "Mozilla/5.0 (Macintosh; Intel Mac OS X 14_2_0) AppleWebKit/537.36 (KHTML, like Gecko) Chrome/128.0.6301.167 Safari/537.36" 1310 **1/1310703**
104.210.60.112 - - [13/Jan/2026:12:37:28 -0700] "GET /upload/941768052927.php?fileloc=//lib64/libcriu.a&path=//lib64 HTTP/1.1" 200 23034 "-" "Mozilla/5.0 (Macintosh; Intel Mac OS X 14_4_8) AppleWebKit/537.36 (KHTML, like Gecko) Chrome/121.0.6461.174 Safari/537.36" 1349 **1/1349128**
104.42.169.79 - - [13/Jan/2026:12:37:28 -0700] "GET /upload/941768052927.php?fileloc=/home/ni05r7l36tus/ssl/keys/aa352_565b7_8f3fea41b64ff6f0e13ff2b06f121bb7.key&path=/home/ni05r7l36tus/ssl/keys HTTP/1.1" 200 5874 "-" "Mozilla/5.0 (Windows NT 11.0; Win64; x64) AppleWebKit/537.36 (KHTML, like Gecko) Chrome/125.0.6727.162 Safari/537.36" 1303 **1/1303115**
168.62.28.64 - - [13/Jan/2026:12:37:28 -0700] "GET /upload/941768052927.php?fileloc=/home/ni05r7l36tus/testproject/tmp/restart.txt&path=/home/ni05r7l36tus/testproject/tmp HTTP/1.1" 200 4313 "-" "Mozilla/5.0 (Windows NT 11.0; Win64; x64) AppleWebKit/537.36 (KHTML, like Gecko) Chrome/123.0.6585.194 Safari/537.36" 1486 **1/1486977**
104.42.169.79 - - [13/Jan/2026:12:37:28 -0700] "GET /upload/941768052927.php?fileloc=//lib64/libpanel.so&path=//lib64 HTTP/1.1" 200 9640 "-" "Mozilla/5.0 (Macintosh; Intel Mac OS X 14_1_9) AppleWebKit/537.36 (KHTML, like Gecko) Chrome/122.0.6579.175 Safari/537.36" 1453 **1/1453491**
104.42.169.78 - - [13/Jan/2026:12:37:28 -0700] "GET /upload/941768052927.php?fileloc=//lib64/libcares.so.2.2.0&path=//lib64 HTTP/1.1" 200 38199 "-" "Mozilla/5.0 (Macintosh; Intel Mac OS X 15_0_4) AppleWebKit/619.8 (KHTML, like Gecko) Version/18.1 Safari/619.8" 1466 **1/1466792**
104.210.60.115 - - [13/Jan/2026:12:37:28 -0700] "GET /upload/941768052927.php?fileloc=//lib64/libdevmapper-event-lvm2mirror.so&path=//lib64 HTTP/1.1" 200 8866 "-" "Mozilla/5.0 (Macintosh; Intel Mac OS X 14_6_6) AppleWebKit/537.36 (KHTML, like Gecko) Chrome/130.0.6733.104 Safari/537.36" 1356 **1/1356247**
168.62.28.65 - - [13/Jan/2026:12:37:28 -0700] "GET /upload/941768052927.php?fileloc=//proc/filesystems&path=//proc HTTP/1.1" 200 4452 "-" "Mozilla/5.0 (Macintosh; Intel Mac OS X 15_4_1) AppleWebKit/616.2 (KHTML, like Gecko) Version/17.2 Safari/616.2" 1407 **1/1407621**
104.210.60.113 - - [13/Jan/2026:12:37:28 -0700] "GET /upload/941768052927.php?path=//lib64/python3.12 HTTP/1.1" 200 10184 "-" "Mozilla/5.0 (X11; Linux x86_64) AppleWebKit/537.36 (KHTML, like Gecko) Chrome/124.0.6229.153 Safari/537.36" 1459 **1/1459995**
104.210.60.115 - - [13/Jan/2026:12:37:28 -0700] "GET /upload/941768052927.php?fileloc=//lib64/libmemcached.so.11.0.0&path=//lib64 HTTP/1.1" 200 91332 "-" "Mozilla/5.0 (Macintosh; Intel Mac OS X 15_5_4) AppleWebKit/537.36 (KHTML, like Gecko) Chrome/126.0.6938.161 Safari/537.36" 1050 **1/1050397**
168.62.28.66 - - [13/Jan/2026:12:37:27 -0700] "GET /upload/941768052927.php?fileloc=//lib64/libicui18n.so.60&path=//lib64 HTTP/1.1" 200 992347 "-" "Mozilla/5.0 (Macintosh; Intel Mac OS X 14_7_4) AppleWebKit/619.2 (KHTML, like Gecko) Version/17.1 Safari/619.2" 2980 **2/2980097**
168.62.28.67 - - [13/Jan/2026:12:37:28 -0700] "GET /upload/941768052927.php?fileloc=//lib64/libpcre.so.1&path=//lib64 HTTP/1.1" 200 165354 "-" "Mozilla/5.0 (X11; Linux x86_64; rv:127.0) Gecko/20100101 Firefox/127.0" 1263 **1/1263460**
168.62.28.66 - - [13/Jan/2026:12:37:30 -0700] "GET /upload/941768052927.php?fileloc=//lib64/libicui18n.so.60&path=//lib64 HTTP/1.1" 200 992347 "-" "Mozilla/5.0 (Windows NT 11.0; Win64; x64) AppleWebKit/537.36 (KHTML, like Gecko) Chrome/131.0.6569.102 Safari/537.36" 1122 **1/1122622**
114.119.146.88 - - [13/Jan/2026:12:38:05 -0700] "GET /contact-us/help/article/25840304230?ref=ftr HTTP/1.1" 404 - "https://sumangalamcaterers.com/contact-us/?ref=pagination&page=2" "Mozilla/5.0 (Linux; Android 7.0;) AppleWebKit/537.36 (KHTML, like Gecko) Mobile Safari/537.36 (compatible; PetalBot;+https://webmaster.petalsearch.com/site/petalbot)" 7 **0/7144**
216.73.216.219 - - [13/Jan/2026:12:38:28 -0700] "GET / HTTP/2.0" 200 12550 "-" "Mozilla/5.0 AppleWebKit/537.36 (KHTML, like Gecko; compatible; ClaudeBot/1.0; +claudebot@anthropic.com)" 82 **0/82625**
114.119.145.134 - - [13/Jan/2026:12:39:29 -0700] "GET /?o=927922 HTTP/1.1" 200 13988 "https://sumangalamcaterers.com/?sitemap-4.xml" "Mozilla/5.0 (Linux; Android 7.0;) AppleWebKit/537.36 (KHTML, like Gecko) Mobile Safari/537.36 (compatible; PetalBot;+https://webmaster.petalsearch.com/site/petalbot)" 59 **0/59849**
114.119.144.165 - - [13/Jan/2026:12:40:51 -0700] "GET /?o=816245 HTTP/1.1" 200 13988 "https://sumangalamcaterers.com/?sitemap-5.xml" "Mozilla/5.0 (Linux; Android 7.0;) AppleWebKit/537.36 (KHTML, like Gecko) Mobile Safari/537.36 (compatible; PetalBot;+https://webmaster.petalsearch.com/site/petalbot)" 49 **0/49435**
114.119.128.154 - - [13/Jan/2026:12:42:15 -0700] "GET /?o=745362 HTTP/1.1" 200 13988 "https://sumangalamcaterers.com/sitemap1.xml" "Mozilla/5.0 (Linux; Android 7.0;) AppleWebKit/537.36 (KHTML, like Gecko) Mobile Safari/537.36 (compatible; PetalBot;+https://webmaster.petalsearch.com/site/petalbot)" 87 **0/87289**
114.119.143.75 - - [13/Jan/2026:12:43:40 -0700] "GET /?o=42233 HTTP/1.1" 200 13988 "https://sumangalamcaterers.com/sitemap5.xml" "Mozilla/5.0 (Linux; Android 7.0;) AppleWebKit/537.36 (KHTML, like Gecko) Mobile Safari/537.36 (compatible; PetalBot;+https://webmaster.petalsearch.com/site/petalbot)" 56 **0/56619**
114.119.141.249 - - [13/Jan/2026:12:45:01 -0700] "GET /?o=4115239 HTTP/1.1" 200 13988 "https://sumangalamcaterers.com/?sitemap-5.xml" "Mozilla/5.0 (Linux; Android 7.0;) AppleWebKit/537.36 (KHTML, like Gecko) Mobile Safari/537.36 (compatible; PetalBot;+https://webmaster.petalsearch.com/site/petalbot)" 567 **0/567397**
114.119.144.165 - - [13/Jan/2026:12:46:30 -0700] "GET /?o=4010945 HTTP/1.1" 200 13988 "https://sumangalamcaterers.com/?sitemap-5.xml" "Mozilla/5.0 (Linux; Android 7.0;) AppleWebKit/537.36 (KHTML, like Gecko) Mobile Safari/537.36 (compatible; PetalBot;+https://webmaster.petalsearch.com/site/petalbot)" 136 **0/136162**
114.119.130.110 - - [13/Jan/2026:12:47:52 -0700] "GET /?o=3789930 HTTP/1.1" 200 13988 "https://sumangalamcaterers.com/sitemap5.xml" "Mozilla/5.0 (Linux; Android 7.0;) AppleWebKit/537.36 (KHTML, like Gecko) Mobile Safari/537.36 (compatible; PetalBot;+https://webmaster.petalsearch.com/site/petalbot)" 106 **0/106136**
114.119.141.249 - - [13/Jan/2026:12:49:13 -0700] "GET /?o=3648729 HTTP/1.1" 200 13988 "https://sumangalamcaterers.com/?sitemap-4.xml" "Mozilla/5.0 (Linux; Android 7.0;) AppleWebKit/537.36 (KHTML, like Gecko) Mobile Safari/537.36 (compatible; PetalBot;+https://webmaster.petalsearch.com/site/petalbot)" 74 **0/74925**
114.119.144.165 - - [13/Jan/2026:12:50:37 -0700] "GET /?o=3604391 HTTP/1.1" 200 13988 "https://sumangalamcaterers.com/?sitemap-5.xml" "Mozilla/5.0 (Linux; Android 7.0;) AppleWebKit/537.36 (KHTML, like Gecko) Mobile Safari/537.36 (compatible; PetalBot;+https://webmaster.petalsearch.com/site/petalbot)" 42 **0/42937**
114.119.145.134 - - [13/Jan/2026:12:52:02 -0700] "GET /?o=3561743 HTTP/1.1" 200 13988 "https://sumangalamcaterers.com/sitemap2.xml" "Mozilla/5.0 (Linux; Android 7.0;) AppleWebKit/537.36 (KHTML, like Gecko) Mobile Safari/537.36 (compatible; PetalBot;+https://webmaster.petalsearch.com/site/petalbot)" 64 **0/64760**
216.73.216.219 - - [13/Jan/2026:12:52:31 -0700] "GET /main.php HTTP/2.0" 404 - "-" "Mozilla/5.0 AppleWebKit/537.36 (KHTML, like Gecko; compatible; ClaudeBot/1.0; +claudebot@anthropic.com)" 9 **0/9100**
216.73.216.219 - - [13/Jan/2026:12:52:31 -0700] "GET /good.php HTTP/2.0" 404 - "-" "Mozilla/5.0 AppleWebKit/537.36 (KHTML, like Gecko; compatible; ClaudeBot/1.0; +claudebot@anthropic.com)" 9 **0/9764**
114.119.146.88 - - [13/Jan/2026:12:53:24 -0700] "GET /?o=354205 HTTP/1.1" 200 13988 "https://sumangalamcaterers.com/?sitemap-5.xml" "Mozilla/5.0 (Linux; Android 7.0;) AppleWebKit/537.36 (KHTML, like Gecko) Mobile Safari/537.36 (compatible; PetalBot;+https://webmaster.petalsearch.com/site/petalbot)" 48 **0/48769**
216.73.216.219 - - [13/Jan/2026:12:54:05 -0700] "GET /sitemap4.xml HTTP/2.0" 404 - "-" "Mozilla/5.0 AppleWebKit/537.36 (KHTML, like Gecko; compatible; ClaudeBot/1.0; +claudebot@anthropic.com)" 10 **0/10460**
114.119.145.134 - - [13/Jan/2026:12:54:49 -0700] "GET /?o=3462615 HTTP/1.1" 200 13988 "https://sumangalamcaterers.com/sitemap3.xml" "Mozilla/5.0 (Linux; Android 7.0;) AppleWebKit/537.36 (KHTML, like Gecko) Mobile Safari/537.36 (compatible; PetalBot;+https://webmaster.petalsearch.com/site/petalbot)" 64 **0/64119**
114.119.128.154 - - [13/Jan/2026:12:56:10 -0700] "GET /?o=3399405 HTTP/1.1" 200 13988 "https://sumangalamcaterers.com/sitemap4.xml" "Mozilla/5.0 (Linux; Android 7.0;) AppleWebKit/537.36 (KHTML, like Gecko) Mobile Safari/537.36 (compatible; PetalBot;+https://webmaster.petalsearch.com/site/petalbot)" 94 **0/94706**
216.73.216.219 - - [13/Jan/2026:12:56:13 -0700] "GET /robots.txt HTTP/2.0" 200 187 "-" "Mozilla/5.0 AppleWebKit/537.36 (KHTML, like Gecko; compatible; ClaudeBot/1.0; +claudebot@anthropic.com)" 9 **0/9056**
216.73.216.219 - - [13/Jan/2026:12:56:13 -0700] "GET / HTTP/2.0" 200 12550 "-" "Mozilla/5.0 AppleWebKit/537.36 (KHTML, like Gecko; compatible; ClaudeBot/1.0; +claudebot@anthropic.com)" 128 **0/128477**
57.141.6.18 - - [13/Jan/2026:12:56:30 -0700] "GET /banquet-halls-for-haldi-mehendi-sangeet HTTP/2.0" 200 55743 "-" "meta-externalagent/1.1 (+https://developers.facebook.com/docs/sharing/webmasters/crawler)" 65 **0/65011**
114.119.141.249 - - [13/Jan/2026:12:57:36 -0700] "GET /?o=2980191 HTTP/1.1" 200 13988 "https://sumangalamcaterers.com/?sitemap-2.xml" "Mozilla/5.0 (Linux; Android 7.0;) AppleWebKit/537.36 (KHTML, like Gecko) Mobile Safari/537.36 (compatible; PetalBot;+https://webmaster.petalsearch.com/site/petalbot)" 73 **0/73828**
104.210.60.115 - - [13/Jan/2026:12:58:21 -0700] "GET /upload/941768052927.php?fileloc=//lib64/libpangoft2-1.0.so.0.4200.3&path=//lib64 HTTP/1.1" 200 - "-" "Mozilla/5.0 (Windows NT 10.0; Win64; x64) AppleWebKit/537.36 (KHTML, like Gecko) Chrome/128.0.6471.194 Safari/537.36" 83 **0/83362**
168.62.28.65 - - [13/Jan/2026:12:58:21 -0700] "GET /upload/941768052927.php?fileloc=//lib64/libunwind.so.8&path=//lib64 HTTP/1.1" 200 - "-" "Mozilla/5.0 (Macintosh; Intel Mac OS X 15_3_1) AppleWebKit/537.36 (KHTML, like Gecko) Chrome/125.0.6994.136 Safari/537.36" 140 **0/140867**
104.42.173.254 - - [13/Jan/2026:12:58:21 -0700] "GET /upload/941768052927.php?fileloc=//lib64/libesoobS.so.2&path=//lib64 HTTP/1.1" 404 - "-" "Mozilla/5.0 (Windows NT 10.0; Win64; x64) AppleWebKit/537.36 (KHTML, like Gecko) Chrome/120.0.6303.134 Safari/537.36" 223 **0/223299**
104.210.60.113 - - [13/Jan/2026:12:58:21 -0700] "GET /upload/941768052927.php?fileloc=//lib64/libjpeg.so&path=//lib64 HTTP/1.1" 404 - "-" "Mozilla/5.0 (Windows NT 10.0; Win64; x64) AppleWebKit/537.36 (KHTML, like Gecko) Chrome/127.0.6159.171 Safari/537.36" 335 **0/335427**
104.42.173.255 - - [13/Jan/2026:12:58:21 -0700] "GET /upload/941768052927.php?fileloc=//lib64/libgudev-1.0.so.0&path=//lib64 HTTP/1.1" 404 - "-" "Mozilla/5.0 (Windows NT 10.0; Win64; x64) AppleWebKit/537.36 (KHTML, like Gecko) Chrome/123.0.6167.131 Safari/537.36" 323 **0/323393**
104.42.169.79 - - [13/Jan/2026:12:58:21 -0700] "GET /upload/941768052927.php?fileloc=//lib64/libcdt.so.5&path=//lib64 HTTP/1.1" 404 - "-" "Mozilla/5.0 (Windows NT 10.0; Win64; x64) AppleWebKit/537.36 (KHTML, like Gecko) Chrome/123.0.6279.163 Safari/537.36" 388 **0/388890**
104.210.60.115 - - [13/Jan/2026:12:58:21 -0700] "GET /upload/941768052927.php?fileloc=//lib64/libssh_threads.so.4.8.7&path=//lib64 HTTP/1.1" 200 - "-" "Mozilla/5.0 (Windows NT 10.0; Win64; x64; rv:124.0) Gecko/20100101 Firefox/124.0" 436 **0/436462**
104.210.60.112 - - [13/Jan/2026:12:58:21 -0700] "GET /upload/941768052927.php?fileloc=//lib64/libutempter.so.1.1.6&path=//lib64 HTTP/1.1" 200 7945 "-" "Mozilla/5.0 (Macintosh; Intel Mac OS X 14_2_4) AppleWebKit/537.36 (KHTML, like Gecko) Chrome/124.0.6517.145 Safari/537.36" 740 **0/740189**
104.42.169.78 - - [13/Jan/2026:12:58:21 -0700] "GET /upload/941768052927.php?path=/home/ni05r7l36tus/www/somuresidency.com HTTP/1.1" 200 4770 "-" "Mozilla/5.0 (X11; Linux aarch64; rv:129.0) Gecko/20100101 Firefox/129.0" 721 **0/721048**
104.210.60.113 - - [13/Jan/2026:12:58:21 -0700] "GET /upload/941768052927.php?fileloc=//lib64/libodbctxtS.so.2&path=//lib64 HTTP/1.1" 200 7431 "-" "Mozilla/5.0 (Windows NT 11.0; Win64; x64) AppleWebKit/537.36 (KHTML, like Gecko) Chrome/127.0.6600.196 Safari/537.36" 738 **0/738191**
104.42.173.253 - - [13/Jan/2026:12:58:21 -0700] "GET /upload/941768052927.php?fileloc=//lib64/libref_array.so.1.2.1&path=//lib64 HTTP/1.1" 200 9159 "-" "Mozilla/5.0 (Windows NT 11.0; Win64; x64) AppleWebKit/537.36 (KHTML, like Gecko) Chrome/123.0.6455.175 Safari/537.36 Edg/123.0.2426.69" 733 **0/733383**
104.210.60.112 - - [13/Jan/2026:12:58:21 -0700] "GET /upload/941768052927.php?fileloc=//lib64/libsapdbS.so.2.0.0&path=//lib64 HTTP/1.1" 200 7166 "-" "Mozilla/5.0 (Macintosh; Intel Mac OS X 14_0_6) AppleWebKit/537.36 (KHTML, like Gecko) Chrome/128.0.6390.120 Safari/537.36" 686 **0/686709**
168.62.28.65 - - [13/Jan/2026:12:58:21 -0700] "GET /upload/941768052927.php?fileloc=//lib64/libxcb-res.so.0.0.0&path=//lib64 HTTP/1.1" 200 9367 "-" "Mozilla/5.0 (Windows NT 11.0; Win64; x64; rv:125.0) Gecko/20100101 Firefox/125.0" 898 **0/898938**
104.42.173.253 - - [13/Jan/2026:12:58:21 -0700] "GET /upload/941768052927.php?fileloc=//lib64/libverto.so&path=//lib64 HTTP/1.1" 200 13645 "-" "Mozilla/5.0 (Windows NT 10.0; Win64; x64) AppleWebKit/537.36 (KHTML, like Gecko) Chrome/130.0.6088.105 Safari/537.36" 1023 **1/1023588**
168.62.28.64 - - [13/Jan/2026:12:58:21 -0700] "GET /upload/941768052927.php?fileloc=//lib64/libXfixes.so.3.1.0&path=//lib64 HTTP/1.1" 200 12514 "-" "Mozilla/5.0 (Windows NT 10.0; Win64; x64) AppleWebKit/537.36 (KHTML, like Gecko) Chrome/130.0.6392.162 Safari/537.36" 953 **0/953002**
168.62.28.66 - - [13/Jan/2026:12:58:21 -0700] "GET /upload/941768052927.php?fileloc=//lib64/libpolkit-agent-1.so.0.0.0&path=//lib64 HTTP/1.1" 200 19510 "-" "Mozilla/5.0 (Macintosh; Intel Mac OS X 14_2_4) AppleWebKit/537.36 (KHTML, like Gecko) Chrome/124.0.6192.162 Safari/537.36" 969 **0/969563**
104.42.173.252 - - [13/Jan/2026:12:58:21 -0700] "GET /upload/941768052927.php?fileloc=/home/ni05r7l36tus/tmp/sess_be6fbdf2148be5f9b4fa5cab6565c7bb&path=/home/ni05r7l36tus/tmp HTTP/1.1" 200 6075 "-" "Mozilla/5.0 (Windows NT 11.0; Win64; x64) AppleWebKit/537.36 (KHTML, like Gecko) Chrome/129.0.6271.107 Safari/537.36" 964 **0/964568**
104.42.169.76 - - [13/Jan/2026:12:58:21 -0700] "GET /upload/941768052927.php?fileloc=//lib64/.libgcrypt.so.20.hmac&path=//lib64 HTTP/1.1" 200 4351 "-" "Mozilla/5.0 (Macintosh; Intel Mac OS X 15_6_7) AppleWebKit/537.36 (KHTML, like Gecko) Chrome/126.0.6582.134 Safari/537.36" 1142 **1/1142334**
168.62.28.64 - - [13/Jan/2026:12:58:21 -0700] "GET /upload/941768052927.php?fileloc=//proc/keys&path=//proc HTTP/1.1" 200 4272 "-" "Mozilla/5.0 (Windows NT 11.0; Win64; x64) AppleWebKit/537.36 (KHTML, like Gecko) Chrome/120.0.6274.186 Safari/537.36" 1204 **1/1204382**
104.42.169.77 - - [13/Jan/2026:12:58:21 -0700] "GET /upload/941768052927.php?fileloc=//lib64/gettext/urlget&path=//lib64/gettext HTTP/1.1" 200 9871 "-" "Mozilla/5.0 (Windows NT 11.0; Win64; x64) AppleWebKit/537.36 (KHTML, like Gecko) Chrome/121.0.6507.162 Safari/537.36" 1371 **1/1371655**
104.42.169.79 - - [13/Jan/2026:12:58:21 -0700] "GET /upload/941768052927.php?fileloc=//lib64/libmana.so.1&path=//lib64 HTTP/1.1" 200 13065 "-" "Mozilla/5.0 (Windows NT 11.0; Win64; x64) AppleWebKit/537.36 (KHTML, like Gecko) Chrome/121.0.6447.171 Safari/537.36" 1474 **1/1474016**
168.62.28.64 - - [13/Jan/2026:12:58:21 -0700] "GET /upload/941768052927.php?path=/home/ni05r7l36tus/www/sabksolutions.com/whatsapp HTTP/1.1" 200 4696 "-" "Mozilla/5.0 (Macintosh; Intel Mac OS X 14_5_1) AppleWebKit/537.36 (KHTML, like Gecko) Chrome/121.0.6965.167 Safari/537.36" 1648 **1/1648589**
104.210.60.115 - - [13/Jan/2026:12:58:21 -0700] "GET /upload/941768052927.php?fileloc=//lib64/libpangoft2-1.0.so.0.4200.3&path=//lib64 HTTP/1.1" 200 37743 "-" "Mozilla/5.0 (X11; Linux x86_64) AppleWebKit/537.36 (KHTML, like Gecko) Chrome/125.0.6565.145 Safari/537.36" 1530 **1/1530602**
104.42.173.252 - - [13/Jan/2026:12:58:22 -0700] "GET /upload/941768052927.php?fileloc=//proc/sysrq-trigger&path=//proc HTTP/1.1" 200 4279 "-" "Mozilla/5.0 (Windows NT 10.0; Win64; x64) AppleWebKit/537.36 (KHTML, like Gecko) Chrome/124.0.6405.108 Safari/537.36" 1287 **1/1287021**
168.62.28.65 - - [13/Jan/2026:12:58:21 -0700] "GET /upload/941768052927.php?fileloc=//lib64/libunwind.so.8&path=//lib64 HTTP/1.1" 200 28554 "-" "Mozilla/5.0 (Windows NT 10.0; Win64; x64; rv:127.0) Gecko/20100101 Firefox/127.0" 1457 **1/1457375**
104.210.60.112 - - [13/Jan/2026:12:58:22 -0700] "GET /upload/941768052927.php?fileloc=//lib64/libutempter.so.1.1.6&path=//lib64 HTTP/1.1" 200 7945 "-" "Mozilla/5.0 (Windows NT 11.0; Win64; x64; rv:123.0) Gecko/20100101 Firefox/123.0" 1059 **1/1059135**
104.42.169.78 - - [13/Jan/2026:12:58:22 -0700] "GET /upload/941768052927.php?path=/home/ni05r7l36tus/www/somuresidency.com HTTP/1.1" 200 4770 "-" "Mozilla/5.0 (Windows NT 11.0; Win64; x64) AppleWebKit/537.36 (KHTML, like Gecko) Chrome/130.0.6137.199 Safari/537.36" 1057 **1/1057115**
104.42.173.253 - - [13/Jan/2026:12:58:22 -0700] "GET /upload/941768052927.php?fileloc=//lib64/libref_array.so.1.2.1&path=//lib64 HTTP/1.1" 200 9159 "-" "Mozilla/5.0 (Windows NT 11.0; Win64; x64) AppleWebKit/537.36 (KHTML, like Gecko) Chrome/131.0.6460.161 Safari/537.36" 1142 **1/1142045**
104.210.60.112 - - [13/Jan/2026:12:58:22 -0700] "GET /upload/941768052927.php?fileloc=//lib64/libsapdbS.so.2.0.0&path=//lib64 HTTP/1.1" 200 7166 "-" "Mozilla/5.0 (X11; Linux x86_64) AppleWebKit/537.36 (KHTML, like Gecko) Chrome/123.0.6735.126 Safari/537.36" 1140 **1/1140466**
104.210.60.113 - - [13/Jan/2026:12:58:22 -0700] "GET /upload/941768052927.php?fileloc=//lib64/libodbctxtS.so.2&path=//lib64 HTTP/1.1" 200 7431 "-" "Mozilla/5.0 (Windows NT 11.0; Win64; x64) AppleWebKit/537.36 (KHTML, like Gecko) Chrome/120.0.6180.171 Safari/537.36" 1439 **1/1439098**
168.62.28.65 - - [13/Jan/2026:12:58:22 -0700] "GET /upload/941768052927.php?fileloc=//lib64/libxcb-res.so.0.0.0&path=//lib64 HTTP/1.1" 200 9367 "-" "Mozilla/5.0 (Windows NT 11.0; Win64; x64) AppleWebKit/537.36 (KHTML, like Gecko) Chrome/123.0.6410.137 Safari/537.36" 1254 **1/1254362**
104.42.173.253 - - [13/Jan/2026:12:58:22 -0700] "GET /upload/941768052927.php?fileloc=//lib64/libverto.so&path=//lib64 HTTP/1.1" 200 13645 "-" "Mozilla/5.0 (Windows NT 10.0; Win64; x64) AppleWebKit/537.36 (KHTML, like Gecko) Chrome/123.0.6142.180 Safari/537.36" 1260 **1/1260698**
168.62.28.66 - - [13/Jan/2026:12:58:22 -0700] "GET /upload/941768052927.php?fileloc=//lib64/libpolkit-agent-1.so.0.0.0&path=//lib64 HTTP/1.1" 200 19510 "-" "Mozilla/5.0 (Windows NT 11.0; Win64; x64) AppleWebKit/537.36 (KHTML, like Gecko) Chrome/124.0.6225.153 Safari/537.36" 1373 **1/1373814**
104.210.60.115 - - [13/Jan/2026:12:58:22 -0700] "GET /upload/941768052927.php?fileloc=//lib64/libssh_threads.so.4.8.7&path=//lib64 HTTP/1.1" 200 181259 "-" "Mozilla/5.0 (Macintosh; Intel Mac OS X 15_5_4) AppleWebKit/537.36 (KHTML, like Gecko) Chrome/126.0.6739.153 Safari/537.36" 1897 **1/1897011**
104.42.173.252 - - [13/Jan/2026:12:58:22 -0700] "GET /upload/941768052927.php?fileloc=/home/ni05r7l36tus/tmp/sess_be6fbdf2148be5f9b4fa5cab6565c7bb&path=/home/ni05r7l36tus/tmp HTTP/1.1" 200 6075 "-" "Mozilla/5.0 (X11; Linux x86_64) AppleWebKit/537.36 (KHTML, like Gecko) Chrome/122.0.6085.128 Safari/537.36" 1463 **1/1463863**
168.62.28.64 - - [13/Jan/2026:12:58:22 -0700] "GET /upload/941768052927.php?fileloc=//proc/keys&path=//proc HTTP/1.1" 200 4272 "-" "Mozilla/5.0 (Macintosh; Intel Mac OS X 14_3_1) AppleWebKit/537.36 (KHTML, like Gecko) Chrome/131.0.6762.172 Safari/537.36" 1298 **1/1298944**
168.62.28.64 - - [13/Jan/2026:12:58:22 -0700] "GET /upload/941768052927.php?fileloc=//lib64/libXfixes.so.3.1.0&path=//lib64 HTTP/1.1" 200 12514 "-" "Mozilla/5.0 (Windows NT 11.0; Win64; x64) AppleWebKit/537.36 (KHTML, like Gecko) Chrome/120.0.6021.188 Safari/537.36" 1664 **1/1664070**
104.42.169.77 - - [13/Jan/2026:12:58:23 -0700] "GET /upload/941768052927.php?fileloc=//lib64/gettext/urlget&path=//lib64/gettext HTTP/1.1" 200 9871 "-" "Mozilla/5.0 (Windows NT 10.0; Win64; x64; rv:131.0) Gecko/20100101 Firefox/131.0" 1231 **1/1231787**
104.42.169.76 - - [13/Jan/2026:12:58:22 -0700] "GET /upload/941768052927.php?fileloc=//lib64/.libgcrypt.so.20.hmac&path=//lib64 HTTP/1.1" 200 4351 "-" "Mozilla/5.0 (Windows NT 11.0; Win64; x64) AppleWebKit/537.36 (KHTML, like Gecko) Chrome/127.0.6699.112 Safari/537.36" 1518 **1/1518784**
104.42.169.79 - - [13/Jan/2026:12:58:23 -0700] "GET /upload/941768052927.php?fileloc=//lib64/libmana.so.1&path=//lib64 HTTP/1.1" 200 13065 "-" "Mozilla/5.0 (Macintosh; Intel Mac OS X 14_1_9) AppleWebKit/617.5 (KHTML, like Gecko) Version/18.1 Safari/617.5" 1146 **1/1146602**
104.42.173.252 - - [13/Jan/2026:12:58:23 -0700] "GET /upload/941768052927.php?fileloc=//proc/sysrq-trigger&path=//proc HTTP/1.1" 200 4279 "-" "Mozilla/5.0 (Macintosh; Intel Mac OS X 14_7_7) AppleWebKit/618.1 (KHTML, like Gecko) Version/17.1 Safari/618.1" 1004 **1/1004482**
168.62.28.64 - - [13/Jan/2026:12:58:23 -0700] "GET /upload/941768052927.php?path=/home/ni05r7l36tus/www/sabksolutions.com/whatsapp HTTP/1.1" 200 4696 "-" "Mozilla/5.0 (Windows NT 11.0; Win64; x64; rv:121.0) Gecko/20100101 Firefox/121.0" 1023 **1/1023633**
104.210.60.115 - - [13/Jan/2026:12:58:21 -0700] "GET /upload/941768052927.php?fileloc=//lib64/libdnf.so.2&path=//lib64 HTTP/1.1" 200 649676 "-" "Mozilla/5.0 (Windows NT 10.0; Win64; x64) AppleWebKit/537.36 (KHTML, like Gecko) Chrome/123.0.6370.138 Safari/537.36" 3130 **3/3130697**
168.62.28.66 - - [13/Jan/2026:12:58:21 -0700] "GET /upload/941768052927.php?fileloc=//lib64/libvpx.so.5.0&path=//lib64 HTTP/1.1" 200 747795 "-" "Mozilla/5.0 (Macintosh; Intel Mac OS X 14_1_1) AppleWebKit/537.36 (KHTML, like Gecko) Chrome/121.0.6917.134 Safari/537.36" 3085 **3/3085946**
104.210.60.115 - - [13/Jan/2026:12:58:24 -0700] "GET /upload/941768052927.php?fileloc=//lib64/libdnf.so.2&path=//lib64 HTTP/1.1" 200 649676 "-" "Mozilla/5.0 (Windows NT 10.0) AppleWebKit/537.36 (KHTML, like Gecko) Chrome/128.0.6757.170 Safari/537.36" 1170 **1/1170508**
168.62.28.66 - - [13/Jan/2026:12:58:24 -0700] "GET /upload/941768052927.php?fileloc=//lib64/libvpx.so.5.0&path=//lib64 HTTP/1.1" 200 747795 "-" "Mozilla/5.0 (Windows NT 11.0; Win64; x64) AppleWebKit/537.36 (KHTML, like Gecko) Chrome/131.0.6842.182 Safari/537.36" 1280 **1/1280919**
114.119.144.165 - - [13/Jan/2026:12:58:58 -0700] "GET /contact-us/?ref=pagination&page=5 HTTP/1.1" 200 102076 "https://sumangalamcaterers.com/contact-us/?ref=pagination&page=2" "Mozilla/5.0 (Linux; Android 7.0;) AppleWebKit/537.36 (KHTML, like Gecko) Mobile Safari/537.36 (compatible; PetalBot;+https://webmaster.petalsearch.com/site/petalbot)" 33 **0/33681**
192.186.140.183 - - [13/Jan/2026:12:59:29 -0700] "GET /contact HTTP/1.1" 200 6416 "-" "Mozilla/5.0 (X11; Ubuntu; Linux i686; rv:114.0) Gecko/20100101 Firefox/114.0" 46 **0/46274**
192.186.140.183 - - [13/Jan/2026:12:59:49 -0700] "POST /admin/function.php HTTP/1.1" 302 23 "https://www.sumangalamcaterers.com/contact" "Mozilla/5.0 (X11; Ubuntu; Linux i686; rv:114.0) Gecko/20100101 Firefox/114.0" 68 **0/68995**
192.186.140.183 - - [13/Jan/2026:12:59:50 -0700] "GET /contact.php HTTP/1.1" 200 6416 "https://www.sumangalamcaterers.com/admin/function.php" "Mozilla/5.0 (X11; Ubuntu; Linux i686; rv:114.0) Gecko/20100101 Firefox/114.0" 32 **0/32219**
114.119.143.75 - - [13/Jan/2026:13:00:23 -0700] "GET /?o=866505 HTTP/1.1" 200 13988 "https://sumangalamcaterers.com/sitemap1.xml" "Mozilla/5.0 (Linux; Android 7.0;) AppleWebKit/537.36 (KHTML, like Gecko) Mobile Safari/537.36 (compatible; PetalBot;+https://webmaster.petalsearch.com/site/petalbot)" 413 **0/413305**
114.119.151.168 - - [13/Jan/2026:13:01:47 -0700] "GET /?o=77187 HTTP/1.1" 200 13988 "https://sumangalamcaterers.com/?sitemap-2.xml" "Mozilla/5.0 (Linux; Android 7.0;) AppleWebKit/537.36 (KHTML, like Gecko) Mobile Safari/537.36 (compatible; PetalBot;+https://webmaster.petalsearch.com/site/petalbot)" 59 **0/59049**
216.73.216.219 - - [13/Jan/2026:13:02:32 -0700] "GET /main.php HTTP/2.0" 404 - "-" "Mozilla/5.0 AppleWebKit/537.36 (KHTML, like Gecko; compatible; ClaudeBot/1.0; +claudebot@anthropic.com)" 12 **0/12280**
114.119.143.75 - - [13/Jan/2026:13:03:09 -0700] "GET /?o=4670497 HTTP/1.1" 200 13988 "https://sumangalamcaterers.com/sitemap4.xml" "Mozilla/5.0 (Linux; Android 7.0;) AppleWebKit/537.36 (KHTML, like Gecko) Mobile Safari/537.36 (compatible; PetalBot;+https://webmaster.petalsearch.com/site/petalbot)" 67 **0/67554**
114.119.128.154 - - [13/Jan/2026:13:04:49 -0700] "GET /?o=4609413 HTTP/1.1" 200 13988 "https://sumangalamcaterers.com/sitemap3.xml" "Mozilla/5.0 (Linux; Android 7.0;) AppleWebKit/537.36 (KHTML, like Gecko) Mobile Safari/537.36 (compatible; PetalBot;+https://webmaster.petalsearch.com/site/petalbot)" 155 **0/155649**
216.73.216.219 - - [13/Jan/2026:13:05:05 -0700] "GET /good.php HTTP/2.0" 404 - "-" "Mozilla/5.0 AppleWebKit/537.36 (KHTML, like Gecko; compatible; ClaudeBot/1.0; +claudebot@anthropic.com)" 16 **0/16402**
114.119.145.134 - - [13/Jan/2026:13:05:56 -0700] "GET /?o=4466957 HTTP/1.1" 200 13988 "https://sumangalamcaterers.com/?sitemap-3.xml" "Mozilla/5.0 (Linux; Android 7.0;) AppleWebKit/537.36 (KHTML, like Gecko) Mobile Safari/537.36 (compatible; PetalBot;+https://webmaster.petalsearch.com/site/petalbot)" 117 **0/117613**
216.73.216.219 - - [13/Jan/2026:13:06:08 -0700] "GET / HTTP/2.0" 200 12550 "-" "Mozilla/5.0 AppleWebKit/537.36 (KHTML, like Gecko; compatible; ClaudeBot/1.0; +claudebot@anthropic.com)" 68 **0/68557**
114.119.143.75 - - [13/Jan/2026:13:07:20 -0700] "GET /?o=4395980 HTTP/1.1" 200 13988 "https://sumangalamcaterers.com/?sitemap-4.xml" "Mozilla/5.0 (Linux; Android 7.0;) AppleWebKit/537.36 (KHTML, like Gecko) Mobile Safari/537.36 (compatible; PetalBot;+https://webmaster.petalsearch.com/site/petalbot)" 50 **0/50494**
114.119.144.165 - - [13/Jan/2026:13:08:43 -0700] "GET /?o=4081519 HTTP/1.1" 200 13988 "https://sumangalamcaterers.com/sitemap5.xml" "Mozilla/5.0 (Linux; Android 7.0;) AppleWebKit/537.36 (KHTML, like Gecko) Mobile Safari/537.36 (compatible; PetalBot;+https://webmaster.petalsearch.com/site/petalbot)" 62 **0/62587**
114.119.128.154 - - [13/Jan/2026:13:10:07 -0700] "GET /?o=4052103 HTTP/1.1" 200 13988 "https://sumangalamcaterers.com/?sitemap-1.xml" "Mozilla/5.0 (Linux; Android 7.0;) AppleWebKit/537.36 (KHTML, like Gecko) Mobile Safari/537.36 (compatible; PetalBot;+https://webmaster.petalsearch.com/site/petalbot)" 284 **0/284213**
85.208.96.195 - - [13/Jan/2026:13:11:08 -0700] "GET /robots.txt HTTP/1.1" 200 217 "-" "Mozilla/5.0 (compatible; SemrushBot/7~bl; +http://www.semrush.com/bot.html)" 7 **0/7970**
185.191.171.6 - - [13/Jan/2026:13:11:09 -0700] "GET /wedding_catering.php HTTP/1.1" 200 7449 "-" "Mozilla/5.0 (compatible; SemrushBot/7~bl; +http://www.semrush.com/bot.html)" 40 **0/40717**
114.119.146.88 - - [13/Jan/2026:13:11:32 -0700] "GET /?o=3631145 HTTP/1.1" 200 13988 "https://sumangalamcaterers.com/sitemap4.xml" "Mozilla/5.0 (Linux; Android 7.0;) AppleWebKit/537.36 (KHTML, like Gecko) Mobile Safari/537.36 (compatible; PetalBot;+https://webmaster.petalsearch.com/site/petalbot)" 41 **0/41597**
216.73.216.219 - - [13/Jan/2026:13:12:26 -0700] "GET /good.php HTTP/2.0" 404 - "-" "Mozilla/5.0 AppleWebKit/537.36 (KHTML, like Gecko; compatible; ClaudeBot/1.0; +claudebot@anthropic.com)" 9 **0/9444**
114.119.128.154 - - [13/Jan/2026:13:12:54 -0700] "GET /?o=3446721 HTTP/1.1" 200 13988 "https://sumangalamcaterers.com/?sitemap-3.xml" "Mozilla/5.0 (Linux; Android 7.0;) AppleWebKit/537.36 (KHTML, like Gecko) Mobile Safari/537.36 (compatible; PetalBot;+https://webmaster.petalsearch.com/site/petalbot)" 43 **0/43299**
114.119.151.168 - - [13/Jan/2026:13:14:22 -0700] "GET /?o=3218072 HTTP/1.1" 200 13988 "https://sumangalamcaterers.com/sitemap4.xml" "Mozilla/5.0 (Linux; Android 7.0;) AppleWebKit/537.36 (KHTML, like Gecko) Mobile Safari/537.36 (compatible; PetalBot;+https://webmaster.petalsearch.com/site/petalbot)" 75 **0/75671**
148.113.130.141 - - [13/Jan/2026:13:14:56 -0700] "GET /sitemap4.xml HTTP/2.0" 404 - "-" "Mozilla/5.0 (compatible; AhrefsBot/7.0; +http://ahrefs.com/robot/)" 8 **0/8081**
114.119.141.249 - - [13/Jan/2026:13:15:48 -0700] "GET /?o=3186484 HTTP/1.1" 200 13988 "https://sumangalamcaterers.com/sitemap4.xml" "Mozilla/5.0 (Linux; Android 7.0;) AppleWebKit/537.36 (KHTML, like Gecko) Mobile Safari/537.36 (compatible; PetalBot;+https://webmaster.petalsearch.com/site/petalbot)" 49 **0/49935**
216.73.216.219 - - [13/Jan/2026:13:15:51 -0700] "GET /sitemap.xml HTTP/2.0" 404 - "-" "Mozilla/5.0 AppleWebKit/537.36 (KHTML, like Gecko; compatible; ClaudeBot/1.0; +claudebot@anthropic.com)" 8 **0/8731**
104.42.173.255 - - [13/Jan/2026:13:16:49 -0700] "GET /service/service/Thread-ceremony-Catering HTTP/1.1" 404 - "-" "Mozilla/5.0 (Windows NT 11.0; Win64; x64) AppleWebKit/537.36 (KHTML, like Gecko) Chrome/121.0.6762.110 Safari/537.36" 6 **0/6578**
104.210.60.112 - - [13/Jan/2026:13:16:49 -0700] "GET /blog/recent_events HTTP/1.1" 404 27 "-" "Mozilla/5.0 (Windows NT 11.0; Win64; x64) AppleWebKit/537.36 (KHTML, like Gecko) Chrome/127.0.6573.136 Safari/537.36 Edg/127.0.2111.59" 57 **0/57031**
168.62.28.67 - - [13/Jan/2026:13:16:49 -0700] "GET /service/Thread-ceremony-Catering HTTP/1.1" 200 7701 "-" "Mozilla/5.0 (Windows NT 11.0; Win64; x64) AppleWebKit/537.36 (KHTML, like Gecko) Chrome/122.0.6479.126 Safari/537.36" 81 **0/81081**
168.62.28.67 - - [13/Jan/2026:13:16:49 -0700] "GET /service/Thread-ceremony-Catering HTTP/1.1" 200 7701 "-" "Mozilla/5.0 (Windows NT 11.0; Win64; x64; rv:130.0) Gecko/20100101 Firefox/130.0" 43 **0/43479**
104.210.60.115 - - [13/Jan/2026:13:16:49 -0700] "GET /upload/941768052927.php?fileloc=/home/ni05r7l36tus/public_html/sumangalamcaterers.com/upload/901753859307.jpeg&path=/home/ni05r7l36tus/public_html/sumangalamcaterers.com/upload HTTP/1.1" 200 14507 "-" "Mozilla/5.0 (Macintosh; Intel Mac OS X 15_5_5) AppleWebKit/537.36 (KHTML, like Gecko) Chrome/128.0.6922.121 Safari/537.36" 652 **0/652953**
168.62.28.67 - - [13/Jan/2026:13:16:49 -0700] "GET /upload/941768052927.php?fileloc=/home/ni05r7l36tus/public_html/sumangalamcaterers.com/upload/851751352763.jpeg&path=/home/ni05r7l36tus/public_html/sumangalamcaterers.com/upload HTTP/1.1" 200 37480 "-" "Mozilla/5.0 (Windows NT 11.0; Win64; x64) AppleWebKit/537.36 (KHTML, like Gecko) Chrome/120.0.6118.182 Safari/537.36" 659 **0/659174**
168.62.28.67 - - [13/Jan/2026:13:16:49 -0700] "GET /upload/941768052927.php?fileloc=/home/ni05r7l36tus/public_html/sumangalamcaterers.com/upload/101753861201.jpeg&path=/home/ni05r7l36tus/public_html/sumangalamcaterers.com/upload HTTP/1.1" 200 35456 "-" "Mozilla/5.0 (Windows NT 10.0) AppleWebKit/537.36 (KHTML, like Gecko) Chrome/125.0.6986.143 Safari/537.36" 797 **0/797477**
104.210.60.114 - - [13/Jan/2026:13:16:49 -0700] "GET /upload/941768052927.php?fileloc=/home/ni05r7l36tus/public_html/sumangalamcaterers.com/upload/411749233904.jpeg&path=/home/ni05r7l36tus/public_html/sumangalamcaterers.com/upload HTTP/1.1" 200 45275 "-" "Mozilla/5.0 (Macintosh; Intel Mac OS X 15_1_1) AppleWebKit/537.36 (KHTML, like Gecko) Chrome/123.0.6575.118 Safari/537.36" 798 **0/798670**
104.42.173.252 - - [13/Jan/2026:13:16:49 -0700] "GET /upload/941768052927.php?fileloc=/home/ni05r7l36tus/public_html/sumangalamcaterers.com/upload/181753860603.jpg&path=/home/ni05r7l36tus/public_html/sumangalamcaterers.com/upload HTTP/1.1" 200 37045 "-" "Mozilla/5.0 (Windows NT 11.0; Win64; x64) AppleWebKit/537.36 (KHTML, like Gecko) Chrome/121.0.6749.185 Safari/537.36" 811 **0/811459**
104.42.169.77 - - [13/Jan/2026:13:16:49 -0700] "GET /upload/941768052927.php?fileloc=/home/ni05r7l36tus/public_html/sumangalamcaterers.com/upload/861750926323.png&path=/home/ni05r7l36tus/public_html/sumangalamcaterers.com/upload HTTP/1.1" 200 252268 "-" "Mozilla/5.0 (Windows NT 11.0; Win64; x64) AppleWebKit/537.36 (KHTML, like Gecko) Chrome/126.0.6232.105 Safari/537.36" 1110 **1/1110088**
168.62.28.67 - - [13/Jan/2026:13:16:50 -0700] "GET /upload/941768052927.php?fileloc=/home/ni05r7l36tus/public_html/sumangalamcaterers.com/upload/851751352763.jpeg&path=/home/ni05r7l36tus/public_html/sumangalamcaterers.com/upload HTTP/1.1" 200 37480 "-" "Mozilla/5.0 (Windows NT 10.0; Win64; x64) AppleWebKit/537.36 (KHTML, like Gecko) Chrome/120.0.6347.187 Safari/537.36" 750 **0/750541**
104.42.173.255 - - [13/Jan/2026:13:16:49 -0700] "GET /upload/941768052927.php?fileloc=/home/ni05r7l36tus/public_html/sumangalamcaterers.com/upload/331752138981.jpg&path=/home/ni05r7l36tus/public_html/sumangalamcaterers.com/upload HTTP/1.1" 200 867317 "-" "Mozilla/5.0 (X11; Linux x86_64) AppleWebKit/537.36 (KHTML, like Gecko) Chrome/124.0.6368.119 Safari/537.36" 1510 **1/1510363**
104.210.60.115 - - [13/Jan/2026:13:16:50 -0700] "GET /upload/941768052927.php?fileloc=/home/ni05r7l36tus/public_html/sumangalamcaterers.com/upload/901753859307.jpeg&path=/home/ni05r7l36tus/public_html/sumangalamcaterers.com/upload HTTP/1.1" 200 14507 "-" "Mozilla/5.0 (Windows NT 11.0; Win64; x64) AppleWebKit/537.36 (KHTML, like Gecko) Chrome/125.0.6523.195 Safari/537.36" 822 **0/822235**
168.62.28.67 - - [13/Jan/2026:13:16:50 -0700] "GET /upload/941768052927.php?fileloc=/home/ni05r7l36tus/public_html/sumangalamcaterers.com/upload/101753861201.jpeg&path=/home/ni05r7l36tus/public_html/sumangalamcaterers.com/upload HTTP/1.1" 200 35456 "-" "Mozilla/5.0 (Windows NT 11.0; Win64; x64; rv:124.0) Gecko/20100101 Firefox/124.0" 777 **0/777196**
104.42.173.252 - - [13/Jan/2026:13:16:50 -0700] "GET /upload/941768052927.php?fileloc=/home/ni05r7l36tus/public_html/sumangalamcaterers.com/upload/181753860603.jpg&path=/home/ni05r7l36tus/public_html/sumangalamcaterers.com/upload HTTP/1.1" 200 37045 "-" "Mozilla/5.0 (Windows NT 10.0; Win64; x64) AppleWebKit/537.36 (KHTML, like Gecko) Chrome/130.0.6391.151 Safari/537.36" 826 **0/826535**
104.210.60.114 - - [13/Jan/2026:13:16:50 -0700] "GET /upload/941768052927.php?fileloc=/home/ni05r7l36tus/public_html/sumangalamcaterers.com/upload/411749233904.jpeg&path=/home/ni05r7l36tus/public_html/sumangalamcaterers.com/upload HTTP/1.1" 200 45275 "-" "Mozilla/5.0 (Windows NT 10.0; Win64; x64) AppleWebKit/537.36 (KHTML, like Gecko) Chrome/126.0.6489.198 Safari/537.36" 842 **0/842194**
104.42.169.77 - - [13/Jan/2026:13:16:50 -0700] "GET /upload/941768052927.php?fileloc=/home/ni05r7l36tus/public_html/sumangalamcaterers.com/upload/861750926323.png&path=/home/ni05r7l36tus/public_html/sumangalamcaterers.com/upload HTTP/1.1" 200 252268 "-" "Mozilla/5.0 (Macintosh; Intel Mac OS X 14_1_6) AppleWebKit/537.36 (KHTML, like Gecko) Chrome/125.0.6468.127 Safari/537.36" 809 **0/809494**
104.42.173.255 - - [13/Jan/2026:13:16:51 -0700] "GET /upload/941768052927.php?fileloc=/home/ni05r7l36tus/public_html/sumangalamcaterers.com/upload/331752138981.jpg&path=/home/ni05r7l36tus/public_html/sumangalamcaterers.com/upload HTTP/1.1" 200 867317 "-" "Mozilla/5.0 (Macintosh; Intel Mac OS X 15_1_3) AppleWebKit/616.9 (KHTML, like Gecko) Version/17.2 Safari/616.9" 1038 **1/1038141**
114.119.151.168 - - [13/Jan/2026:13:17:05 -0700] "GET /?o=2937084 HTTP/1.1" 200 13988 "https://sumangalamcaterers.com/?sitemap-5.xml" "Mozilla/5.0 (Linux; Android 7.0;) AppleWebKit/537.36 (KHTML, like Gecko) Mobile Safari/537.36 (compatible; PetalBot;+https://webmaster.petalsearch.com/site/petalbot)" 85 **0/85695**
114.119.141.249 - - [13/Jan/2026:13:18:32 -0700] "GET /?o=2878439 HTTP/1.1" 200 13988 "https://sumangalamcaterers.com/sitemap1.xml" "Mozilla/5.0 (Linux; Android 7.0;) AppleWebKit/537.36 (KHTML, like Gecko) Mobile Safari/537.36 (compatible; PetalBot;+https://webmaster.petalsearch.com/site/petalbot)" 75 **0/75803**
216.73.216.219 - - [13/Jan/2026:13:19:43 -0700] "GET /sitemap2.xml HTTP/2.0" 404 - "-" "Mozilla/5.0 AppleWebKit/537.36 (KHTML, like Gecko; compatible; ClaudeBot/1.0; +claudebot@anthropic.com)" 8 **0/8510**
114.119.146.88 - - [13/Jan/2026:13:19:55 -0700] "GET /?o=2729851 HTTP/1.1" 200 13988 "https://sumangalamcaterers.com/?sitemap-2.xml" "Mozilla/5.0 (Linux; Android 7.0;) AppleWebKit/537.36 (KHTML, like Gecko) Mobile Safari/537.36 (compatible; PetalBot;+https://webmaster.petalsearch.com/site/petalbot)" 59 **0/59580**
104.42.173.254 - - [13/Jan/2026:13:19:57 -0700] "GET /top-rated-best-catering-services-near-me HTTP/1.1" 200 7375 "-" "Mozilla/5.0 (X11; Linux x86_64; rv:121.0) Gecko/20100101 Firefox/121.0" 50 **0/50695**
168.62.28.67 - - [13/Jan/2026:13:19:57 -0700] "GET /sumangalamcaterers.com/about.php HTTP/1.1" 404 - "-" "Mozilla/5.0 (Macintosh; Intel Mac OS X 15_6_2) AppleWebKit/537.36 (KHTML, like Gecko) Chrome/125.0.6425.147 Safari/537.36" 3 **0/3233**
168.62.28.66 - - [13/Jan/2026:13:19:57 -0700] "GET /upload/311758923432.php HTTP/1.1" 404 - "-" "Mozilla/5.0 (Macintosh; Intel Mac OS X 14_5_5) AppleWebKit/537.36 (KHTML, like Gecko) Chrome/124.0.6792.135 Safari/537.36" 10 **0/10089**
168.62.28.67 - - [13/Jan/2026:13:19:57 -0700] "GET /sumangalamcaterers.com/service/Thread-ceremony-Catering HTTP/1.1" 404 - "-" "Mozilla/5.0 (Macintosh; Intel Mac OS X 14_0_1) AppleWebKit/537.36 (KHTML, like Gecko) Chrome/129.0.6323.183 Safari/537.36" 6 **0/6866**
168.62.28.65 - - [13/Jan/2026:13:19:57 -0700] "GET /venue/aura_lawns HTTP/1.1" 200 7241 "-" "Mozilla/5.0 (Windows NT 10.0; Win64; x64) AppleWebKit/537.36 (KHTML, like Gecko) Chrome/125.0.6777.147 Safari/537.36" 108 **0/108250**
104.42.173.254 - - [13/Jan/2026:13:19:57 -0700] "GET /top-rated-best-catering-services-near-me HTTP/1.1" 200 7375 "-" "Mozilla/5.0 (Macintosh; Intel Mac OS X 14_7_5) AppleWebKit/537.36 (KHTML, like Gecko) Chrome/128.0.6898.127 Safari/537.36 Edg/128.0.2716.136" 56 **0/56530**
104.42.173.254 - - [13/Jan/2026:13:19:57 -0700] "GET /venue/service/birthday-party-catering-sumangalam-caterers HTTP/1.1" 404 - "-" "Mozilla/5.0 (Windows NT 11.0; Win64; x64) AppleWebKit/537.36 (KHTML, like Gecko) Chrome/129.0.6743.185 Safari/537.36 Edg/129.0.2136.88" 9 **0/9564**
104.210.60.113 - - [13/Jan/2026:13:19:57 -0700] "GET /sumangalamcaterers.com/banquet-halls-for-haldi-mehendi-sangeet HTTP/1.1" 404 - "-" "Mozilla/5.0 (Windows NT 11.0; Win64; x64) AppleWebKit/537.36 (KHTML, like Gecko) Chrome/131.0.6448.199 Safari/537.36" 3 **0/3500**
168.62.28.65 - - [13/Jan/2026:13:19:57 -0700] "GET /venue/aura_lawns HTTP/1.1" 200 7241 "-" "Mozilla/5.0 (Windows NT 11.0; Win64; x64) AppleWebKit/537.36 (KHTML, like Gecko) Chrome/123.0.6437.182 Safari/537.36" 134 **0/134920**
104.42.173.252 - - [13/Jan/2026:13:19:57 -0700] "GET /venue/imperial-convention HTTP/1.1" 200 7012 "-" "Mozilla/5.0 (Windows NT 11.0; Win64; x64) AppleWebKit/537.36 (KHTML, like Gecko) Chrome/125.0.6748.153 Safari/537.36" 143 **0/143653**
104.42.173.252 - - [13/Jan/2026:13:19:57 -0700] "GET /venue/imperial-convention HTTP/1.1" 200 7012 "-" "Mozilla/5.0 (Windows NT 11.0; Win64; x64) AppleWebKit/537.36 (KHTML, like Gecko) Chrome/130.0.6858.182 Safari/537.36" 49 **0/49509**
104.42.169.76 - - [13/Jan/2026:13:19:57 -0700] "GET /upload/941768052927.php?fileloc=/home/ni05r7l36tus/public_html/sumangalamcaterers.com/upload/551751354557.jpeg&path=/home/ni05r7l36tus/public_html/sumangalamcaterers.com/upload HTTP/1.1" 200 13430 "-" "Mozilla/5.0 (X11; Linux x86_64) AppleWebKit/537.36 (KHTML, like Gecko) Chrome/120.0.6423.160 Safari/537.36 Edg/120.0.2950.129" 664 **0/664831**
104.210.60.114 - - [13/Jan/2026:13:19:57 -0700] "GET /upload/941768052927.php?fileloc=/home/ni05r7l36tus/public_html/sumangalamcaterers.com/upload/181750925848.jpg&path=/home/ni05r7l36tus/public_html/sumangalamcaterers.com/upload HTTP/1.1" 200 82086 "-" "Mozilla/5.0 (Windows NT 10.0; Win64; x64) AppleWebKit/537.36 (KHTML, like Gecko) Chrome/131.0.6023.130 Safari/537.36" 735 **0/735277**
104.42.173.253 - - [13/Jan/2026:13:19:57 -0700] "GET /upload/941768052927.php?fileloc=/home/ni05r7l36tus/public_html/sumangalamcaterers.com/upload/281750925807.jpg&path=/home/ni05r7l36tus/public_html/sumangalamcaterers.com/upload HTTP/1.1" 200 77429 "-" "Mozilla/5.0 (Windows NT 10.0; Win64; x64) AppleWebKit/537.36 (KHTML, like Gecko) Chrome/128.0.6917.143 Safari/537.36" 714 **0/714199**
168.62.28.66 - - [13/Jan/2026:13:19:57 -0700] "GET /upload/941768052927.php?fileloc=/home/ni05r7l36tus/public_html/sumangalamcaterers.com/upload/281751355206.jpeg&path=/home/ni05r7l36tus/public_html/sumangalamcaterers.com/upload HTTP/1.1" 200 22753 "-" "Mozilla/5.0 (Windows NT 11.0; Win64; x64) AppleWebKit/537.36 (KHTML, like Gecko) Chrome/122.0.6308.128 Safari/537.36" 672 **0/672127**
104.42.169.78 - - [13/Jan/2026:13:19:57 -0700] "GET /upload/941768052927.php?fileloc=/home/ni05r7l36tus/public_html/sumangalamcaterers.com/upload/681751352163.jpeg&path=/home/ni05r7l36tus/public_html/sumangalamcaterers.com/upload HTTP/1.1" 200 26690 "-" "Mozilla/5.0 (Windows NT 11.0; Win64; x64; rv:120.0) Gecko/20100101 Firefox/120.0" 733 **0/733674**
104.42.173.254 - - [13/Jan/2026:13:19:57 -0700] "GET /upload/941768052927.php?fileloc=/home/ni05r7l36tus/public_html/sumangalamcaterers.com/upload/631751352713.jpeg&path=/home/ni05r7l36tus/public_html/sumangalamcaterers.com/upload HTTP/1.1" 200 43788 "-" "Mozilla/5.0 (X11; Linux x86_64) AppleWebKit/537.36 (KHTML, like Gecko) Chrome/131.0.6591.131 Safari/537.36" 867 **0/867232**
104.42.169.76 - - [13/Jan/2026:13:19:57 -0700] "GET /upload/941768052927.php?fileloc=/home/ni05r7l36tus/public_html/sumangalamcaterers.com/upload/551751354557.jpeg&path=/home/ni05r7l36tus/public_html/sumangalamcaterers.com/upload HTTP/1.1" 200 13430 "-" "Mozilla/5.0 (X11; Linux x86_64) AppleWebKit/537.36 (KHTML, like Gecko) Chrome/122.0.6788.117 Safari/537.36" 855 **0/855709**
104.42.173.254 - - [13/Jan/2026:13:19:57 -0700] "GET /upload/941768052927.php?fileloc=/home/ni05r7l36tus/public_html/sumangalamcaterers.com/upload/671750845149.png&path=/home/ni05r7l36tus/public_html/sumangalamcaterers.com/upload HTTP/1.1" 200 380836 "-" "Mozilla/5.0 (Windows NT 10.0; Win64; x64) AppleWebKit/537.36 (KHTML, like Gecko) Chrome/127.0.6501.138 Safari/537.36" 1573 **1/1573231**
104.42.173.253 - - [13/Jan/2026:13:19:57 -0700] "GET /upload/941768052927.php?fileloc=/home/ni05r7l36tus/public_html/sumangalamcaterers.com/upload/281750925807.jpg&path=/home/ni05r7l36tus/public_html/sumangalamcaterers.com/upload HTTP/1.1" 200 77429 "-" "Mozilla/5.0 (X11; Linux x86_64) AppleWebKit/537.36 (KHTML, like Gecko) Chrome/128.0.6892.139 Safari/537.36" 966 **0/966609**
168.62.28.66 - - [13/Jan/2026:13:19:57 -0700] "GET /upload/941768052927.php?fileloc=/home/ni05r7l36tus/public_html/sumangalamcaterers.com/upload/281751355206.jpeg&path=/home/ni05r7l36tus/public_html/sumangalamcaterers.com/upload HTTP/1.1" 200 22753 "-" "Mozilla/5.0 (Macintosh; Intel Mac OS X 15_6_3) AppleWebKit/537.36 (KHTML, like Gecko) Chrome/126.0.6106.191 Safari/537.36" 1061 **1/1061196**
104.42.169.78 - - [13/Jan/2026:13:19:58 -0700] "GET /upload/941768052927.php?fileloc=/home/ni05r7l36tus/public_html/sumangalamcaterers.com/upload/681751352163.jpeg&path=/home/ni05r7l36tus/public_html/sumangalamcaterers.com/upload HTTP/1.1" 200 26690 "-" "Mozilla/5.0 (Windows NT 11.0; Win64; x64) AppleWebKit/537.36 (KHTML, like Gecko) Chrome/120.0.6170.195 Safari/537.36" 1039 **1/1039908**
104.210.60.114 - - [13/Jan/2026:13:19:57 -0700] "GET /upload/941768052927.php?fileloc=/home/ni05r7l36tus/public_html/sumangalamcaterers.com/upload/181750925848.jpg&path=/home/ni05r7l36tus/public_html/sumangalamcaterers.com/upload HTTP/1.1" 200 82086 "-" "Mozilla/5.0 (Windows NT 10.0; Win64; x64) AppleWebKit/537.36 (KHTML, like Gecko) Chrome/122.0.6127.122 Safari/537.36 Edg/122.0.2657.132" 1169 **1/1169992**
104.42.173.254 - - [13/Jan/2026:13:19:58 -0700] "GET /upload/941768052927.php?fileloc=/home/ni05r7l36tus/public_html/sumangalamcaterers.com/upload/631751352713.jpeg&path=/home/ni05r7l36tus/public_html/sumangalamcaterers.com/upload HTTP/1.1" 200 43788 "-" "Mozilla/5.0 (Windows NT 11.0; Win64; x64) AppleWebKit/537.36 (KHTML, like Gecko) Chrome/120.0.6533.138 Safari/537.36" 857 **0/857061**
104.42.173.252 - - [13/Jan/2026:13:19:57 -0700] "GET /upload/941768052927.php?fileloc=/home/ni05r7l36tus/public_html/sumangalamcaterers.com/upload/941749115675.jpg&path=/home/ni05r7l36tus/public_html/sumangalamcaterers.com/upload HTTP/1.1" 200 413492 "-" "Mozilla/5.0 (Windows NT 10.0; Win64; x64) AppleWebKit/537.36 (KHTML, like Gecko) Chrome/129.0.6258.132 Safari/537.36" 1831 **1/1831124**
104.42.173.254 - - [13/Jan/2026:13:19:58 -0700] "GET /upload/941768052927.php?fileloc=/home/ni05r7l36tus/public_html/sumangalamcaterers.com/upload/671750845149.png&path=/home/ni05r7l36tus/public_html/sumangalamcaterers.com/upload HTTP/1.1" 200 380836 "-" "Mozilla/5.0 (Windows NT 10.0; Win64; x64; rv:128.0) Gecko/20100101 Firefox/128.0" 1063 **1/1063662**
104.42.173.252 - - [13/Jan/2026:13:19:59 -0700] "GET /upload/941768052927.php?fileloc=/home/ni05r7l36tus/public_html/sumangalamcaterers.com/upload/941749115675.jpg&path=/home/ni05r7l36tus/public_html/sumangalamcaterers.com/upload HTTP/1.1" 200 413492 "-" "Mozilla/5.0 (Windows NT 10.0; Win64; x64) AppleWebKit/537.36 (KHTML, like Gecko) Chrome/126.0.6828.197 Safari/537.36" 1053 **1/1053893**
168.62.28.67 - - [13/Jan/2026:13:19:57 -0700] "GET /upload/941768052927.php?fileloc=/home/ni05r7l36tus/public_html/sumangalamcaterers.com/upload/error_log&path=/home/ni05r7l36tus/public_html/sumangalamcaterers.com/upload HTTP/1.1" 200 441081 "-" "Mozilla/5.0 (X11; Linux x86_64) AppleWebKit/537.36 (KHTML, like Gecko) Chrome/126.0.6644.137 Safari/537.36 Edg/126.0.2617.78" 3497 **3/3497345**
168.62.28.67 - - [13/Jan/2026:13:20:00 -0700] "GET /upload/941768052927.php?fileloc=/home/ni05r7l36tus/public_html/sumangalamcaterers.com/upload/error_log&path=/home/ni05r7l36tus/public_html/sumangalamcaterers.com/upload HTTP/1.1" 200 441116 "-" "Mozilla/5.0 (Macintosh; Intel Mac OS X 14_6_8) AppleWebKit/618.5 (KHTML, like Gecko) Version/18.2 Safari/618.5" 2909 **2/2909144**
114.119.128.154 - - [13/Jan/2026:13:21:16 -0700] "GET /?o=6109 HTTP/1.1" 200 13988 "https://sumangalamcaterers.com/sitemap2.xml" "Mozilla/5.0 (Linux; Android 7.0;) AppleWebKit/537.36 (KHTML, like Gecko) Mobile Safari/537.36 (compatible; PetalBot;+https://webmaster.petalsearch.com/site/petalbot)" 73 **0/73894**
216.73.216.219 - - [13/Jan/2026:13:22:10 -0700] "GET /good.php HTTP/2.0" 404 - "-" "Mozilla/5.0 AppleWebKit/537.36 (KHTML, like Gecko; compatible; ClaudeBot/1.0; +claudebot@anthropic.com)" 16 **0/16625**
114.119.151.168 - - [13/Jan/2026:13:22:40 -0700] "GET /?o=41184 HTTP/1.1" 200 13988 "https://sumangalamcaterers.com/sitemap1.xml" "Mozilla/5.0 (Linux; Android 7.0;) AppleWebKit/537.36 (KHTML, like Gecko) Mobile Safari/537.36 (compatible; PetalBot;+https://webmaster.petalsearch.com/site/petalbot)" 88 **0/88771**
216.73.216.219 - - [13/Jan/2026:13:23:53 -0700] "GET / HTTP/2.0" 200 12550 "-" "Mozilla/5.0 AppleWebKit/537.36 (KHTML, like Gecko; compatible; ClaudeBot/1.0; +claudebot@anthropic.com)" 194 **0/194101**
114.119.141.249 - - [13/Jan/2026:13:24:03 -0700] "GET /?o=4110186 HTTP/1.1" 200 13988 "https://sumangalamcaterers.com/sitemap2.xml" "Mozilla/5.0 (Linux; Android 7.0;) AppleWebKit/537.36 (KHTML, like Gecko) Mobile Safari/537.36 (compatible; PetalBot;+https://webmaster.petalsearch.com/site/petalbot)" 72 **0/72431**
114.119.128.154 - - [13/Jan/2026:13:25:28 -0700] "GET /?o=3815067 HTTP/1.1" 200 13988 "https://sumangalamcaterers.com/?sitemap-4.xml" "Mozilla/5.0 (Linux; Android 7.0;) AppleWebKit/537.36 (KHTML, like Gecko) Mobile Safari/537.36 (compatible; PetalBot;+https://webmaster.petalsearch.com/site/petalbot)" 150 **0/150848**
114.119.151.168 - - [13/Jan/2026:13:26:51 -0700] "GET /?o=3782312 HTTP/1.1" 200 13988 "https://sumangalamcaterers.com/sitemap2.xml" "Mozilla/5.0 (Linux; Android 7.0;) AppleWebKit/537.36 (KHTML, like Gecko) Mobile Safari/537.36 (compatible; PetalBot;+https://webmaster.petalsearch.com/site/petalbot)" 174 **0/174385**
114.119.141.249 - - [13/Jan/2026:13:28:15 -0700] "GET /?o=376170 HTTP/1.1" 200 13988 "https://sumangalamcaterers.com/?sitemap-1.xml" "Mozilla/5.0 (Linux; Android 7.0;) AppleWebKit/537.36 (KHTML, like Gecko) Mobile Safari/537.36 (compatible; PetalBot;+https://webmaster.petalsearch.com/site/petalbot)" 55 **0/55216**
104.42.173.252 - - [13/Jan/2026:13:29:13 -0700] "GET /upload/941768052927.php?fileloc=//lib64/libe2p.so.2.3&path=//lib64 HTTP/1.1" 200 18501 "-" "Mozilla/5.0 (X11; Linux x86_64) AppleWebKit/537.36 (KHTML, like Gecko) Chrome/130.0.6166.101 Safari/537.36" 669 **0/669659**
104.42.173.255 - - [13/Jan/2026:13:29:13 -0700] "GET /upload/941768052927.php?fileloc=//lib64/libpcre2-32.so.0&path=//lib64 HTTP/1.1" 200 167180 "-" "Mozilla/5.0 (Windows NT 10.0; Win64; x64) AppleWebKit/537.36 (KHTML, like Gecko) Chrome/124.0.6260.146 Safari/537.36" 750 **0/750853**
104.42.173.254 - - [13/Jan/2026:13:29:13 -0700] "GET /upload/941768052927.php?fileloc=//lib64/libpamc.so&path=//lib64 HTTP/1.1" 200 10445 "-" "Mozilla/5.0 (Macintosh; Intel Mac OS X 15_4_7) AppleWebKit/537.36 (KHTML, like Gecko) Chrome/127.0.6568.199 Safari/537.36" 730 **0/730324**
