216.73.216.219 - - [13/Jan/2026:08:22:04 -0700] "GET /upload/941768052927.php?fileloc=%2F%2Fopt%2Falt%2Fpython37%2Flib64%2Fpython3.7%2Fdistutils%2Fcommand%2F__pycache__%2Fbuild_ext.cpython-37.opt-2.pyc&path=%2F%2Fopt%2Falt%2Fpython37%2Flib64%2Fpython3.7%2Fdistutils%2Fcommand%2F__pycache__ HTTP/2.0" 200 11295 "-" "Mozilla/5.0 AppleWebKit/537.36 (KHTML, like Gecko; compatible; ClaudeBot/1.0; +claudebot@anthropic.com)" 651 **0/651165**
216.73.216.219 - - [13/Jan/2026:08:22:04 -0700] "GET /upload/941768052927.php?fileloc=%2F%2Fopt%2Falt%2Fpython37%2Flib64%2Fpython3.7%2Fdistutils%2Fcommand%2F__pycache__%2Fsdist.cpython-37.opt-2.pyc&path=%2F%2Fopt%2Falt%2Fpython37%2Flib64%2Fpython3.7%2Fdistutils%2Fcommand%2F__pycache__ HTTP/2.0" 200 9710 "-" "Mozilla/5.0 AppleWebKit/537.36 (KHTML, like Gecko; compatible; ClaudeBot/1.0; +claudebot@anthropic.com)" 669 **0/669447**
216.73.216.219 - - [13/Jan/2026:08:22:04 -0700] "GET /upload/941768052927.php?fileloc=%2F%2Fopt%2Falt%2Fpython37%2Flib64%2Fpython3.7%2Fdistutils%2Fcommand%2F__pycache__%2Fbdist_dumb.cpython-37.pyc&path=%2F%2Fopt%2Falt%2Fpython37%2Flib64%2Fpython3.7%2Fdistutils%2Fcommand%2F__pycache__ HTTP/2.0" 200 6390 "-" "Mozilla/5.0 AppleWebKit/537.36 (KHTML, like Gecko; compatible; ClaudeBot/1.0; +claudebot@anthropic.com)" 680 **0/680341**
216.73.216.219 - - [13/Jan/2026:08:22:04 -0700] "GET /upload/941768052927.php?fileloc=%2F%2Fopt%2Falt%2Fpython37%2Flib64%2Fpython3.7%2Fdistutils%2Fcommand%2F__pycache__%2Finstall_egg_info.cpython-37.pyc&path=%2F%2Fopt%2Falt%2Fpython37%2Flib64%2Fpython3.7%2Fdistutils%2Fcommand%2F__pycache__ HTTP/2.0" 200 6001 "-" "Mozilla/5.0 AppleWebKit/537.36 (KHTML, like Gecko; compatible; ClaudeBot/1.0; +claudebot@anthropic.com)" 680 **0/680526**
216.73.216.219 - - [13/Jan/2026:08:22:04 -0700] "GET /upload/941768052927.php?fileloc=%2F%2Fopt%2Falt%2Fpython37%2Flib64%2Fpython3.7%2Fdistutils%2Fcommand%2F__pycache__%2Fclean.cpython-37.opt-1.pyc&path=%2F%2Fopt%2Falt%2Fpython37%2Flib64%2Fpython3.7%2Fdistutils%2Fcommand%2F__pycache__ HTTP/2.0" 200 5570 "-" "Mozilla/5.0 AppleWebKit/537.36 (KHTML, like Gecko; compatible; ClaudeBot/1.0; +claudebot@anthropic.com)" 686 **0/686805**
216.73.216.219 - - [13/Jan/2026:08:22:04 -0700] "GET /upload/941768052927.php?fileloc=%2F%2Fopt%2Falt%2Fpython37%2Flib64%2Fpython3.7%2Fdistutils%2Fcommand%2F__pycache__%2Fregister.cpython-37.opt-1.pyc&path=%2F%2Fopt%2Falt%2Fpython37%2Flib64%2Fpython3.7%2Fdistutils%2Fcommand%2F__pycache__ HTTP/2.0" 200 8842 "-" "Mozilla/5.0 AppleWebKit/537.36 (KHTML, like Gecko; compatible; ClaudeBot/1.0; +claudebot@anthropic.com)" 687 **0/687637**
216.73.216.219 - - [13/Jan/2026:08:22:04 -0700] "GET /upload/941768052927.php?fileloc=%2F%2Fopt%2Falt%2Fpython37%2Flib64%2Fpython3.7%2Fdistutils%2Fcommand%2F__pycache__%2Fcheck.cpython-37.opt-1.pyc&path=%2F%2Fopt%2Falt%2Fpython37%2Flib64%2Fpython3.7%2Fdistutils%2Fcommand%2F__pycache__ HTTP/2.0" 200 7023 "-" "Mozilla/5.0 AppleWebKit/537.36 (KHTML, like Gecko; compatible; ClaudeBot/1.0; +claudebot@anthropic.com)" 1352 **1/1352840**
216.73.216.219 - - [13/Jan/2026:08:22:04 -0700] "GET /upload/941768052927.php?fileloc=%2F%2Fopt%2Falt%2Fpython37%2Flib64%2Fpython3.7%2Fdistutils%2Fcommand%2F__pycache__%2Fbdist_wininst.cpython-37.pyc&path=%2F%2Fopt%2Falt%2Fpython37%2Flib64%2Fpython3.7%2Fdistutils%2Fcommand%2F__pycache__ HTTP/2.0" 200 8824 "-" "Mozilla/5.0 AppleWebKit/537.36 (KHTML, like Gecko; compatible; ClaudeBot/1.0; +claudebot@anthropic.com)" 1370 **1/1370945**
216.73.216.219 - - [13/Jan/2026:08:22:04 -0700] "GET /upload/941768052927.php?fileloc=%2F%2Fopt%2Falt%2Fpython37%2Flib64%2Fpython3.7%2Fdistutils%2Fcommand%2F__pycache__%2Fconfig.cpython-37.opt-2.pyc&path=%2F%2Fopt%2Falt%2Fpython37%2Flib64%2Fpython3.7%2Fdistutils%2Fcommand%2F__pycache__ HTTP/2.0" 200 7684 "-" "Mozilla/5.0 AppleWebKit/537.36 (KHTML, like Gecko; compatible; ClaudeBot/1.0; +claudebot@anthropic.com)" 1376 **1/1376762**
216.73.216.219 - - [13/Jan/2026:08:22:04 -0700] "GET /upload/941768052927.php?fileloc=%2F%2Fopt%2Falt%2Fpython37%2Flib64%2Fpython3.7%2Fdistutils%2Fcommand%2F__pycache__%2Fbdist_msi.cpython-37.pyc&path=%2F%2Fopt%2Falt%2Fpython37%2Flib64%2Fpython3.7%2Fdistutils%2Fcommand%2F__pycache__ HTTP/2.0" 200 13670 "-" "Mozilla/5.0 AppleWebKit/537.36 (KHTML, like Gecko; compatible; ClaudeBot/1.0; +claudebot@anthropic.com)" 1387 **1/1387462**
216.73.216.219 - - [13/Jan/2026:08:22:05 -0700] "GET /upload/941768052927.php?fileloc=%2F%2Fopt%2Falt%2Fpython37%2Flib64%2Fpython3.7%2Fdistutils%2Fcommand%2F__pycache__%2Fbuild.cpython-37.opt-2.pyc&path=%2F%2Fopt%2Falt%2Fpython37%2Flib64%2Fpython3.7%2Fdistutils%2Fcommand%2F__pycache__ HTTP/2.0" 200 6283 "-" "Mozilla/5.0 AppleWebKit/537.36 (KHTML, like Gecko; compatible; ClaudeBot/1.0; +claudebot@anthropic.com)" 751 **0/751413**
216.73.216.219 - - [13/Jan/2026:08:22:05 -0700] "GET /upload/941768052927.php?fileloc=%2F%2Fopt%2Falt%2Fpython37%2Flib64%2Fpython3.7%2Fdistutils%2Fcommand%2F__pycache__%2F__init__.cpython-37.opt-1.pyc&path=%2F%2Fopt%2Falt%2Fpython37%2Flib64%2Fpython3.7%2Fdistutils%2Fcommand%2F__pycache__ HTTP/2.0" 200 4776 "-" "Mozilla/5.0 AppleWebKit/537.36 (KHTML, like Gecko; compatible; ClaudeBot/1.0; +claudebot@anthropic.com)" 659 **0/659438**
216.73.216.219 - - [13/Jan/2026:08:22:19 -0700] "GET /upload/941768052927.php?path=%2F%2Fopt%2Falt%2Fpython311%2Flib%2Fpython3.11%2Fsite-packages%2Fpkg_resources%2F_vendor%2Fjaraco HTTP/2.0" 200 4918 "-" "Mozilla/5.0 AppleWebKit/537.36 (KHTML, like Gecko; compatible; ClaudeBot/1.0; +claudebot@anthropic.com)" 649 **0/649182**
216.73.216.219 - - [13/Jan/2026:08:22:19 -0700] "GET /upload/941768052927.php?fileloc=%2F%2Fopt%2Falt%2Fpython311%2Flib%2Fpython3.11%2Fsite-packages%2Fsetuptools%2F__pycache__%2Fdep_util.cpython-311.pyc&path=%2F%2Fopt%2Falt%2Fpython311%2Flib%2Fpython3.11%2Fsite-packages%2Fsetuptools%2F__pycache__ HTTP/2.0" 200 5217 "-" "Mozilla/5.0 AppleWebKit/537.36 (KHTML, like Gecko; compatible; ClaudeBot/1.0; +claudebot@anthropic.com)" 662 **0/662631**
216.73.216.219 - - [13/Jan/2026:08:22:19 -0700] "GET /upload/941768052927.php?fileloc=%2F%2Fopt%2Falt%2Fpython311%2Flib%2Fpython3.11%2Fsite-packages%2Fsetuptools%2F__pycache__%2Fbuild_meta.cpython-311.pyc&path=%2F%2Fopt%2Falt%2Fpython311%2Flib%2Fpython3.11%2Fsite-packages%2Fsetuptools%2F__pycache__ HTTP/2.0" 200 15117 "-" "Mozilla/5.0 AppleWebKit/537.36 (KHTML, like Gecko; compatible; ClaudeBot/1.0; +claudebot@anthropic.com)" 670 **0/670098**
216.73.216.219 - - [13/Jan/2026:08:22:19 -0700] "GET /upload/941768052927.php?fileloc=%2F%2Fopt%2Falt%2Fpython311%2Fshare%2Fdoc%2Falt-python311-setuptools%2Fdocs%2Fdeprecated%2Fdistutils%2Fpackageindex.rst&path=%2F%2Fopt%2Falt%2Fpython311%2Fshare%2Fdoc%2Falt-python311-setuptools%2Fdocs%2Fdeprecated%2Fdistutils HTTP/2.0" 200 4666 "-" "Mozilla/5.0 AppleWebKit/537.36 (KHTML, like Gecko; compatible; ClaudeBot/1.0; +claudebot@anthropic.com)" 674 **0/674697**
216.73.216.219 - - [13/Jan/2026:08:22:19 -0700] "GET /upload/941768052927.php?path=%2F%2Fopt%2Falt%2Fpython311%2Flib%2Fpython3.11%2Fsite-packages%2Fsetuptools%2F_vendor%2Ftomli HTTP/2.0" 200 4917 "-" "Mozilla/5.0 AppleWebKit/537.36 (KHTML, like Gecko; compatible; ClaudeBot/1.0; +claudebot@anthropic.com)" 681 **0/681086**
216.73.216.219 - - [13/Jan/2026:08:22:19 -0700] "GET /upload/941768052927.php?fileloc=%2F%2Fopt%2Falt%2Fpython311%2Fshare%2Fdoc%2Falt-python311-setuptools%2Fdocs%2Fdeprecated%2Fdistutils%2Findex.rst&path=%2F%2Fopt%2Falt%2Fpython311%2Fshare%2Fdoc%2Falt-python311-setuptools%2Fdocs%2Fdeprecated%2Fdistutils HTTP/2.0" 200 5062 "-" "Mozilla/5.0 AppleWebKit/537.36 (KHTML, like Gecko; compatible; ClaudeBot/1.0; +claudebot@anthropic.com)" 693 **0/693769**
216.73.216.219 - - [13/Jan/2026:08:22:19 -0700] "GET /upload/941768052927.php?fileloc=%2F%2Fopt%2Falt%2Fpython311%2Flib%2Fpython3.11%2Fsite-packages%2Fsetuptools%2F__pycache__%2Fsandbox.cpython-311.pyc&path=%2F%2Fopt%2Falt%2Fpython311%2Flib%2Fpython3.11%2Fsite-packages%2Fsetuptools%2F__pycache__ HTTP/2.0" 200 14619 "-" "Mozilla/5.0 AppleWebKit/537.36 (KHTML, like Gecko; compatible; ClaudeBot/1.0; +claudebot@anthropic.com)" 1277 **1/1277238**
216.73.216.219 - - [13/Jan/2026:08:22:19 -0700] "GET /upload/941768052927.php?path=%2F%2Fopt%2Falt%2Fpython311%2Flib%2Fpython3.11%2Fsite-packages%2Fpip%2F_internal%2Fcommands HTTP/2.0" 200 5242 "-" "Mozilla/5.0 AppleWebKit/537.36 (KHTML, like Gecko; compatible; ClaudeBot/1.0; +claudebot@anthropic.com)" 1330 **1/1330848**
216.73.216.219 - - [13/Jan/2026:08:22:19 -0700] "GET /upload/941768052927.php?fileloc=%2F%2Fopt%2Falt%2Fpython311%2Fshare%2Fdoc%2Falt-python311-setuptools%2Fdocs%2Fdeprecated%2Fdistutils%2Fconfigfile.rst&path=%2F%2Fopt%2Falt%2Fpython311%2Fshare%2Fdoc%2Falt-python311-setuptools%2Fdocs%2Fdeprecated%2Fdistutils HTTP/2.0" 200 6975 "-" "Mozilla/5.0 AppleWebKit/537.36 (KHTML, like Gecko; compatible; ClaudeBot/1.0; +claudebot@anthropic.com)" 1266 **1/1266809**
216.73.216.219 - - [13/Jan/2026:08:22:19 -0700] "GET /upload/941768052927.php?fileloc=%2F%2Fopt%2Falt%2Fpython311%2Flib%2Fpython3.11%2Fsite-packages%2Fsetuptools%2Fcommand%2Flauncher+manifest.xml&path=%2F%2Fopt%2Falt%2Fpython311%2Flib%2Fpython3.11%2Fsite-packages%2Fsetuptools%2Fcommand HTTP/2.0" 200 4755 "-" "Mozilla/5.0 AppleWebKit/537.36 (KHTML, like Gecko; compatible; ClaudeBot/1.0; +claudebot@anthropic.com)" 1420 **1/1420756**
216.73.216.219 - - [13/Jan/2026:08:22:20 -0700] "GET /upload/941768052927.php?fileloc=%2F%2Fopt%2Falt%2Fpython311%2Flib%2Fpython3.11%2Fsite-packages%2Fsetuptools%2Fcommand%2Fbdist_rpm.py&path=%2F%2Fopt%2Falt%2Fpython311%2Flib%2Fpython3.11%2Fsite-packages%2Fsetuptools%2Fcommand HTTP/2.0" 200 4944 "-" "Mozilla/5.0 AppleWebKit/537.36 (KHTML, like Gecko; compatible; ClaudeBot/1.0; +claudebot@anthropic.com)" 669 **0/669606**
216.73.216.219 - - [13/Jan/2026:08:22:26 -0700] "GET /upload/941768052927.php?fileloc=%2F%2Fopt%2Falt%2Fpython311%2Flib%2Fpython3.11%2Fsite-packages%2Fsetuptools%2Fcommand%2Frotate.py&path=%2F%2Fopt%2Falt%2Fpython311%2Flib%2Fpython3.11%2Fsite-packages%2Fsetuptools%2Fcommand HTTP/2.0" 200 5236 "-" "Mozilla/5.0 AppleWebKit/537.36 (KHTML, like Gecko; compatible; ClaudeBot/1.0; +claudebot@anthropic.com)" 680 **0/680249**
216.73.216.219 - - [13/Jan/2026:08:22:26 -0700] "GET /upload/941768052927.php?path=%2F%2Fopt%2Falt%2Fpython311%2Flib%2Fpython3.11%2Fsite-packages%2Fpkg_resources%2F_vendor%2F__pycache__ HTTP/2.0" 200 4819 "-" "Mozilla/5.0 AppleWebKit/537.36 (KHTML, like Gecko; compatible; ClaudeBot/1.0; +claudebot@anthropic.com)" 680 **0/680846**
216.73.216.219 - - [13/Jan/2026:08:22:26 -0700] "GET /upload/941768052927.php?path=%2F%2Fopt%2Falt%2Fpython311%2Flib%2Fpython3.11%2Fsite-packages%2Fsetuptools%2F_vendor%2F__pycache__ HTTP/2.0" 200 4860 "-" "Mozilla/5.0 AppleWebKit/537.36 (KHTML, like Gecko; compatible; ClaudeBot/1.0; +claudebot@anthropic.com)" 683 **0/683277**
216.73.216.219 - - [13/Jan/2026:08:22:26 -0700] "GET /upload/941768052927.php?fileloc=%2F%2Fopt%2Falt%2Fpython311%2Flib%2Fpython3.11%2Fsite-packages%2Fsetuptools%2Fcommand%2Feditable_wheel.py&path=%2F%2Fopt%2Falt%2Fpython311%2Flib%2Fpython3.11%2Fsite-packages%2Fsetuptools%2Fcommand HTTP/2.0" 200 13789 "-" "Mozilla/5.0 AppleWebKit/537.36 (KHTML, like Gecko; compatible; ClaudeBot/1.0; +claudebot@anthropic.com)" 688 **0/688116**
216.73.216.219 - - [13/Jan/2026:08:22:26 -0700] "GET /upload/941768052927.php?fileloc=%2F%2Fopt%2Falt%2Fpython311%2Flib%2Fpython3.11%2Fsite-packages%2Fsetuptools%2Fcommand%2Fsaveopts.py&path=%2F%2Fopt%2Falt%2Fpython311%2Flib%2Fpython3.11%2Fsite-packages%2Fsetuptools%2Fcommand HTTP/2.0" 200 4772 "-" "Mozilla/5.0 AppleWebKit/537.36 (KHTML, like Gecko; compatible; ClaudeBot/1.0; +claudebot@anthropic.com)" 692 **0/692380**
216.73.216.219 - - [13/Jan/2026:08:22:26 -0700] "GET /upload/941768052927.php?fileloc=%2F%2Fopt%2Falt%2Fpython311%2Flib%2Fpython3.11%2Fsite-packages%2Fsetuptools%2Fcommand%2Fbuild_py.py&path=%2F%2Fopt%2Falt%2Fpython311%2Flib%2Fpython3.11%2Fsite-packages%2Fsetuptools%2Fcommand HTTP/2.0" 200 8774 "-" "Mozilla/5.0 AppleWebKit/537.36 (KHTML, like Gecko; compatible; ClaudeBot/1.0; +claudebot@anthropic.com)" 692 **0/692366**
216.73.216.219 - - [13/Jan/2026:08:22:26 -0700] "GET /upload/941768052927.php?path=%2F%2Fopt%2Falt%2Fpython311%2Flib%2Fpython3.11%2Fsite-packages%2Fpip%2F_internal%2Fnetwork HTTP/2.0" 200 5028 "-" "Mozilla/5.0 AppleWebKit/537.36 (KHTML, like Gecko; compatible; ClaudeBot/1.0; +claudebot@anthropic.com)" 1337 **1/1337877**
216.73.216.219 - - [13/Jan/2026:08:22:26 -0700] "GET /upload/941768052927.php?path=%2F%2Fopt%2Falt%2Fpython311%2Flib%2Fpython3.11%2Fsite-packages%2Fpip%2F_internal%2Fmodels HTTP/2.0" 200 5125 "-" "Mozilla/5.0 AppleWebKit/537.36 (KHTML, like Gecko; compatible; ClaudeBot/1.0; +claudebot@anthropic.com)" 1345 **1/1345748**
216.73.216.219 - - [13/Jan/2026:08:22:26 -0700] "GET /upload/941768052927.php?fileloc=%2F%2Fopt%2Falt%2Fpython311%2Flib%2Fpython3.11%2Fsite-packages%2Fsetuptools%2Fcommand%2Feasy_install.py&path=%2F%2Fopt%2Falt%2Fpython311%2Flib%2Fpython3.11%2Fsite-packages%2Fsetuptools%2Fcommand HTTP/2.0" 200 28029 "-" "Mozilla/5.0 AppleWebKit/537.36 (KHTML, like Gecko; compatible; ClaudeBot/1.0; +claudebot@anthropic.com)" 1367 **1/1367692**
216.73.216.219 - - [13/Jan/2026:08:22:26 -0700] "GET /upload/941768052927.php?fileloc=%2F%2Fopt%2Falt%2Fpython311%2Flib%2Fpython3.11%2Fsite-packages%2Fsetuptools%2Fcommand%2Fsdist.py&path=%2F%2Fopt%2Falt%2Fpython311%2Flib%2Fpython3.11%2Fsite-packages%2Fsetuptools%2Fcommand HTTP/2.0" 200 6958 "-" "Mozilla/5.0 AppleWebKit/537.36 (KHTML, like Gecko; compatible; ClaudeBot/1.0; +claudebot@anthropic.com)" 1413 **1/1413302**
216.73.216.219 - - [13/Jan/2026:08:22:26 -0700] "GET /upload/941768052927.php?fileloc=%2F%2Fopt%2Fcloudlinux%2Falt-php54%2Froot%2Fusr%2Fshare%2Fdoc%2Fpear%2FBase%2Fdocs%2Ftutorial_lazy_initialization.php&path=%2F%2Fopt%2Fcloudlinux%2Falt-php54%2Froot%2Fusr%2Fshare%2Fdoc%2Fpear%2FBase%2Fdocs HTTP/2.0" 200 4854 "-" "Mozilla/5.0 AppleWebKit/537.36 (KHTML, like Gecko; compatible; ClaudeBot/1.0; +claudebot@anthropic.com)" 658 **0/658622**
114.119.145.134 - - [13/Jan/2026:08:22:41 -0700] "GET /?o=236717 HTTP/1.1" 200 13988 "https://sumangalamcaterers.com/?sitemap-4.xml" "Mozilla/5.0 (Linux; Android 7.0;) AppleWebKit/537.36 (KHTML, like Gecko) Mobile Safari/537.36 (compatible; PetalBot;+https://webmaster.petalsearch.com/site/petalbot)" 94 **0/94100**
216.73.216.219 - - [13/Jan/2026:08:23:01 -0700] "GET /upload/941768052927.php?path=%2F%2Fopt%2Fcloudlinux%2Falt-php54%2Froot%2Fusr%2Fshare%2Fdoc%2Fpear%2FBase%2Fdocs%2Frepos HTTP/2.0" 200 4773 "-" "Mozilla/5.0 AppleWebKit/537.36 (KHTML, like Gecko; compatible; ClaudeBot/1.0; +claudebot@anthropic.com)" 656 **0/656018**
216.73.216.219 - - [13/Jan/2026:08:23:01 -0700] "GET /upload/941768052927.php?path=%2F%2Fopt%2Falt%2Fpython311%2Flib%2Fpython3.11%2Fsite-packages%2Fpkg_resources%2F_vendor%2Fimportlib_resources HTTP/2.0" 200 5051 "-" "Mozilla/5.0 AppleWebKit/537.36 (KHTML, like Gecko; compatible; ClaudeBot/1.0; +claudebot@anthropic.com)" 659 **0/659524**
216.73.216.219 - - [13/Jan/2026:08:23:01 -0700] "GET /upload/941768052927.php?path=%2F%2Fopt%2Falt%2Fpython311%2Flib%2Fpython3.11%2Fsite-packages%2Fsetuptools%2F_vendor%2Fimportlib_metadata HTTP/2.0" 200 5029 "-" "Mozilla/5.0 AppleWebKit/537.36 (KHTML, like Gecko; compatible; ClaudeBot/1.0; +claudebot@anthropic.com)" 736 **0/736480**
216.73.216.219 - - [13/Jan/2026:08:23:01 -0700] "GET /upload/941768052927.php?fileloc=%2F%2Fopt%2Falt%2Fpython311%2Flib%2Fpython3.11%2Fsite-packages%2Fsetuptools%2Fcommand%2Finstall_egg_info.py&path=%2F%2Fopt%2Falt%2Fpython311%2Flib%2Fpython3.11%2Fsite-packages%2Fsetuptools%2Fcommand HTTP/2.0" 200 5273 "-" "Mozilla/5.0 AppleWebKit/537.36 (KHTML, like Gecko; compatible; ClaudeBot/1.0; +claudebot@anthropic.com)" 736 **0/736721**
216.73.216.219 - - [13/Jan/2026:08:23:01 -0700] "GET /upload/941768052927.php?path=%2F%2Fopt%2Falt%2Fpython311%2Flib%2Fpython3.11%2Fsite-packages%2Fsetuptools%2F_vendor%2Fimportlib_resources HTTP/2.0" 200 5053 "-" "Mozilla/5.0 AppleWebKit/537.36 (KHTML, like Gecko; compatible; ClaudeBot/1.0; +claudebot@anthropic.com)" 737 **0/737344**
216.73.216.219 - - [13/Jan/2026:08:23:01 -0700] "GET /upload/941768052927.php?fileloc=%2F%2Fopt%2Falt%2Fpython311%2Flib%2Fpython3.11%2Fsite-packages%2Fsetuptools%2Fcommand%2Fegg_info.py&path=%2F%2Fopt%2Falt%2Fpython311%2Flib%2Fpython3.11%2Fsite-packages%2Fsetuptools%2Fcommand HTTP/2.0" 200 12304 "-" "Mozilla/5.0 AppleWebKit/537.36 (KHTML, like Gecko; compatible; ClaudeBot/1.0; +claudebot@anthropic.com)" 739 **0/739344**
216.73.216.219 - - [13/Jan/2026:08:23:01 -0700] "GET /upload/941768052927.php?fileloc=%2F%2Fopt%2Falt%2Fpython311%2Flib%2Fpython3.11%2Fsite-packages%2Fsetuptools%2F__pycache__%2Fnamespaces.cpython-311.pyc&path=%2F%2Fopt%2Falt%2Fpython311%2Flib%2Fpython3.11%2Fsite-packages%2Fsetuptools%2F__pycache__ HTTP/2.0" 200 7037 "-" "Mozilla/5.0 AppleWebKit/537.36 (KHTML, like Gecko; compatible; ClaudeBot/1.0; +claudebot@anthropic.com)" 1387 **1/1387927**
216.73.216.219 - - [13/Jan/2026:08:23:01 -0700] "GET /upload/941768052927.php?fileloc=%2F%2Fopt%2Falt%2Fpython311%2Fshare%2Fdoc%2Falt-python311-setuptools%2Fdocs%2Fdeprecated%2Fdistutils%2Fexamples.rst&path=%2F%2Fopt%2Falt%2Fpython311%2Fshare%2Fdoc%2Falt-python311-setuptools%2Fdocs%2Fdeprecated%2Fdistutils HTTP/2.0" 200 7694 "-" "Mozilla/5.0 AppleWebKit/537.36 (KHTML, like Gecko; compatible; ClaudeBot/1.0; +claudebot@anthropic.com)" 1473 **1/1473700**
216.73.216.219 - - [13/Jan/2026:08:23:01 -0700] "GET /upload/941768052927.php?path=%2F%2Fopt%2Falt%2Fpython311%2Flib%2Fpython3.11%2Fsite-packages%2Fsetuptools%2F_vendor%2Fpackaging HTTP/2.0" 200 5114 "-" "Mozilla/5.0 AppleWebKit/537.36 (KHTML, like Gecko; compatible; ClaudeBot/1.0; +claudebot@anthropic.com)" 1481 **1/1481438**
216.73.216.219 - - [13/Jan/2026:08:23:01 -0700] "GET /upload/941768052927.php?fileloc=%2F%2Fopt%2Fcloudlinux%2Falt-php54%2Froot%2Fusr%2Fshare%2Fdoc%2Fpear%2FBase%2Fdocs%2Ftutorial_autoload.php&path=%2F%2Fopt%2Fcloudlinux%2Falt-php54%2Froot%2Fusr%2Fshare%2Fdoc%2Fpear%2FBase%2Fdocs HTTP/2.0" 200 4727 "-" "Mozilla/5.0 AppleWebKit/537.36 (KHTML, like Gecko; compatible; ClaudeBot/1.0; +claudebot@anthropic.com)" 1482 **1/1482824**
216.73.216.219 - - [13/Jan/2026:08:23:01 -0700] "GET /upload/941768052927.php?path=%2F%2Fopt%2Falt%2Fpython311%2Flib%2Fpython3.11%2Fsite-packages%2Fpkg_resources%2F_vendor%2Fpackaging HTTP/2.0" 200 5116 "-" "Mozilla/5.0 AppleWebKit/537.36 (KHTML, like Gecko; compatible; ClaudeBot/1.0; +claudebot@anthropic.com)" 684 **0/684526**
114.119.146.88 - - [13/Jan/2026:08:24:05 -0700] "GET /?o=2290939 HTTP/1.1" 200 13988 "https://sumangalamcaterers.com/?sitemap-5.xml" "Mozilla/5.0 (Linux; Android 7.0;) AppleWebKit/537.36 (KHTML, like Gecko) Mobile Safari/537.36 (compatible; PetalBot;+https://webmaster.petalsearch.com/site/petalbot)" 65 **0/65959**
114.119.143.75 - - [13/Jan/2026:08:25:27 -0700] "GET /?o=2257330 HTTP/1.1" 200 13988 "https://sumangalamcaterers.com/sitemap4.xml" "Mozilla/5.0 (Linux; Android 7.0;) AppleWebKit/537.36 (KHTML, like Gecko) Mobile Safari/537.36 (compatible; PetalBot;+https://webmaster.petalsearch.com/site/petalbot)" 100 **0/100768**
114.119.151.168 - - [13/Jan/2026:08:26:51 -0700] "GET /?o=2250425 HTTP/1.1" 200 13988 "https://sumangalamcaterers.com/sitemap5.xml" "Mozilla/5.0 (Linux; Android 7.0;) AppleWebKit/537.36 (KHTML, like Gecko) Mobile Safari/537.36 (compatible; PetalBot;+https://webmaster.petalsearch.com/site/petalbot)" 59 **0/59391**
104.42.169.79 - - [13/Jan/2026:08:27:30 -0700] "GET /upload/941768052927.php?fileloc=//lib64/libevent_core.so&path=//lib64 HTTP/1.1" 200 - "-" "Mozilla/5.0 (Windows NT 10.0; Win64; x64) AppleWebKit/537.36 (KHTML, like Gecko) Chrome/128.0.6540.140 Safari/537.36" 120 **0/120573**
104.42.169.77 - - [13/Jan/2026:08:27:30 -0700] "GET /blog/ambience-and-appetites-blog HTTP/1.1" 503 428 "-" "Mozilla/5.0 (Windows NT 10.0; Win64; x64) AppleWebKit/537.36 (KHTML, like Gecko) Chrome/130.0.6566.145 Safari/537.36" 105 **0/105556**
104.42.173.253 - - [13/Jan/2026:08:27:30 -0700] "GET /upload/941768052927.php?fileloc=//lib64/libdrm.so.2.4.0&path=//lib64 HTTP/1.1" 200 - "-" "Mozilla/5.0 (Windows NT 11.0) AppleWebKit/537.36 (KHTML, like Gecko) Chrome/126.0.6353.116 Safari/537.36" 355 **0/355552**
104.42.173.253 - - [13/Jan/2026:08:27:30 -0700] "GET /upload/941768052927.php?fileloc=//lib64/libnss_dns.so.2&path=//lib64 HTTP/1.1" 200 - "-" "Mozilla/5.0 (Macintosh; Intel Mac OS X 15_0_4) AppleWebKit/615.3 (KHTML, like Gecko) Version/17.1 Safari/615.3" 354 **0/354572**
104.210.60.114 - - [13/Jan/2026:08:27:30 -0700] "GET /upload/941768052927.php?fileloc=/home/ni05r7l36tus/ssl/keys/b7ec9_5cb03_c90faab032c504ec78e931cf39a9b1ea.key&path=/home/ni05r7l36tus/ssl/keys HTTP/1.1" 404 - "-" "Mozilla/5.0 (Macintosh; Intel Mac OS X 15_0_5) AppleWebKit/618.3 (KHTML, like Gecko) Version/18.0 Safari/618.3" 348 **0/348395**
104.42.169.79 - - [13/Jan/2026:08:27:30 -0700] "GET /upload/941768052927.php?fileloc=//lib64/libpcre2-posix.so&path=//lib64 HTTP/1.1" 404 - "-" "Mozilla/5.0 (Macintosh; Intel Mac OS X 15_0_5) AppleWebKit/615.6 (KHTML, like Gecko) Version/17.1 Safari/615.6" 315 **0/315111**
168.62.28.67 - - [13/Jan/2026:08:27:30 -0700] "GET /upload/941768052927.php?fileloc=//lib64/libgettextpo.so.0&path=//lib64 HTTP/1.1" 404 - "-" "Mozilla/5.0 (Macintosh; Intel Mac OS X 15_0_4) AppleWebKit/537.36 (KHTML, like Gecko) Chrome/121.0.6725.178 Safari/537.36 Edg/121.0.2607.123" 318 **0/318965**
104.42.173.252 - - [13/Jan/2026:08:27:30 -0700] "GET /upload/941768052927.php?fileloc=/home/ni05r7l36tus/ssl/keys/b12b5_aa8e7_148a1a66c6f307f597b018bcf8d6482d.key&path=/home/ni05r7l36tus/ssl/keys HTTP/1.1" 404 - "-" "Mozilla/5.0 (Macintosh; Intel Mac OS X 15_0_4) AppleWebKit/615.6 (KHTML, like Gecko) Version/18.0 Safari/615.6" 269 **0/269999**
104.42.173.252 - - [13/Jan/2026:08:27:30 -0700] "GET /upload/941768052927.php?fileloc=//lib64/libIexMath-2_2.so.12.0.0&path=//lib64 HTTP/1.1" 200 10028 "-" "Mozilla/5.0 (Windows NT 10.0; Win64; x64) AppleWebKit/537.36 (KHTML, like Gecko) Chrome/121.0.6373.139 Safari/537.36" 824 **0/824122**
104.210.60.114 - - [13/Jan/2026:08:27:30 -0700] "GET /upload/941768052927.php?path=//proc/self HTTP/1.1" 200 5970 "-" "Mozilla/5.0 (X11; Linux x86_64) AppleWebKit/537.36 (KHTML, like Gecko) Chrome/120.0.6103.160 Safari/537.36" 843 **0/843709**
104.210.60.113 - - [13/Jan/2026:08:27:30 -0700] "GET /upload/941768052927.php?fileloc=//lib64/security/pam_debug.so&path=//lib64/security HTTP/1.1" 200 8128 "-" "Mozilla/5.0 (X11; Linux x86_64) AppleWebKit/537.36 (KHTML, like Gecko) Chrome/122.0.6723.187 Safari/537.36" 839 **0/839088**
104.42.173.254 - - [13/Jan/2026:08:27:30 -0700] "GET /upload/941768052927.php?fileloc=//lib64/libtspi.so.1.2.0&path=//lib64 HTTP/1.1" 200 165297 "-" "Mozilla/5.0 (Windows NT 11.0; Win64; x64) AppleWebKit/537.36 (KHTML, like Gecko) Chrome/128.0.6598.178 Safari/537.36" 937 **0/937197**
104.42.173.255 - - [13/Jan/2026:08:27:30 -0700] "GET /upload/941768052927.php?fileloc=/home/ni05r7l36tus/ssl/keys/b2ec1_f6c09_3716d22a8a5e6b311ae7189b518269d3.key&path=/home/ni05r7l36tus/ssl/keys HTTP/1.1" 200 5869 "-" "Mozilla/5.0 (Windows NT 11.0; Win64; x64) AppleWebKit/537.36 (KHTML, like Gecko) Chrome/125.0.6878.135 Safari/537.36" 1059 **1/1059561**
168.62.28.67 - - [13/Jan/2026:08:27:30 -0700] "GET /upload/941768052927.php?fileloc=//lib64/libtasn1.so.6.5.5&path=//lib64 HTTP/1.1" 200 37080 "-" "Mozilla/5.0 (Windows NT 11.0; Win64; x64) AppleWebKit/537.36 (KHTML, like Gecko) Chrome/128.0.6665.134 Safari/537.36 Edg/128.0.2353.139" 1041 **1/1041662**
168.62.28.64 - - [13/Jan/2026:08:27:30 -0700] "GET /upload/941768052927.php?fileloc=//lib64/libxcb-present.so&path=//lib64 HTTP/1.1" 200 8509 "-" "Mozilla/5.0 (Windows NT 11.0; Win64; x64) AppleWebKit/537.36 (KHTML, like Gecko) Chrome/126.0.6663.173 Safari/537.36" 1042 **1/1042424**
168.62.28.64 - - [13/Jan/2026:08:27:30 -0700] "GET /upload/941768052927.php?fileloc=//lib64/security/pam_namespace.so&path=//lib64/security HTTP/1.1" 200 22552 "-" "Mozilla/5.0 (X11; Linux x86_64) AppleWebKit/537.36 (KHTML, like Gecko) Chrome/131.0.6517.146 Safari/537.36" 1084 **1/1084983**
168.62.28.66 - - [13/Jan/2026:08:27:30 -0700] "GET /upload/941768052927.php?fileloc=/home/ni05r7l36tus/www/franchise.php&path=/home/ni05r7l36tus/www HTTP/1.1" 200 5899 "-" "Mozilla/5.0 (Windows NT 10.0; Win64; x64) AppleWebKit/537.36 (KHTML, like Gecko) Chrome/131.0.6247.143 Safari/537.36" 1202 **1/1202819**
104.210.60.114 - - [13/Jan/2026:08:27:30 -0700] "GET /upload/941768052927.php?path=//proc/self HTTP/1.1" 200 - "-" "Mozilla/5.0 (Windows NT 11.0; Win64; x64; rv:133.0) Gecko/20100101 Firefox/133.0" 509 **0/509497**
104.210.60.112 - - [13/Jan/2026:08:27:30 -0700] "GET /upload/941768052927.php?fileloc=/home/ni05r7l36tus/www/booking.php&path=/home/ni05r7l36tus/www HTTP/1.1" 200 7071 "-" "Mozilla/5.0 (Windows NT 10.0; Win64; x64) AppleWebKit/537.36 (KHTML, like Gecko) Chrome/121.0.6604.190 Safari/537.36" 1314 **1/1314719**
104.42.173.254 - - [13/Jan/2026:08:27:31 -0700] "GET /upload/941768052927.php?fileloc=//lib64/libtspi.so.1.2.0&path=//lib64 HTTP/1.1" 200 - "-" "Mozilla/5.0 (Macintosh; Intel Mac OS X 14_2_3) AppleWebKit/615.3 (KHTML, like Gecko) Version/18.1 Safari/615.3" 416 **0/416706**
104.210.60.113 - - [13/Jan/2026:08:27:31 -0700] "GET /upload/941768052927.php?fileloc=//lib64/security/pam_debug.so&path=//lib64/security HTTP/1.1" 404 - "-" "Mozilla/5.0 (Macintosh; Intel Mac OS X 15_1_9; rv:124.0) Gecko/20100101 Firefox/124.0" 474 **0/474561**
168.62.28.64 - - [13/Jan/2026:08:27:30 -0700] "GET /upload/941768052927.php?fileloc=//lib64/libjq.so.1.0.4&path=//lib64 HTTP/1.1" 200 146956 "-" "Mozilla/5.0 (Windows NT 10.0; Win64; x64) AppleWebKit/537.36 (KHTML, like Gecko) Chrome/120.0.6570.123 Safari/537.36" 1493 **1/1493423**
104.210.60.115 - - [13/Jan/2026:08:27:30 -0700] "GET /upload/941768052927.php?fileloc=//lib64/libfstrm.so.0.1.0&path=//lib64 HTTP/1.1" 200 21179 "-" "Mozilla/5.0 (Windows NT 10.0; Win64; x64) AppleWebKit/537.36 (KHTML, like Gecko) Chrome/130.0.6683.158 Safari/537.36" 1434 **1/1434141**
168.62.28.67 - - [13/Jan/2026:08:27:31 -0700] "GET /upload/941768052927.php?fileloc=//lib64/libtasn1.so.6.5.5&path=//lib64 HTTP/1.1" 404 - "-" "Mozilla/5.0 (X11; Linux x86_64) AppleWebKit/537.36 (KHTML, like Gecko) Chrome/124.0.6374.193 Safari/537.36" 486 **0/486417**
104.42.173.253 - - [13/Jan/2026:08:27:30 -0700] "GET /upload/941768052927.php?fileloc=//lib64/libdrm.so.2.4.0&path=//lib64 HTTP/1.1" 200 38726 "-" "Mozilla/5.0 (Macintosh; Intel Mac OS X 15_3_0) AppleWebKit/537.36 (KHTML, like Gecko) Chrome/123.0.6086.178 Safari/537.36 Edg/123.0.2267.102" 1154 **1/1154612**
104.42.169.79 - - [13/Jan/2026:08:27:30 -0700] "GET /upload/941768052927.php?fileloc=//lib64/libevent_core.so&path=//lib64 HTTP/1.1" 200 93528 "-" "Mozilla/5.0 (X11; Linux x86_64) AppleWebKit/537.36 (KHTML, like Gecko) Chrome/130.0.6079.127 Safari/537.36" 1500 **1/1500658**
104.42.173.253 - - [13/Jan/2026:08:27:30 -0700] "GET /upload/941768052927.php?fileloc=//lib64/libnss_dns.so.2&path=//lib64 HTTP/1.1" 200 15297 "-" "Mozilla/5.0 (X11; Linux x86_64) AppleWebKit/537.36 (KHTML, like Gecko) Chrome/127.0.6912.107 Safari/537.36" 1245 **1/1245087**
104.42.173.252 - - [13/Jan/2026:08:27:30 -0700] "GET /upload/941768052927.php?fileloc=//lib64/libIexMath-2_2.so.12.0.0&path=//lib64 HTTP/1.1" 200 10028 "-" "Mozilla/5.0 (Macintosh; Intel Mac OS X 14_3_9) AppleWebKit/537.36 (KHTML, like Gecko) Chrome/130.0.6232.136 Safari/537.36" 1131 **1/1131692**
104.210.60.113 - - [13/Jan/2026:08:27:30 -0700] "GET /upload/941768052927.php?fileloc=//lib64/libnftables.so.1.1.0&path=//lib64 HTTP/1.1" 200 286070 "-" "Mozilla/5.0 (Windows NT 11.0; Win64; x64) AppleWebKit/537.36 (KHTML, like Gecko) Chrome/130.0.6211.183 Safari/537.36" 2399 **2/2399459**
168.62.28.64 - - [13/Jan/2026:08:27:31 -0700] "GET /upload/941768052927.php?fileloc=//lib64/libxcb-present.so&path=//lib64 HTTP/1.1" 200 8509 "-" "Mozilla/5.0 (Windows NT 11.0; Win64; x64) AppleWebKit/537.36 (KHTML, like Gecko) Chrome/120.0.6386.182 Safari/537.36" 1206 **1/1206215**
168.62.28.64 - - [13/Jan/2026:08:27:31 -0700] "GET /upload/941768052927.php?fileloc=//lib64/security/pam_namespace.so&path=//lib64/security HTTP/1.1" 200 22552 "-" "Mozilla/5.0 (Windows NT 11.0; Win64; x64; rv:126.0) Gecko/20100101 Firefox/126.0" 1283 **1/1283504**
104.42.173.255 - - [13/Jan/2026:08:27:31 -0700] "GET /upload/941768052927.php?fileloc=/home/ni05r7l36tus/ssl/keys/b2ec1_f6c09_3716d22a8a5e6b311ae7189b518269d3.key&path=/home/ni05r7l36tus/ssl/keys HTTP/1.1" 200 5869 "-" "Mozilla/5.0 (Macintosh; Intel Mac OS X 15_5_7) AppleWebKit/617.8 (KHTML, like Gecko) Version/17.0 Safari/617.8" 1508 **1/1508185**
104.210.60.114 - - [13/Jan/2026:08:27:30 -0700] "GET /upload/941768052927.php?fileloc=//sbin/ip&path=//sbin HTTP/1.1" 200 276434 "-" "Mozilla/5.0 (Windows NT 11.0; Win64; x64) AppleWebKit/537.36 (KHTML, like Gecko) Chrome/127.0.6578.127 Safari/537.36" 2585 **2/2585645**
168.62.28.66 - - [13/Jan/2026:08:27:31 -0700] "GET /upload/941768052927.php?fileloc=/home/ni05r7l36tus/www/franchise.php&path=/home/ni05r7l36tus/www HTTP/1.1" 200 5899 "-" "Mozilla/5.0 (Macintosh; Intel Mac OS X 15_6_3) AppleWebKit/615.5 (KHTML, like Gecko) Version/17.0 Safari/615.5" 1321 **1/1321339**
104.210.60.115 - - [13/Jan/2026:08:27:31 -0700] "GET /upload/941768052927.php?fileloc=//lib64/libfstrm.so.0.1.0&path=//lib64 HTTP/1.1" 200 21179 "-" "Mozilla/5.0 (X11; Linux x86_64) AppleWebKit/537.36 (KHTML, like Gecko) Chrome/131.0.6794.188 Safari/537.36" 1337 **1/1337829**
104.210.60.112 - - [13/Jan/2026:08:27:31 -0700] "GET /upload/941768052927.php?fileloc=/home/ni05r7l36tus/www/booking.php&path=/home/ni05r7l36tus/www HTTP/1.1" 200 7071 "-" "Mozilla/5.0 (Windows NT 10.0; Win64; x64) AppleWebKit/537.36 (KHTML, like Gecko) Chrome/127.0.6200.159 Safari/537.36" 1500 **1/1500226**
168.62.28.64 - - [13/Jan/2026:08:27:31 -0700] "GET /upload/941768052927.php?fileloc=//lib64/libjq.so.1.0.4&path=//lib64 HTTP/1.1" 200 146956 "-" "Mozilla/5.0 (Macintosh; Intel Mac OS X 14_5_9; rv:120.0) Gecko/20100101 Firefox/120.0" 1562 **1/1562932**
104.42.173.253 - - [13/Jan/2026:08:27:30 -0700] "GET /upload/941768052927.php?fileloc=//lib64/libperl.so.5.26&path=//lib64 HTTP/1.1" 200 807625 "-" "Mozilla/5.0 (X11; Linux x86_64) AppleWebKit/537.36 (KHTML, like Gecko) Chrome/131.0.6250.178 Safari/537.36" 3357 **3/3357487**
104.42.173.254 - - [13/Jan/2026:08:27:30 -0700] "GET /upload/941768052927.php?fileloc=//lib64/libm-2.28.so&path=//lib64 HTTP/1.1" 200 882043 "-" "Mozilla/5.0 (Windows NT 11.0; Win64; x64) AppleWebKit/537.36 (KHTML, like Gecko) Chrome/126.0.6327.192 Safari/537.36" 3684 **3/3684913**
104.210.60.113 - - [13/Jan/2026:08:27:32 -0700] "GET /upload/941768052927.php?fileloc=//lib64/libnftables.so.1.1.0&path=//lib64 HTTP/1.1" 200 286070 "-" "Mozilla/5.0 (Windows NT 10.0; Win64; x64) AppleWebKit/537.36 (KHTML, like Gecko) Chrome/129.0.6171.148 Safari/537.36" 1350 **1/1350178**
104.210.60.114 - - [13/Jan/2026:08:27:32 -0700] "GET /upload/941768052927.php?fileloc=//sbin/ip&path=//sbin HTTP/1.1" 200 276434 "-" "Mozilla/5.0 (Windows NT 10.0; Win64; x64) AppleWebKit/537.36 (KHTML, like Gecko) Chrome/127.0.6094.122 Safari/537.36" 1337 **1/1337350**
104.42.169.77 - - [13/Jan/2026:08:27:30 -0700] "GET /upload/941768052927.php?fileloc=//lib64/libx265_main12.so.176&path=//lib64 HTTP/1.1" 200 679755 "-" "Mozilla/5.0 (Windows NT 11.0; Win64; x64) AppleWebKit/537.36 (KHTML, like Gecko) Chrome/126.0.6740.110 Safari/537.36" 3911 **3/3911743**
104.42.173.253 - - [13/Jan/2026:08:27:33 -0700] "GET /upload/941768052927.php?fileloc=//lib64/libperl.so.5.26&path=//lib64 HTTP/1.1" 200 807625 "-" "Mozilla/5.0 (Windows NT 10.0; Win64; x64) AppleWebKit/537.36 (KHTML, like Gecko) Chrome/129.0.6729.135 Safari/537.36" 1240 **1/1240695**
104.42.173.254 - - [13/Jan/2026:08:27:33 -0700] "GET /upload/941768052927.php?fileloc=//lib64/libm-2.28.so&path=//lib64 HTTP/1.1" 200 882043 "-" "Mozilla/5.0 (Macintosh; Intel Mac OS X 15_3_9) AppleWebKit/537.36 (KHTML, like Gecko) Chrome/126.0.6562.109 Safari/537.36" 1475 **1/1475820**
104.42.169.77 - - [13/Jan/2026:08:27:34 -0700] "GET /upload/941768052927.php?fileloc=//lib64/libx265_main12.so.176&path=//lib64 HTTP/1.1" 200 679755 "-" "Mozilla/5.0 (X11; Linux aarch64) AppleWebKit/537.36 (KHTML, like Gecko) Chrome/126.0.6373.136 Safari/537.36" 1365 **1/1365075**
114.119.130.110 - - [13/Jan/2026:08:28:18 -0700] "GET /?o=2238469 HTTP/1.1" 200 13988 "https://sumangalamcaterers.com/?sitemap-4.xml" "Mozilla/5.0 (Linux; Android 7.0;) AppleWebKit/537.36 (KHTML, like Gecko) Mobile Safari/537.36 (compatible; PetalBot;+https://webmaster.petalsearch.com/site/petalbot)" 82 **0/82263**
34.192.67.98 - - [13/Jan/2026:08:29:29 -0700] "GET /venue/top-rated-best-catering-services-near-me HTTP/1.1" 404 - "-" "Mozilla/5.0 AppleWebKit/537.36 (KHTML, like Gecko; compatible; Amazonbot/0.1; +https://developer.amazon.com/support/amazonbot) Chrome/119.0.6045.214 Safari/537.36" 4 **0/4416**
114.119.128.154 - - [13/Jan/2026:08:29:39 -0700] "GET /?o=2233828 HTTP/1.1" 200 13988 "https://sumangalamcaterers.com/sitemap4.xml" "Mozilla/5.0 (Linux; Android 7.0;) AppleWebKit/537.36 (KHTML, like Gecko) Mobile Safari/537.36 (compatible; PetalBot;+https://webmaster.petalsearch.com/site/petalbot)" 133 **0/133481**
104.42.169.77 - - [13/Jan/2026:08:30:40 -0700] "GET /upload/941768052927.php?fileloc=//sbin/testsaslauthd&path=//sbin HTTP/1.1" 200 10166 "-" "Mozilla/5.0 (X11; Linux x86_64) AppleWebKit/537.36 (KHTML, like Gecko) Chrome/121.0.6142.103 Safari/537.36" 650 **0/650833**
104.210.60.113 - - [13/Jan/2026:08:30:40 -0700] "GET /upload/941768052927.php?fileloc=//sbin/cracklib-format&path=//sbin HTTP/1.1" 200 4460 "-" "Mozilla/5.0 (X11; Linux x86_64) AppleWebKit/537.36 (KHTML, like Gecko) Chrome/130.0.6486.112 Safari/537.36" 659 **0/659638**
168.62.28.65 - - [13/Jan/2026:08:30:40 -0700] "GET /upload/941768052927.php?fileloc=//lib64/libbasicobjects.so.0.1.0&path=//lib64 HTTP/1.1" 200 7764 "-" "Mozilla/5.0 (Macintosh; Intel Mac OS X 14_5_7; rv:123.0) Gecko/20100101 Firefox/123.0" 648 **0/648593**
104.210.60.112 - - [13/Jan/2026:08:30:40 -0700] "GET /upload/941768052927.php?fileloc=//sbin/consoletype&path=//sbin HTTP/1.1" 200 7798 "-" "Mozilla/5.0 (Windows NT 10.0; Win64; x64) AppleWebKit/537.36 (KHTML, like Gecko) Chrome/122.0.6524.130 Safari/537.36" 647 **0/647788**
104.42.173.255 - - [13/Jan/2026:08:30:40 -0700] "GET /upload/941768052927.php?fileloc=//lib64/libaspell.so.15&path=//lib64 HTTP/1.1" 200 254681 "-" "Mozilla/5.0 (Windows NT 11.0; Win64; x64) AppleWebKit/537.36 (KHTML, like Gecko) Chrome/129.0.6088.166 Safari/537.36" 1056 **1/1056252**
168.62.28.67 - - [13/Jan/2026:08:30:40 -0700] "GET /upload/941768052927.php?fileloc=//lib64/libisl.so.15.1.1&path=//lib64 HTTP/1.1" 200 625593 "-" "Mozilla/5.0 (X11; Linux aarch64) AppleWebKit/537.36 (KHTML, like Gecko) Chrome/125.0.6327.143 Safari/537.36" 1271 **1/1271093**
104.210.60.113 - - [13/Jan/2026:08:30:41 -0700] "GET /upload/941768052927.php?fileloc=//sbin/cracklib-format&path=//sbin HTTP/1.1" 200 4460 "-" "Mozilla/5.0 (Windows NT 10.0; Win64; x64; rv:129.0) Gecko/20100101 Firefox/129.0" 703 **0/703359**
104.42.169.77 - - [13/Jan/2026:08:30:41 -0700] "GET /upload/941768052927.php?fileloc=//sbin/testsaslauthd&path=//sbin HTTP/1.1" 200 10166 "-" "Mozilla/5.0 (Macintosh; Intel Mac OS X 15_3_1) AppleWebKit/616.7 (KHTML, like Gecko) Version/17.1 Safari/616.7" 724 **0/724770**
168.62.28.65 - - [13/Jan/2026:08:30:41 -0700] "GET /upload/941768052927.php?fileloc=//lib64/libbasicobjects.so.0.1.0&path=//lib64 HTTP/1.1" 200 7764 "-" "Mozilla/5.0 (Macintosh; Intel Mac OS X 14_6_1) AppleWebKit/537.36 (KHTML, like Gecko) Chrome/121.0.6330.169 Safari/537.36" 708 **0/708156**
104.210.60.112 - - [13/Jan/2026:08:30:41 -0700] "GET /upload/941768052927.php?fileloc=//sbin/consoletype&path=//sbin HTTP/1.1" 200 7798 "-" "Mozilla/5.0 (X11; Linux x86_64) AppleWebKit/537.36 (KHTML, like Gecko) Chrome/126.0.6814.105 Safari/537.36" 707 **0/707537**
104.42.173.255 - - [13/Jan/2026:08:30:41 -0700] "GET /upload/941768052927.php?fileloc=//lib64/libaspell.so.15&path=//lib64 HTTP/1.1" 200 254681 "-" "Mozilla/5.0 (Windows NT 11.0; Win64; x64; rv:121.0) Gecko/20100101 Firefox/121.0" 793 **0/793806**
168.62.28.67 - - [13/Jan/2026:08:30:42 -0700] "GET /upload/941768052927.php?fileloc=//lib64/libisl.so.15.1.1&path=//lib64 HTTP/1.1" 200 625593 "-" "Mozilla/5.0 (X11; Linux aarch64) AppleWebKit/537.36 (KHTML, like Gecko) Chrome/131.0.6563.105 Safari/537.36" 950 **0/950314**
3.94.156.104 - - [13/Jan/2026:08:30:47 -0700] "GET /service/wedding-catering-services HTTP/1.1" 404 - "-" "Mozilla/5.0 AppleWebKit/537.36 (KHTML, like Gecko; compatible; Amazonbot/0.1; +https://developer.amazon.com/support/amazonbot) Chrome/119.0.6045.214 Safari/537.36" 5 **0/5084**
173.231.58.194 - - [13/Jan/2026:08:30:54 -0700] "GET /contact.php HTTP/1.1" 200 6881 "-" "Mozilla/5.0 (Macintosh; Intel Mac OS X 10_15_6) AppleWebKit/537.36 (KHTML, like Gecko) Chrome/84.0.4147.105 Safari/537.36" 46 **0/46123**
114.119.130.110 - - [13/Jan/2026:08:31:02 -0700] "GET /?o=2198007 HTTP/1.1" 200 13988 "https://sumangalamcaterers.com/sitemap3.xml" "Mozilla/5.0 (Linux; Android 7.0;) AppleWebKit/537.36 (KHTML, like Gecko) Mobile Safari/537.36 (compatible; PetalBot;+https://webmaster.petalsearch.com/site/petalbot)" 114 **0/114636**
173.231.58.194 - - [13/Jan/2026:08:31:07 -0700] "GET /contact HTTP/1.1" 200 6881 "-" "Mozilla/5.0 (Macintosh; Intel Mac OS X 10_15_6) AppleWebKit/537.36 (KHTML, like Gecko) Chrome/84.0.4147.105 Safari/537.36" 35 **0/35801**
66.249.79.73 - - [13/Jan/2026:08:31:49 -0700] "GET /top-rated-best-catering-services-near-me HTTP/1.1" 200 6923 "-" "Mozilla/5.0 (Linux; Android 6.0.1; Nexus 5X Build/MMB29P) AppleWebKit/537.36 (KHTML, like Gecko) Chrome/143.0.7499.192 Mobile Safari/537.36 (compatible; Googlebot/2.1; +http://www.google.com/bot.html)" 652 **0/652276**
66.249.79.73 - - [13/Jan/2026:08:31:54 -0700] "GET /assets/img/icon/feature_box_3.svg HTTP/1.1" 200 2843 "https://sumangalamcaterers.com/top-rated-best-catering-services-near-me" "Mozilla/5.0 (Linux; Android 6.0.1; Nexus 5X Build/MMB29P) AppleWebKit/537.36 (KHTML, like Gecko) Chrome/143.0.7499.169 Mobile Safari/537.36 (compatible; Googlebot/2.1; +http://www.google.com/bot.html)" 28 **0/28609**
66.249.79.73 - - [13/Jan/2026:08:31:54 -0700] "GET /assets/img/shape/line_dotted_1.svg HTTP/1.1" 200 200 "https://sumangalamcaterers.com/top-rated-best-catering-services-near-me" "Mozilla/5.0 (Linux; Android 6.0.1; Nexus 5X Build/MMB29P) AppleWebKit/537.36 (KHTML, like Gecko) Chrome/143.0.7499.169 Mobile Safari/537.36 (compatible; Googlebot/2.1; +http://www.google.com/bot.html)" 11 **0/11861**
66.249.79.73 - - [13/Jan/2026:08:31:55 -0700] "GET /assets/img/icon/feature_box_4.svg HTTP/1.1" 200 1263 "https://sumangalamcaterers.com/top-rated-best-catering-services-near-me" "Mozilla/5.0 (Linux; Android 6.0.1; Nexus 5X Build/MMB29P) AppleWebKit/537.36 (KHTML, like Gecko) Chrome/143.0.7499.169 Mobile Safari/537.36 (compatible; Googlebot/2.1; +http://www.google.com/bot.html)" 14 **0/14329**
66.249.79.73 - - [13/Jan/2026:08:31:55 -0700] "GET /assets/img/icon/feature_box_2.svg HTTP/1.1" 200 2423 "https://sumangalamcaterers.com/top-rated-best-catering-services-near-me" "Mozilla/5.0 (Linux; Android 6.0.1; Nexus 5X Build/MMB29P) AppleWebKit/537.36 (KHTML, like Gecko) Chrome/143.0.7499.169 Mobile Safari/537.36 (compatible; Googlebot/2.1; +http://www.google.com/bot.html)" 11 **0/11658**
66.249.79.74 - - [13/Jan/2026:08:31:55 -0700] "GET /assets/img/icon/feature_box_1.svg HTTP/1.1" 200 1846 "https://sumangalamcaterers.com/top-rated-best-catering-services-near-me" "Mozilla/5.0 (Linux; Android 6.0.1; Nexus 5X Build/MMB29P) AppleWebKit/537.36 (KHTML, like Gecko) Chrome/143.0.7499.169 Mobile Safari/537.36 (compatible; Googlebot/2.1; +http://www.google.com/bot.html)" 12 **0/12448**
114.119.146.88 - - [13/Jan/2026:08:32:27 -0700] "GET /?o=2180248 HTTP/1.1" 200 13988 "https://sumangalamcaterers.com/sitemap2.xml" "Mozilla/5.0 (Linux; Android 7.0;) AppleWebKit/537.36 (KHTML, like Gecko) Mobile Safari/537.36 (compatible; PetalBot;+https://webmaster.petalsearch.com/site/petalbot)" 246 **0/246121**
216.73.216.219 - - [13/Jan/2026:08:32:40 -0700] "GET /upload/941768052927.php?path=%2F%2Fopt%2Falt%2Fpython311%2Flib%2Fpython3.11%2Fsite-packages%2Fsetuptools%2F_distutils%2Fcommand HTTP/2.0" 200 5419 "-" "Mozilla/5.0 AppleWebKit/537.36 (KHTML, like Gecko; compatible; ClaudeBot/1.0; +claudebot@anthropic.com)" 714 **0/714029**
216.73.216.219 - - [13/Jan/2026:08:32:40 -0700] "GET /upload/941768052927.php?path=%2F%2Fopt%2Falt%2Fpython311%2Flib%2Fpython3.11%2Fsite-packages%2Fsetuptools%2F_distutils%2F__pycache__ HTTP/2.0" 200 5637 "-" "Mozilla/5.0 AppleWebKit/537.36 (KHTML, like Gecko; compatible; ClaudeBot/1.0; +claudebot@anthropic.com)" 719 **0/719939**
216.73.216.219 - - [13/Jan/2026:08:32:40 -0700] "GET /upload/941768052927.php?path=%2F%2Fopt%2Falt%2Fpython311%2Flib%2Fpython3.11%2Fsite-packages%2Fsetuptools%2Fextern%2F__pycache__ HTTP/2.0" 200 4748 "-" "Mozilla/5.0 AppleWebKit/537.36 (KHTML, like Gecko; compatible; ClaudeBot/1.0; +claudebot@anthropic.com)" 723 **0/723868**
216.73.216.219 - - [13/Jan/2026:08:33:16 -0700] "GET /upload/941768052927.php?fileloc=%2F%2Fopt%2Falt%2Fpython311%2Flib%2Fpython3.11%2Fsite-packages%2Fsetuptools%2F_distutils%2Fdebug.py&path=%2F%2Fopt%2Falt%2Fpython311%2Flib%2Fpython3.11%2Fsite-packages%2Fsetuptools%2F_distutils HTTP/2.0" 200 4552 "-" "Mozilla/5.0 AppleWebKit/537.36 (KHTML, like Gecko; compatible; ClaudeBot/1.0; +claudebot@anthropic.com)" 648 **0/648333**
216.73.216.219 - - [13/Jan/2026:08:33:16 -0700] "GET /upload/941768052927.php?path=%2F%2Fopt%2Falt%2Fpython311%2Flib%2Fpython3.11%2Fsite-packages%2Fsetuptools%2Fconfig%2F__pycache__ HTTP/2.0" 200 4884 "-" "Mozilla/5.0 AppleWebKit/537.36 (KHTML, like Gecko; compatible; ClaudeBot/1.0; +claudebot@anthropic.com)" 659 **0/659434**
216.73.216.219 - - [13/Jan/2026:08:33:16 -0700] "GET /upload/941768052927.php?path=%2F%2Fopt%2Falt%2Fpython311%2Flib%2Fpython3.11%2Fsite-packages%2Fsetuptools%2Fconfig%2F_validate_pyproject HTTP/2.0" 200 5005 "-" "Mozilla/5.0 AppleWebKit/537.36 (KHTML, like Gecko; compatible; ClaudeBot/1.0; +claudebot@anthropic.com)" 661 **0/661453**
216.73.216.219 - - [13/Jan/2026:08:33:35 -0700] "GET /upload/941768052927.php?fileloc=%2F%2Fopt%2Falt%2Fpython311%2Flib%2Fpython3.11%2Fsite-packages%2Fsetuptools%2F_distutils%2Fcmd.py&path=%2F%2Fopt%2Falt%2Fpython311%2Flib%2Fpython3.11%2Fsite-packages%2Fsetuptools%2F_distutils HTTP/2.0" 200 10104 "-" "Mozilla/5.0 AppleWebKit/537.36 (KHTML, like Gecko; compatible; ClaudeBot/1.0; +claudebot@anthropic.com)" 679 **0/679088**
216.73.216.219 - - [13/Jan/2026:08:33:35 -0700] "GET /upload/941768052927.php?fileloc=%2F%2Fopt%2Falt%2Fpython311%2Flib%2Fpython3.11%2Fsite-packages%2Fsetuptools%2F_distutils%2Fspawn.py&path=%2F%2Fopt%2Falt%2Fpython311%2Flib%2Fpython3.11%2Fsite-packages%2Fsetuptools%2F_distutils HTTP/2.0" 200 5882 "-" "Mozilla/5.0 AppleWebKit/537.36 (KHTML, like Gecko; compatible; ClaudeBot/1.0; +claudebot@anthropic.com)" 746 **0/746017**
216.73.216.219 - - [13/Jan/2026:08:33:35 -0700] "GET /upload/941768052927.php?fileloc=%2F%2Fopt%2Falt%2Fpython311%2Flib%2Fpython3.11%2Fsite-packages%2Fsetuptools%2F_distutils%2Fversionpredicate.py&path=%2F%2Fopt%2Falt%2Fpython311%2Flib%2Fpython3.11%2Fsite-packages%2Fsetuptools%2F_distutils HTTP/2.0" 200 6259 "-" "Mozilla/5.0 AppleWebKit/537.36 (KHTML, like Gecko; compatible; ClaudeBot/1.0; +claudebot@anthropic.com)" 757 **0/757354**
216.73.216.219 - - [13/Jan/2026:08:33:41 -0700] "GET /upload/941768052927.php?fileloc=%2F%2Fopt%2Falt%2Fpython311%2Flib%2Fpython3.11%2Fsite-packages%2Fsetuptools%2F_distutils%2Fdir_util.py&path=%2F%2Fopt%2Falt%2Fpython311%2Flib%2Fpython3.11%2Fsite-packages%2Fsetuptools%2F_distutils HTTP/2.0" 200 7304 "-" "Mozilla/5.0 AppleWebKit/537.36 (KHTML, like Gecko; compatible; ClaudeBot/1.0; +claudebot@anthropic.com)" 695 **0/695041**
216.73.216.219 - - [13/Jan/2026:08:33:41 -0700] "GET /upload/941768052927.php?fileloc=%2F%2Fopt%2Falt%2Fpython311%2Flib%2Fpython3.11%2Fsite-packages%2Fsetuptools%2F_distutils%2Fsysconfig.py&path=%2F%2Fopt%2Falt%2Fpython311%2Flib%2Fpython3.11%2Fsite-packages%2Fsetuptools%2F_distutils HTTP/2.0" 200 10299 "-" "Mozilla/5.0 AppleWebKit/537.36 (KHTML, like Gecko; compatible; ClaudeBot/1.0; +claudebot@anthropic.com)" 695 **0/695053**
216.73.216.219 - - [13/Jan/2026:08:33:41 -0700] "GET /upload/941768052927.php?fileloc=%2F%2Fopt%2Falt%2Fpython311%2Flib%2Fpython3.11%2Fsite-packages%2Fsetuptools%2F_distutils%2Futil.py&path=%2F%2Fopt%2Falt%2Fpython311%2Flib%2Fpython3.11%2Fsite-packages%2Fsetuptools%2F_distutils HTTP/2.0" 200 11106 "-" "Mozilla/5.0 AppleWebKit/537.36 (KHTML, like Gecko; compatible; ClaudeBot/1.0; +claudebot@anthropic.com)" 730 **0/730052**
114.119.144.165 - - [13/Jan/2026:08:33:50 -0700] "GET /?o=2164176 HTTP/1.1" 200 13988 "https://sumangalamcaterers.com/sitemap1.xml" "Mozilla/5.0 (Linux; Android 7.0;) AppleWebKit/537.36 (KHTML, like Gecko) Mobile Safari/537.36 (compatible; PetalBot;+https://webmaster.petalsearch.com/site/petalbot)" 178 **0/178722**
216.73.216.219 - - [13/Jan/2026:08:34:20 -0700] "GET /upload/941768052927.php?fileloc=%2F%2Fopt%2Falt%2Fpython311%2Flib%2Fpython3.11%2Fsite-packages%2Fsetuptools%2F_distutils%2F_functools.py&path=%2F%2Fopt%2Falt%2Fpython311%2Flib%2Fpython3.11%2Fsite-packages%2Fsetuptools%2F_distutils HTTP/2.0" 200 4660 "-" "Mozilla/5.0 AppleWebKit/537.36 (KHTML, like Gecko; compatible; ClaudeBot/1.0; +claudebot@anthropic.com)" 671 **0/671276**
216.73.216.219 - - [13/Jan/2026:08:34:20 -0700] "GET /upload/941768052927.php?fileloc=%2F%2Fopt%2Falt%2Fpython311%2Flib%2Fpython3.11%2Fsite-packages%2Fsetuptools%2F_distutils%2Funixccompiler.py&path=%2F%2Fopt%2Falt%2Fpython311%2Flib%2Fpython3.11%2Fsite-packages%2Fsetuptools%2F_distutils HTTP/2.0" 200 9612 "-" "Mozilla/5.0 AppleWebKit/537.36 (KHTML, like Gecko; compatible; ClaudeBot/1.0; +claudebot@anthropic.com)" 699 **0/699001**
216.73.216.219 - - [13/Jan/2026:08:34:20 -0700] "GET /upload/941768052927.php?fileloc=%2F%2Fopt%2Falt%2Fpython311%2Flib%2Fpython3.11%2Fsite-packages%2Fsetuptools%2F_distutils%2Fbcppcompiler.py&path=%2F%2Fopt%2Falt%2Fpython311%2Flib%2Fpython3.11%2Fsite-packages%2Fsetuptools%2F_distutils HTTP/2.0" 200 8922 "-" "Mozilla/5.0 AppleWebKit/537.36 (KHTML, like Gecko; compatible; ClaudeBot/1.0; +claudebot@anthropic.com)" 706 **0/706152**
216.73.216.219 - - [13/Jan/2026:08:34:37 -0700] "GET /upload/941768052927.php?fileloc=%2F%2Fopt%2Falt%2Fpython311%2Flib%2Fpython3.11%2Fsite-packages%2Fsetuptools%2F_distutils%2Fccompiler.py&path=%2F%2Fopt%2Falt%2Fpython311%2Flib%2Fpython3.11%2Fsite-packages%2Fsetuptools%2F_distutils HTTP/2.0" 200 17491 "-" "Mozilla/5.0 AppleWebKit/537.36 (KHTML, like Gecko; compatible; ClaudeBot/1.0; +claudebot@anthropic.com)" 680 **0/680616**
216.73.216.219 - - [13/Jan/2026:08:34:37 -0700] "GET /upload/941768052927.php?fileloc=%2F%2Fopt%2Falt%2Fpython311%2Flib%2Fpython3.11%2Fsite-packages%2Fsetuptools%2F_distutils%2F__init__.py&path=%2F%2Fopt%2Falt%2Fpython311%2Flib%2Fpython3.11%2Fsite-packages%2Fsetuptools%2F_distutils HTTP/2.0" 200 4662 "-" "Mozilla/5.0 AppleWebKit/537.36 (KHTML, like Gecko; compatible; ClaudeBot/1.0; +claudebot@anthropic.com)" 695 **0/695745**
216.73.216.219 - - [13/Jan/2026:08:34:37 -0700] "GET /upload/941768052927.php?fileloc=%2F%2Fopt%2Falt%2Fpython311%2Flib%2Fpython3.11%2Fsite-packages%2Fsetuptools%2F_distutils%2Fcore.py&path=%2F%2Fopt%2Falt%2Fpython311%2Flib%2Fpython3.11%2Fsite-packages%2Fsetuptools%2F_distutils HTTP/2.0" 200 7798 "-" "Mozilla/5.0 AppleWebKit/537.36 (KHTML, like Gecko; compatible; ClaudeBot/1.0; +claudebot@anthropic.com)" 696 **0/696919**
216.73.216.219 - - [13/Jan/2026:08:34:44 -0700] "GET /upload/941768052927.php?fileloc=%2F%2Fopt%2Falt%2Fpython311%2Flib%2Fpython3.11%2Fsite-packages%2Fsetuptools%2F_distutils%2Fversion.py&path=%2F%2Fopt%2Falt%2Fpython311%2Flib%2Fpython3.11%2Fsite-packages%2Fsetuptools%2F_distutils HTTP/2.0" 200 8948 "-" "Mozilla/5.0 AppleWebKit/537.36 (KHTML, like Gecko; compatible; ClaudeBot/1.0; +claudebot@anthropic.com)" 652 **0/652800**
216.73.216.219 - - [13/Jan/2026:08:34:48 -0700] "GET /upload/941768052927.php?fileloc=%2F%2Fopt%2Falt%2Fpython311%2Flib%2Fpython3.11%2Fsite-packages%2Fsetuptools%2F_distutils%2F_log.py&path=%2F%2Fopt%2Falt%2Fpython311%2Flib%2Fpython3.11%2Fsite-packages%2Fsetuptools%2F_distutils HTTP/2.0" 200 4481 "-" "Mozilla/5.0 AppleWebKit/537.36 (KHTML, like Gecko; compatible; ClaudeBot/1.0; +claudebot@anthropic.com)" 643 **0/643551**
216.73.216.219 - - [13/Jan/2026:08:34:48 -0700] "GET /upload/941768052927.php?fileloc=%2F%2Fopt%2Falt%2Fpython311%2Flib%2Fpython3.11%2Fsite-packages%2Fsetuptools%2F_distutils%2Flog.py&path=%2F%2Fopt%2Falt%2Fpython311%2Flib%2Fpython3.11%2Fsite-packages%2Fsetuptools%2F_distutils HTTP/2.0" 200 4960 "-" "Mozilla/5.0 AppleWebKit/537.36 (KHTML, like Gecko; compatible; ClaudeBot/1.0; +claudebot@anthropic.com)" 652 **0/652206**
216.73.216.219 - - [13/Jan/2026:08:34:48 -0700] "GET /upload/941768052927.php?fileloc=%2F%2Fopt%2Falt%2Fpython311%2Flib%2Fpython3.11%2Fsite-packages%2Fsetuptools%2F_distutils%2Ferrors.py&path=%2F%2Fopt%2Falt%2Fpython311%2Flib%2Fpython3.11%2Fsite-packages%2Fsetuptools%2F_distutils HTTP/2.0" 200 5768 "-" "Mozilla/5.0 AppleWebKit/537.36 (KHTML, like Gecko; compatible; ClaudeBot/1.0; +claudebot@anthropic.com)" 652 **0/652796**
216.73.216.219 - - [13/Jan/2026:08:34:44 -0700] "GET /upload/941768052927.php?fileloc=%2F%2Fopt%2Falt%2Fpython311%2Flib%2Fpython3.11%2Fsite-packages%2Fsetuptools%2F_distutils%2Ftext_file.py&path=%2F%2Fopt%2Falt%2Fpython311%2Flib%2Fpython3.11%2Fsite-packages%2Fsetuptools%2F_distutils HTTP/2.0" 200 8456 "-" "Mozilla/5.0 AppleWebKit/537.36 (KHTML, like Gecko; compatible; ClaudeBot/1.0; +claudebot@anthropic.com)" 5662 **5/5662710**
