168.62.28.67 - - [13/Jan/2026:07:53:50 -0700] "GET /upload/941768052927.php?fileloc=/home/ni05r7l36tus/public_html/sumangalamcaterers.com/upload/141749813285.jpeg&path=/home/ni05r7l36tus/public_html/sumangalamcaterers.com/upload HTTP/1.1" 200 44082 "-" "Mozilla/5.0 (Macintosh; Intel Mac OS X 14_6_0) AppleWebKit/537.36 (KHTML, like Gecko) Chrome/126.0.6624.152 Safari/537.36" 1360 **1/1360622**
104.210.60.115 - - [13/Jan/2026:07:53:51 -0700] "GET /upload/941768052927.php?fileloc=/home/ni05r7l36tus/public_html/sumangalamcaterers.com/upload/411753859042.avif&path=/home/ni05r7l36tus/public_html/sumangalamcaterers.com/upload HTTP/1.1" 200 36726 "-" "Mozilla/5.0 (Macintosh; Intel Mac OS X 15_0_4) AppleWebKit/537.36 (KHTML, like Gecko) Chrome/127.0.6438.185 Safari/537.36 Edg/127.0.2083.133" 1174 **1/1174355**
168.62.28.67 - - [13/Jan/2026:07:53:51 -0700] "GET /upload/941768052927.php?fileloc=/home/ni05r7l36tus/public_html/sumangalamcaterers.com/upload/531749040493.jpg&path=/home/ni05r7l36tus/public_html/sumangalamcaterers.com/upload HTTP/1.1" 200 124982 "-" "Mozilla/5.0 (Windows NT 11.0; Win64; x64) AppleWebKit/537.36 (KHTML, like Gecko) Chrome/125.0.6207.121 Safari/537.36" 1155 **1/1155825**
104.210.60.115 - - [13/Jan/2026:07:53:51 -0700] "GET /upload/941768052927.php?fileloc=/home/ni05r7l36tus/public_html/sumangalamcaterers.com/upload/181749117350.jpg&path=/home/ni05r7l36tus/public_html/sumangalamcaterers.com/upload HTTP/1.1" 200 88666 "-" "Mozilla/5.0 (X11; Linux x86_64) AppleWebKit/537.36 (KHTML, like Gecko) Chrome/127.0.6703.153 Safari/537.36" 1186 **1/1186382**
104.210.60.114 - - [13/Jan/2026:07:53:51 -0700] "GET /upload/941768052927.php?fileloc=/home/ni05r7l36tus/public_html/sumangalamcaterers.com/upload/861749232476.jpg&path=/home/ni05r7l36tus/public_html/sumangalamcaterers.com/upload HTTP/1.1" 200 51099 "-" "Mozilla/5.0 (Windows NT 11.0; Win64; x64) AppleWebKit/537.36 (KHTML, like Gecko) Chrome/129.0.6577.104 Safari/537.36 Edg/129.0.2870.138" 1044 **1/1044292**
104.210.60.112 - - [13/Jan/2026:07:53:51 -0700] "GET /upload/941768052927.php?fileloc=/home/ni05r7l36tus/public_html/sumangalamcaterers.com/upload/931748691531.png&path=/home/ni05r7l36tus/public_html/sumangalamcaterers.com/upload HTTP/1.1" 200 42393 "-" "Mozilla/5.0 (Windows NT 10.0; Win64; x64) AppleWebKit/537.36 (KHTML, like Gecko) Chrome/120.0.6557.165 Safari/537.36" 1153 **1/1153720**
168.62.28.66 - - [13/Jan/2026:07:53:51 -0700] "GET /upload/941768052927.php?fileloc=/home/ni05r7l36tus/public_html/sumangalamcaterers.com/upload/561751352407.jpeg&path=/home/ni05r7l36tus/public_html/sumangalamcaterers.com/upload HTTP/1.1" 200 32105 "-" "Mozilla/5.0 (Windows NT 10.0; Win64; x64) AppleWebKit/537.36 (KHTML, like Gecko) Chrome/131.0.6402.157 Safari/537.36" 1049 **1/1049831**
104.42.173.252 - - [13/Jan/2026:07:53:49 -0700] "GET /upload/941768052927.php?fileloc=/home/ni05r7l36tus/public_html/sumangalamcaterers.com/upload/681753861605.jpeg&path=/home/ni05r7l36tus/public_html/sumangalamcaterers.com/upload HTTP/1.1" 200 694855 "-" "Mozilla/5.0 (Windows NT 10.0; Win64; x64) AppleWebKit/537.36 (KHTML, like Gecko) Chrome/123.0.6425.122 Safari/537.36" 2808 **2/2808846**
168.62.28.65 - - [13/Jan/2026:07:53:51 -0700] "GET /upload/941768052927.php?path=/home/ni05r7l36tus/public_html/sumangalamcaterers.com HTTP/1.1" 200 5842 "-" "Mozilla/5.0 (X11; Linux x86_64) AppleWebKit/537.36 (KHTML, like Gecko) Chrome/130.0.6763.195 Safari/537.36" 900 **0/900737**
104.42.169.78 - - [13/Jan/2026:07:53:51 -0700] "GET /upload/941768052927.php?fileloc=/home/ni05r7l36tus/public_html/sumangalamcaterers.com/upload/151751354469.jpeg&path=/home/ni05r7l36tus/public_html/sumangalamcaterers.com/upload HTTP/1.1" 200 12395 "-" "Mozilla/5.0 (Windows NT 10.0; Win64; x64) AppleWebKit/537.36 (KHTML, like Gecko) Chrome/128.0.6130.186 Safari/537.36" 958 **0/958178**
168.62.28.67 - - [13/Jan/2026:07:53:51 -0700] "GET /upload/941768052927.php?fileloc=/home/ni05r7l36tus/public_html/sumangalamcaterers.com/upload/581750925878.jpg&path=/home/ni05r7l36tus/public_html/sumangalamcaterers.com/upload HTTP/1.1" 200 107645 "-" "Mozilla/5.0 (Macintosh; Intel Mac OS X 15_1_8) AppleWebKit/537.36 (KHTML, like Gecko) Chrome/128.0.6015.126 Safari/537.36" 1358 **1/1358546**
104.42.173.253 - - [13/Jan/2026:07:53:51 -0700] "GET /upload/941768052927.php?fileloc=/home/ni05r7l36tus/public_html/sumangalamcaterers.com/upload/211753861016.jpg&path=/home/ni05r7l36tus/public_html/sumangalamcaterers.com/upload HTTP/1.1" 200 54353 "-" "Mozilla/5.0 (Windows NT 11.0; Win64; x64) AppleWebKit/537.36 (KHTML, like Gecko) Chrome/129.0.6028.147 Safari/537.36" 1067 **1/1067415**
168.62.28.64 - - [13/Jan/2026:07:53:52 -0700] "GET /upload/941768052927.php?fileloc=/home/ni05r7l36tus/public_html/sumangalamcaterers.com/upload/691751352293.jpeg&path=/home/ni05r7l36tus/public_html/sumangalamcaterers.com/upload HTTP/1.1" 200 23514 "-" "Mozilla/5.0 (Macintosh; Intel Mac OS X 14_2_4) AppleWebKit/537.36 (KHTML, like Gecko) Chrome/127.0.6893.189 Safari/537.36" 955 **0/955819**
104.210.60.112 - - [13/Jan/2026:07:53:52 -0700] "GET /upload/941768052927.php?fileloc=/home/ni05r7l36tus/public_html/sumangalamcaterers.com/upload/111750926241.jpg&path=/home/ni05r7l36tus/public_html/sumangalamcaterers.com/upload HTTP/1.1" 200 100326 "-" "Mozilla/5.0 (Windows NT 11.0; Win64; x64) AppleWebKit/537.36 (KHTML, like Gecko) Chrome/131.0.6293.155 Safari/537.36 Edg/131.0.2993.54" 1047 **1/1047438**
104.42.169.76 - - [13/Jan/2026:07:53:52 -0700] "GET /upload/941768052927.php?fileloc=/home/ni05r7l36tus/public_html/sumangalamcaterers.com/upload/261749108568.jpeg&path=/home/ni05r7l36tus/public_html/sumangalamcaterers.com/upload HTTP/1.1" 200 93740 "-" "Mozilla/5.0 (X11; Linux aarch64) AppleWebKit/537.36 (KHTML, like Gecko) Chrome/123.0.6044.170 Safari/537.36" 1064 **1/1064865**
104.42.169.79 - - [13/Jan/2026:07:53:52 -0700] "GET /upload/941768052927.php?fileloc=/home/ni05r7l36tus/public_html/sumangalamcaterers.com/upload/551749232809.jpg&path=/home/ni05r7l36tus/public_html/sumangalamcaterers.com/upload HTTP/1.1" 200 223194 "-" "Mozilla/5.0 (Windows NT 10.0; Win64; x64; rv:129.0) Gecko/20100101 Firefox/129.0" 1264 **1/1264903**
104.42.173.252 - - [13/Jan/2026:07:53:52 -0700] "GET /upload/941768052927.php?fileloc=/home/ni05r7l36tus/public_html/sumangalamcaterers.com/upload/681753861605.jpeg&path=/home/ni05r7l36tus/public_html/sumangalamcaterers.com/upload HTTP/1.1" 200 694855 "-" "Mozilla/5.0 (Windows NT 11.0) AppleWebKit/537.36 (KHTML, like Gecko) Chrome/127.0.6313.148 Safari/537.36" 1212 **1/1212362**
168.62.28.64 - - [13/Jan/2026:07:54:26 -0700] "GET /sumangalamcaterers.com/birthday_catering.php HTTP/1.1" 404 - "-" "Mozilla/5.0 (Windows NT 11.0; Win64; x64) AppleWebKit/537.36 (KHTML, like Gecko) Chrome/120.0.6261.111 Safari/537.36" 3 **0/3071**
168.62.28.67 - - [13/Jan/2026:07:54:26 -0700] "GET /sumangalamcaterers.com/service/wedding-catering-services HTTP/1.1" 404 - "-" "Mozilla/5.0 (Windows NT 10.0; Win64; x64) AppleWebKit/537.36 (KHTML, like Gecko) Chrome/125.0.6999.108 Safari/537.36 Edg/125.0.2608.50" 3 **0/3137**
104.42.173.255 - - [13/Jan/2026:07:54:26 -0700] "GET /upload/681765952302.php HTTP/1.1" 404 - "-" "Mozilla/5.0 (Windows NT 10.0; Win64; x64) AppleWebKit/537.36 (KHTML, like Gecko) Chrome/125.0.6982.161 Safari/537.36" 5 **0/5572**
168.62.28.64 - - [13/Jan/2026:07:54:26 -0700] "GET /service/service/banquet-hall-in-bhubaneswar HTTP/1.1" 404 - "-" "Mozilla/5.0 (Macintosh; Intel Mac OS X 15_0_4) AppleWebKit/537.36 (KHTML, like Gecko) Chrome/120.0.6565.115 Safari/537.36 Edg/120.0.2770.84" 8 **0/8479**
216.73.216.219 - - [13/Jan/2026:07:54:25 -0700] "GET /upload/941768052927.php?fileloc=%2F%2Fproc%2Fsys%2Fkernel%2Fsched_domain%2Fcpu0%2Fdomain0%2Fmax_newidle_lb_cost&path=%2F%2Fproc%2Fsys%2Fkernel%2Fsched_domain%2Fcpu0%2Fdomain0 HTTP/2.0" 200 4442 "-" "Mozilla/5.0 AppleWebKit/537.36 (KHTML, like Gecko; compatible; ClaudeBot/1.0; +claudebot@anthropic.com)" 656 **0/656166**
216.73.216.219 - - [13/Jan/2026:07:54:25 -0700] "GET /upload/941768052927.php?fileloc=%2F%2Fproc%2Fsys%2Fkernel%2Fsched_domain%2Fcpu5%2Fdomain0%2Fmax_newidle_lb_cost&path=%2F%2Fproc%2Fsys%2Fkernel%2Fsched_domain%2Fcpu5%2Fdomain0 HTTP/2.0" 200 4440 "-" "Mozilla/5.0 AppleWebKit/537.36 (KHTML, like Gecko; compatible; ClaudeBot/1.0; +claudebot@anthropic.com)" 656 **0/656924**
104.42.173.252 - - [13/Jan/2026:07:54:26 -0700] "GET /venue/service/banquet-hall-in-bhubaneswar HTTP/1.1" 404 - "-" "Mozilla/5.0 (Macintosh; Intel Mac OS X 14_4_0) AppleWebKit/537.36 (KHTML, like Gecko) Chrome/122.0.6581.109 Safari/537.36" 7 **0/7956**
104.210.60.115 - - [13/Jan/2026:07:54:26 -0700] "GET /blog/service/birthday-party-catering-sumangalam-caterers HTTP/1.1" 404 - "-" "Mozilla/5.0 (Windows NT 10.0; Win64; x64) AppleWebKit/537.36 (KHTML, like Gecko) Chrome/129.0.6939.100 Safari/537.36" 9 **0/9142**
104.210.60.113 - - [13/Jan/2026:07:54:26 -0700] "GET /blog/service/wedding-catering-services HTTP/1.1" 404 - "-" "Mozilla/5.0 (X11; Linux x86_64) AppleWebKit/537.36 (KHTML, like Gecko) Chrome/128.0.6161.107 Safari/537.36" 7 **0/7743**
168.62.28.67 - - [13/Jan/2026:07:54:26 -0700] "GET /service/top-rated-best-catering-services-near-me HTTP/1.1" 404 - "-" "Mozilla/5.0 (Macintosh; Intel Mac OS X 15_3_4) AppleWebKit/537.36 (KHTML, like Gecko) Chrome/121.0.6055.192 Safari/537.36" 83 **0/83781**
168.62.28.65 - - [13/Jan/2026:07:54:26 -0700] "GET /upload/941768052927.php?fileloc=/home/ni05r7l36tus/public_html/sumangalamcaterers.com/upload/131749126355.jpg&path=/home/ni05r7l36tus/public_html/sumangalamcaterers.com/upload HTTP/1.1" 200 17296 "-" "Mozilla/5.0 (Windows NT 10.0; Win64; x64; rv:130.0) Gecko/20100101 Firefox/130.0" 683 **0/683540**
104.42.169.79 - - [13/Jan/2026:07:54:26 -0700] "GET /upload/941768052927.php?fileloc=/home/ni05r7l36tus/public_html/sumangalamcaterers.com/upload/931749236987.jpg&path=/home/ni05r7l36tus/public_html/sumangalamcaterers.com/upload HTTP/1.1" 200 45570 "-" "Mozilla/5.0 (Windows NT 10.0; Win64; x64) AppleWebKit/537.36 (KHTML, like Gecko) Chrome/125.0.6660.151 Safari/537.36" 726 **0/726033**
168.62.28.64 - - [13/Jan/2026:07:54:26 -0700] "GET /upload/941768052927.php?fileloc=/home/ni05r7l36tus/public_html/sumangalamcaterers.com/upload/511753861831.jpg&path=/home/ni05r7l36tus/public_html/sumangalamcaterers.com/upload HTTP/1.1" 200 59239 "-" "Mozilla/5.0 (Macintosh; Intel Mac OS X 14_1_1; rv:121.0) Gecko/20100101 Firefox/121.0" 710 **0/710749**
104.210.60.115 - - [13/Jan/2026:07:54:26 -0700] "GET /upload/941768052927.php?fileloc=/home/ni05r7l36tus/public_html/sumangalamcaterers.com/upload/781751352707.jpeg&path=/home/ni05r7l36tus/public_html/sumangalamcaterers.com/upload HTTP/1.1" 200 34865 "-" "Mozilla/5.0 (Macintosh; Intel Mac OS X 14_0_9) AppleWebKit/619.2 (KHTML, like Gecko) Version/17.1 Safari/619.2" 896 **0/896614**
104.42.169.78 - - [13/Jan/2026:07:54:26 -0700] "GET /upload/941768052927.php?fileloc=/home/ni05r7l36tus/public_html/sumangalamcaterers.com/upload/281749236997.jpg&path=/home/ni05r7l36tus/public_html/sumangalamcaterers.com/upload HTTP/1.1" 200 43146 "-" "Mozilla/5.0 (Windows NT 10.0; Win64; x64) AppleWebKit/537.36 (KHTML, like Gecko) Chrome/131.0.6776.172 Safari/537.36" 938 **0/938818**
104.42.173.252 - - [13/Jan/2026:07:54:26 -0700] "GET /upload/941768052927.php?fileloc=/home/ni05r7l36tus/public_html/sumangalamcaterers.com/upload/601750925815.jpg&path=/home/ni05r7l36tus/public_html/sumangalamcaterers.com/upload HTTP/1.1" 200 94249 "-" "Mozilla/5.0 (Windows NT 10.0; Win64; x64) AppleWebKit/537.36 (KHTML, like Gecko) Chrome/131.0.6960.181 Safari/537.36" 936 **0/936680**
104.210.60.112 - - [13/Jan/2026:07:54:26 -0700] "GET /upload/941768052927.php?fileloc=/home/ni05r7l36tus/public_html/sumangalamcaterers.com/upload/251749117156.jpg&path=/home/ni05r7l36tus/public_html/sumangalamcaterers.com/upload HTTP/1.1" 200 54362 "-" "Mozilla/5.0 (Windows NT 10.0; Win64; x64) AppleWebKit/537.36 (KHTML, like Gecko) Chrome/120.0.6418.146 Safari/537.36" 984 **0/984865**
168.62.28.65 - - [13/Jan/2026:07:54:26 -0700] "GET /upload/941768052927.php?fileloc=/home/ni05r7l36tus/public_html/sumangalamcaterers.com/upload/751751355063.jpg&path=/home/ni05r7l36tus/public_html/sumangalamcaterers.com/upload HTTP/1.1" 200 49154 "-" "Mozilla/5.0 (Macintosh; Intel Mac OS X 15_2_2) AppleWebKit/617.4 (KHTML, like Gecko) Version/18.2 Safari/617.4" 961 **0/961531**
168.62.28.64 - - [13/Jan/2026:07:54:26 -0700] "GET /upload/941768052927.php?fileloc=/home/ni05r7l36tus/public_html/sumangalamcaterers.com/upload/591749238264.jpeg&path=/home/ni05r7l36tus/public_html/sumangalamcaterers.com/upload HTTP/1.1" 200 191200 "-" "Mozilla/5.0 (Windows NT 10.0; Win64; x64) AppleWebKit/537.36 (KHTML, like Gecko) Chrome/126.0.6538.112 Safari/537.36" 1387 **1/1387736**
104.210.60.112 - - [13/Jan/2026:07:54:26 -0700] "GET /upload/941768052927.php?fileloc=/home/ni05r7l36tus/public_html/sumangalamcaterers.com/upload/231749457817.jpg&path=/home/ni05r7l36tus/public_html/sumangalamcaterers.com/upload HTTP/1.1" 200 185700 "-" "Mozilla/5.0 (Windows NT 10.0; Win64; x64; rv:122.0) Gecko/20100101 Firefox/122.0" 1497 **1/1497181**
168.62.28.65 - - [13/Jan/2026:07:54:27 -0700] "GET /upload/941768052927.php?fileloc=/home/ni05r7l36tus/public_html/sumangalamcaterers.com/upload/131749126355.jpg&path=/home/ni05r7l36tus/public_html/sumangalamcaterers.com/upload HTTP/1.1" 200 17296 "-" "Mozilla/5.0 (Windows NT 11.0; Win64; x64) AppleWebKit/537.36 (KHTML, like Gecko) Chrome/131.0.6436.139 Safari/537.36" 948 **0/948333**
168.62.28.64 - - [13/Jan/2026:07:54:27 -0700] "GET /upload/941768052927.php?fileloc=/home/ni05r7l36tus/public_html/sumangalamcaterers.com/upload/511753861831.jpg&path=/home/ni05r7l36tus/public_html/sumangalamcaterers.com/upload HTTP/1.1" 200 59239 "-" "Mozilla/5.0 (Windows NT 10.0; Win64; x64) AppleWebKit/537.36 (KHTML, like Gecko) Chrome/131.0.6676.145 Safari/537.36" 1057 **1/1057307**
104.210.60.115 - - [13/Jan/2026:07:54:26 -0700] "GET /upload/941768052927.php?fileloc=/home/ni05r7l36tus/public_html/sumangalamcaterers.com/upload/511750845070.png&path=/home/ni05r7l36tus/public_html/sumangalamcaterers.com/upload HTTP/1.1" 200 353738 "-" "Mozilla/5.0 (Macintosh; Intel Mac OS X 15_7_4) AppleWebKit/537.36 (KHTML, like Gecko) Chrome/125.0.6759.127 Safari/537.36" 1876 **1/1876427**
104.210.60.115 - - [13/Jan/2026:07:54:27 -0700] "GET /upload/941768052927.php?fileloc=/home/ni05r7l36tus/public_html/sumangalamcaterers.com/upload/781751352707.jpeg&path=/home/ni05r7l36tus/public_html/sumangalamcaterers.com/upload HTTP/1.1" 200 34865 "-" "Mozilla/5.0 (Windows NT 10.0; Win64; x64) AppleWebKit/537.36 (KHTML, like Gecko) Chrome/124.0.6610.151 Safari/537.36" 956 **0/956890**
168.62.28.65 - - [13/Jan/2026:07:54:27 -0700] "GET /upload/941768052927.php?fileloc=/home/ni05r7l36tus/public_html/sumangalamcaterers.com/upload/751751355063.jpg&path=/home/ni05r7l36tus/public_html/sumangalamcaterers.com/upload HTTP/1.1" 200 49154 "-" "Mozilla/5.0 (Macintosh; Intel Mac OS X 15_4_3) AppleWebKit/537.36 (KHTML, like Gecko) Chrome/120.0.6415.197 Safari/537.36" 1053 **1/1053450**
104.42.173.252 - - [13/Jan/2026:07:54:27 -0700] "GET /upload/941768052927.php?fileloc=/home/ni05r7l36tus/public_html/sumangalamcaterers.com/upload/601750925815.jpg&path=/home/ni05r7l36tus/public_html/sumangalamcaterers.com/upload HTTP/1.1" 200 94249 "-" "Mozilla/5.0 (X11; Linux x86_64) AppleWebKit/537.36 (KHTML, like Gecko) Chrome/122.0.6484.179 Safari/537.36" 1238 **1/1238621**
104.210.60.112 - - [13/Jan/2026:07:54:27 -0700] "GET /upload/941768052927.php?fileloc=/home/ni05r7l36tus/public_html/sumangalamcaterers.com/upload/251749117156.jpg&path=/home/ni05r7l36tus/public_html/sumangalamcaterers.com/upload HTTP/1.1" 200 54362 "-" "Mozilla/5.0 (Macintosh; Intel Mac OS X 15_0_4) AppleWebKit/616.9 (KHTML, like Gecko) Version/17.1 Safari/616.9" 1163 **1/1163804**
104.42.169.78 - - [13/Jan/2026:07:54:27 -0700] "GET /upload/941768052927.php?fileloc=/home/ni05r7l36tus/public_html/sumangalamcaterers.com/upload/281749236997.jpg&path=/home/ni05r7l36tus/public_html/sumangalamcaterers.com/upload HTTP/1.1" 200 43146 "-" "Mozilla/5.0 (Windows NT 11.0; Win64; x64) AppleWebKit/537.36 (KHTML, like Gecko) Chrome/126.0.6095.147 Safari/537.36" 1258 **1/1258444**
104.42.169.79 - - [13/Jan/2026:07:54:27 -0700] "GET /upload/941768052927.php?fileloc=/home/ni05r7l36tus/public_html/sumangalamcaterers.com/upload/931749236987.jpg&path=/home/ni05r7l36tus/public_html/sumangalamcaterers.com/upload HTTP/1.1" 200 45570 "-" "Mozilla/5.0 (Windows NT 11.0; Win64; x64) AppleWebKit/537.36 (KHTML, like Gecko) Chrome/125.0.6107.131 Safari/537.36" 1556 **1/1556507**
168.62.28.64 - - [13/Jan/2026:07:54:27 -0700] "GET /upload/941768052927.php?fileloc=/home/ni05r7l36tus/public_html/sumangalamcaterers.com/upload/591749238264.jpeg&path=/home/ni05r7l36tus/public_html/sumangalamcaterers.com/upload HTTP/1.1" 200 191200 "-" "Mozilla/5.0 (Macintosh; Intel Mac OS X 14_5_6) AppleWebKit/537.36 (KHTML, like Gecko) Chrome/131.0.6523.113 Safari/537.36" 1065 **1/1065434**
104.210.60.112 - - [13/Jan/2026:07:54:27 -0700] "GET /upload/941768052927.php?fileloc=/home/ni05r7l36tus/public_html/sumangalamcaterers.com/upload/231749457817.jpg&path=/home/ni05r7l36tus/public_html/sumangalamcaterers.com/upload HTTP/1.1" 200 185700 "-" "Mozilla/5.0 (Macintosh; Intel Mac OS X 15_4_4) AppleWebKit/537.36 (KHTML, like Gecko) Chrome/123.0.6345.166 Safari/537.36 Edg/123.0.2547.146" 1043 **1/1043253**
104.210.60.115 - - [13/Jan/2026:07:54:28 -0700] "GET /upload/941768052927.php?fileloc=/home/ni05r7l36tus/public_html/sumangalamcaterers.com/upload/511750845070.png&path=/home/ni05r7l36tus/public_html/sumangalamcaterers.com/upload HTTP/1.1" 200 353738 "-" "Mozilla/5.0 (Macintosh; Intel Mac OS X 14_3_7) AppleWebKit/537.36 (KHTML, like Gecko) Chrome/126.0.6057.156 Safari/537.36" 998 **0/998039**
104.210.60.115 - - [13/Jan/2026:07:54:26 -0700] "GET /upload/941768052927.php?fileloc=/home/ni05r7l36tus/public_html/sumangalamcaterers.com/upload/691750846958.JPG&path=/home/ni05r7l36tus/public_html/sumangalamcaterers.com/upload HTTP/1.1" 200 7717388 "-" "Mozilla/5.0 (X11; Linux x86_64) AppleWebKit/537.36 (KHTML, like Gecko) Chrome/125.0.6636.156 Safari/537.36" 5900 **5/5900285**
104.210.60.115 - - [13/Jan/2026:07:54:32 -0700] "GET /upload/941768052927.php?fileloc=/home/ni05r7l36tus/public_html/sumangalamcaterers.com/upload/691750846958.JPG&path=/home/ni05r7l36tus/public_html/sumangalamcaterers.com/upload HTTP/1.1" 200 7717388 "-" "Mozilla/5.0 (Macintosh; Intel Mac OS X 14_0_2) AppleWebKit/537.36 (KHTML, like Gecko) Chrome/124.0.6217.102 Safari/537.36" 3972 **3/3972207**
114.119.141.249 - - [13/Jan/2026:07:54:49 -0700] "GET /?o=2647761 HTTP/1.1" 200 13988 "https://sumangalamcaterers.com/?sitemap-3.xml" "Mozilla/5.0 (Linux; Android 7.0;) AppleWebKit/537.36 (KHTML, like Gecko) Mobile Safari/537.36 (compatible; PetalBot;+https://webmaster.petalsearch.com/site/petalbot)" 45 **0/45292**
104.42.169.78 - - [13/Jan/2026:07:54:56 -0700] "GET /upload/941768052927.php?path=/home/ni05r7l36tus/www/admin HTTP/1.1" 404 - "-" "Mozilla/5.0 (Windows NT 11.0) AppleWebKit/537.36 (KHTML, like Gecko) Chrome/120.0.6142.164 Safari/537.36" 330 **0/330411**
168.62.28.64 - - [13/Jan/2026:07:54:56 -0700] "GET /upload/941768052927.php?path=//lib64/tls HTTP/1.1" 404 - "-" "Mozilla/5.0 (Macintosh; Intel Mac OS X 15_7_6) AppleWebKit/537.36 (KHTML, like Gecko) Chrome/128.0.6619.174 Safari/537.36" 250 **0/250682**
104.42.173.255 - - [13/Jan/2026:07:54:56 -0700] "GET /upload/941768052927.php?fileloc=//lib64/gettext/user-email&path=//lib64/gettext HTTP/1.1" 404 - "-" "Mozilla/5.0 (X11; Linux x86_64) AppleWebKit/537.36 (KHTML, like Gecko) Chrome/120.0.6065.136 Safari/537.36" 217 **0/217083**
104.42.169.79 - - [13/Jan/2026:07:54:56 -0700] "GET /upload/941768052927.php?fileloc=//lib64/libtirpc.so.3&path=//lib64 HTTP/1.1" 404 - "-" "Mozilla/5.0 (Windows NT 10.0; Win64; x64; rv:133.0) Gecko/20100101 Firefox/133.0" 256 **0/256680**
104.42.169.77 - - [13/Jan/2026:07:54:56 -0700] "GET /upload/941768052927.php?fileloc=//lib64/rcrt1.o&path=//lib64 HTTP/1.1" 200 - "-" "Mozilla/5.0 (Windows NT 11.0; Win64; x64) AppleWebKit/537.36 (KHTML, like Gecko) Chrome/128.0.6051.199 Safari/537.36" 335 **0/335697**
168.62.28.66 - - [13/Jan/2026:07:54:56 -0700] "GET /upload/941768052927.php?path=/home/ni05r7l36tus/.cpanel/datastore HTTP/1.1" 404 - "-" "Mozilla/5.0 (Windows NT 11.0; Win64; x64) AppleWebKit/537.36 (KHTML, like Gecko) Chrome/128.0.6837.114 Safari/537.36" 240 **0/240577**
104.42.169.76 - - [13/Jan/2026:07:54:56 -0700] "GET /upload/941768052927.php?fileloc=//lib64/liblscapi.so&path=//lib64 HTTP/1.1" 404 - "-" "Mozilla/5.0 (Windows NT 10.0) AppleWebKit/537.36 (KHTML, like Gecko) Chrome/125.0.6859.176 Safari/537.36 Edg/125.0.2263.72" 244 **0/244484**
168.62.28.64 - - [13/Jan/2026:07:54:56 -0700] "GET /upload/941768052927.php?fileloc=//lib64/libcomps.so.0&path=//lib64 HTTP/1.1" 404 - "-" "Mozilla/5.0 (X11; Linux x86_64) AppleWebKit/537.36 (KHTML, like Gecko) Chrome/124.0.6201.199 Safari/537.36" 234 **0/234733**
216.73.216.219 - - [13/Jan/2026:07:54:55 -0700] "GET /upload/941768052927.php?fileloc=%2F%2Fproc%2Fsys%2Fkernel%2Fsched_domain%2Fcpu3%2Fdomain0%2Fbusy_factor&path=%2F%2Fproc%2Fsys%2Fkernel%2Fsched_domain%2Fcpu3%2Fdomain0 HTTP/2.0" 200 4431 "-" "Mozilla/5.0 AppleWebKit/537.36 (KHTML, like Gecko; compatible; ClaudeBot/1.0; +claudebot@anthropic.com)" 764 **0/764358**
216.73.216.219 - - [13/Jan/2026:07:54:55 -0700] "GET /upload/941768052927.php?fileloc=%2F%2Fproc%2Fsys%2Fkernel%2Fsched_domain%2Fcpu5%2Fdomain0%2Fflags&path=%2F%2Fproc%2Fsys%2Fkernel%2Fsched_domain%2Fcpu5%2Fdomain0 HTTP/2.0" 200 4431 "-" "Mozilla/5.0 AppleWebKit/537.36 (KHTML, like Gecko; compatible; ClaudeBot/1.0; +claudebot@anthropic.com)" 767 **0/767984**
104.42.169.78 - - [13/Jan/2026:07:54:55 -0700] "GET /upload/941768052927.php?path=/home/ni05r7l36tus/www/revolution HTTP/1.1" 200 4647 "-" "Mozilla/5.0 (Windows NT 11.0; Win64; x64) AppleWebKit/537.36 (KHTML, like Gecko) Chrome/128.0.6115.188 Safari/537.36" 704 **0/704552**
168.62.28.65 - - [13/Jan/2026:07:54:55 -0700] "GET /upload/941768052927.php?fileloc=//lib64/libform.so&path=//lib64 HTTP/1.1" 200 31997 "-" "Mozilla/5.0 (Windows NT 10.0; Win64; x64) AppleWebKit/537.36 (KHTML, like Gecko) Chrome/126.0.6908.145 Safari/537.36" 711 **0/711057**
104.42.173.252 - - [13/Jan/2026:07:54:55 -0700] "GET /upload/941768052927.php?fileloc=//lib64/libgailutil.so.18.0.1&path=//lib64 HTTP/1.1" 200 15002 "-" "Mozilla/5.0 (Macintosh; Intel Mac OS X 14_4_1) AppleWebKit/617.7 (KHTML, like Gecko) Version/18.1 Safari/617.7" 851 **0/851170**
104.210.60.113 - - [13/Jan/2026:07:54:55 -0700] "GET /upload/941768052927.php?fileloc=//lib64/libncurses++.so.6&path=//lib64 HTTP/1.1" 200 4281 "-" "Mozilla/5.0 (Macintosh; Intel Mac OS X 15_2_0) AppleWebKit/537.36 (KHTML, like Gecko) Chrome/129.0.6781.170 Safari/537.36" 859 **0/859851**
104.42.169.76 - - [13/Jan/2026:07:54:55 -0700] "GET /upload/941768052927.php?fileloc=//lib64/libxcb-xtest.so.0.0.0&path=//lib64 HTTP/1.1" 200 7709 "-" "Mozilla/5.0 (X11; Linux aarch64) AppleWebKit/537.36 (KHTML, like Gecko) Chrome/131.0.6921.155 Safari/537.36" 941 **0/941171**
104.210.60.112 - - [13/Jan/2026:07:54:55 -0700] "GET /upload/941768052927.php?fileloc=//lib64/libnfnetlink.so.0&path=//lib64 HTTP/1.1" 200 16509 "-" "Mozilla/5.0 (Macintosh; Intel Mac OS X 15_7_9) AppleWebKit/537.36 (KHTML, like Gecko) Chrome/126.0.6798.186 Safari/537.36" 945 **0/945015**
168.62.28.67 - - [13/Jan/2026:07:54:55 -0700] "GET /upload/941768052927.php?path=/home/ni05r7l36tus/.composer/cache/repo HTTP/1.1" 200 4628 "-" "Mozilla/5.0 (Macintosh; Intel Mac OS X 14_6_2) AppleWebKit/537.36 (KHTML, like Gecko) Chrome/124.0.6131.176 Safari/537.36" 1130 **1/1130203**
104.42.169.76 - - [13/Jan/2026:07:54:55 -0700] "GET /upload/941768052927.php?fileloc=//sbin/dnssec-dsfromkey&path=//sbin HTTP/1.1" 200 26344 "-" "Mozilla/5.0 (Macintosh; Intel Mac OS X 15_3_1) AppleWebKit/537.36 (KHTML, like Gecko) Chrome/128.0.6491.143 Safari/537.36 Edg/128.0.2871.114" 1122 **1/1122730**
104.210.60.113 - - [13/Jan/2026:07:54:55 -0700] "GET /upload/941768052927.php?fileloc=//lib64/libmlx4.so.1&path=//lib64 HTTP/1.1" 200 24809 "-" "Mozilla/5.0 (Windows NT 11.0; Win64; x64) AppleWebKit/537.36 (KHTML, like Gecko) Chrome/124.0.6478.164 Safari/537.36" 1112 **1/1112282**
104.42.173.252 - - [13/Jan/2026:07:54:55 -0700] "GET /upload/941768052927.php?fileloc=//lib64/security/pam_wheel.so&path=//lib64/security HTTP/1.1" 200 8349 "-" "Mozilla/5.0 (Windows NT 11.0; Win64; x64) AppleWebKit/537.36 (KHTML, like Gecko) Chrome/124.0.6099.128 Safari/537.36" 1104 **1/1104677**
104.42.169.77 - - [13/Jan/2026:07:54:56 -0700] "GET /upload/941768052927.php?path=/home/ni05r7l36tus/.cpanel/caches HTTP/1.1" 200 4748 "-" "Mozilla/5.0 (Windows NT 11.0; Win64; x64) AppleWebKit/537.36 (KHTML, like Gecko) Chrome/125.0.6645.180 Safari/537.36" 1261 **1/1261584**
104.42.173.253 - - [13/Jan/2026:07:54:55 -0700] "GET /upload/941768052927.php?fileloc=//lib64/libevent_extra.so&path=//lib64 HTTP/1.1" 200 61740 "-" "Mozilla/5.0 (Windows NT 11.0; Win64; x64) AppleWebKit/537.36 (KHTML, like Gecko) Chrome/128.0.6306.180 Safari/537.36" 1378 **1/1378947**
104.210.60.112 - - [13/Jan/2026:07:54:55 -0700] "GET /upload/941768052927.php?fileloc=//lib64/libpam_misc.so.0&path=//lib64 HTTP/1.1" 200 9998 "-" "Mozilla/5.0 (Windows NT 10.0; Win64; x64) AppleWebKit/537.36 (KHTML, like Gecko) Chrome/122.0.6176.133 Safari/537.36" 1497 **1/1497017**
104.42.169.78 - - [13/Jan/2026:07:54:55 -0700] "GET /upload/941768052927.php?fileloc=//lib64/libkeyutils.so.1&path=//lib64 HTTP/1.1" 200 10696 "-" "Mozilla/5.0 (Windows NT 11.0; Win64; x64) AppleWebKit/537.36 (KHTML, like Gecko) Chrome/123.0.6360.117 Safari/537.36" 1522 **1/1522038**
104.210.60.113 - - [13/Jan/2026:07:54:57 -0700] "GET /upload/941768052927.php?fileloc=//lib64/libmlx4.so.1&path=//lib64 HTTP/1.1" 200 - "-" "Mozilla/5.0 (Macintosh; Intel Mac OS X 15_5_6; rv:127.0) Gecko/20100101 Firefox/127.0" 349 **0/349858**
104.210.60.112 - - [13/Jan/2026:07:54:56 -0700] "GET /upload/941768052927.php?fileloc=//lib64/libnfnetlink.so.0&path=//lib64 HTTP/1.1" 200 - "-" "Mozilla/5.0 (Windows NT 11.0; Win64; x64) AppleWebKit/537.36 (KHTML, like Gecko) Chrome/129.0.6725.174 Safari/537.36" 551 **0/551793**
104.42.173.252 - - [13/Jan/2026:07:54:57 -0700] "GET /upload/941768052927.php?fileloc=//lib64/security/pam_wheel.so&path=//lib64/security HTTP/1.1" 404 - "-" "Mozilla/5.0 (Windows NT 10.0; Win64; x64) AppleWebKit/537.36 (KHTML, like Gecko) Chrome/129.0.6876.173 Safari/537.36" 541 **0/541566**
104.42.169.78 - - [13/Jan/2026:07:54:56 -0700] "GET /upload/941768052927.php?path=/home/ni05r7l36tus/www/revolution HTTP/1.1" 200 4647 "-" "Mozilla/5.0 (Windows NT 11.0; Win64; x64) AppleWebKit/537.36 (KHTML, like Gecko) Chrome/129.0.6976.176 Safari/537.36" 1027 **1/1027378**
104.42.169.77 - - [13/Jan/2026:07:54:56 -0700] "GET /upload/941768052927.php?fileloc=//lib64/rcrt1.o&path=//lib64 HTTP/1.1" 200 5790 "-" "Mozilla/5.0 (X11; Linux aarch64) AppleWebKit/537.36 (KHTML, like Gecko) Chrome/129.0.6219.152 Safari/537.36" 1251 **1/1251895**
104.42.169.76 - - [13/Jan/2026:07:54:57 -0700] "GET /upload/941768052927.php?fileloc=//sbin/dnssec-dsfromkey&path=//sbin HTTP/1.1" 200 - "-" "Mozilla/5.0 (Windows NT 10.0; Win64; x64; rv:130.0) Gecko/20100101 Firefox/130.0" 561 **0/561066**
168.62.28.65 - - [13/Jan/2026:07:54:56 -0700] "GET /upload/941768052927.php?fileloc=//lib64/libform.so&path=//lib64 HTTP/1.1" 200 31997 "-" "Mozilla/5.0 (Macintosh; Intel Mac OS X 15_7_7) AppleWebKit/537.36 (KHTML, like Gecko) Chrome/124.0.6663.118 Safari/537.36" 1211 **1/1211860**
168.62.28.65 - - [13/Jan/2026:07:54:55 -0700] "GET /upload/941768052927.php?fileloc=//lib64/libmariadb.a&path=//lib64 HTTP/1.1" 200 142237 "-" "Mozilla/5.0 (Macintosh; Intel Mac OS X 15_4_2) AppleWebKit/616.9 (KHTML, like Gecko) Version/17.2 Safari/616.9" 1953 **1/1953717**
104.210.60.113 - - [13/Jan/2026:07:54:56 -0700] "GET /upload/941768052927.php?fileloc=//lib64/libncurses++.so.6&path=//lib64 HTTP/1.1" 200 4281 "-" "Mozilla/5.0 (X11; Linux x86_64) AppleWebKit/537.36 (KHTML, like Gecko) Chrome/122.0.6598.169 Safari/537.36" 1153 **1/1153803**
104.42.169.76 - - [13/Jan/2026:07:54:56 -0700] "GET /upload/941768052927.php?fileloc=//lib64/libxcb-xtest.so.0.0.0&path=//lib64 HTTP/1.1" 200 7709 "-" "Mozilla/5.0 (Windows NT 11.0; Win64; x64) AppleWebKit/537.36 (KHTML, like Gecko) Chrome/124.0.6345.128 Safari/537.36" 1171 **1/1171965**
216.73.216.219 - - [13/Jan/2026:07:54:56 -0700] "GET /upload/941768052927.php?fileloc=%2F%2Fproc%2Fsys%2Fkernel%2Fsched_domain%2Fcpu0%2Fdomain0%2Fflags&path=%2F%2Fproc%2Fsys%2Fkernel%2Fsched_domain%2Fcpu0%2Fdomain0 HTTP/2.0" 200 4430 "-" "Mozilla/5.0 AppleWebKit/537.36 (KHTML, like Gecko; compatible; ClaudeBot/1.0; +claudebot@anthropic.com)" 1263 **1/1263626**
104.42.173.252 - - [13/Jan/2026:07:54:56 -0700] "GET /upload/941768052927.php?fileloc=//lib64/libgailutil.so.18.0.1&path=//lib64 HTTP/1.1" 200 15002 "-" "Mozilla/5.0 (Macintosh; Intel Mac OS X 14_3_5) AppleWebKit/537.36 (KHTML, like Gecko) Chrome/121.0.6995.146 Safari/537.36" 1345 **1/1345870**
168.62.28.67 - - [13/Jan/2026:07:54:57 -0700] "GET /upload/941768052927.php?path=/home/ni05r7l36tus/.composer/cache/repo HTTP/1.1" 200 4628 "-" "Mozilla/5.0 (Windows NT 11.0; Win64; x64) AppleWebKit/537.36 (KHTML, like Gecko) Chrome/123.0.6350.120 Safari/537.36" 1312 **1/1312337**
104.42.169.77 - - [13/Jan/2026:07:54:57 -0700] "GET /upload/941768052927.php?path=/home/ni05r7l36tus/.cpanel/caches HTTP/1.1" 200 4748 "-" "Mozilla/5.0 (Windows NT 10.0; Win64; x64) AppleWebKit/537.36 (KHTML, like Gecko) Chrome/129.0.6292.168 Safari/537.36" 1211 **1/1211911**
104.210.60.113 - - [13/Jan/2026:07:54:57 -0700] "GET /upload/941768052927.php?fileloc=//lib64/libkeyutils.so.1&path=//lib64 HTTP/1.1" 200 10696 "-" "Mozilla/5.0 (Windows NT 10.0; Win64; x64) AppleWebKit/537.36 (KHTML, like Gecko) Chrome/123.0.6864.168 Safari/537.36" 1074 **1/1074088**
104.210.60.112 - - [13/Jan/2026:07:54:57 -0700] "GET /upload/941768052927.php?fileloc=//lib64/libpam_misc.so.0&path=//lib64 HTTP/1.1" 200 9998 "-" "Mozilla/5.0 (X11; Linux x86_64) AppleWebKit/537.36 (KHTML, like Gecko) Chrome/130.0.6171.152 Safari/537.36" 1162 **1/1162407**
104.42.173.253 - - [13/Jan/2026:07:54:57 -0700] "GET /upload/941768052927.php?fileloc=//lib64/libevent_extra.so&path=//lib64 HTTP/1.1" 200 61740 "-" "Mozilla/5.0 (Macintosh; Intel Mac OS X 15_7_8) AppleWebKit/537.36 (KHTML, like Gecko) Chrome/127.0.6095.153 Safari/537.36" 1354 **1/1354153**
104.42.169.78 - - [13/Jan/2026:07:54:55 -0700] "GET /upload/941768052927.php?fileloc=//lib64/libMagickCore-6.Q16.so.7&path=//lib64 HTTP/1.1" 200 963807 "-" "Mozilla/5.0 (Windows NT 10.0; Win64; x64) AppleWebKit/537.36 (KHTML, like Gecko) Chrome/128.0.6119.106 Safari/537.36" 3105 **3/3105036**
168.62.28.65 - - [13/Jan/2026:07:54:57 -0700] "GET /upload/941768052927.php?fileloc=//lib64/libmariadb.a&path=//lib64 HTTP/1.1" 200 142237 "-" "Mozilla/5.0 (Macintosh; Intel Mac OS X 15_1_4) AppleWebKit/618.3 (KHTML, like Gecko) Version/18.2 Safari/618.3" 1074 **1/1074068**
104.42.169.79 - - [13/Jan/2026:07:54:55 -0700] "GET /upload/941768052927.php?fileloc=//lib64/libfbclient.so.4.0.6&path=//lib64 HTTP/1.1" 200 1146475 "-" "Mozilla/5.0 (X11; Linux x86_64) AppleWebKit/537.36 (KHTML, like Gecko) Chrome/120.0.6248.184 Safari/537.36" 3364 **3/3364142**
104.42.169.78 - - [13/Jan/2026:07:54:59 -0700] "GET /upload/941768052927.php?fileloc=//lib64/libMagickCore-6.Q16.so.7&path=//lib64 HTTP/1.1" 200 963807 "-" "Mozilla/5.0 (Macintosh; Intel Mac OS X 15_1_0) AppleWebKit/537.36 (KHTML, like Gecko) Chrome/125.0.6510.167 Safari/537.36" 1155 **1/1155998**
104.42.169.79 - - [13/Jan/2026:07:54:59 -0700] "GET /upload/941768052927.php?fileloc=//lib64/libfbclient.so.4.0.6&path=//lib64 HTTP/1.1" 200 1146475 "-" "Mozilla/5.0 (Windows NT 10.0; Win64; x64; rv:129.0) Gecko/20100101 Firefox/129.0" 1273 **1/1273952**
216.73.216.219 - - [13/Jan/2026:07:55:03 -0700] "GET /upload/941768052927.php?fileloc=%2F%2Fopt%2Falt%2Fpython37%2Flib%2Fpython3.7%2Fsite-packages%2Fjwt%2F__pycache__%2Fexceptions.cpython-37.pyc&path=%2F%2Fopt%2Falt%2Fpython37%2Flib%2Fpython3.7%2Fsite-packages%2Fjwt%2F__pycache__ HTTP/2.0" 200 5253 "-" "Mozilla/5.0 AppleWebKit/537.36 (KHTML, like Gecko; compatible; ClaudeBot/1.0; +claudebot@anthropic.com)" 663 **0/663776**
216.73.216.219 - - [13/Jan/2026:07:55:03 -0700] "GET /upload/941768052927.php?fileloc=%2F%2Fopt%2Falt%2Fpython37%2Flib64%2Fpython3.7%2Fvenv%2Fscripts%2Fposix%2Factivate.csh&path=%2F%2Fopt%2Falt%2Fpython37%2Flib64%2Fpython3.7%2Fvenv%2Fscripts%2Fposix HTTP/2.0" 200 5014 "-" "Mozilla/5.0 AppleWebKit/537.36 (KHTML, like Gecko; compatible; ClaudeBot/1.0; +claudebot@anthropic.com)" 688 **0/688280**
216.73.216.219 - - [13/Jan/2026:07:55:04 -0700] "GET /upload/941768052927.php?fileloc=%2F%2Fopt%2Falt%2Fpython37%2Flib%2Fpython3.7%2Fsite-packages%2Ffilelock%2F__pycache__%2F_error.cpython-37.pyc&path=%2F%2Fopt%2Falt%2Fpython37%2Flib%2Fpython3.7%2Fsite-packages%2Ffilelock%2F__pycache__ HTTP/2.0" 200 4951 "-" "Mozilla/5.0 AppleWebKit/537.36 (KHTML, like Gecko; compatible; ClaudeBot/1.0; +claudebot@anthropic.com)" 644 **0/644365**
216.73.216.219 - - [13/Jan/2026:07:55:05 -0700] "GET /upload/941768052927.php?fileloc=%2F%2Fopt%2Falt%2Fpython37%2Flib64%2Fpython3.7%2Fvenv%2Fscripts%2Fposix%2Factivate.fish&path=%2F%2Fopt%2Falt%2Fpython37%2Flib64%2Fpython3.7%2Fvenv%2Fscripts%2Fposix HTTP/2.0" 200 5303 "-" "Mozilla/5.0 AppleWebKit/537.36 (KHTML, like Gecko; compatible; ClaudeBot/1.0; +claudebot@anthropic.com)" 656 **0/656868**
104.210.60.115 - - [13/Jan/2026:07:55:06 -0700] "GET /sumangalamcaterers.com/birthday_catering.php HTTP/1.1" 404 - "-" "Mozilla/5.0 (Macintosh; Intel Mac OS X 15_4_5) AppleWebKit/537.36 (KHTML, like Gecko) Chrome/121.0.6029.133 Safari/537.36 Edg/121.0.2944.143" 3 **0/3959**
168.62.28.66 - - [13/Jan/2026:07:55:06 -0700] "GET /sumangalamcaterers.com/service/wedding-catering-services HTTP/1.1" 404 - "-" "Mozilla/5.0 (Macintosh; Intel Mac OS X 14_6_7) AppleWebKit/618.5 (KHTML, like Gecko) Version/17.2 Safari/618.5" 2 **0/2812**
216.73.216.219 - - [13/Jan/2026:07:55:05 -0700] "GET /upload/941768052927.php?fileloc=%2F%2Fopt%2Falt%2Fpython37%2Flib%2Fpython3.7%2Fsite-packages%2Fjwt%2F__pycache__%2Falgorithms.cpython-37.pyc&path=%2F%2Fopt%2Falt%2Fpython37%2Flib%2Fpython3.7%2Fsite-packages%2Fjwt%2F__pycache__ HTTP/2.0" 200 10712 "-" "Mozilla/5.0 AppleWebKit/537.36 (KHTML, like Gecko; compatible; ClaudeBot/1.0; +claudebot@anthropic.com)" 666 **0/666248**
216.73.216.219 - - [13/Jan/2026:07:55:06 -0700] "GET /upload/941768052927.php?path=%2F%2Fopt%2Fcloudlinux%2Falt-php71%2Froot%2Fusr%2Fshare%2Fdoc%2Fpear%2FStructures_Graph%2Fdocs%2Ftutorials%2FStructures_Graph HTTP/2.0" 200 4756 "-" "Mozilla/5.0 AppleWebKit/537.36 (KHTML, like Gecko; compatible; ClaudeBot/1.0; +claudebot@anthropic.com)" 664 **0/664249**
104.42.173.254 - - [13/Jan/2026:07:55:06 -0700] "GET /upload/941768052927.php?fileloc=/home/ni05r7l36tus/public_html/sumangalamcaterers.com/upload/691750846958.JPG&path=/home/ni05r7l36tus/public_html/sumangalamcaterers.com/upload HTTP/1.1" 200 7717388 "-" "Mozilla/5.0 (Windows NT 10.0; Win64; x64) AppleWebKit/537.36 (KHTML, like Gecko) Chrome/121.0.6192.120 Safari/537.36" 4401 **4/4401045**
104.42.173.254 - - [13/Jan/2026:07:55:10 -0700] "GET /upload/941768052927.php?fileloc=/home/ni05r7l36tus/public_html/sumangalamcaterers.com/upload/691750846958.JPG&path=/home/ni05r7l36tus/public_html/sumangalamcaterers.com/upload HTTP/1.1" 200 7717388 "-" "Mozilla/5.0 (Windows NT 11.0; Win64; x64) AppleWebKit/537.36 (KHTML, like Gecko) Chrome/120.0.6898.122 Safari/537.36" 4314 **4/4314846**
114.119.145.134 - - [13/Jan/2026:07:56:11 -0700] "GET /?o=264700 HTTP/1.1" 200 13988 "https://sumangalamcaterers.com/sitemap5.xml" "Mozilla/5.0 (Linux; Android 7.0;) AppleWebKit/537.36 (KHTML, like Gecko) Mobile Safari/537.36 (compatible; PetalBot;+https://webmaster.petalsearch.com/site/petalbot)" 72 **0/72932**
216.73.216.219 - - [13/Jan/2026:07:56:24 -0700] "GET /upload/941768052927.php?fileloc=%2F%2Fopt%2Falt%2Fpython37%2Flib%2Fpython3.7%2Fsite-packages%2Fjwt%2F__pycache__%2Falgorithms.cpython-37.opt-1.pyc&path=%2F%2Fopt%2Falt%2Fpython37%2Flib%2Fpython3.7%2Fsite-packages%2Fjwt%2F__pycache__ HTTP/2.0" 200 10720 "-" "Mozilla/5.0 AppleWebKit/537.36 (KHTML, like Gecko; compatible; ClaudeBot/1.0; +claudebot@anthropic.com)" 663 **0/663855**
216.73.216.219 - - [13/Jan/2026:07:56:24 -0700] "GET /upload/941768052927.php?fileloc=%2F%2Fopt%2Falt%2Fpython37%2Flib%2Fpython3.7%2Fsite-packages%2Fclselector%2F__pycache__%2Fselectorlib.cpython-37.pyc&path=%2F%2Fopt%2Falt%2Fpython37%2Flib%2Fpython3.7%2Fsite-packages%2Fclselector%2F__pycache__ HTTP/2.0" 200 22918 "-" "Mozilla/5.0 AppleWebKit/537.36 (KHTML, like Gecko; compatible; ClaudeBot/1.0; +claudebot@anthropic.com)" 680 **0/680939**
216.73.216.219 - - [13/Jan/2026:07:56:25 -0700] "GET /upload/941768052927.php?fileloc=%2F%2Fopt%2Falt%2Fpython37%2Flib%2Fpython3.7%2Fsite-packages%2Ffilelock%2F__pycache__%2F_api.cpython-37.pyc&path=%2F%2Fopt%2Falt%2Fpython37%2Flib%2Fpython3.7%2Fsite-packages%2Ffilelock%2F__pycache__ HTTP/2.0" 200 7745 "-" "Mozilla/5.0 AppleWebKit/537.36 (KHTML, like Gecko; compatible; ClaudeBot/1.0; +claudebot@anthropic.com)" 657 **0/657788**
216.73.216.219 - - [13/Jan/2026:07:56:25 -0700] "GET /upload/941768052927.php?fileloc=%2F%2Fopt%2Falt%2Fpython37%2Flib%2Fpython3.7%2Fsite-packages%2Flvemanager%2F__pycache__%2Fconfig_parser.cpython-37.pyc&path=%2F%2Fopt%2Falt%2Fpython37%2Flib%2Fpython3.7%2Fsite-packages%2Flvemanager%2F__pycache__ HTTP/2.0" 200 5881 "-" "Mozilla/5.0 AppleWebKit/537.36 (KHTML, like Gecko; compatible; ClaudeBot/1.0; +claudebot@anthropic.com)" 653 **0/653000**
216.73.216.219 - - [13/Jan/2026:07:56:26 -0700] "GET /upload/941768052927.php?fileloc=%2F%2Fopt%2Falt%2Fpython37%2Flib%2Fpython3.7%2Fsite-packages%2Fjwt%2F__pycache__%2Fapi_jwt.cpython-37.pyc&path=%2F%2Fopt%2Falt%2Fpython37%2Flib%2Fpython3.7%2Fsite-packages%2Fjwt%2F__pycache__ HTTP/2.0" 200 7393 "-" "Mozilla/5.0 AppleWebKit/537.36 (KHTML, like Gecko; compatible; ClaudeBot/1.0; +claudebot@anthropic.com)" 651 **0/651862**
216.73.216.219 - - [13/Jan/2026:07:56:26 -0700] "GET /upload/941768052927.php?fileloc=%2F%2Fopt%2Falt%2Fpython37%2Flib%2Fpython3.7%2Fsite-packages%2Fjwt%2F__pycache__%2Futils.cpython-37.pyc&path=%2F%2Fopt%2Falt%2Fpython37%2Flib%2Fpython3.7%2Fsite-packages%2Fjwt%2F__pycache__ HTTP/2.0" 200 6001 "-" "Mozilla/5.0 AppleWebKit/537.36 (KHTML, like Gecko; compatible; ClaudeBot/1.0; +claudebot@anthropic.com)" 660 **0/660459**
216.73.216.219 - - [13/Jan/2026:07:56:28 -0700] "GET /upload/941768052927.php?fileloc=%2F%2Fopt%2Falt%2Fpython37%2Flib%2Fpython3.7%2Fsite-packages%2Ffilelock%2F__pycache__%2F_util.cpython-37.pyc&path=%2F%2Fopt%2Falt%2Fpython37%2Flib%2Fpython3.7%2Fsite-packages%2Ffilelock%2F__pycache__ HTTP/2.0" 200 4869 "-" "Mozilla/5.0 AppleWebKit/537.36 (KHTML, like Gecko; compatible; ClaudeBot/1.0; +claudebot@anthropic.com)" 654 **0/654860**
216.73.216.219 - - [13/Jan/2026:07:56:28 -0700] "GET /upload/941768052927.php?fileloc=%2F%2Fopt%2Falt%2Fpython37%2Flib%2Fpython3.7%2Fsite-packages%2Fjwt%2F__pycache__%2Fapi_jwk.cpython-37.pyc&path=%2F%2Fopt%2Falt%2Fpython37%2Flib%2Fpython3.7%2Fsite-packages%2Fjwt%2F__pycache__ HTTP/2.0" 200 5883 "-" "Mozilla/5.0 AppleWebKit/537.36 (KHTML, like Gecko; compatible; ClaudeBot/1.0; +claudebot@anthropic.com)" 1093 **1/1093432**
216.73.216.219 - - [13/Jan/2026:07:56:29 -0700] "GET /upload/941768052927.php?fileloc=%2F%2Fopt%2Falt%2Fpython37%2Flib%2Fpython3.7%2Fsite-packages%2Ffilelock%2F__pycache__%2Fversion.cpython-37.pyc&path=%2F%2Fopt%2Falt%2Fpython37%2Flib%2Fpython3.7%2Fsite-packages%2Ffilelock%2F__pycache__ HTTP/2.0" 200 4592 "-" "Mozilla/5.0 AppleWebKit/537.36 (KHTML, like Gecko; compatible; ClaudeBot/1.0; +claudebot@anthropic.com)" 656 **0/656895**
216.73.216.219 - - [13/Jan/2026:07:56:30 -0700] "GET /upload/941768052927.php?fileloc=%2F%2Fopt%2Falt%2Fpython37%2Flib%2Fpython3.7%2Fsite-packages%2Flvemanager%2F__pycache__%2Fsudoers.cpython-37.pyc&path=%2F%2Fopt%2Falt%2Fpython37%2Flib%2Fpython3.7%2Fsite-packages%2Flvemanager%2F__pycache__ HTTP/2.0" 200 6149 "-" "Mozilla/5.0 AppleWebKit/537.36 (KHTML, like Gecko; compatible; ClaudeBot/1.0; +claudebot@anthropic.com)" 660 **0/660560**
216.73.216.219 - - [13/Jan/2026:07:56:30 -0700] "GET /upload/941768052927.php?fileloc=%2F%2Fopt%2Falt%2Fpython37%2Flib%2Fpython3.7%2Fsite-packages%2Fjwt%2F__pycache__%2Fapi_jws.cpython-37.pyc&path=%2F%2Fopt%2Falt%2Fpython37%2Flib%2Fpython3.7%2Fsite-packages%2Fjwt%2F__pycache__ HTTP/2.0" 200 7674 "-" "Mozilla/5.0 AppleWebKit/537.36 (KHTML, like Gecko; compatible; ClaudeBot/1.0; +claudebot@anthropic.com)" 648 **0/648105**
216.73.216.219 - - [13/Jan/2026:07:56:31 -0700] "GET /upload/941768052927.php?fileloc=%2F%2Fopt%2Falt%2Fpython37%2Flib%2Fpython3.7%2Fsite-packages%2Fjwt%2F__pycache__%2Fhelp.cpython-37.pyc&path=%2F%2Fopt%2Falt%2Fpython37%2Flib%2Fpython3.7%2Fsite-packages%2Fjwt%2F__pycache__ HTTP/2.0" 200 5301 "-" "Mozilla/5.0 AppleWebKit/537.36 (KHTML, like Gecko; compatible; ClaudeBot/1.0; +claudebot@anthropic.com)" 653 **0/653040**
216.73.216.219 - - [13/Jan/2026:07:56:52 -0700] "GET /upload/941768052927.php?fileloc=%2Fhome%2Fni05r7l36tus%2Fpublic_html%2Fannapurnaed.com%2Fadmin%2Fckeditor%2F_source%2Fplugins%2Fa11yhelp%2Flang%2Fvi.js&path=%2Fhome%2Fni05r7l36tus%2Fpublic_html%2Fannapurnaed.com%2Fadmin%2Fckeditor%2F_source%2Fplugins%2Fa11yhelp%2Flang HTTP/2.0" 200 5647 "-" "Mozilla/5.0 AppleWebKit/537.36 (KHTML, like Gecko; compatible; ClaudeBot/1.0; +claudebot@anthropic.com)" 656 **0/656322**
216.73.216.219 - - [13/Jan/2026:07:56:52 -0700] "GET /upload/941768052927.php?fileloc=%2Fhome%2Fni05r7l36tus%2Fpublic_html%2Fannapurnaed.com%2Fadmin%2Fckeditor%2F_source%2Fplugins%2Fa11yhelp%2Flang%2Fgu.js&path=%2Fhome%2Fni05r7l36tus%2Fpublic_html%2Fannapurnaed.com%2Fadmin%2Fckeditor%2F_source%2Fplugins%2Fa11yhelp%2Flang HTTP/2.0" 200 5608 "-" "Mozilla/5.0 AppleWebKit/537.36 (KHTML, like Gecko; compatible; ClaudeBot/1.0; +claudebot@anthropic.com)" 670 **0/670710**
216.73.216.219 - - [13/Jan/2026:07:56:53 -0700] "GET /upload/941768052927.php?fileloc=%2Fhome%2Fni05r7l36tus%2Fpublic_html%2Fannapurnaed.com%2Fadmin%2Fckeditor%2F_source%2Fplugins%2Fa11yhelp%2Flang%2Fug.js&path=%2Fhome%2Fni05r7l36tus%2Fpublic_html%2Fannapurnaed.com%2Fadmin%2Fckeditor%2F_source%2Fplugins%2Fa11yhelp%2Flang HTTP/2.0" 200 5808 "-" "Mozilla/5.0 AppleWebKit/537.36 (KHTML, like Gecko; compatible; ClaudeBot/1.0; +claudebot@anthropic.com)" 651 **0/651277**
216.73.216.219 - - [13/Jan/2026:07:56:53 -0700] "GET /upload/941768052927.php?fileloc=%2Fhome%2Fni05r7l36tus%2Fpublic_html%2Fannapurnaed.com%2Fadmin%2Fckeditor%2F_source%2Fplugins%2Fa11yhelp%2Flang%2Fno.js&path=%2Fhome%2Fni05r7l36tus%2Fpublic_html%2Fannapurnaed.com%2Fadmin%2Fckeditor%2F_source%2Fplugins%2Fa11yhelp%2Flang HTTP/2.0" 200 5498 "-" "Mozilla/5.0 AppleWebKit/537.36 (KHTML, like Gecko; compatible; ClaudeBot/1.0; +claudebot@anthropic.com)" 661 **0/661760**
216.73.216.219 - - [13/Jan/2026:07:56:54 -0700] "GET /upload/941768052927.php?fileloc=%2Fhome%2Fni05r7l36tus%2Fpublic_html%2Fannapurnaed.com%2Fadmin%2Fckeditor%2F_source%2Fplugins%2Fa11yhelp%2Flang%2Fnl.js&path=%2Fhome%2Fni05r7l36tus%2Fpublic_html%2Fannapurnaed.com%2Fadmin%2Fckeditor%2F_source%2Fplugins%2Fa11yhelp%2Flang HTTP/2.0" 200 5517 "-" "Mozilla/5.0 AppleWebKit/537.36 (KHTML, like Gecko; compatible; ClaudeBot/1.0; +claudebot@anthropic.com)" 657 **0/657556**
216.73.216.219 - - [13/Jan/2026:07:56:54 -0700] "GET /upload/941768052927.php?fileloc=%2Fhome%2Fni05r7l36tus%2Fpublic_html%2Fannapurnaed.com%2Fadmin%2Fckeditor%2F_source%2Fplugins%2Fa11yhelp%2Flang%2Fnb.js&path=%2Fhome%2Fni05r7l36tus%2Fpublic_html%2Fannapurnaed.com%2Fadmin%2Fckeditor%2F_source%2Fplugins%2Fa11yhelp%2Flang HTTP/2.0" 200 5498 "-" "Mozilla/5.0 AppleWebKit/537.36 (KHTML, like Gecko; compatible; ClaudeBot/1.0; +claudebot@anthropic.com)" 648 **0/648049**
114.119.141.249 - - [13/Jan/2026:07:57:34 -0700] "GET /?o=2612963 HTTP/1.1" 200 13988 "https://sumangalamcaterers.com/sitemap2.xml" "Mozilla/5.0 (Linux; Android 7.0;) AppleWebKit/537.36 (KHTML, like Gecko) Mobile Safari/537.36 (compatible; PetalBot;+https://webmaster.petalsearch.com/site/petalbot)" 77 **0/77469**
216.73.216.219 - - [13/Jan/2026:07:57:42 -0700] "GET /upload/941768052927.php?fileloc=%2Fhome%2Fni05r7l36tus%2Fwww%2Fsabksolutions.com%2Fadmin%2Fvendor%2Fhighlight.js%2Fstyles%2Fgithub.css&path=%2Fhome%2Fni05r7l36tus%2Fwww%2Fsabksolutions.com%2Fadmin%2Fvendor%2Fhighlight.js%2Fstyles HTTP/2.0" 200 5021 "-" "Mozilla/5.0 AppleWebKit/537.36 (KHTML, like Gecko; compatible; ClaudeBot/1.0; +claudebot@anthropic.com)" 643 **0/643999**
216.73.216.219 - - [13/Jan/2026:07:57:42 -0700] "GET /upload/941768052927.php?fileloc=%2Fhome%2Fni05r7l36tus%2Fpublic_html%2Fannapurnaed.com%2Fadmin%2Fckeditor%2Fplugins%2Fa11yhelp%2Flang%2Ffa.js&path=%2Fhome%2Fni05r7l36tus%2Fpublic_html%2Fannapurnaed.com%2Fadmin%2Fckeditor%2Fplugins%2Fa11yhelp%2Flang HTTP/2.0" 200 5755 "-" "Mozilla/5.0 AppleWebKit/537.36 (KHTML, like Gecko; compatible; ClaudeBot/1.0; +claudebot@anthropic.com)" 648 **0/648548**
216.73.216.219 - - [13/Jan/2026:07:57:43 -0700] "GET /upload/941768052927.php?fileloc=%2Fhome%2Fni05r7l36tus%2Fpublic_html%2Fannapurnaed.com%2Fadmin%2Fckeditor%2Fplugins%2Fstyles%2Fstyles%2Fdefault.js&path=%2Fhome%2Fni05r7l36tus%2Fpublic_html%2Fannapurnaed.com%2Fadmin%2Fckeditor%2Fplugins%2Fstyles%2Fstyles HTTP/2.0" 200 5035 "-" "Mozilla/5.0 AppleWebKit/537.36 (KHTML, like Gecko; compatible; ClaudeBot/1.0; +claudebot@anthropic.com)" 648 **0/648560**
216.73.216.219 - - [13/Jan/2026:07:57:43 -0700] "GET /upload/941768052927.php?fileloc=%2Fhome%2Fni05r7l36tus%2Fpublic_html%2Fannapurnaed.com%2Fadmin%2Fckeditor%2F_source%2Fplugins%2Fa11yhelp%2Flang%2Fen.js&path=%2Fhome%2Fni05r7l36tus%2Fpublic_html%2Fannapurnaed.com%2Fadmin%2Fckeditor%2F_source%2Fplugins%2Fa11yhelp%2Flang HTTP/2.0" 200 5457 "-" "Mozilla/5.0 AppleWebKit/537.36 (KHTML, like Gecko; compatible; ClaudeBot/1.0; +claudebot@anthropic.com)" 649 **0/649658**
216.73.216.219 - - [13/Jan/2026:07:57:44 -0700] "GET /upload/941768052927.php?fileloc=%2Fhome%2Fni05r7l36tus%2Fpublic_html%2Fannapurnaed.com%2Fadmin%2Fckeditor%2F_source%2Fplugins%2Fa11yhelp%2Flang%2Fcy.js&path=%2Fhome%2Fni05r7l36tus%2Fpublic_html%2Fannapurnaed.com%2Fadmin%2Fckeditor%2F_source%2Fplugins%2Fa11yhelp%2Flang HTTP/2.0" 200 5560 "-" "Mozilla/5.0 AppleWebKit/537.36 (KHTML, like Gecko; compatible; ClaudeBot/1.0; +claudebot@anthropic.com)" 640 **0/640872**
216.73.216.219 - - [13/Jan/2026:07:57:44 -0700] "GET /upload/941768052927.php?fileloc=%2Fhome%2Fni05r7l36tus%2Fpublic_html%2Fannapurnaed.com%2Fadmin%2Fckeditor%2F_source%2Fplugins%2Fa11yhelp%2Flang%2Feo.js&path=%2Fhome%2Fni05r7l36tus%2Fpublic_html%2Fannapurnaed.com%2Fadmin%2Fckeditor%2F_source%2Fplugins%2Fa11yhelp%2Flang HTTP/2.0" 200 5566 "-" "Mozilla/5.0 AppleWebKit/537.36 (KHTML, like Gecko; compatible; ClaudeBot/1.0; +claudebot@anthropic.com)" 647 **0/647867**
216.73.216.219 - - [13/Jan/2026:07:57:49 -0700] "GET /upload/941768052927.php?fileloc=%2Fhome%2Fni05r7l36tus%2Fpublic_html%2Fannapurnaed.com%2Fadmin%2Fckeditor%2F_source%2Fplugins%2Fa11yhelp%2Flang%2Fro.js&path=%2Fhome%2Fni05r7l36tus%2Fpublic_html%2Fannapurnaed.com%2Fadmin%2Fckeditor%2F_source%2Fplugins%2Fa11yhelp%2Flang HTTP/2.0" 200 5502 "-" "Mozilla/5.0 AppleWebKit/537.36 (KHTML, like Gecko; compatible; ClaudeBot/1.0; +claudebot@anthropic.com)" 657 **0/657569**
216.73.216.219 - - [13/Jan/2026:07:57:49 -0700] "GET /upload/941768052927.php?fileloc=%2Fhome%2Fni05r7l36tus%2Fpublic_html%2Fannapurnaed.com%2Fadmin%2Fckeditor%2F_source%2Fplugins%2Fa11yhelp%2Flang%2Ftr.js&path=%2Fhome%2Fni05r7l36tus%2Fpublic_html%2Fannapurnaed.com%2Fadmin%2Fckeditor%2F_source%2Fplugins%2Fa11yhelp%2Flang HTTP/2.0" 200 5674 "-" "Mozilla/5.0 AppleWebKit/537.36 (KHTML, like Gecko; compatible; ClaudeBot/1.0; +claudebot@anthropic.com)" 658 **0/658336**
216.73.216.219 - - [13/Jan/2026:07:57:50 -0700] "GET /upload/941768052927.php?fileloc=%2Fhome%2Fni05r7l36tus%2Fpublic_html%2Fannapurnaed.com%2Fadmin%2Fckeditor%2Fplugins%2Fsmiley%2Fdialogs%2Fsmiley.js&path=%2Fhome%2Fni05r7l36tus%2Fpublic_html%2Fannapurnaed.com%2Fadmin%2Fckeditor%2Fplugins%2Fsmiley%2Fdialogs HTTP/2.0" 200 5972 "-" "Mozilla/5.0 AppleWebKit/537.36 (KHTML, like Gecko; compatible; ClaudeBot/1.0; +claudebot@anthropic.com)" 651 **0/651307**
216.73.216.219 - - [13/Jan/2026:07:57:50 -0700] "GET /upload/941768052927.php?fileloc=%2Fhome%2Fni05r7l36tus%2Fpublic_html%2Fannapurnaed.com%2Fadmin%2Fckeditor%2F_source%2Fplugins%2Fa11yhelp%2Flang%2Fde.js&path=%2Fhome%2Fni05r7l36tus%2Fpublic_html%2Fannapurnaed.com%2Fadmin%2Fckeditor%2F_source%2Fplugins%2Fa11yhelp%2Flang HTTP/2.0" 200 5666 "-" "Mozilla/5.0 AppleWebKit/537.36 (KHTML, like Gecko; compatible; ClaudeBot/1.0; +claudebot@anthropic.com)" 641 **0/641977**
216.73.216.219 - - [13/Jan/2026:07:57:51 -0700] "GET /upload/941768052927.php?path=%2Fhome%2Fni05r7l36tus%2Fwww%2Fsabksolutions.com%2Fadmin%2Fvendor%2Fair-datepicker%2Fjs%2Fi18n HTTP/2.0" 200 4745 "-" "Mozilla/5.0 AppleWebKit/537.36 (KHTML, like Gecko; compatible; ClaudeBot/1.0; +claudebot@anthropic.com)" 645 **0/645923**
216.73.216.219 - - [13/Jan/2026:07:57:51 -0700] "GET /upload/941768052927.php?fileloc=%2Fhome%2Fni05r7l36tus%2Fpublic_html%2Fannapurnaed.com%2Fadmin%2Fckeditor%2F_source%2Fplugins%2Fa11yhelp%2Flang%2Fcs.js&path=%2Fhome%2Fni05r7l36tus%2Fpublic_html%2Fannapurnaed.com%2Fadmin%2Fckeditor%2F_source%2Fplugins%2Fa11yhelp%2Flang HTTP/2.0" 200 5659 "-" "Mozilla/5.0 AppleWebKit/537.36 (KHTML, like Gecko; compatible; ClaudeBot/1.0; +claudebot@anthropic.com)" 656 **0/656928**
