104.42.169.77 - - [13/Jan/2026:09:37:17 -0700] "GET /upload/941768052927.php?fileloc=//lib64/libdrm_radeon.so.1&path=//lib64 HTTP/1.1" 200 24290 "-" "Mozilla/5.0 (X11; Linux x86_64) AppleWebKit/537.36 (KHTML, like Gecko) Chrome/130.0.6248.180 Safari/537.36 Edg/130.0.2332.56" 774 **0/774232**
104.42.173.252 - - [13/Jan/2026:09:37:17 -0700] "GET /upload/941768052927.php?fileloc=//lib64/libcap.so.2&path=//lib64 HTTP/1.1" 200 17787 "-" "Mozilla/5.0 (Macintosh; Intel Mac OS X 14_0_4) AppleWebKit/537.36 (KHTML, like Gecko) Chrome/122.0.6666.183 Safari/537.36" 873 **0/873041**
104.42.173.253 - - [13/Jan/2026:09:37:17 -0700] "GET /upload/941768052927.php?fileloc=//lib64/libquadmath.so.0&path=//lib64 HTTP/1.1" 200 129983 "-" "Mozilla/5.0 (Macintosh; Intel Mac OS X 14_2_4) AppleWebKit/537.36 (KHTML, like Gecko) Chrome/122.0.6931.122 Safari/537.36" 754 **0/754336**
216.73.216.219 - - [13/Jan/2026:09:37:24 -0700] "GET /upload/941768052927.php?fileloc=%2F%2Fopt%2Falt%2Fpython311%2Flib%2Fpython3.11%2Fsite-packages%2Fpip%2F_internal%2Futils%2Fegg_link.py&path=%2F%2Fopt%2Falt%2Fpython311%2Flib%2Fpython3.11%2Fsite-packages%2Fpip%2F_internal%2Futils HTTP/2.0" 200 5284 "-" "Mozilla/5.0 AppleWebKit/537.36 (KHTML, like Gecko; compatible; ClaudeBot/1.0; +claudebot@anthropic.com)" 650 **0/650902**
216.73.216.219 - - [13/Jan/2026:09:37:24 -0700] "GET /upload/941768052927.php?fileloc=%2F%2Fopt%2Falt%2Fpython311%2Flib%2Fpython3.11%2Fsite-packages%2Fpip%2F_internal%2Futils%2Fwheel.py&path=%2F%2Fopt%2Falt%2Fpython311%2Flib%2Fpython3.11%2Fsite-packages%2Fpip%2F_internal%2Futils HTTP/2.0" 200 6515 "-" "Mozilla/5.0 AppleWebKit/537.36 (KHTML, like Gecko; compatible; ClaudeBot/1.0; +claudebot@anthropic.com)" 656 **0/656249**
216.73.216.219 - - [13/Jan/2026:09:37:25 -0700] "GET /upload/941768052927.php?fileloc=%2F%2Fopt%2Falt%2Fpython311%2Flib%2Fpython3.11%2Fsite-packages%2Fpip%2F_internal%2Futils%2Fhashes.py&path=%2F%2Fopt%2Falt%2Fpython311%2Flib%2Fpython3.11%2Fsite-packages%2Fpip%2F_internal%2Futils HTTP/2.0" 200 6233 "-" "Mozilla/5.0 AppleWebKit/537.36 (KHTML, like Gecko; compatible; ClaudeBot/1.0; +claudebot@anthropic.com)" 650 **0/650005**
216.73.216.219 - - [13/Jan/2026:09:37:25 -0700] "GET /upload/941768052927.php?fileloc=%2F%2Fopt%2Falt%2Fpython311%2Flib%2Fpython3.11%2Fsite-packages%2Fpip%2F_internal%2Futils%2F_log.py&path=%2F%2Fopt%2Falt%2Fpython311%2Flib%2Fpython3.11%2Fsite-packages%2Fpip%2F_internal%2Futils HTTP/2.0" 200 4922 "-" "Mozilla/5.0 AppleWebKit/537.36 (KHTML, like Gecko; compatible; ClaudeBot/1.0; +claudebot@anthropic.com)" 666 **0/666508**
216.73.216.219 - - [13/Jan/2026:09:37:26 -0700] "GET /upload/941768052927.php?fileloc=%2F%2Fopt%2Falt%2Fpython311%2Flib%2Fpython3.11%2Fsite-packages%2Fpip%2F_internal%2Futils%2Fappdirs.py&path=%2F%2Fopt%2Falt%2Fpython311%2Flib%2Fpython3.11%2Fsite-packages%2Fpip%2F_internal%2Futils HTTP/2.0" 200 5111 "-" "Mozilla/5.0 AppleWebKit/537.36 (KHTML, like Gecko; compatible; ClaudeBot/1.0; +claudebot@anthropic.com)" 659 **0/659247**
216.73.216.219 - - [13/Jan/2026:09:37:35 -0700] "GET /upload/941768052927.php?fileloc=%2F%2Fopt%2Falt%2Fpython311%2Flib%2Fpython3.11%2Fsite-packages%2Fpip%2F_internal%2Futils%2Fdirect_url_helpers.py&path=%2F%2Fopt%2Falt%2Fpython311%2Flib%2Fpython3.11%2Fsite-packages%2Fpip%2F_internal%2Futils HTTP/2.0" 200 5479 "-" "Mozilla/5.0 AppleWebKit/537.36 (KHTML, like Gecko; compatible; ClaudeBot/1.0; +claudebot@anthropic.com)" 652 **0/652571**
216.73.216.219 - - [13/Jan/2026:09:37:35 -0700] "GET /upload/941768052927.php?fileloc=%2F%2Fopt%2Falt%2Fpython311%2Flib%2Fpython3.11%2Fsite-packages%2Fpip%2F_internal%2Futils%2Fdeprecation.py&path=%2F%2Fopt%2Falt%2Fpython311%2Flib%2Fpython3.11%2Fsite-packages%2Fpip%2F_internal%2Futils HTTP/2.0" 200 5823 "-" "Mozilla/5.0 AppleWebKit/537.36 (KHTML, like Gecko; compatible; ClaudeBot/1.0; +claudebot@anthropic.com)" 661 **0/661528**
216.73.216.219 - - [13/Jan/2026:09:37:36 -0700] "GET /upload/941768052927.php?fileloc=%2F%2Fopt%2Falt%2Fpython311%2Flib%2Fpython3.11%2Fsite-packages%2Fpip%2F_internal%2Futils%2Furls.py&path=%2F%2Fopt%2Falt%2Fpython311%2Flib%2Fpython3.11%2Fsite-packages%2Fpip%2F_internal%2Futils HTTP/2.0" 200 5296 "-" "Mozilla/5.0 AppleWebKit/537.36 (KHTML, like Gecko; compatible; ClaudeBot/1.0; +claudebot@anthropic.com)" 649 **0/649992**
216.73.216.219 - - [13/Jan/2026:09:37:36 -0700] "GET /upload/941768052927.php?fileloc=%2F%2Fopt%2Falt%2Fpython311%2Flib%2Fpython3.11%2Fsite-packages%2Fpip%2F_internal%2Futils%2Fglibc.py&path=%2F%2Fopt%2Falt%2Fpython311%2Flib%2Fpython3.11%2Fsite-packages%2Fpip%2F_internal%2Futils HTTP/2.0" 200 5786 "-" "Mozilla/5.0 AppleWebKit/537.36 (KHTML, like Gecko; compatible; ClaudeBot/1.0; +claudebot@anthropic.com)" 660 **0/660148**
216.73.216.219 - - [13/Jan/2026:09:37:37 -0700] "GET /upload/941768052927.php?fileloc=%2F%2Fopt%2Falt%2Fpython311%2Flib%2Fpython3.11%2Fsite-packages%2Fpip%2F_internal%2Futils%2Finject_securetransport.py&path=%2F%2Fopt%2Falt%2Fpython311%2Flib%2Fpython3.11%2Fsite-packages%2Fpip%2F_internal%2Futils HTTP/2.0" 200 4868 "-" "Mozilla/5.0 AppleWebKit/537.36 (KHTML, like Gecko; compatible; ClaudeBot/1.0; +claudebot@anthropic.com)" 634 **0/634097**
216.73.216.219 - - [13/Jan/2026:09:38:01 -0700] "GET /upload/941768052927.php?path=%2F%2Fopt%2Falt%2Fpython311%2Flib%2Fpython3.11%2Fsite-packages%2Fsetuptools%2F_vendor%2Fpyparsing%2Fdiagram HTTP/2.0" 200 4843 "-" "Mozilla/5.0 AppleWebKit/537.36 (KHTML, like Gecko; compatible; ClaudeBot/1.0; +claudebot@anthropic.com)" 665 **0/665906**
216.73.216.219 - - [13/Jan/2026:09:38:01 -0700] "GET /upload/941768052927.php?fileloc=%2F%2Fopt%2Falt%2Fpython311%2Flib%2Fpython3.11%2Fsite-packages%2Fpkg_resources%2F_vendor%2Fjaraco%2Fcontext.py&path=%2F%2Fopt%2Falt%2Fpython311%2Flib%2Fpython3.11%2Fsite-packages%2Fpkg_resources%2F_vendor%2Fjaraco HTTP/2.0" 200 6296 "-" "Mozilla/5.0 AppleWebKit/537.36 (KHTML, like Gecko; compatible; ClaudeBot/1.0; +claudebot@anthropic.com)" 705 **0/705634**
216.73.216.219 - - [13/Jan/2026:09:38:02 -0700] "GET /upload/941768052927.php?path=%2F%2Fopt%2Falt%2Fpython311%2Flib%2Fpython3.11%2Fsite-packages%2Fpkg_resources%2F_vendor%2Fpyparsing%2Fdiagram HTTP/2.0" 200 4845 "-" "Mozilla/5.0 AppleWebKit/537.36 (KHTML, like Gecko; compatible; ClaudeBot/1.0; +claudebot@anthropic.com)" 663 **0/663264**
216.73.216.219 - - [13/Jan/2026:09:38:02 -0700] "GET /upload/941768052927.php?fileloc=%2F%2Fopt%2Falt%2Fpython311%2Flib%2Fpython3.11%2Fsite-packages%2Fsetuptools%2F_vendor%2Ftomli%2F_parser.py&path=%2F%2Fopt%2Falt%2Fpython311%2Flib%2Fpython3.11%2Fsite-packages%2Fsetuptools%2F_vendor%2Ftomli HTTP/2.0" 200 10332 "-" "Mozilla/5.0 AppleWebKit/537.36 (KHTML, like Gecko; compatible; ClaudeBot/1.0; +claudebot@anthropic.com)" 662 **0/662093**
114.119.145.134 - - [13/Jan/2026:09:38:05 -0700] "GET /?o=3903624 HTTP/1.1" 200 13988 "https://sumangalamcaterers.com/?sitemap-4.xml" "Mozilla/5.0 (Linux; Android 7.0;) AppleWebKit/537.36 (KHTML, like Gecko) Mobile Safari/537.36 (compatible; PetalBot;+https://webmaster.petalsearch.com/site/petalbot)" 88 **0/88574**
216.73.216.219 - - [13/Jan/2026:09:38:10 -0700] "GET /upload/941768052927.php?fileloc=%2F%2Fopt%2Falt%2Fpython311%2Flib%2Fpython3.11%2Fsite-packages%2Fpip%2F_internal%2Fdistributions%2Finstalled.py&path=%2F%2Fopt%2Falt%2Fpython311%2Flib%2Fpython3.11%2Fsite-packages%2Fpip%2F_internal%2Fdistributions HTTP/2.0" 200 4787 "-" "Mozilla/5.0 AppleWebKit/537.36 (KHTML, like Gecko; compatible; ClaudeBot/1.0; +claudebot@anthropic.com)" 644 **0/644393**
216.73.216.219 - - [13/Jan/2026:09:38:10 -0700] "GET /upload/941768052927.php?fileloc=%2F%2Fopt%2Falt%2Fpython311%2Flib%2Fpython3.11%2Fsite-packages%2Fsetuptools%2F_vendor%2Ftomli%2F__init__.py&path=%2F%2Fopt%2Falt%2Fpython311%2Flib%2Fpython3.11%2Fsite-packages%2Fsetuptools%2F_vendor%2Ftomli HTTP/2.0" 200 4735 "-" "Mozilla/5.0 AppleWebKit/537.36 (KHTML, like Gecko; compatible; ClaudeBot/1.0; +claudebot@anthropic.com)" 654 **0/654915**
216.73.216.219 - - [13/Jan/2026:09:38:11 -0700] "GET /upload/941768052927.php?fileloc=%2F%2Fopt%2Falt%2Fpython311%2Flib%2Fpython3.11%2Fsite-packages%2Fpkg_resources%2F_vendor%2Fjaraco%2F__init__.py&path=%2F%2Fopt%2Falt%2Fpython311%2Flib%2Fpython3.11%2Fsite-packages%2Fpkg_resources%2F_vendor%2Fjaraco HTTP/2.0" 200 4470 "-" "Mozilla/5.0 AppleWebKit/537.36 (KHTML, like Gecko; compatible; ClaudeBot/1.0; +claudebot@anthropic.com)" 654 **0/654753**
216.73.216.219 - - [13/Jan/2026:09:38:12 -0700] "GET /upload/941768052927.php?fileloc=%2F%2Fopt%2Falt%2Fpython311%2Flib%2Fpython3.11%2Fsite-packages%2Fpkg_resources%2F_vendor%2Fjaraco%2Ffunctools.py&path=%2F%2Fopt%2Falt%2Fpython311%2Flib%2Fpython3.11%2Fsite-packages%2Fpkg_resources%2F_vendor%2Fjaraco HTTP/2.0" 200 8858 "-" "Mozilla/5.0 AppleWebKit/537.36 (KHTML, like Gecko; compatible; ClaudeBot/1.0; +claudebot@anthropic.com)" 652 **0/652825**
216.73.216.219 - - [13/Jan/2026:09:38:28 -0700] "GET /upload/941768052927.php?fileloc=%2F%2Fopt%2Falt%2Fpython311%2Flib%2Fpython3.11%2Fsite-packages%2Fpkg_resources%2F_vendor%2Fpyparsing%2Ftesting.py&path=%2F%2Fopt%2Falt%2Fpython311%2Flib%2Fpython3.11%2Fsite-packages%2Fpkg_resources%2F_vendor%2Fpyparsing HTTP/2.0" 200 7938 "-" "Mozilla/5.0 AppleWebKit/537.36 (KHTML, like Gecko; compatible; ClaudeBot/1.0; +claudebot@anthropic.com)" 695 **0/695109**
216.73.216.219 - - [13/Jan/2026:09:38:28 -0700] "GET /upload/941768052927.php?fileloc=%2F%2Fopt%2Falt%2Fpython311%2Flib%2Fpython3.11%2Fsite-packages%2Fpkg_resources%2F_vendor%2Fpyparsing%2Funicode.py&path=%2F%2Fopt%2Falt%2Fpython311%2Flib%2Fpython3.11%2Fsite-packages%2Fpkg_resources%2F_vendor%2Fpyparsing HTTP/2.0" 200 7155 "-" "Mozilla/5.0 AppleWebKit/537.36 (KHTML, like Gecko; compatible; ClaudeBot/1.0; +claudebot@anthropic.com)" 722 **0/722942**
216.73.216.219 - - [13/Jan/2026:09:38:29 -0700] "GET /upload/941768052927.php?fileloc=%2F%2Fopt%2Falt%2Fpython311%2Flib%2Fpython3.11%2Fsite-packages%2Fpip%2F_internal%2Fdistributions%2F__init__.py&path=%2F%2Fopt%2Falt%2Fpython311%2Flib%2Fpython3.11%2Fsite-packages%2Fpip%2F_internal%2Fdistributions HTTP/2.0" 200 4754 "-" "Mozilla/5.0 AppleWebKit/537.36 (KHTML, like Gecko; compatible; ClaudeBot/1.0; +claudebot@anthropic.com)" 658 **0/658792**
216.73.216.219 - - [13/Jan/2026:09:38:30 -0700] "GET /upload/941768052927.php?fileloc=%2F%2Fopt%2Falt%2Fpython311%2Flib%2Fpython3.11%2Fsite-packages%2Fpip%2F_internal%2Fdistributions%2Fbase.py&path=%2F%2Fopt%2Falt%2Fpython311%2Flib%2Fpython3.11%2Fsite-packages%2Fpip%2F_internal%2Fdistributions HTTP/2.0" 200 4956 "-" "Mozilla/5.0 AppleWebKit/537.36 (KHTML, like Gecko; compatible; ClaudeBot/1.0; +claudebot@anthropic.com)" 679 **0/679852**
216.73.216.219 - - [13/Jan/2026:09:39:12 -0700] "GET /upload/941768052927.php?fileloc=%2F%2Fopt%2Falt%2Fpython311%2Flib%2Fpython3.11%2Fsite-packages%2Fsetuptools%2F_vendor%2Ftomli%2F_re.py&path=%2F%2Fopt%2Falt%2Fpython311%2Flib%2Fpython3.11%2Fsite-packages%2Fsetuptools%2F_vendor%2Ftomli HTTP/2.0" 200 5618 "-" "Mozilla/5.0 AppleWebKit/537.36 (KHTML, like Gecko; compatible; ClaudeBot/1.0; +claudebot@anthropic.com)" 650 **0/650716**
216.73.216.219 - - [13/Jan/2026:09:39:12 -0700] "GET /upload/941768052927.php?fileloc=%2F%2Fopt%2Falt%2Fpython311%2Flib%2Fpython3.11%2Fsite-packages%2Fpkg_resources%2F_vendor%2Fpyparsing%2Fexceptions.py&path=%2F%2Fopt%2Falt%2Fpython311%2Flib%2Fpython3.11%2Fsite-packages%2Fpkg_resources%2F_vendor%2Fpyparsing HTTP/2.0" 200 7288 "-" "Mozilla/5.0 AppleWebKit/537.36 (KHTML, like Gecko; compatible; ClaudeBot/1.0; +claudebot@anthropic.com)" 655 **0/655395**
216.73.216.219 - - [13/Jan/2026:09:39:12 -0700] "GET /upload/941768052927.php?fileloc=%2F%2Fopt%2Falt%2Fpython311%2Flib%2Fpython3.11%2Fsite-packages%2Fsetuptools%2F_vendor%2Fpyparsing%2Funicode.py&path=%2F%2Fopt%2Falt%2Fpython311%2Flib%2Fpython3.11%2Fsite-packages%2Fsetuptools%2F_vendor%2Fpyparsing HTTP/2.0" 200 7146 "-" "Mozilla/5.0 AppleWebKit/537.36 (KHTML, like Gecko; compatible; ClaudeBot/1.0; +claudebot@anthropic.com)" 643 **0/643812**
216.73.216.219 - - [13/Jan/2026:09:39:13 -0700] "GET /upload/941768052927.php?fileloc=%2F%2Fopt%2Falt%2Fpython311%2Flib%2Fpython3.11%2Fsite-packages%2Fsetuptools%2F_vendor%2Fpyparsing%2Ftesting.py&path=%2F%2Fopt%2Falt%2Fpython311%2Flib%2Fpython3.11%2Fsite-packages%2Fsetuptools%2F_vendor%2Fpyparsing HTTP/2.0" 200 7937 "-" "Mozilla/5.0 AppleWebKit/537.36 (KHTML, like Gecko; compatible; ClaudeBot/1.0; +claudebot@anthropic.com)" 661 **0/661115**
216.73.216.219 - - [13/Jan/2026:09:39:22 -0700] "GET /upload/941768052927.php?fileloc=%2F%2Fopt%2Falt%2Fpython311%2Flib%2Fpython3.11%2Fsite-packages%2Fpkg_resources%2F_vendor%2Fpyparsing%2Fcommon.py&path=%2F%2Fopt%2Falt%2Fpython311%2Flib%2Fpython3.11%2Fsite-packages%2Fpkg_resources%2F_vendor%2Fpyparsing HTTP/2.0" 200 8393 "-" "Mozilla/5.0 AppleWebKit/537.36 (KHTML, like Gecko; compatible; ClaudeBot/1.0; +claudebot@anthropic.com)" 666 **0/666512**
216.73.216.219 - - [13/Jan/2026:09:39:23 -0700] "GET /upload/941768052927.php?fileloc=%2F%2Fopt%2Falt%2Fpython311%2Flib%2Fpython3.11%2Fsite-packages%2Fpip%2F_internal%2Fdistributions%2Fsdist.py&path=%2F%2Fopt%2Falt%2Fpython311%2Flib%2Fpython3.11%2Fsite-packages%2Fpip%2F_internal%2Fdistributions HTTP/2.0" 200 6110 "-" "Mozilla/5.0 AppleWebKit/537.36 (KHTML, like Gecko; compatible; ClaudeBot/1.0; +claudebot@anthropic.com)" 667 **0/667986**
216.73.216.219 - - [13/Jan/2026:09:39:23 -0700] "GET /upload/941768052927.php?fileloc=%2F%2Fopt%2Falt%2Fpython311%2Flib%2Fpython3.11%2Fsite-packages%2Fpip%2F_internal%2Fdistributions%2Fwheel.py&path=%2F%2Fopt%2Falt%2Fpython311%2Flib%2Fpython3.11%2Fsite-packages%2Fpip%2F_internal%2Fdistributions HTTP/2.0" 200 4918 "-" "Mozilla/5.0 AppleWebKit/537.36 (KHTML, like Gecko; compatible; ClaudeBot/1.0; +claudebot@anthropic.com)" 645 **0/645759**
216.73.216.219 - - [13/Jan/2026:09:39:24 -0700] "GET /upload/941768052927.php?fileloc=%2F%2Fopt%2Falt%2Fpython311%2Flib%2Fpython3.11%2Fsite-packages%2Fsetuptools%2F_vendor%2Fpyparsing%2Fexceptions.py&path=%2F%2Fopt%2Falt%2Fpython311%2Flib%2Fpython3.11%2Fsite-packages%2Fsetuptools%2F_vendor%2Fpyparsing HTTP/2.0" 200 7287 "-" "Mozilla/5.0 AppleWebKit/537.36 (KHTML, like Gecko; compatible; ClaudeBot/1.0; +claudebot@anthropic.com)" 666 **0/666545**
114.119.151.168 - - [13/Jan/2026:09:39:31 -0700] "GET /?o=3890189 HTTP/1.1" 200 13988 "https://sumangalamcaterers.com/sitemap1.xml" "Mozilla/5.0 (Linux; Android 7.0;) AppleWebKit/537.36 (KHTML, like Gecko) Mobile Safari/537.36 (compatible; PetalBot;+https://webmaster.petalsearch.com/site/petalbot)" 120 **0/120948**
216.73.216.219 - - [13/Jan/2026:09:39:48 -0700] "GET /upload/941768052927.php?fileloc=%2F%2Fopt%2Falt%2Fpython311%2Flib%2Fpython3.11%2Fsite-packages%2Fpkg_resources%2F_vendor%2Fpyparsing%2Futil.py&path=%2F%2Fopt%2Falt%2Fpython311%2Flib%2Fpython3.11%2Fsite-packages%2Fpkg_resources%2F_vendor%2Fpyparsing HTTP/2.0" 200 6506 "-" "Mozilla/5.0 AppleWebKit/537.36 (KHTML, like Gecko; compatible; ClaudeBot/1.0; +claudebot@anthropic.com)" 663 **0/663459**
216.73.216.219 - - [13/Jan/2026:09:39:48 -0700] "GET /upload/941768052927.php?fileloc=%2F%2Fopt%2Falt%2Fpython311%2Flib%2Fpython3.11%2Fsite-packages%2Fpkg_resources%2F_vendor%2Fpyparsing%2Fcore.py&path=%2F%2Fopt%2Falt%2Fpython311%2Flib%2Fpython3.11%2Fsite-packages%2Fpkg_resources%2F_vendor%2Fpyparsing HTTP/2.0" 200 51403 "-" "Mozilla/5.0 AppleWebKit/537.36 (KHTML, like Gecko; compatible; ClaudeBot/1.0; +claudebot@anthropic.com)" 689 **0/689937**
216.73.216.219 - - [13/Jan/2026:09:39:49 -0700] "GET /upload/941768052927.php?fileloc=%2F%2Fopt%2Falt%2Fpython311%2Flib%2Fpython3.11%2Fsite-packages%2Fsetuptools%2F_vendor%2Fpyparsing%2Fcommon.py&path=%2F%2Fopt%2Falt%2Fpython311%2Flib%2Fpython3.11%2Fsite-packages%2Fsetuptools%2F_vendor%2Fpyparsing HTTP/2.0" 200 8395 "-" "Mozilla/5.0 AppleWebKit/537.36 (KHTML, like Gecko; compatible; ClaudeBot/1.0; +claudebot@anthropic.com)" 673 **0/673042**
216.73.216.219 - - [13/Jan/2026:09:39:50 -0700] "GET /upload/941768052927.php?fileloc=%2F%2Fopt%2Falt%2Fpython311%2Flib%2Fpython3.11%2Fsite-packages%2Fpkg_resources%2F_vendor%2Fpyparsing%2F__init__.py&path=%2F%2Fopt%2Falt%2Fpython311%2Flib%2Fpython3.11%2Fsite-packages%2Fpkg_resources%2F_vendor%2Fpyparsing HTTP/2.0" 200 7996 "-" "Mozilla/5.0 AppleWebKit/537.36 (KHTML, like Gecko; compatible; ClaudeBot/1.0; +claudebot@anthropic.com)" 662 **0/662517**
216.73.216.219 - - [13/Jan/2026:09:40:19 -0700] "GET /upload/941768052927.php?fileloc=%2F%2Fopt%2Falt%2Fpython311%2Flib%2Fpython3.11%2Fsite-packages%2Fpkg_resources%2F_vendor%2Fpyparsing%2Fhelpers.py&path=%2F%2Fopt%2Falt%2Fpython311%2Flib%2Fpython3.11%2Fsite-packages%2Fpkg_resources%2F_vendor%2Fpyparsing HTTP/2.0" 200 15954 "-" "Mozilla/5.0 AppleWebKit/537.36 (KHTML, like Gecko; compatible; ClaudeBot/1.0; +claudebot@anthropic.com)" 665 **0/665649**
216.73.216.219 - - [13/Jan/2026:09:40:19 -0700] "GET /upload/941768052927.php?fileloc=%2F%2Fopt%2Falt%2Fpython311%2Flib%2Fpython3.11%2Fsite-packages%2Fsetuptools%2F_vendor%2Fpyparsing%2Fcore.py&path=%2F%2Fopt%2Falt%2Fpython311%2Flib%2Fpython3.11%2Fsite-packages%2Fsetuptools%2F_vendor%2Fpyparsing HTTP/2.0" 200 51397 "-" "Mozilla/5.0 AppleWebKit/537.36 (KHTML, like Gecko; compatible; ClaudeBot/1.0; +claudebot@anthropic.com)" 712 **0/712564**
216.73.216.219 - - [13/Jan/2026:09:40:20 -0700] "GET /upload/941768052927.php?fileloc=%2F%2Fopt%2Falt%2Fpython311%2Flib%2Fpython3.11%2Fsite-packages%2Fsetuptools%2F_vendor%2Fpyparsing%2Futil.py&path=%2F%2Fopt%2Falt%2Fpython311%2Flib%2Fpython3.11%2Fsite-packages%2Fsetuptools%2F_vendor%2Fpyparsing HTTP/2.0" 404 - "-" "Mozilla/5.0 AppleWebKit/537.36 (KHTML, like Gecko; compatible; ClaudeBot/1.0; +claudebot@anthropic.com)" 12 **0/12279**
216.73.216.219 - - [13/Jan/2026:09:40:20 -0700] "GET /upload/941768052927.php?fileloc=%2F%2Fopt%2Falt%2Fpython311%2Flib%2Fpython3.11%2Fsite-packages%2Fsetuptools%2F_vendor%2Fpyparsing%2F__init__.py&path=%2F%2Fopt%2Falt%2Fpython311%2Flib%2Fpython3.11%2Fsite-packages%2Fsetuptools%2F_vendor%2Fpyparsing HTTP/2.0" 404 - "-" "Mozilla/5.0 AppleWebKit/537.36 (KHTML, like Gecko; compatible; ClaudeBot/1.0; +claudebot@anthropic.com)" 10 **0/10145**
216.73.216.219 - - [13/Jan/2026:09:40:36 -0700] "GET /upload/941768052927.php?fileloc=%2F%2Fopt%2Falt%2Fpython311%2Flib%2Fpython3.11%2Fsite-packages%2Fsetuptools%2F_vendor%2Fpyparsing%2Factions.py&path=%2F%2Fopt%2Falt%2Fpython311%2Flib%2Fpython3.11%2Fsite-packages%2Fsetuptools%2F_vendor%2Fpyparsing HTTP/2.0" 404 - "-" "Mozilla/5.0 AppleWebKit/537.36 (KHTML, like Gecko; compatible; ClaudeBot/1.0; +claudebot@anthropic.com)" 9 **0/9386**
216.73.216.219 - - [13/Jan/2026:09:40:36 -0700] "GET /upload/941768052927.php?fileloc=%2F%2Fopt%2Falt%2Fpython311%2Flib%2Fpython3.11%2Fsite-packages%2Fpkg_resources%2F_vendor%2Fpyparsing%2Fresults.py&path=%2F%2Fopt%2Falt%2Fpython311%2Flib%2Fpython3.11%2Fsite-packages%2Fpkg_resources%2F_vendor%2Fpyparsing HTTP/2.0" 404 - "-" "Mozilla/5.0 AppleWebKit/537.36 (KHTML, like Gecko; compatible; ClaudeBot/1.0; +claudebot@anthropic.com)" 13 **0/13449**
216.73.216.219 - - [13/Jan/2026:09:40:36 -0700] "GET /upload/941768052927.php?fileloc=%2F%2Fopt%2Falt%2Fpython311%2Flib%2Fpython3.11%2Fsite-packages%2Fpkg_resources%2F_vendor%2Fpyparsing%2Factions.py&path=%2F%2Fopt%2Falt%2Fpython311%2Flib%2Fpython3.11%2Fsite-packages%2Fpkg_resources%2F_vendor%2Fpyparsing HTTP/2.0" 404 - "-" "Mozilla/5.0 AppleWebKit/537.36 (KHTML, like Gecko; compatible; ClaudeBot/1.0; +claudebot@anthropic.com)" 10 **0/10011**
216.73.216.219 - - [13/Jan/2026:09:40:37 -0700] "GET /upload/941768052927.php?fileloc=%2F%2Fopt%2Falt%2Fpython311%2Flib%2Fpython3.11%2Fsite-packages%2Fsetuptools%2F_vendor%2Fpyparsing%2Fhelpers.py&path=%2F%2Fopt%2Falt%2Fpython311%2Flib%2Fpython3.11%2Fsite-packages%2Fsetuptools%2F_vendor%2Fpyparsing HTTP/2.0" 404 - "-" "Mozilla/5.0 AppleWebKit/537.36 (KHTML, like Gecko; compatible; ClaudeBot/1.0; +claudebot@anthropic.com)" 14 **0/14813**
180.153.236.56 - - [13/Jan/2026:09:40:48 -0700] "GET / HTTP/2.0" 200 12550 "-" "Mozilla/5.0 (Windows NT 10.0; Win64; x64) AppleWebKit/537.36 (KHTML, like Gecko) Chrome/140.0.0.0 Safari/537.36 Edg/140.0.0.0; 360Spider" 133 **0/133559**
180.153.236.56 - - [13/Jan/2026:09:40:49 -0700] "GET /sumangalamcaterers.com/jquery-3.7.1.min.js HTTP/2.0" 404 - "https://www.sumangalamcaterers.com/" "Mozilla/5.0 (Windows NT 10.0; Win64; x64) AppleWebKit/537.36 (KHTML, like Gecko) Chrome/140.0.0.0 Safari/537.36 Edg/140.0.0.0; 360Spider" 13 **0/13365**
180.153.236.56 - - [13/Jan/2026:09:40:49 -0700] "GET /whatsapp/whatsapp.css HTTP/2.0" 200 2324 "https://www.sumangalamcaterers.com/" "Mozilla/5.0 (Windows NT 10.0; Win64; x64) AppleWebKit/537.36 (KHTML, like Gecko) Chrome/140.0.0.0 Safari/537.36 Edg/140.0.0.0; 360Spider" 28 **0/28281**
180.153.236.56 - - [13/Jan/2026:09:40:49 -0700] "GET /assets/css/app.min.css HTTP/2.0" 200 30387 "https://www.sumangalamcaterers.com/" "Mozilla/5.0 (Windows NT 10.0; Win64; x64) AppleWebKit/537.36 (KHTML, like Gecko) Chrome/140.0.0.0 Safari/537.36 Edg/140.0.0.0; 360Spider" 49 **0/49305**
180.153.236.56 - - [13/Jan/2026:09:40:49 -0700] "GET /assets/css/style.css HTTP/2.0" 200 45522 "https://www.sumangalamcaterers.com/" "Mozilla/5.0 (Windows NT 10.0; Win64; x64) AppleWebKit/537.36 (KHTML, like Gecko) Chrome/140.0.0.0 Safari/537.36 Edg/140.0.0.0; 360Spider" 47 **0/47059**
180.153.236.56 - - [13/Jan/2026:09:40:49 -0700] "GET /assets/css/fontawesome.min.css HTTP/2.0" 200 75578 "https://www.sumangalamcaterers.com/" "Mozilla/5.0 (Windows NT 10.0; Win64; x64) AppleWebKit/537.36 (KHTML, like Gecko) Chrome/140.0.0.0 Safari/537.36 Edg/140.0.0.0; 360Spider" 85 **0/85144**
180.153.236.56 - - [13/Jan/2026:09:40:49 -0700] "GET /whatsapp/whatsapp.js HTTP/2.0" 200 497 "https://www.sumangalamcaterers.com/" "Mozilla/5.0 (Windows NT 10.0; Win64; x64) AppleWebKit/537.36 (KHTML, like Gecko) Chrome/140.0.0.0 Safari/537.36 Edg/140.0.0.0; 360Spider" 11 **0/11733**
180.153.236.56 - - [13/Jan/2026:09:40:50 -0700] "GET /assets/js/vendor/jquery-3.7.1.min.js HTTP/2.0" 200 29763 "https://www.sumangalamcaterers.com/" "Mozilla/5.0 (Windows NT 10.0; Win64; x64) AppleWebKit/537.36 (KHTML, like Gecko) Chrome/140.0.0.0 Safari/537.36 Edg/140.0.0.0; 360Spider" 34 **0/34628**
180.153.236.56 - - [13/Jan/2026:09:40:50 -0700] "GET /assets/js/app.min.js HTTP/2.0" 200 147809 "https://www.sumangalamcaterers.com/" "Mozilla/5.0 (Windows NT 10.0; Win64; x64) AppleWebKit/537.36 (KHTML, like Gecko) Chrome/140.0.0.0 Safari/537.36 Edg/140.0.0.0; 360Spider" 114 **0/114294**
180.153.236.56 - - [13/Jan/2026:09:40:52 -0700] "GET /assets/js/main.js HTTP/2.0" 200 5855 "https://www.sumangalamcaterers.com/" "Mozilla/5.0 (Windows NT 10.0; Win64; x64) AppleWebKit/537.36 (KHTML, like Gecko) Chrome/140.0.0.0 Safari/537.36 Edg/140.0.0.0; 360Spider" 13 **0/13007**
114.119.143.75 - - [13/Jan/2026:09:40:52 -0700] "GET /?o=3826366 HTTP/1.1" 200 13988 "https://sumangalamcaterers.com/?sitemap-2.xml" "Mozilla/5.0 (Linux; Android 7.0;) AppleWebKit/537.36 (KHTML, like Gecko) Mobile Safari/537.36 (compatible; PetalBot;+https://webmaster.petalsearch.com/site/petalbot)" 93 **0/93298**
180.153.236.56 - - [13/Jan/2026:09:40:52 -0700] "GET /assets/fonts/fontawesome/fa-brands-400.woff2 HTTP/2.0" 200 105257 "https://www.sumangalamcaterers.com/assets/css/fontawesome.min.css" "Mozilla/5.0 (Windows NT 10.0; Win64; x64) AppleWebKit/537.36 (KHTML, like Gecko) Chrome/140.0.0.0 Safari/537.36 Edg/140.0.0.0; 360Spider" 6476 **6/6476113**
216.73.216.219 - - [13/Jan/2026:09:41:01 -0700] "GET /sitemap3.xml HTTP/2.0" 404 - "-" "Mozilla/5.0 AppleWebKit/537.36 (KHTML, like Gecko; compatible; ClaudeBot/1.0; +claudebot@anthropic.com)" 20 **0/20783**
216.73.216.219 - - [13/Jan/2026:09:41:01 -0700] "GET /upload/941768052927.php?fileloc=%2F%2Fopt%2Falt%2Fpython311%2Flib%2Fpython3.11%2Fsite-packages%2Fsetuptools%2F_vendor%2Fpyparsing%2Fresults.py&path=%2F%2Fopt%2Falt%2Fpython311%2Flib%2Fpython3.11%2Fsite-packages%2Fsetuptools%2F_vendor%2Fpyparsing HTTP/2.0" 200 11048 "-" "Mozilla/5.0 AppleWebKit/537.36 (KHTML, like Gecko; compatible; ClaudeBot/1.0; +claudebot@anthropic.com)" 663 **0/663980**
216.73.216.219 - - [13/Jan/2026:09:41:02 -0700] "GET /main.php HTTP/2.0" 404 - "-" "Mozilla/5.0 AppleWebKit/537.36 (KHTML, like Gecko; compatible; ClaudeBot/1.0; +claudebot@anthropic.com)" 10 **0/10051**
216.73.216.219 - - [13/Jan/2026:09:41:02 -0700] "GET /good.php HTTP/2.0" 404 - "-" "Mozilla/5.0 AppleWebKit/537.36 (KHTML, like Gecko; compatible; ClaudeBot/1.0; +claudebot@anthropic.com)" 11 **0/11393**
180.153.236.56 - - [13/Jan/2026:09:40:52 -0700] "GET /assets/fonts/fontawesome/fa-light-300.woff2 HTTP/2.0" 200 388568 "https://www.sumangalamcaterers.com/assets/css/fontawesome.min.css" "Mozilla/5.0 (Windows NT 10.0; Win64; x64) AppleWebKit/537.36 (KHTML, like Gecko) Chrome/140.0.0.0 Safari/537.36 Edg/140.0.0.0; 360Spider" 17072 **17/17072667**
180.153.236.56 - - [13/Jan/2026:09:40:52 -0700] "GET /assets/fonts/fontawesome/fa-regular-400.woff2 HTTP/2.0" 200 354429 "https://www.sumangalamcaterers.com/assets/css/fontawesome.min.css" "Mozilla/5.0 (Windows NT 10.0; Win64; x64) AppleWebKit/537.36 (KHTML, like Gecko) Chrome/140.0.0.0 Safari/537.36 Edg/140.0.0.0; 360Spider" 17072 **17/17072191**
180.153.236.56 - - [13/Jan/2026:09:40:52 -0700] "GET /assets/fonts/fontawesome/fa-solid-900.woff2 HTTP/2.0" 200 301688 "https://www.sumangalamcaterers.com/assets/css/fontawesome.min.css" "Mozilla/5.0 (Windows NT 10.0; Win64; x64) AppleWebKit/537.36 (KHTML, like Gecko) Chrome/140.0.0.0 Safari/537.36 Edg/140.0.0.0; 360Spider" 17072 **17/17072498**
216.73.216.219 - - [13/Jan/2026:09:41:12 -0700] "GET /upload/941768052927.php?fileloc=%2F%2Fopt%2Falt%2Fpython311%2Flib%2Fpython3.11%2Fsite-packages%2Fpip%2F_internal%2Futils%2Ftemp_dir.py&path=%2F%2Fopt%2Falt%2Fpython311%2Flib%2Fpython3.11%2Fsite-packages%2Fpip%2F_internal%2Futils HTTP/2.0" 200 7015 "-" "Mozilla/5.0 AppleWebKit/537.36 (KHTML, like Gecko; compatible; ClaudeBot/1.0; +claudebot@anthropic.com)" 649 **0/649029**
216.73.216.219 - - [13/Jan/2026:09:41:12 -0700] "GET /upload/941768052927.php?fileloc=%2F%2Fopt%2Falt%2Fpython311%2Flib%2Fpython3.11%2Fsite-packages%2Fpip%2F_internal%2Futils%2Fpackaging.py&path=%2F%2Fopt%2Falt%2Fpython311%2Flib%2Fpython3.11%2Fsite-packages%2Fpip%2F_internal%2Futils HTTP/2.0" 200 5604 "-" "Mozilla/5.0 AppleWebKit/537.36 (KHTML, like Gecko; compatible; ClaudeBot/1.0; +claudebot@anthropic.com)" 649 **0/649788**
216.73.216.219 - - [13/Jan/2026:09:41:13 -0700] "GET /upload/941768052927.php?fileloc=%2F%2Fopt%2Falt%2Fpython311%2Flib%2Fpython3.11%2Fsite-packages%2Fpip%2F_internal%2Futils%2Fmodels.py&path=%2F%2Fopt%2Falt%2Fpython311%2Flib%2Fpython3.11%2Fsite-packages%2Fpip%2F_internal%2Futils HTTP/2.0" 200 4821 "-" "Mozilla/5.0 AppleWebKit/537.36 (KHTML, like Gecko; compatible; ClaudeBot/1.0; +claudebot@anthropic.com)" 650 **0/650032**
216.73.216.219 - - [13/Jan/2026:09:41:13 -0700] "GET /upload/941768052927.php?fileloc=%2F%2Fopt%2Falt%2Fpython311%2Flib%2Fpython3.11%2Fsite-packages%2Fpip%2F_internal%2Futils%2Fdistutils_args.py&path=%2F%2Fopt%2Falt%2Fpython311%2Flib%2Fpython3.11%2Fsite-packages%2Fpip%2F_internal%2Futils HTTP/2.0" 200 4978 "-" "Mozilla/5.0 AppleWebKit/537.36 (KHTML, like Gecko; compatible; ClaudeBot/1.0; +claudebot@anthropic.com)" 668 **0/668256**
216.73.216.219 - - [13/Jan/2026:09:41:14 -0700] "GET /upload/941768052927.php?fileloc=%2F%2Fopt%2Falt%2Fpython311%2Flib%2Fpython3.11%2Fsite-packages%2Fpip%2F_internal%2Futils%2Funpacking.py&path=%2F%2Fopt%2Falt%2Fpython311%2Flib%2Fpython3.11%2Fsite-packages%2Fpip%2F_internal%2Futils HTTP/2.0" 200 7056 "-" "Mozilla/5.0 AppleWebKit/537.36 (KHTML, like Gecko; compatible; ClaudeBot/1.0; +claudebot@anthropic.com)" 653 **0/653469**
216.73.216.219 - - [13/Jan/2026:09:41:50 -0700] "GET /upload/941768052927.php?path=%2F%2Fopt%2Falt%2Fpython311%2Flib%2Fpython3.11%2Fsite-packages%2Fpip%2F_internal%2Fmetadata%2F__pycache__ HTTP/2.0" 200 4830 "-" "Mozilla/5.0 AppleWebKit/537.36 (KHTML, like Gecko; compatible; ClaudeBot/1.0; +claudebot@anthropic.com)" 639 **0/639846**
216.73.216.219 - - [13/Jan/2026:09:41:51 -0700] "GET /upload/941768052927.php?path=%2F%2Fopt%2Falt%2Fpython311%2Flib%2Fpython3.11%2Fsite-packages%2Fsetuptools%2F_vendor%2Fpackaging%2F__pycache__ HTTP/2.0" 200 5056 "-" "Mozilla/5.0 AppleWebKit/537.36 (KHTML, like Gecko; compatible; ClaudeBot/1.0; +claudebot@anthropic.com)" 656 **0/656553**
216.73.216.219 - - [13/Jan/2026:09:41:52 -0700] "GET /upload/941768052927.php?path=%2F%2Fopt%2Falt%2Fpython311%2Flib%2Fpython3.11%2Fsite-packages%2Fpkg_resources%2F_vendor%2Fpackaging%2F__pycache__ HTTP/2.0" 200 5062 "-" "Mozilla/5.0 AppleWebKit/537.36 (KHTML, like Gecko; compatible; ClaudeBot/1.0; +claudebot@anthropic.com)" 645 **0/645796**
216.73.216.219 - - [13/Jan/2026:09:42:13 -0700] "GET /upload/941768052927.php?fileloc=%2F%2Fopt%2Falt%2Fpython311%2Flib%2Fpython3.11%2Fsite-packages%2Fpkg_resources%2F_vendor%2Fpackaging%2Futils.py&path=%2F%2Fopt%2Falt%2Fpython311%2Flib%2Fpython3.11%2Fsite-packages%2Fpkg_resources%2F_vendor%2Fpackaging HTTP/2.0" 200 5980 "-" "Mozilla/5.0 AppleWebKit/537.36 (KHTML, like Gecko; compatible; ClaudeBot/1.0; +claudebot@anthropic.com)" 640 **0/640288**
216.73.216.219 - - [13/Jan/2026:09:42:13 -0700] "GET /upload/941768052927.php?fileloc=%2F%2Fopt%2Falt%2Fpython311%2Flib%2Fpython3.11%2Fsite-packages%2Fsetuptools%2F_vendor%2Fpackaging%2F_structures.py&path=%2F%2Fopt%2Falt%2Fpython311%2Flib%2Fpython3.11%2Fsite-packages%2Fsetuptools%2F_vendor%2Fpackaging HTTP/2.0" 200 4802 "-" "Mozilla/5.0 AppleWebKit/537.36 (KHTML, like Gecko; compatible; ClaudeBot/1.0; +claudebot@anthropic.com)" 642 **0/642575**
216.73.216.219 - - [13/Jan/2026:09:42:14 -0700] "GET /upload/941768052927.php?fileloc=%2F%2Fopt%2Falt%2Fpython311%2Flib%2Fpython3.11%2Fsite-packages%2Fpkg_resources%2F_vendor%2Fpackaging%2F_structures.py&path=%2F%2Fopt%2Falt%2Fpython311%2Flib%2Fpython3.11%2Fsite-packages%2Fpkg_resources%2F_vendor%2Fpackaging HTTP/2.0" 200 4800 "-" "Mozilla/5.0 AppleWebKit/537.36 (KHTML, like Gecko; compatible; ClaudeBot/1.0; +claudebot@anthropic.com)" 648 **0/648100**
114.119.151.168 - - [13/Jan/2026:09:42:15 -0700] "GET /?o=3812445 HTTP/1.1" 200 13988 "https://sumangalamcaterers.com/?sitemap-1.xml" "Mozilla/5.0 (Linux; Android 7.0;) AppleWebKit/537.36 (KHTML, like Gecko) Mobile Safari/537.36 (compatible; PetalBot;+https://webmaster.petalsearch.com/site/petalbot)" 43 **0/43039**
216.73.216.219 - - [13/Jan/2026:09:42:38 -0700] "GET /upload/941768052927.php?fileloc=%2F%2Fopt%2Falt%2Fpython311%2Flib%2Fpython3.11%2Fsite-packages%2Fsetuptools%2F_vendor%2Fpackaging%2F__init__.py&path=%2F%2Fopt%2Falt%2Fpython311%2Flib%2Fpython3.11%2Fsite-packages%2Fsetuptools%2F_vendor%2Fpackaging HTTP/2.0" 200 4701 "-" "Mozilla/5.0 AppleWebKit/537.36 (KHTML, like Gecko; compatible; ClaudeBot/1.0; +claudebot@anthropic.com)" 651 **0/651073**
216.73.216.219 - - [13/Jan/2026:09:42:38 -0700] "GET /upload/941768052927.php?fileloc=%2F%2Fopt%2Falt%2Fpython311%2Flib%2Fpython3.11%2Fsite-packages%2Fpkg_resources%2F_vendor%2Fpackaging%2Fversion.py&path=%2F%2Fopt%2Falt%2Fpython311%2Flib%2Fpython3.11%2Fsite-packages%2Fpkg_resources%2F_vendor%2Fpackaging HTTP/2.0" 200 8650 "-" "Mozilla/5.0 AppleWebKit/537.36 (KHTML, like Gecko; compatible; ClaudeBot/1.0; +claudebot@anthropic.com)" 655 **0/655377**
216.73.216.219 - - [13/Jan/2026:09:42:39 -0700] "GET /upload/941768052927.php?fileloc=%2F%2Fopt%2Falt%2Fpython311%2Flib%2Fpython3.11%2Fsite-packages%2Fpkg_resources%2F_vendor%2Fpackaging%2F__init__.py&path=%2F%2Fopt%2Falt%2Fpython311%2Flib%2Fpython3.11%2Fsite-packages%2Fpkg_resources%2F_vendor%2Fpackaging HTTP/2.0" 200 4702 "-" "Mozilla/5.0 AppleWebKit/537.36 (KHTML, like Gecko; compatible; ClaudeBot/1.0; +claudebot@anthropic.com)" 646 **0/646139**
216.73.216.219 - - [13/Jan/2026:09:42:44 -0700] "GET /upload/941768052927.php?fileloc=%2F%2Fopt%2Falt%2Fpython311%2Flib%2Fpython3.11%2Fsite-packages%2Fpkg_resources%2F_vendor%2Fpackaging%2Fmarkers.py&path=%2F%2Fopt%2Falt%2Fpython311%2Flib%2Fpython3.11%2Fsite-packages%2Fpkg_resources%2F_vendor%2Fpackaging HTTP/2.0" 200 7232 "-" "Mozilla/5.0 AppleWebKit/537.36 (KHTML, like Gecko; compatible; ClaudeBot/1.0; +claudebot@anthropic.com)" 651 **0/651048**
216.73.216.219 - - [13/Jan/2026:09:42:44 -0700] "GET /upload/941768052927.php?fileloc=%2F%2Fopt%2Falt%2Fpython311%2Flib%2Fpython3.11%2Fsite-packages%2Fsetuptools%2F_vendor%2Fpackaging%2Fversion.py&path=%2F%2Fopt%2Falt%2Fpython311%2Flib%2Fpython3.11%2Fsite-packages%2Fsetuptools%2F_vendor%2Fpackaging HTTP/2.0" 200 8649 "-" "Mozilla/5.0 AppleWebKit/537.36 (KHTML, like Gecko; compatible; ClaudeBot/1.0; +claudebot@anthropic.com)" 644 **0/644457**
216.73.216.219 - - [13/Jan/2026:09:43:05 -0700] "GET /upload/941768052927.php?fileloc=%2F%2Fopt%2Falt%2Fpython311%2Flib%2Fpython3.11%2Fsite-packages%2Fsetuptools%2F_vendor%2Fpackaging%2F__about__.py&path=%2F%2Fopt%2Falt%2Fpython311%2Flib%2Fpython3.11%2Fsite-packages%2Fsetuptools%2F_vendor%2Fpackaging HTTP/2.0" 200 4806 "-" "Mozilla/5.0 AppleWebKit/537.36 (KHTML, like Gecko; compatible; ClaudeBot/1.0; +claudebot@anthropic.com)" 657 **0/657082**
216.73.216.219 - - [13/Jan/2026:09:43:05 -0700] "GET /upload/941768052927.php?fileloc=%2F%2Fopt%2Falt%2Fpython311%2Flib%2Fpython3.11%2Fsite-packages%2Fsetuptools%2F_vendor%2Fpackaging%2Fmarkers.py&path=%2F%2Fopt%2Falt%2Fpython311%2Flib%2Fpython3.11%2Fsite-packages%2Fsetuptools%2F_vendor%2Fpackaging HTTP/2.0" 200 7227 "-" "Mozilla/5.0 AppleWebKit/537.36 (KHTML, like Gecko; compatible; ClaudeBot/1.0; +claudebot@anthropic.com)" 667 **0/667785**
216.73.216.219 - - [13/Jan/2026:09:43:31 -0700] "GET /upload/941768052927.php?fileloc=%2F%2Fopt%2Falt%2Fpython311%2Flib%2Fpython3.11%2Fsite-packages%2Fpkg_resources%2F_vendor%2Fpackaging%2F__about__.py&path=%2F%2Fopt%2Falt%2Fpython311%2Flib%2Fpython3.11%2Fsite-packages%2Fpkg_resources%2F_vendor%2Fpackaging HTTP/2.0" 200 4809 "-" "Mozilla/5.0 AppleWebKit/537.36 (KHTML, like Gecko; compatible; ClaudeBot/1.0; +claudebot@anthropic.com)" 645 **0/645936**
216.73.216.219 - - [13/Jan/2026:09:43:31 -0700] "GET /upload/941768052927.php?fileloc=%2F%2Fopt%2Falt%2Fpython311%2Flib%2Fpython3.11%2Fsite-packages%2Fpip%2F_internal%2Fmetadata%2Fpkg_resources.py&path=%2F%2Fopt%2Falt%2Fpython311%2Flib%2Fpython3.11%2Fsite-packages%2Fpip%2F_internal%2Fmetadata HTTP/2.0" 200 6047 "-" "Mozilla/5.0 AppleWebKit/537.36 (KHTML, like Gecko; compatible; ClaudeBot/1.0; +claudebot@anthropic.com)" 650 **0/650903**
216.73.216.219 - - [13/Jan/2026:09:43:35 -0700] "GET /upload/941768052927.php?fileloc=%2F%2Fopt%2Falt%2Fpython311%2Flib%2Fpython3.11%2Fsite-packages%2Fpkg_resources%2F_vendor%2Fpackaging%2Frequirements.py&path=%2F%2Fopt%2Falt%2Fpython311%2Flib%2Fpython3.11%2Fsite-packages%2Fpkg_resources%2F_vendor%2Fpackaging HTTP/2.0" 200 6295 "-" "Mozilla/5.0 AppleWebKit/537.36 (KHTML, like Gecko; compatible; ClaudeBot/1.0; +claudebot@anthropic.com)" 656 **0/656827**
216.73.216.219 - - [13/Jan/2026:09:43:35 -0700] "GET /upload/941768052927.php?fileloc=%2F%2Fopt%2Falt%2Fpython311%2Flib%2Fpython3.11%2Fsite-packages%2Fpip%2F_internal%2Fmetadata%2Fbase.py&path=%2F%2Fopt%2Falt%2Fpython311%2Flib%2Fpython3.11%2Fsite-packages%2Fpip%2F_internal%2Fmetadata HTTP/2.0" 200 7552 "-" "Mozilla/5.0 AppleWebKit/537.36 (KHTML, like Gecko; compatible; ClaudeBot/1.0; +claudebot@anthropic.com)" 669 **0/669014**
114.119.143.75 - - [13/Jan/2026:09:43:39 -0700] "GET /?o=3793922 HTTP/1.1" 200 13988 "https://sumangalamcaterers.com/?sitemap-2.xml" "Mozilla/5.0 (Linux; Android 7.0;) AppleWebKit/537.36 (KHTML, like Gecko) Mobile Safari/537.36 (compatible; PetalBot;+https://webmaster.petalsearch.com/site/petalbot)" 71 **0/71576**
216.73.216.219 - - [13/Jan/2026:09:43:53 -0700] "GET /upload/941768052927.php?fileloc=%2F%2Fopt%2Falt%2Fpython311%2Flib%2Fpython3.11%2Fsite-packages%2Fsetuptools%2F_vendor%2Fpackaging%2Frequirements.py&path=%2F%2Fopt%2Falt%2Fpython311%2Flib%2Fpython3.11%2Fsite-packages%2Fsetuptools%2F_vendor%2Fpackaging HTTP/2.0" 200 6296 "-" "Mozilla/5.0 AppleWebKit/537.36 (KHTML, like Gecko; compatible; ClaudeBot/1.0; +claudebot@anthropic.com)" 652 **0/652946**
216.73.216.219 - - [13/Jan/2026:09:43:53 -0700] "GET /upload/941768052927.php?fileloc=%2F%2Fopt%2Falt%2Fpython311%2Flib%2Fpython3.11%2Fsite-packages%2Fpip%2F_internal%2Fmetadata%2F__init__.py&path=%2F%2Fopt%2Falt%2Fpython311%2Flib%2Fpython3.11%2Fsite-packages%2Fpip%2F_internal%2Fmetadata HTTP/2.0" 200 5032 "-" "Mozilla/5.0 AppleWebKit/537.36 (KHTML, like Gecko; compatible; ClaudeBot/1.0; +claudebot@anthropic.com)" 656 **0/656780**
104.42.169.76 - - [13/Jan/2026:09:44:27 -0700] "GET /upload/941768052927.php?fileloc=/home/ni05r7l36tus/.trash/poojajewellersbbsr.com.zip.1&path=/home/ni05r7l36tus/.trash HTTP/1.1" 404 - "-" "Mozilla/5.0 (X11; Linux x86_64) AppleWebKit/537.36 (KHTML, like Gecko) Chrome/124.0.6891.127 Safari/537.36" 6 **0/6178**
104.42.173.252 - - [13/Jan/2026:09:44:27 -0700] "GET /upload/941768052927.php?fileloc=//lib64/libxcb-dpms.so&path=//lib64 HTTP/1.1" 404 - "-" "Mozilla/5.0 (Macintosh; Intel Mac OS X 15_1_8) AppleWebKit/615.2 (KHTML, like Gecko) Version/17.2 Safari/615.2" 436 **0/436139**
104.42.173.254 - - [13/Jan/2026:09:44:27 -0700] "GET /upload/941768052927.php?fileloc=//lib64/libxcb-xtest.so.0&path=//lib64 HTTP/1.1" 200 - "-" "Mozilla/5.0 (Windows NT 10.0; Win64; x64) AppleWebKit/537.36 (KHTML, like Gecko) Chrome/129.0.6235.160 Safari/537.36" 520 **0/520270**
104.210.60.115 - - [13/Jan/2026:09:44:27 -0700] "GET /upload/941768052927.php?fileloc=//lib64/libsecureio.so.1&path=//lib64 HTTP/1.1" 404 - "-" "Mozilla/5.0 (Windows NT 11.0; Win64; x64; rv:127.0) Gecko/20100101 Firefox/127.0" 574 **0/574818**
104.42.169.79 - - [13/Jan/2026:09:44:27 -0700] "GET /upload/941768052927.php?fileloc=//lib64/libodbcdrvcfg1S.so.2&path=//lib64 HTTP/1.1" 200 - "-" "Mozilla/5.0 (Windows NT 11.0; Win64; x64) AppleWebKit/537.36 (KHTML, like Gecko) Chrome/124.0.6391.144 Safari/537.36" 450 **0/450416**
104.210.60.113 - - [13/Jan/2026:09:44:27 -0700] "GET /upload/941768052927.php?fileloc=//lib64/libpcap.so.1&path=//lib64 HTTP/1.1" 200 - "-" "Mozilla/5.0 (X11; Linux aarch64) AppleWebKit/537.36 (KHTML, like Gecko) Chrome/120.0.6942.121 Safari/537.36" 502 **0/502133**
104.210.60.113 - - [13/Jan/2026:09:44:27 -0700] "GET /upload/941768052927.php?fileloc=//lib64/liblcms2.so.2.0.8&path=//lib64 HTTP/1.1" 200 - "-" "Mozilla/5.0 (Macintosh; Intel Mac OS X 14_2_9) AppleWebKit/537.36 (KHTML, like Gecko) Chrome/122.0.6487.143 Safari/537.36" 482 **0/482363**
104.210.60.114 - - [13/Jan/2026:09:44:27 -0700] "GET /upload/941768052927.php?fileloc=//lib64/p11-kit-trust.so&path=//lib64 HTTP/1.1" 404 - "-" "Mozilla/5.0 (Windows NT 11.0; Win64; x64) AppleWebKit/537.36 (KHTML, like Gecko) Chrome/123.0.6836.109 Safari/537.36" 796 **0/796084**
104.210.60.113 - - [13/Jan/2026:09:44:27 -0700] "GET /upload/941768052927.php?fileloc=//lib64/libpcap.so.1&path=//lib64 HTTP/1.1" 200 - "-" "Mozilla/5.0 (Macintosh; Intel Mac OS X 15_5_4) AppleWebKit/537.36 (KHTML, like Gecko) Chrome/124.0.6091.146 Safari/537.36" 308 **0/308266**
104.42.173.254 - - [13/Jan/2026:09:44:27 -0700] "GET /upload/941768052927.php?fileloc=//lib64/libxcb-xtest.so.0&path=//lib64 HTTP/1.1" 404 - "-" "Mozilla/5.0 (Macintosh; Intel Mac OS X 15_2_5) AppleWebKit/537.36 (KHTML, like Gecko) Chrome/128.0.6694.169 Safari/537.36 Edg/128.0.2628.112" 337 **0/337339**
168.62.28.64 - - [13/Jan/2026:09:44:27 -0700] "GET /upload/941768052927.php?fileloc=/home/ni05r7l36tus/ssl/keys/bb2a0_a7b43_9460166fe2db5e59238263a15fbec249.key&path=/home/ni05r7l36tus/ssl/keys HTTP/1.1" 200 5876 "-" "Mozilla/5.0 (Windows NT 10.0; Win64; x64) AppleWebKit/537.36 (KHTML, like Gecko) Chrome/129.0.6475.180 Safari/537.36" 1123 **1/1123850**
104.42.173.253 - - [13/Jan/2026:09:44:27 -0700] "GET /upload/941768052927.php?fileloc=//sbin/chroot&path=//sbin HTTP/1.1" 200 20891 "-" "Mozilla/5.0 (Windows NT 11.0; Win64; x64; rv:133.0) Gecko/20100101 Firefox/133.0" 1099 **1/1099920**
168.62.28.65 - - [13/Jan/2026:09:44:27 -0700] "GET /upload/941768052927.php?fileloc=//lib64/libICE.so.6.3.0&path=//lib64 HTTP/1.1" 200 44958 "-" "Mozilla/5.0 (Windows NT 11.0; Win64; x64) AppleWebKit/537.36 (KHTML, like Gecko) Chrome/130.0.6259.172 Safari/537.36" 1161 **1/1161106**
168.62.28.64 - - [13/Jan/2026:09:44:27 -0700] "GET /upload/941768052927.php?fileloc=//lib64/libhdf5_hl_cpp.so.100&path=//lib64 HTTP/1.1" 200 9652 "-" "Mozilla/5.0 (Windows NT 10.0; Win64; x64) AppleWebKit/537.36 (KHTML, like Gecko) Chrome/130.0.6308.159 Safari/537.36" 1232 **1/1232478**
168.62.28.65 - - [13/Jan/2026:09:44:27 -0700] "GET /upload/941768052927.php?fileloc=//lib64/libXinerama.so.1&path=//lib64 HTTP/1.1" 200 8546 "-" "Mozilla/5.0 (Windows NT 11.0; Win64; x64) AppleWebKit/537.36 (KHTML, like Gecko) Chrome/120.0.6756.141 Safari/537.36" 1411 **1/1411552**
104.42.169.76 - - [13/Jan/2026:09:44:27 -0700] "GET /upload/941768052927.php?fileloc=//lib64/security/pam_mkhomedir.so&path=//lib64/security HTTP/1.1" 200 8218 "-" "Mozilla/5.0 (Windows NT 10.0; Win64; x64) AppleWebKit/537.36 (KHTML, like Gecko) Chrome/123.0.6700.136 Safari/537.36 Edg/123.0.2548.96" 1497 **1/1497994**
104.210.60.113 - - [13/Jan/2026:09:44:27 -0700] "GET /upload/941768052927.php?fileloc=//lib64/libcupsimage.so.2&path=//lib64 HTTP/1.1" 200 20151 "-" "Mozilla/5.0 (Windows NT 10.0; Win64; x64; rv:122.0) Gecko/20100101 Firefox/122.0" 1607 **1/1607505**
104.42.173.253 - - [13/Jan/2026:09:44:27 -0700] "GET /upload/941768052927.php?fileloc=//lib64/libgettextpo.so.0.5.4&path=//lib64 HTTP/1.1" 200 139647 "-" "Mozilla/5.0 (Windows NT 11.0; Win64; x64) AppleWebKit/537.36 (KHTML, like Gecko) Chrome/130.0.6059.100 Safari/537.36" 1529 **1/1529521**
104.42.173.255 - - [13/Jan/2026:09:44:27 -0700] "GET /upload/941768052927.php?fileloc=//lib64/libdhash.so.1.1.0&path=//lib64 HTTP/1.1" 200 10560 "-" "Mozilla/5.0 (Windows NT 11.0; Win64; x64) AppleWebKit/537.36 (KHTML, like Gecko) Chrome/128.0.6853.197 Safari/537.36" 1556 **1/1556753**
168.62.28.66 - - [13/Jan/2026:09:44:27 -0700] "GET /upload/941768052927.php?fileloc=//lib64/libtdsS.so&path=//lib64 HTTP/1.1" 200 7042 "-" "Mozilla/5.0 (Windows NT 11.0; Win64; x64) AppleWebKit/537.36 (KHTML, like Gecko) Chrome/128.0.6868.170 Safari/537.36" 1569 **1/1569604**
104.42.173.255 - - [13/Jan/2026:09:44:27 -0700] "GET /upload/941768052927.php?fileloc=//lib64/libpanel.so.6&path=//lib64 HTTP/1.1" 200 9640 "-" "Mozilla/5.0 (Macintosh; Intel Mac OS X 15_1_6) AppleWebKit/537.36 (KHTML, like Gecko) Chrome/124.0.6076.126 Safari/537.36" 1605 **1/1605844**
104.42.173.253 - - [13/Jan/2026:09:44:27 -0700] "GET /upload/941768052927.php?fileloc=/home/ni05r7l36tus/ssl/keys/c91c8_ba497_1b3ed3377fd25aa2e6a84f35469a1517.key&path=/home/ni05r7l36tus/ssl/keys HTTP/1.1" 200 5874 "-" "Mozilla/5.0 (Macintosh; Intel Mac OS X 14_4_4) AppleWebKit/618.7 (KHTML, like Gecko) Version/17.1 Safari/618.7" 1727 **1/1727038**
104.42.169.79 - - [13/Jan/2026:09:44:27 -0700] "GET /upload/941768052927.php?fileloc=//lib64/libodbcdrvcfg1S.so.2&path=//lib64 HTTP/1.1" 200 6974 "-" "Mozilla/5.0 (Windows NT 10.0; Win64; x64) AppleWebKit/537.36 (KHTML, like Gecko) Chrome/123.0.6023.108 Safari/537.36 Edg/123.0.2515.145" 1237 **1/1237385**
104.42.173.255 - - [13/Jan/2026:09:44:27 -0700] "GET /upload/941768052927.php?fileloc=//lib64/libSM.so.6&path=//lib64 HTTP/1.1" 200 18263 "-" "Mozilla/5.0 (X11; Linux x86_64; rv:123.0) Gecko/20100101 Firefox/123.0" 1862 **1/1862167**
168.62.28.65 - - [13/Jan/2026:09:44:27 -0700] "GET /upload/941768052927.php?fileloc=//lib64/libcupsppdc.so.1&path=//lib64 HTTP/1.1" 200 50721 "-" "Mozilla/5.0 (Windows NT 10.0; Win64; x64) AppleWebKit/537.36 (KHTML, like Gecko) Chrome/125.0.6057.183 Safari/537.36" 2069 **2/2069123**
104.42.169.78 - - [13/Jan/2026:09:44:27 -0700] "GET /upload/941768052927.php?fileloc=//lib64/libbrotlidec.so.1&path=//lib64 HTTP/1.1" 200 25786 "-" "Mozilla/5.0 (Windows NT 10.0; Win64; x64) AppleWebKit/537.36 (KHTML, like Gecko) Chrome/126.0.6010.129 Safari/537.36" 2215 **2/2215006**
104.42.173.253 - - [13/Jan/2026:09:44:27 -0700] "GET /upload/941768052927.php?fileloc=//lib64/libhiredis.so.0.13&path=//lib64 HTTP/1.1" 200 27940 "-" "Mozilla/5.0 (Windows NT 11.0; Win64; x64) AppleWebKit/537.36 (KHTML, like Gecko) Chrome/130.0.6731.166 Safari/537.36 Edg/130.0.2165.63" 2188 **2/2188058**
104.42.169.79 - - [13/Jan/2026:09:44:27 -0700] "GET /upload/941768052927.php?fileloc=//lib64/libhdf5_cpp.so.103.1.0&path=//lib64 HTTP/1.1" 200 139031 "-" "Mozilla/5.0 (X11; Linux x86_64) AppleWebKit/537.36 (KHTML, like Gecko) Chrome/126.0.6282.139 Safari/537.36" 2298 **2/2298449**
168.62.28.65 - - [13/Jan/2026:09:44:28 -0700] "GET /upload/941768052927.php?fileloc=//lib64/libICE.so.6.3.0&path=//lib64 HTTP/1.1" 200 44958 "-" "Mozilla/5.0 (Macintosh; Intel Mac OS X 14_4_4) AppleWebKit/619.8 (KHTML, like Gecko) Version/18.2 Safari/619.8" 1141 **1/1141315**
168.62.28.64 - - [13/Jan/2026:09:44:28 -0700] "GET /upload/941768052927.php?fileloc=/home/ni05r7l36tus/ssl/keys/bb2a0_a7b43_9460166fe2db5e59238263a15fbec249.key&path=/home/ni05r7l36tus/ssl/keys HTTP/1.1" 200 5876 "-" "Mozilla/5.0 (Windows NT 11.0; Win64; x64) AppleWebKit/537.36 (KHTML, like Gecko) Chrome/127.0.6311.152 Safari/537.36" 1171 **1/1171400**
104.42.173.253 - - [13/Jan/2026:09:44:28 -0700] "GET /upload/941768052927.php?fileloc=//sbin/chroot&path=//sbin HTTP/1.1" 200 20891 "-" "Mozilla/5.0 (Macintosh; Intel Mac OS X 15_5_4) AppleWebKit/537.36 (KHTML, like Gecko) Chrome/130.0.6745.107 Safari/537.36" 1172 **1/1172141**
104.210.60.113 - - [13/Jan/2026:09:44:27 -0700] "GET /upload/941768052927.php?fileloc=//lib64/liblcms2.so.2.0.8&path=//lib64 HTTP/1.1" 200 150348 "-" "Mozilla/5.0 (Windows NT 10.0; Win64; x64) AppleWebKit/537.36 (KHTML, like Gecko) Chrome/125.0.6734.112 Safari/537.36" 1819 **1/1819355**
168.62.28.65 - - [13/Jan/2026:09:44:28 -0700] "GET /upload/941768052927.php?fileloc=//lib64/libXinerama.so.1&path=//lib64 HTTP/1.1" 200 8546 "-" "Mozilla/5.0 (Windows NT 10.0; Win64; x64) AppleWebKit/537.36 (KHTML, like Gecko) Chrome/128.0.6172.116 Safari/537.36" 928 **0/928830**
168.62.28.66 - - [13/Jan/2026:09:44:29 -0700] "GET /upload/941768052927.php?fileloc=//lib64/libtdsS.so&path=//lib64 HTTP/1.1" 200 7042 "-" "Mozilla/5.0 (Windows NT 11.0; Win64; x64; rv:125.0) Gecko/20100101 Firefox/125.0" 864 **0/864294**
168.62.28.64 - - [13/Jan/2026:09:44:28 -0700] "GET /upload/941768052927.php?fileloc=//lib64/libhdf5_hl_cpp.so.100&path=//lib64 HTTP/1.1" 200 9652 "-" "Mozilla/5.0 (Macintosh; Intel Mac OS X 14_3_0) AppleWebKit/537.36 (KHTML, like Gecko) Chrome/126.0.6399.194 Safari/537.36" 1271 **1/1271471**
104.210.60.113 - - [13/Jan/2026:09:44:29 -0700] "GET /upload/941768052927.php?fileloc=//lib64/libcupsimage.so.2&path=//lib64 HTTP/1.1" 200 20151 "-" "Mozilla/5.0 (Macintosh; Intel Mac OS X 15_0_0; rv:130.0) Gecko/20100101 Firefox/130.0" 1024 **1/1024260**
104.42.173.255 - - [13/Jan/2026:09:44:29 -0700] "GET /upload/941768052927.php?fileloc=//lib64/libpanel.so.6&path=//lib64 HTTP/1.1" 200 9640 "-" "Mozilla/5.0 (Windows NT 11.0; Win64; x64) AppleWebKit/537.36 (KHTML, like Gecko) Chrome/124.0.6521.148 Safari/537.36" 1076 **1/1076531**
104.42.169.76 - - [13/Jan/2026:09:44:28 -0700] "GET /upload/941768052927.php?fileloc=//lib64/security/pam_mkhomedir.so&path=//lib64/security HTTP/1.1" 200 8218 "-" "Mozilla/5.0 (Macintosh; Intel Mac OS X 15_4_4) AppleWebKit/537.36 (KHTML, like Gecko) Chrome/129.0.6057.126 Safari/537.36" 1277 **1/1277521**
104.42.173.255 - - [13/Jan/2026:09:44:29 -0700] "GET /upload/941768052927.php?fileloc=//lib64/libdhash.so.1.1.0&path=//lib64 HTTP/1.1" 200 10560 "-" "Mozilla/5.0 (Windows NT 11.0; Win64; x64) AppleWebKit/537.36 (KHTML, like Gecko) Chrome/128.0.6643.140 Safari/537.36" 1137 **1/1137906**
104.42.173.253 - - [13/Jan/2026:09:44:29 -0700] "GET /upload/941768052927.php?fileloc=/home/ni05r7l36tus/ssl/keys/c91c8_ba497_1b3ed3377fd25aa2e6a84f35469a1517.key&path=/home/ni05r7l36tus/ssl/keys HTTP/1.1" 200 5874 "-" "Mozilla/5.0 (Macintosh; Intel Mac OS X 15_3_1) AppleWebKit/615.4 (KHTML, like Gecko) Version/17.2 Safari/615.4" 1115 **1/1115071**
104.42.173.253 - - [13/Jan/2026:09:44:29 -0700] "GET /upload/941768052927.php?fileloc=//lib64/libgettextpo.so.0.5.4&path=//lib64 HTTP/1.1" 200 139647 "-" "Mozilla/5.0 (Macintosh; Intel Mac OS X 14_6_0) AppleWebKit/537.36 (KHTML, like Gecko) Chrome/126.0.6392.128 Safari/537.36" 1283 **1/1283760**
104.42.173.253 - - [13/Jan/2026:09:44:29 -0700] "GET /upload/941768052927.php?fileloc=//lib64/libhiredis.so.0.13&path=//lib64 HTTP/1.1" 200 27940 "-" "Mozilla/5.0 (Windows NT 10.0; Win64; x64) AppleWebKit/537.36 (KHTML, like Gecko) Chrome/126.0.6580.164 Safari/537.36" 732 **0/732389**
104.42.173.255 - - [13/Jan/2026:09:44:29 -0700] "GET /upload/941768052927.php?fileloc=//lib64/libSM.so.6&path=//lib64 HTTP/1.1" 200 18263 "-" "Mozilla/5.0 (X11; Linux x86_64) AppleWebKit/537.36 (KHTML, like Gecko) Chrome/130.0.6943.184 Safari/537.36" 1168 **1/1168880**
168.62.28.65 - - [13/Jan/2026:09:44:29 -0700] "GET /upload/941768052927.php?fileloc=//lib64/libcupsppdc.so.1&path=//lib64 HTTP/1.1" 200 50721 "-" "Mozilla/5.0 (X11; Linux x86_64) AppleWebKit/537.36 (KHTML, like Gecko) Chrome/129.0.6747.173 Safari/537.36" 917 **0/917218**
104.42.169.78 - - [13/Jan/2026:09:44:29 -0700] "GET /upload/941768052927.php?fileloc=//lib64/libbrotlidec.so.1&path=//lib64 HTTP/1.1" 200 25786 "-" "Mozilla/5.0 (Macintosh; Intel Mac OS X 15_1_0; rv:127.0) Gecko/20100101 Firefox/127.0" 822 **0/822020**
104.42.169.79 - - [13/Jan/2026:09:44:29 -0700] "GET /upload/941768052927.php?fileloc=//lib64/libhdf5_cpp.so.103.1.0&path=//lib64 HTTP/1.1" 200 139031 "-" "Mozilla/5.0 (Windows NT 10.0; Win64; x64) AppleWebKit/537.36 (KHTML, like Gecko) Chrome/121.0.6651.104 Safari/537.36" 945 **0/945067**
