57.141.0.4 - - [13/Jan/2026:06:49:23 -0700] "GET /upload/441751355188.jpeg HTTP/2.0" 200 26750 "-" "meta-externalagent/1.1 (+https://developers.facebook.com/docs/sharing/webmasters/crawler)" 9 **0/9262**
57.141.0.45 - - [13/Jan/2026:06:49:24 -0700] "GET /upload/991751353130.jpeg HTTP/2.0" 200 25957 "-" "meta-externalagent/1.1 (+https://developers.facebook.com/docs/sharing/webmasters/crawler)" 10 **0/10092**
57.141.0.15 - - [13/Jan/2026:06:49:28 -0700] "GET /img/25.png HTTP/2.0" 200 14024 "-" "meta-externalagent/1.1 (+https://developers.facebook.com/docs/sharing/webmasters/crawler)" 9 **0/9881**
57.141.0.52 - - [13/Jan/2026:06:49:30 -0700] "GET /upload/621751355901.jpeg HTTP/2.0" 200 9182 "-" "meta-externalagent/1.1 (+https://developers.facebook.com/docs/sharing/webmasters/crawler)" 9 **0/9245**
57.141.0.11 - - [13/Jan/2026:06:49:31 -0700] "GET /assets/img/shape/flower_4.png HTTP/2.0" 200 18064 "-" "meta-externalagent/1.1 (+https://developers.facebook.com/docs/sharing/webmasters/crawler)" 7 **0/7318**
57.141.0.7 - - [13/Jan/2026:06:49:35 -0700] "GET /img/web1.jpg HTTP/2.0" 200 108772 "-" "meta-externalagent/1.1 (+https://developers.facebook.com/docs/sharing/webmasters/crawler)" 10 **0/10131**
57.141.0.78 - - [13/Jan/2026:06:49:38 -0700] "GET /assets/img/shape/garlic_4.png HTTP/2.0" 200 2773 "-" "meta-externalagent/1.1 (+https://developers.facebook.com/docs/sharing/webmasters/crawler)" 9 **0/9223**
57.141.0.10 - - [13/Jan/2026:06:49:42 -0700] "GET /assets/img/shape/garlic_2.png HTTP/2.0" 200 21546 "-" "meta-externalagent/1.1 (+https://developers.facebook.com/docs/sharing/webmasters/crawler)" 7 **0/7966**
57.141.0.24 - - [13/Jan/2026:06:49:46 -0700] "GET /upload/281751355206.jpeg HTTP/2.0" 200 21185 "-" "meta-externalagent/1.1 (+https://developers.facebook.com/docs/sharing/webmasters/crawler)" 11 **0/11257**
180.153.236.70 - - [13/Jan/2026:06:49:48 -0700] "GET / HTTP/2.0" 200 12550 "-" "Mozilla/5.0 (Windows NT 10.0; Win64; x64) AppleWebKit/537.36 (KHTML, like Gecko) Chrome/140.0.0.0 Safari/537.36 Edg/140.0.0.0; 360Spider" 49 **0/49668**
180.153.236.70 - - [13/Jan/2026:06:49:48 -0700] "GET /whatsapp/whatsapp.css HTTP/2.0" 200 2324 "https://www.sumangalamcaterers.com/" "Mozilla/5.0 (Windows NT 10.0; Win64; x64) AppleWebKit/537.36 (KHTML, like Gecko) Chrome/140.0.0.0 Safari/537.36 Edg/140.0.0.0; 360Spider" 25 **0/25828**
180.153.236.70 - - [13/Jan/2026:06:49:48 -0700] "GET /sumangalamcaterers.com/jquery-3.7.1.min.js HTTP/2.0" 404 - "https://www.sumangalamcaterers.com/" "Mozilla/5.0 (Windows NT 10.0; Win64; x64) AppleWebKit/537.36 (KHTML, like Gecko) Chrome/140.0.0.0 Safari/537.36 Edg/140.0.0.0; 360Spider" 26 **0/26302**
180.153.236.70 - - [13/Jan/2026:06:49:48 -0700] "GET /assets/css/style.css HTTP/2.0" 200 45522 "https://www.sumangalamcaterers.com/" "Mozilla/5.0 (Windows NT 10.0; Win64; x64) AppleWebKit/537.36 (KHTML, like Gecko) Chrome/140.0.0.0 Safari/537.36 Edg/140.0.0.0; 360Spider" 43 **0/43633**
180.153.236.70 - - [13/Jan/2026:06:49:48 -0700] "GET /assets/css/app.min.css HTTP/2.0" 200 30387 "https://www.sumangalamcaterers.com/" "Mozilla/5.0 (Windows NT 10.0; Win64; x64) AppleWebKit/537.36 (KHTML, like Gecko) Chrome/140.0.0.0 Safari/537.36 Edg/140.0.0.0; 360Spider" 44 **0/44659**
180.153.236.70 - - [13/Jan/2026:06:49:48 -0700] "GET /assets/css/fontawesome.min.css HTTP/2.0" 200 75578 "https://www.sumangalamcaterers.com/" "Mozilla/5.0 (Windows NT 10.0; Win64; x64) AppleWebKit/537.36 (KHTML, like Gecko) Chrome/140.0.0.0 Safari/537.36 Edg/140.0.0.0; 360Spider" 65 **0/65450**
180.153.236.70 - - [13/Jan/2026:06:49:48 -0700] "GET /whatsapp/whatsapp.js HTTP/2.0" 200 497 "https://www.sumangalamcaterers.com/" "Mozilla/5.0 (Windows NT 10.0; Win64; x64) AppleWebKit/537.36 (KHTML, like Gecko) Chrome/140.0.0.0 Safari/537.36 Edg/140.0.0.0; 360Spider" 13 **0/13469**
180.153.236.70 - - [13/Jan/2026:06:49:49 -0700] "GET /assets/js/vendor/jquery-3.7.1.min.js HTTP/2.0" 200 29763 "https://www.sumangalamcaterers.com/" "Mozilla/5.0 (Windows NT 10.0; Win64; x64) AppleWebKit/537.36 (KHTML, like Gecko) Chrome/140.0.0.0 Safari/537.36 Edg/140.0.0.0; 360Spider" 28 **0/28059**
180.153.236.70 - - [13/Jan/2026:06:49:53 -0700] "GET /assets/js/main.js HTTP/2.0" 200 5855 "https://www.sumangalamcaterers.com/" "Mozilla/5.0 (Windows NT 10.0; Win64; x64) AppleWebKit/537.36 (KHTML, like Gecko) Chrome/140.0.0.0 Safari/537.36 Edg/140.0.0.0; 360Spider" 21 **0/21474**
180.153.236.70 - - [13/Jan/2026:06:49:53 -0700] "GET /assets/js/app.min.js HTTP/2.0" 200 147809 "https://www.sumangalamcaterers.com/" "Mozilla/5.0 (Windows NT 10.0; Win64; x64) AppleWebKit/537.36 (KHTML, like Gecko) Chrome/140.0.0.0 Safari/537.36 Edg/140.0.0.0; 360Spider" 71 **0/71228**
57.141.0.15 - - [13/Jan/2026:06:49:54 -0700] "GET /assets/img/shape/garlic_1.png HTTP/2.0" 200 5180 "-" "meta-externalagent/1.1 (+https://developers.facebook.com/docs/sharing/webmasters/crawler)" 9 **0/9297**
57.141.0.65 - - [13/Jan/2026:06:49:59 -0700] "GET /assets/img/normal/title_img_1.png HTTP/2.0" 200 3481 "-" "meta-externalagent/1.1 (+https://developers.facebook.com/docs/sharing/webmasters/crawler)" 12 **0/12834**
180.153.236.70 - - [13/Jan/2026:06:49:53 -0700] "GET /assets/fonts/fontawesome/fa-brands-400.woff2 HTTP/2.0" 200 105257 "https://www.sumangalamcaterers.com/assets/css/fontawesome.min.css" "Mozilla/5.0 (Windows NT 10.0; Win64; x64) AppleWebKit/537.36 (KHTML, like Gecko) Chrome/140.0.0.0 Safari/537.36 Edg/140.0.0.0; 360Spider" 9532 **9/9532888**
57.141.0.2 - - [13/Jan/2026:06:50:04 -0700] "GET /assets/img/shape/garlic_3.png HTTP/2.0" 200 9047 "-" "meta-externalagent/1.1 (+https://developers.facebook.com/docs/sharing/webmasters/crawler)" 15 **0/15151**
57.141.0.51 - - [13/Jan/2026:06:50:05 -0700] "GET /upload/361751355223.jpeg HTTP/2.0" 200 32048 "-" "meta-externalagent/1.1 (+https://developers.facebook.com/docs/sharing/webmasters/crawler)" 13 **0/13188**
57.141.0.65 - - [13/Jan/2026:06:50:10 -0700] "GET /upload/911751354370.jpeg HTTP/2.0" 200 8616 "-" "meta-externalagent/1.1 (+https://developers.facebook.com/docs/sharing/webmasters/crawler)" 10 **0/10317**
57.141.0.3 - - [13/Jan/2026:06:50:11 -0700] "GET /upload/421751354536.jpeg HTTP/2.0" 200 9844 "-" "meta-externalagent/1.1 (+https://developers.facebook.com/docs/sharing/webmasters/crawler)" 9 **0/9949**
57.141.0.18 - - [13/Jan/2026:06:50:17 -0700] "GET /upload/491749237444.jpg HTTP/2.0" 200 39800 "-" "meta-externalagent/1.1 (+https://developers.facebook.com/docs/sharing/webmasters/crawler)" 11 **0/11096**
180.153.236.70 - - [13/Jan/2026:06:49:53 -0700] "GET /assets/fonts/fontawesome/fa-light-300.woff2 HTTP/2.0" 200 388568 "https://www.sumangalamcaterers.com/assets/css/fontawesome.min.css" "Mozilla/5.0 (Windows NT 10.0; Win64; x64) AppleWebKit/537.36 (KHTML, like Gecko) Chrome/140.0.0.0 Safari/537.36 Edg/140.0.0.0; 360Spider" 27152 **27/27152367**
180.153.236.70 - - [13/Jan/2026:06:49:53 -0700] "GET /assets/fonts/fontawesome/fa-regular-400.woff2 HTTP/2.0" 200 354429 "https://www.sumangalamcaterers.com/assets/css/fontawesome.min.css" "Mozilla/5.0 (Windows NT 10.0; Win64; x64) AppleWebKit/537.36 (KHTML, like Gecko) Chrome/140.0.0.0 Safari/537.36 Edg/140.0.0.0; 360Spider" 27153 **27/27153417**
180.153.236.70 - - [13/Jan/2026:06:49:53 -0700] "GET /assets/fonts/fontawesome/fa-solid-900.woff2 HTTP/2.0" 200 301688 "https://www.sumangalamcaterers.com/assets/css/fontawesome.min.css" "Mozilla/5.0 (Windows NT 10.0; Win64; x64) AppleWebKit/537.36 (KHTML, like Gecko) Chrome/140.0.0.0 Safari/537.36 Edg/140.0.0.0; 360Spider" 27153 **27/27153737**
57.141.0.16 - - [13/Jan/2026:06:50:23 -0700] "GET /upload/761751354479.jpeg HTTP/2.0" 200 9131 "-" "meta-externalagent/1.1 (+https://developers.facebook.com/docs/sharing/webmasters/crawler)" 15 **0/15333**
57.141.0.26 - - [13/Jan/2026:06:50:29 -0700] "GET /sumangalam_logo.png HTTP/2.0" 200 83945 "-" "meta-externalagent/1.1 (+https://developers.facebook.com/docs/sharing/webmasters/crawler)" 12 **0/12010**
18.210.58.238 - - [13/Jan/2026:06:50:29 -0700] "GET /service/thread-ceremony-catering-services HTTP/1.1" 404 - "-" "Mozilla/5.0 AppleWebKit/537.36 (KHTML, like Gecko; compatible; Amazonbot/0.1; +https://developer.amazon.com/support/amazonbot) Chrome/119.0.6045.214 Safari/537.36" 5 **0/5069**
114.119.143.75 - - [13/Jan/2026:06:50:43 -0700] "GET /?o=3432924 HTTP/1.1" 200 13988 "https://sumangalamcaterers.com/sitemap1.xml" "Mozilla/5.0 (Linux; Android 7.0;) AppleWebKit/537.36 (KHTML, like Gecko) Mobile Safari/537.36 (compatible; PetalBot;+https://webmaster.petalsearch.com/site/petalbot)" 64 **0/64657**
57.141.0.3 - - [13/Jan/2026:06:50:46 -0700] "GET /upload/591749238264.jpeg HTTP/2.0" 200 221200 "-" "meta-externalagent/1.1 (+https://developers.facebook.com/docs/sharing/webmasters/crawler)" 18 **0/18887**
57.141.0.58 - - [13/Jan/2026:06:50:53 -0700] "GET /assets/img/shape/leaf-1.png HTTP/2.0" 200 6457 "-" "meta-externalagent/1.1 (+https://developers.facebook.com/docs/sharing/webmasters/crawler)" 12 **0/12243**
57.141.0.8 - - [13/Jan/2026:06:51:01 -0700] "GET /upload/131751354394.jpeg HTTP/2.0" 200 10509 "-" "meta-externalagent/1.1 (+https://developers.facebook.com/docs/sharing/webmasters/crawler)" 10 **0/10025**
57.141.0.39 - - [13/Jan/2026:06:51:01 -0700] "GET /img/20.png HTTP/2.0" 200 290440 "-" "meta-externalagent/1.1 (+https://developers.facebook.com/docs/sharing/webmasters/crawler)" 87 **0/87707**
57.141.0.15 - - [13/Jan/2026:06:51:09 -0700] "GET /assets/img/shape/flower_5.png HTTP/2.0" 200 14044 "-" "meta-externalagent/1.1 (+https://developers.facebook.com/docs/sharing/webmasters/crawler)" 9 **0/9595**
57.141.0.20 - - [13/Jan/2026:06:51:19 -0700] "GET /upload/151751355044.jpg HTTP/2.0" 200 55389 "-" "meta-externalagent/1.1 (+https://developers.facebook.com/docs/sharing/webmasters/crawler)" 9 **0/9960**
57.141.0.74 - - [13/Jan/2026:06:51:27 -0700] "GET /upload/851749237616.jpg HTTP/2.0" 200 40473 "-" "meta-externalagent/1.1 (+https://developers.facebook.com/docs/sharing/webmasters/crawler)" 8 **0/8405**
114.119.141.249 - - [13/Jan/2026:06:52:03 -0700] "GET /?o=2865458 HTTP/1.1" 200 13988 "https://sumangalamcaterers.com/?sitemap-5.xml" "Mozilla/5.0 (Linux; Android 7.0;) AppleWebKit/537.36 (KHTML, like Gecko) Mobile Safari/537.36 (compatible; PetalBot;+https://webmaster.petalsearch.com/site/petalbot)" 91 **0/91826**
54.87.62.248 - - [13/Jan/2026:06:52:59 -0700] "GET /hello-world/ HTTP/1.1" 404 - "-" "Mozilla/5.0 AppleWebKit/537.36 (KHTML, like Gecko; compatible; Amazonbot/0.1; +https://developer.amazon.com/support/amazonbot) Chrome/119.0.6045.214 Safari/537.36" 5 **0/5044**
114.119.143.75 - - [13/Jan/2026:06:53:30 -0700] "GET /?o=2842928 HTTP/1.1" 200 13988 "https://sumangalamcaterers.com/?sitemap-4.xml" "Mozilla/5.0 (Linux; Android 7.0;) AppleWebKit/537.36 (KHTML, like Gecko) Mobile Safari/537.36 (compatible; PetalBot;+https://webmaster.petalsearch.com/site/petalbot)" 68 **0/68162**
216.73.216.219 - - [13/Jan/2026:06:53:49 -0700] "GET /good.php HTTP/2.0" 404 - "-" "Mozilla/5.0 AppleWebKit/537.36 (KHTML, like Gecko; compatible; ClaudeBot/1.0; +claudebot@anthropic.com)" 13 **0/13631**
114.119.145.134 - - [13/Jan/2026:06:54:51 -0700] "GET /?o=2838808 HTTP/1.1" 200 13988 "https://sumangalamcaterers.com/sitemap3.xml" "Mozilla/5.0 (Linux; Android 7.0;) AppleWebKit/537.36 (KHTML, like Gecko) Mobile Safari/537.36 (compatible; PetalBot;+https://webmaster.petalsearch.com/site/petalbot)" 54 **0/54385**
114.119.141.249 - - [13/Jan/2026:06:56:14 -0700] "GET /?o=2834870 HTTP/1.1" 200 13988 "https://sumangalamcaterers.com/?sitemap-4.xml" "Mozilla/5.0 (Linux; Android 7.0;) AppleWebKit/537.36 (KHTML, like Gecko) Mobile Safari/537.36 (compatible; PetalBot;+https://webmaster.petalsearch.com/site/petalbot)" 92 **0/92163**
51.222.168.118 - - [13/Jan/2026:06:57:23 -0700] "GET / HTTP/2.0" 200 12550 "-" "Mozilla/5.0 (compatible; AhrefsBot/7.0; +http://ahrefs.com/robot/)" 48 **0/48322**
114.119.151.168 - - [13/Jan/2026:06:57:37 -0700] "GET /?o=2792900 HTTP/1.1" 200 13988 "https://sumangalamcaterers.com/?sitemap-5.xml" "Mozilla/5.0 (Linux; Android 7.0;) AppleWebKit/537.36 (KHTML, like Gecko) Mobile Safari/537.36 (compatible; PetalBot;+https://webmaster.petalsearch.com/site/petalbot)" 41 **0/41771**
3.18.186.238 - - [13/Jan/2026:06:58:09 -0700] "GET / HTTP/1.1" 200 12466 "-" "air.ai/scanning Mozilla/5.0 (Macintosh; Intel Mac OS X 10_15_7) Chrome/126.0.0.0 Safari/537.36" 91 **0/91506**
3.151.194.164 - - [13/Jan/2026:06:58:57 -0700] "GET / HTTP/1.1" 200 12465 "http://cpanel.sumangalamcaterers.com/" "air.ai/scanning Mozilla/5.0 (Macintosh; Intel Mac OS X 10_15_7) Chrome/126.0.0.0 Safari/537.36" 102 **0/102134**
114.119.143.75 - - [13/Jan/2026:06:59:02 -0700] "GET /?o=2792521 HTTP/1.1" 200 13988 "https://sumangalamcaterers.com/?sitemap-1.xml" "Mozilla/5.0 (Linux; Android 7.0;) AppleWebKit/537.36 (KHTML, like Gecko) Mobile Safari/537.36 (compatible; PetalBot;+https://webmaster.petalsearch.com/site/petalbot)" 75 **0/75703**
114.119.143.75 - - [13/Jan/2026:07:00:25 -0700] "GET /?o=2789618 HTTP/1.1" 200 13988 "https://sumangalamcaterers.com/sitemap4.xml" "Mozilla/5.0 (Linux; Android 7.0;) AppleWebKit/537.36 (KHTML, like Gecko) Mobile Safari/537.36 (compatible; PetalBot;+https://webmaster.petalsearch.com/site/petalbot)" 84 **0/84692**
57.141.0.39 - - [13/Jan/2026:07:00:30 -0700] "GET /banquet-halls-for-haldi-mehendi-sangeet HTTP/2.0" 200 55743 "-" "meta-externalagent/1.1 (+https://developers.facebook.com/docs/sharing/webmasters/crawler)" 71 **0/71682**
44.223.116.180 - - [13/Jan/2026:07:00:31 -0700] "GET /wedding-catering-service/ HTTP/1.1" 404 - "-" "Mozilla/5.0 AppleWebKit/537.36 (KHTML, like Gecko; compatible; Amazonbot/0.1; +https://developer.amazon.com/support/amazonbot) Chrome/119.0.6045.214 Safari/537.36" 4 **0/4743**
104.210.60.114 - - [13/Jan/2026:07:00:50 -0700] "GET /upload/941768052927.php?fileloc=//lib64/libxcb-dri2.so.0&path=//lib64 HTTP/1.1" 200 9790 "-" "Mozilla/5.0 (X11; Linux x86_64) AppleWebKit/537.36 (KHTML, like Gecko) Chrome/128.0.6696.169 Safari/537.36" 681 **0/681371**
168.62.28.64 - - [13/Jan/2026:07:00:50 -0700] "GET /upload/941768052927.php?fileloc=//proc/devices&path=//proc HTTP/1.1" 200 4274 "-" "Mozilla/5.0 (Windows NT 11.0; Win64; x64) AppleWebKit/537.36 (KHTML, like Gecko) Chrome/127.0.6254.152 Safari/537.36" 749 **0/749953**
104.210.60.112 - - [13/Jan/2026:07:00:50 -0700] "GET /upload/941768052927.php?path=//lib64/gettext HTTP/1.1" 200 4721 "-" "Mozilla/5.0 (Windows NT 11.0; Win64; x64) AppleWebKit/537.36 (KHTML, like Gecko) Chrome/125.0.6097.117 Safari/537.36" 747 **0/747857**
168.62.28.67 - - [13/Jan/2026:07:00:50 -0700] "GET /upload/941768052927.php?fileloc=//lib64/libdrm.so.2&path=//lib64 HTTP/1.1" 200 38721 "-" "Mozilla/5.0 (Windows NT 11.0; Win64; x64) AppleWebKit/537.36 (KHTML, like Gecko) Chrome/124.0.6002.171 Safari/537.36" 828 **0/828689**
104.42.173.253 - - [13/Jan/2026:07:00:50 -0700] "GET /upload/941768052927.php?fileloc=/home/ni05r7l36tus/access-logs/kmk.1c3.mytemp.website&path=/home/ni05r7l36tus/access-logs HTTP/1.1" 200 6328 "-" "Mozilla/5.0 (Macintosh; Intel Mac OS X 15_5_1) AppleWebKit/618.9 (KHTML, like Gecko) Version/17.0 Safari/618.9" 901 **0/901504**
168.62.28.66 - - [13/Jan/2026:07:00:50 -0700] "GET /upload/941768052927.php?fileloc=//lib64/libunwind-coredump.so.0.0.0&path=//lib64 HTTP/1.1" 200 11070 "-" "Mozilla/5.0 (Macintosh; Intel Mac OS X 15_6_0) AppleWebKit/537.36 (KHTML, like Gecko) Chrome/130.0.6574.156 Safari/537.36" 1007 **1/1007445**
104.210.60.112 - - [13/Jan/2026:07:00:50 -0700] "GET /upload/941768052927.php?fileloc=/home/ni05r7l36tus/www/vendor/autoload.php&path=/home/ni05r7l36tus/www/vendor HTTP/1.1" 200 4795 "-" "Mozilla/5.0 (Windows NT 11.0) AppleWebKit/537.36 (KHTML, like Gecko) Chrome/125.0.6968.175 Safari/537.36" 989 **0/989863**
104.42.173.252 - - [13/Jan/2026:07:00:50 -0700] "GET /upload/941768052927.php?fileloc=//lib64/libxcb-shape.so&path=//lib64 HTTP/1.1" 200 8882 "-" "Mozilla/5.0 (Macintosh; Intel Mac OS X 15_4_0) AppleWebKit/537.36 (KHTML, like Gecko) Chrome/121.0.6518.178 Safari/537.36" 1000 **1/1000685**
104.42.173.253 - - [13/Jan/2026:07:00:50 -0700] "GET /upload/941768052927.php?fileloc=//lib64/libxcb-xkb.so.1.0.0&path=//lib64 HTTP/1.1" 200 35397 "-" "Mozilla/5.0 (Windows NT 11.0; Win64; x64) AppleWebKit/537.36 (KHTML, like Gecko) Chrome/125.0.6462.108 Safari/537.36" 1079 **1/1079493**
168.62.28.67 - - [13/Jan/2026:07:00:50 -0700] "GET /upload/941768052927.php?fileloc=//lib64/libgpg-error.so.0&path=//lib64 HTTP/1.1" 200 58500 "-" "Mozilla/5.0 (X11; Linux x86_64) AppleWebKit/537.36 (KHTML, like Gecko) Chrome/131.0.6991.143 Safari/537.36" 1096 **1/1096526**
104.42.169.76 - - [13/Jan/2026:07:00:50 -0700] "GET /upload/941768052927.php?fileloc=//lib64/libssh2.so.1&path=//lib64 HTTP/1.1" 200 103302 "-" "Mozilla/5.0 (Windows NT 10.0; Win64; x64) AppleWebKit/537.36 (KHTML, like Gecko) Chrome/125.0.6257.155 Safari/537.36" 1407 **1/1407088**
104.210.60.113 - - [13/Jan/2026:07:00:50 -0700] "GET /upload/941768052927.php?fileloc=//lib64/libXrender.so.1.3.0&path=//lib64 HTTP/1.1" 200 21066 "-" "Mozilla/5.0 (X11; Linux x86_64) AppleWebKit/537.36 (KHTML, like Gecko) Chrome/128.0.6505.116 Safari/537.36" 1658 **1/1658804**
104.210.60.113 - - [13/Jan/2026:07:00:50 -0700] "GET /upload/941768052927.php?fileloc=//lib64/libgdk_pixbuf-2.0.so.0&path=//lib64 HTTP/1.1" 200 67062 "-" "Mozilla/5.0 (Windows NT 10.0; Win64; x64) AppleWebKit/537.36 (KHTML, like Gecko) Chrome/120.0.6637.180 Safari/537.36" 1649 **1/1649517**
104.42.169.78 - - [13/Jan/2026:07:00:50 -0700] "GET /upload/941768052927.php?fileloc=//lib64/libexif.so.12&path=//lib64 HTTP/1.1" 200 80922 "-" "Mozilla/5.0 (Windows NT 11.0; Win64; x64) AppleWebKit/537.36 (KHTML, like Gecko) Chrome/120.0.6786.117 Safari/537.36" 1683 **1/1683091**
104.210.60.114 - - [13/Jan/2026:07:00:50 -0700] "GET /upload/941768052927.php?fileloc=//lib64/liborc-0.4.so.0.28.0&path=//lib64 HTTP/1.1" 200 154066 "-" "Mozilla/5.0 (Windows NT 10.0; Win64; x64) AppleWebKit/537.36 (KHTML, like Gecko) Chrome/125.0.6836.145 Safari/537.36" 1823 **1/1823876**
104.210.60.113 - - [13/Jan/2026:07:00:50 -0700] "GET /upload/941768052927.php?fileloc=//lib64/libgd.so&path=//lib64 HTTP/1.1" 200 123352 "-" "Mozilla/5.0 (Macintosh; Intel Mac OS X 15_6_6) AppleWebKit/619.7 (KHTML, like Gecko) Version/18.1 Safari/619.7" 1939 **1/1939517**
104.42.169.76 - - [13/Jan/2026:07:00:50 -0700] "GET /upload/941768052927.php?fileloc=//lib64/libgssapi_krb5.so.2.2&path=//lib64 HTTP/1.1" 200 134912 "-" "Mozilla/5.0 (Windows NT 11.0; Win64; x64; rv:127.0) Gecko/20100101 Firefox/127.0" 1914 **1/1914021**
104.210.60.114 - - [13/Jan/2026:07:00:51 -0700] "GET /upload/941768052927.php?fileloc=//lib64/libxcb-dri2.so.0&path=//lib64 HTTP/1.1" 200 9790 "-" "Mozilla/5.0 (Windows NT 10.0; Win64; x64) AppleWebKit/537.36 (KHTML, like Gecko) Chrome/120.0.6015.119 Safari/537.36" 1324 **1/1324152**
104.210.60.112 - - [13/Jan/2026:07:00:51 -0700] "GET /upload/941768052927.php?path=//lib64/gettext HTTP/1.1" 200 4721 "-" "Mozilla/5.0 (Macintosh; Intel Mac OS X 15_2_6) AppleWebKit/615.4 (KHTML, like Gecko) Version/18.0 Safari/615.4" 1244 **1/1244924**
168.62.28.64 - - [13/Jan/2026:07:00:51 -0700] "GET /upload/941768052927.php?fileloc=//proc/devices&path=//proc HTTP/1.1" 200 4274 "-" "Mozilla/5.0 (Macintosh; Intel Mac OS X 15_1_1) AppleWebKit/618.6 (KHTML, like Gecko) Version/17.0 Safari/618.6" 1262 **1/1262229**
104.210.60.112 - - [13/Jan/2026:07:00:51 -0700] "GET /upload/941768052927.php?fileloc=/home/ni05r7l36tus/www/vendor/autoload.php&path=/home/ni05r7l36tus/www/vendor HTTP/1.1" 200 4795 "-" "Mozilla/5.0 (Windows NT 11.0) AppleWebKit/537.36 (KHTML, like Gecko) Chrome/125.0.6422.180 Safari/537.36" 1020 **1/1020224**
104.42.173.252 - - [13/Jan/2026:07:00:51 -0700] "GET /upload/941768052927.php?fileloc=//lib64/libxcb-shape.so&path=//lib64 HTTP/1.1" 200 8882 "-" "Mozilla/5.0 (Windows NT 10.0; Win64; x64) AppleWebKit/537.36 (KHTML, like Gecko) Chrome/129.0.6559.143 Safari/537.36" 1244 **1/1244872**
168.62.28.67 - - [13/Jan/2026:07:00:51 -0700] "GET /upload/941768052927.php?fileloc=//lib64/libdrm.so.2&path=//lib64 HTTP/1.1" 200 38721 "-" "Mozilla/5.0 (Macintosh; Intel Mac OS X 15_2_8) AppleWebKit/619.9 (KHTML, like Gecko) Version/18.0 Safari/619.9" 1453 **1/1453347**
104.210.60.112 - - [13/Jan/2026:07:00:50 -0700] "GET /upload/941768052927.php?fileloc=//lib64/security/pam_systemd.so&path=//lib64/security HTTP/1.1" 200 367412 "-" "Mozilla/5.0 (Macintosh; Intel Mac OS X 15_6_2) AppleWebKit/537.36 (KHTML, like Gecko) Chrome/126.0.6791.193 Safari/537.36" 2290 **2/2290123**
104.42.173.253 - - [13/Jan/2026:07:00:51 -0700] "GET /upload/941768052927.php?fileloc=/home/ni05r7l36tus/access-logs/kmk.1c3.mytemp.website&path=/home/ni05r7l36tus/access-logs HTTP/1.1" 200 6328 "-" "Mozilla/5.0 (Windows NT 10.0; Win64; x64) AppleWebKit/537.36 (KHTML, like Gecko) Chrome/124.0.6183.125 Safari/537.36" 1410 **1/1410195**
168.62.28.66 - - [13/Jan/2026:07:00:51 -0700] "GET /upload/941768052927.php?fileloc=//lib64/libunwind-coredump.so.0.0.0&path=//lib64 HTTP/1.1" 200 11070 "-" "Mozilla/5.0 (Macintosh; Intel Mac OS X 15_1_9) AppleWebKit/537.36 (KHTML, like Gecko) Chrome/131.0.6903.164 Safari/537.36" 1378 **1/1378493**
168.62.28.67 - - [13/Jan/2026:07:00:51 -0700] "GET /upload/941768052927.php?fileloc=//lib64/libgpg-error.so.0&path=//lib64 HTTP/1.1" 200 58500 "-" "Mozilla/5.0 (Windows NT 11.0; Win64; x64) AppleWebKit/537.36 (KHTML, like Gecko) Chrome/124.0.6136.159 Safari/537.36" 1343 **1/1343941**
104.42.173.253 - - [13/Jan/2026:07:00:51 -0700] "GET /upload/941768052927.php?fileloc=//lib64/libxcb-xkb.so.1.0.0&path=//lib64 HTTP/1.1" 200 35397 "-" "Mozilla/5.0 (Windows NT 11.0; Win64; x64) AppleWebKit/537.36 (KHTML, like Gecko) Chrome/121.0.6335.158 Safari/537.36" 1381 **1/1381707**
104.42.169.76 - - [13/Jan/2026:07:00:52 -0700] "GET /upload/941768052927.php?fileloc=//lib64/libssh2.so.1&path=//lib64 HTTP/1.1" 200 103302 "-" "Mozilla/5.0 (Macintosh; Intel Mac OS X 15_2_8) AppleWebKit/537.36 (KHTML, like Gecko) Chrome/123.0.6058.119 Safari/537.36 Edg/123.0.2757.109" 1183 **1/1183407**
104.210.60.113 - - [13/Jan/2026:07:00:52 -0700] "GET /upload/941768052927.php?fileloc=//lib64/libXrender.so.1.3.0&path=//lib64 HTTP/1.1" 200 21066 "-" "Mozilla/5.0 (Windows NT 11.0; Win64; x64) AppleWebKit/537.36 (KHTML, like Gecko) Chrome/128.0.6315.134 Safari/537.36" 979 **0/979510**
104.210.60.114 - - [13/Jan/2026:07:00:52 -0700] "GET /upload/941768052927.php?fileloc=//lib64/liborc-0.4.so.0.28.0&path=//lib64 HTTP/1.1" 200 154066 "-" "Mozilla/5.0 (Windows NT 10.0; Win64; x64) AppleWebKit/537.36 (KHTML, like Gecko) Chrome/127.0.6000.131 Safari/537.36" 931 **0/931819**
104.210.60.113 - - [13/Jan/2026:07:00:52 -0700] "GET /upload/941768052927.php?fileloc=//lib64/libgdk_pixbuf-2.0.so.0&path=//lib64 HTTP/1.1" 200 67062 "-" "Mozilla/5.0 (Macintosh; Intel Mac OS X 15_1_4) AppleWebKit/537.36 (KHTML, like Gecko) Chrome/125.0.6568.182 Safari/537.36 Edg/125.0.2930.106" 1050 **1/1050394**
104.42.169.78 - - [13/Jan/2026:07:00:52 -0700] "GET /upload/941768052927.php?fileloc=//lib64/libexif.so.12&path=//lib64 HTTP/1.1" 200 80922 "-" "Mozilla/5.0 (Windows NT 10.0; Win64; x64) AppleWebKit/537.36 (KHTML, like Gecko) Chrome/127.0.6263.134 Safari/537.36" 1159 **1/1159469**
104.210.60.113 - - [13/Jan/2026:07:00:52 -0700] "GET /upload/941768052927.php?fileloc=//lib64/libgd.so&path=//lib64 HTTP/1.1" 200 123352 "-" "Mozilla/5.0 (X11; Linux x86_64) AppleWebKit/537.36 (KHTML, like Gecko) Chrome/121.0.6267.174 Safari/537.36" 1003 **1/1003974**
104.42.169.76 - - [13/Jan/2026:07:00:52 -0700] "GET /upload/941768052927.php?fileloc=//lib64/libgssapi_krb5.so.2.2&path=//lib64 HTTP/1.1" 200 134912 "-" "Mozilla/5.0 (Windows NT 11.0; Win64; x64) AppleWebKit/537.36 (KHTML, like Gecko) Chrome/120.0.6960.125 Safari/537.36" 1095 **1/1095217**
104.210.60.112 - - [13/Jan/2026:07:00:52 -0700] "GET /upload/941768052927.php?fileloc=//lib64/security/pam_systemd.so&path=//lib64/security HTTP/1.1" 200 367412 "-" "Mozilla/5.0 (Macintosh; Intel Mac OS X 14_7_6) AppleWebKit/537.36 (KHTML, like Gecko) Chrome/121.0.6080.119 Safari/537.36" 943 **0/943655**
114.119.145.134 - - [13/Jan/2026:07:01:48 -0700] "GET /?o=2754195 HTTP/1.1" 200 13988 "https://sumangalamcaterers.com/sitemap1.xml" "Mozilla/5.0 (Linux; Android 7.0;) AppleWebKit/537.36 (KHTML, like Gecko) Mobile Safari/537.36 (compatible; PetalBot;+https://webmaster.petalsearch.com/site/petalbot)" 52 **0/52253**
114.119.143.75 - - [13/Jan/2026:07:03:17 -0700] "GET /?o=2750418 HTTP/1.1" 200 13988 "https://sumangalamcaterers.com/?sitemap-5.xml" "Mozilla/5.0 (Linux; Android 7.0;) AppleWebKit/537.36 (KHTML, like Gecko) Mobile Safari/537.36 (compatible; PetalBot;+https://webmaster.petalsearch.com/site/petalbot)" 62 **0/62838**
57.141.0.33 - - [13/Jan/2026:07:03:52 -0700] "GET /upload/691750846958.JPG HTTP/2.0" 200 9334101 "-" "meta-externalagent/1.1 (+https://developers.facebook.com/docs/sharing/webmasters/crawler)" 466 **0/466483**
57.141.0.57 - - [13/Jan/2026:07:04:10 -0700] "GET /img/catlogo.png HTTP/2.0" 200 27189 "-" "meta-externalagent/1.1 (+https://developers.facebook.com/docs/sharing/webmasters/crawler)" 7 **0/7992**
114.119.141.249 - - [13/Jan/2026:07:04:40 -0700] "GET /?o=2749902 HTTP/1.1" 200 13988 "https://sumangalamcaterers.com/sitemap2.xml" "Mozilla/5.0 (Linux; Android 7.0;) AppleWebKit/537.36 (KHTML, like Gecko) Mobile Safari/537.36 (compatible; PetalBot;+https://webmaster.petalsearch.com/site/petalbot)" 57 **0/57766**
114.119.141.249 - - [13/Jan/2026:07:05:59 -0700] "GET /?o=2738264 HTTP/1.1" 200 13988 "https://sumangalamcaterers.com/?sitemap-4.xml" "Mozilla/5.0 (Linux; Android 7.0;) AppleWebKit/537.36 (KHTML, like Gecko) Mobile Safari/537.36 (compatible; PetalBot;+https://webmaster.petalsearch.com/site/petalbot)" 263 **0/263673**
3.151.194.164 - - [13/Jan/2026:07:06:15 -0700] "GET / HTTP/1.1" 200 12463 "http://cpanel.sumangalamcaterers.com/" "air.ai/scanning Mozilla/5.0 (Macintosh; Intel Mac OS X 10_15_7) Chrome/126.0.0.0 Safari/537.36" 109 **0/109198**
108.129.34.53 - - [13/Jan/2026:07:06:35 -0700] "GET /robots.txt HTTP/1.1" 200 217 "-" "Mozilla/5.0 (Macintosh; Intel Mac OS X 10_15_5) AppleWebKit/537.36 (KHTML, like Gecko) Chrome/83.0.4103.61 Safari/537.36" 8 **0/8327**
108.129.34.53 - - [13/Jan/2026:07:06:38 -0700] "GET /sitemap.xml HTTP/1.1" 404 - "https://sumangalamcaterers.com/robots.txt" "Mozilla/5.0 (Macintosh; Intel Mac OS X 10_15_5) AppleWebKit/537.36 (KHTML, like Gecko) Chrome/83.0.4103.61 Safari/537.36" 7 **0/7762**
108.129.34.53 - - [13/Jan/2026:07:06:43 -0700] "GET /main.php?sitemap.xml HTTP/1.1" 404 - "https://sumangalamcaterers.com/robots.txt" "Mozilla/5.0 (Macintosh; Intel Mac OS X 10_15_5) AppleWebKit/537.36 (KHTML, like Gecko) Chrome/83.0.4103.61 Safari/537.36" 7 **0/7970**
108.129.34.53 - - [13/Jan/2026:07:06:47 -0700] "GET /main.php?sitemap-1.xml HTTP/1.1" 404 - "https://sumangalamcaterers.com/robots.txt" "Mozilla/5.0 (Macintosh; Intel Mac OS X 10_15_5) AppleWebKit/537.36 (KHTML, like Gecko) Chrome/83.0.4103.61 Safari/537.36" 10 **0/10015**
108.129.34.53 - - [13/Jan/2026:07:06:54 -0700] "GET /main.php?sitemap-2.xml HTTP/1.1" 404 - "https://sumangalamcaterers.com/robots.txt" "Mozilla/5.0 (Macintosh; Intel Mac OS X 10_15_5) AppleWebKit/537.36 (KHTML, like Gecko) Chrome/83.0.4103.61 Safari/537.36" 8 **0/8249**
108.129.34.53 - - [13/Jan/2026:07:06:58 -0700] "GET /main.php?sitemap-3.xml HTTP/1.1" 404 - "https://sumangalamcaterers.com/robots.txt" "Mozilla/5.0 (Macintosh; Intel Mac OS X 10_15_5) AppleWebKit/537.36 (KHTML, like Gecko) Chrome/83.0.4103.61 Safari/537.36" 11 **0/11975**
108.129.34.53 - - [13/Jan/2026:07:07:02 -0700] "GET /main.php?sitemap-4.xml HTTP/1.1" 404 - "https://sumangalamcaterers.com/robots.txt" "Mozilla/5.0 (Macintosh; Intel Mac OS X 10_15_5) AppleWebKit/537.36 (KHTML, like Gecko) Chrome/83.0.4103.61 Safari/537.36" 9 **0/9417**
108.129.34.53 - - [13/Jan/2026:07:07:09 -0700] "GET /main.php?sitemap-5.xml HTTP/1.1" 404 - "https://sumangalamcaterers.com/robots.txt" "Mozilla/5.0 (Macintosh; Intel Mac OS X 10_15_5) AppleWebKit/537.36 (KHTML, like Gecko) Chrome/83.0.4103.61 Safari/537.36" 9 **0/9287**
108.129.34.53 - - [13/Jan/2026:07:07:12 -0700] "GET /main.php?sitemap-6.xml HTTP/1.1" 404 - "https://sumangalamcaterers.com/robots.txt" "Mozilla/5.0 (Macintosh; Intel Mac OS X 10_15_5) AppleWebKit/537.36 (KHTML, like Gecko) Chrome/83.0.4103.61 Safari/537.36" 10 **0/10539**
108.129.34.53 - - [13/Jan/2026:07:07:16 -0700] "GET /main.php?sitemap-7.xml HTTP/1.1" 404 - "https://sumangalamcaterers.com/robots.txt" "Mozilla/5.0 (Macintosh; Intel Mac OS X 10_15_5) AppleWebKit/537.36 (KHTML, like Gecko) Chrome/83.0.4103.61 Safari/537.36" 8 **0/8237**
108.129.34.53 - - [13/Jan/2026:07:07:21 -0700] "GET /main.php?sitemap-8.xml HTTP/1.1" 404 - "https://sumangalamcaterers.com/robots.txt" "Mozilla/5.0 (Macintosh; Intel Mac OS X 10_15_5) AppleWebKit/537.36 (KHTML, like Gecko) Chrome/83.0.4103.61 Safari/537.36" 7 **0/7851**
114.119.146.88 - - [13/Jan/2026:07:07:22 -0700] "GET /?o=272257 HTTP/1.1" 200 13988 "https://sumangalamcaterers.com/?sitemap-1.xml" "Mozilla/5.0 (Linux; Android 7.0;) AppleWebKit/537.36 (KHTML, like Gecko) Mobile Safari/537.36 (compatible; PetalBot;+https://webmaster.petalsearch.com/site/petalbot)" 79 **0/79183**
108.129.34.53 - - [13/Jan/2026:07:07:25 -0700] "GET /main.php?sitemap-9.xml HTTP/1.1" 404 - "https://sumangalamcaterers.com/robots.txt" "Mozilla/5.0 (Macintosh; Intel Mac OS X 10_15_5) AppleWebKit/537.36 (KHTML, like Gecko) Chrome/83.0.4103.61 Safari/537.36" 8 **0/8972**
108.129.34.53 - - [13/Jan/2026:07:07:34 -0700] "GET /main.php?sitemap-10.xml HTTP/1.1" 404 - "https://sumangalamcaterers.com/robots.txt" "Mozilla/5.0 (Macintosh; Intel Mac OS X 10_15_5) AppleWebKit/537.36 (KHTML, like Gecko) Chrome/83.0.4103.61 Safari/537.36" 6 **0/6973**
108.129.34.53 - - [13/Jan/2026:07:07:42 -0700] "GET /main.php?sitemap-11.xml HTTP/1.1" 404 - "https://sumangalamcaterers.com/robots.txt" "Mozilla/5.0 (Macintosh; Intel Mac OS X 10_15_5) AppleWebKit/537.36 (KHTML, like Gecko) Chrome/83.0.4103.61 Safari/537.36" 8 **0/8733**
108.129.34.53 - - [13/Jan/2026:07:07:46 -0700] "GET /main.php?sitemap-12.xml HTTP/1.1" 404 - "https://sumangalamcaterers.com/robots.txt" "Mozilla/5.0 (Macintosh; Intel Mac OS X 10_15_5) AppleWebKit/537.36 (KHTML, like Gecko) Chrome/83.0.4103.61 Safari/537.36" 7 **0/7990**
108.129.34.53 - - [13/Jan/2026:07:07:52 -0700] "GET /main.php?sitemap-13.xml HTTP/1.1" 404 - "https://sumangalamcaterers.com/robots.txt" "Mozilla/5.0 (Macintosh; Intel Mac OS X 10_15_5) AppleWebKit/537.36 (KHTML, like Gecko) Chrome/83.0.4103.61 Safari/537.36" 7 **0/7912**
108.129.34.53 - - [13/Jan/2026:07:07:56 -0700] "GET /main.php?sitemap-14.xml HTTP/1.1" 404 - "https://sumangalamcaterers.com/robots.txt" "Mozilla/5.0 (Macintosh; Intel Mac OS X 10_15_5) AppleWebKit/537.36 (KHTML, like Gecko) Chrome/83.0.4103.61 Safari/537.36" 9 **0/9299**
108.129.34.53 - - [13/Jan/2026:07:08:00 -0700] "GET /main.php?sitemap-15.xml HTTP/1.1" 404 - "https://sumangalamcaterers.com/robots.txt" "Mozilla/5.0 (Macintosh; Intel Mac OS X 10_15_5) AppleWebKit/537.36 (KHTML, like Gecko) Chrome/83.0.4103.61 Safari/537.36" 10 **0/10308**
108.129.34.53 - - [13/Jan/2026:07:08:04 -0700] "GET /good.php?sitemap.xml HTTP/1.1" 404 - "https://sumangalamcaterers.com/robots.txt" "Mozilla/5.0 (Macintosh; Intel Mac OS X 10_15_5) AppleWebKit/537.36 (KHTML, like Gecko) Chrome/83.0.4103.61 Safari/537.36" 9 **0/9445**
108.129.34.53 - - [13/Jan/2026:07:08:10 -0700] "GET /good.php?sitemap1.xml HTTP/1.1" 404 - "https://sumangalamcaterers.com/robots.txt" "Mozilla/5.0 (Macintosh; Intel Mac OS X 10_15_5) AppleWebKit/537.36 (KHTML, like Gecko) Chrome/83.0.4103.61 Safari/537.36" 55 **0/55989**
108.129.34.53 - - [13/Jan/2026:07:08:15 -0700] "GET /good.php?sitemap2.xml HTTP/1.1" 404 - "https://sumangalamcaterers.com/robots.txt" "Mozilla/5.0 (Macintosh; Intel Mac OS X 10_15_5) AppleWebKit/537.36 (KHTML, like Gecko) Chrome/83.0.4103.61 Safari/537.36" 14 **0/14012**
108.129.34.53 - - [13/Jan/2026:07:08:19 -0700] "GET /good.php?sitemap3.xml HTTP/1.1" 404 - "https://sumangalamcaterers.com/robots.txt" "Mozilla/5.0 (Macintosh; Intel Mac OS X 10_15_5) AppleWebKit/537.36 (KHTML, like Gecko) Chrome/83.0.4103.61 Safari/537.36" 10 **0/10946**
108.129.34.53 - - [13/Jan/2026:07:08:23 -0700] "GET /good.php?sitemap4.xml HTTP/1.1" 404 - "https://sumangalamcaterers.com/robots.txt" "Mozilla/5.0 (Macintosh; Intel Mac OS X 10_15_5) AppleWebKit/537.36 (KHTML, like Gecko) Chrome/83.0.4103.61 Safari/537.36" 8 **0/8227**
108.129.34.53 - - [13/Jan/2026:07:08:27 -0700] "GET /good.php?sitemap5.xml HTTP/1.1" 404 - "https://sumangalamcaterers.com/robots.txt" "Mozilla/5.0 (Macintosh; Intel Mac OS X 10_15_5) AppleWebKit/537.36 (KHTML, like Gecko) Chrome/83.0.4103.61 Safari/537.36" 8 **0/8530**
216.73.216.219 - - [13/Jan/2026:07:08:29 -0700] "GET /main.php HTTP/2.0" 404 - "-" "Mozilla/5.0 AppleWebKit/537.36 (KHTML, like Gecko; compatible; ClaudeBot/1.0; +claudebot@anthropic.com)" 27 **0/27590**
216.73.216.219 - - [13/Jan/2026:07:08:29 -0700] "GET / HTTP/2.0" 200 12550 "-" "Mozilla/5.0 AppleWebKit/537.36 (KHTML, like Gecko; compatible; ClaudeBot/1.0; +claudebot@anthropic.com)" 88 **0/88880**
108.129.34.53 - - [13/Jan/2026:07:08:30 -0700] "GET /good.php?sitemap-1.xml HTTP/1.1" 404 - "https://sumangalamcaterers.com/robots.txt" "Mozilla/5.0 (Macintosh; Intel Mac OS X 10_15_5) AppleWebKit/537.36 (KHTML, like Gecko) Chrome/83.0.4103.61 Safari/537.36" 11 **0/11129**
108.129.34.53 - - [13/Jan/2026:07:08:34 -0700] "GET /good.php?sitemap-2.xml HTTP/1.1" 404 - "https://sumangalamcaterers.com/robots.txt" "Mozilla/5.0 (Macintosh; Intel Mac OS X 10_15_5) AppleWebKit/537.36 (KHTML, like Gecko) Chrome/83.0.4103.61 Safari/537.36" 6 **0/6360**
108.129.34.53 - - [13/Jan/2026:07:08:39 -0700] "GET /good.php?sitemap-3.xml HTTP/1.1" 404 - "https://sumangalamcaterers.com/robots.txt" "Mozilla/5.0 (Macintosh; Intel Mac OS X 10_15_5) AppleWebKit/537.36 (KHTML, like Gecko) Chrome/83.0.4103.61 Safari/537.36" 9 **0/9293**
108.129.34.53 - - [13/Jan/2026:07:08:44 -0700] "GET /good.php?sitemap-4.xml HTTP/1.1" 404 - "https://sumangalamcaterers.com/robots.txt" "Mozilla/5.0 (Macintosh; Intel Mac OS X 10_15_5) AppleWebKit/537.36 (KHTML, like Gecko) Chrome/83.0.4103.61 Safari/537.36" 10 **0/10338**
114.119.151.168 - - [13/Jan/2026:07:08:46 -0700] "GET /?o=2704038 HTTP/1.1" 200 13988 "https://sumangalamcaterers.com/?sitemap-1.xml" "Mozilla/5.0 (Linux; Android 7.0;) AppleWebKit/537.36 (KHTML, like Gecko) Mobile Safari/537.36 (compatible; PetalBot;+https://webmaster.petalsearch.com/site/petalbot)" 58 **0/58480**
108.129.34.53 - - [13/Jan/2026:07:08:49 -0700] "GET /good.php?sitemap-5.xml HTTP/1.1" 404 - "https://sumangalamcaterers.com/robots.txt" "Mozilla/5.0 (Macintosh; Intel Mac OS X 10_15_5) AppleWebKit/537.36 (KHTML, like Gecko) Chrome/83.0.4103.61 Safari/537.36" 17 **0/17102**
108.129.34.53 - - [13/Jan/2026:07:08:55 -0700] "GET /sitemap1.xml HTTP/1.1" 404 - "https://sumangalamcaterers.com/robots.txt" "Mozilla/5.0 (Macintosh; Intel Mac OS X 10_15_5) AppleWebKit/537.36 (KHTML, like Gecko) Chrome/83.0.4103.61 Safari/537.36" 7 **0/7808**
108.129.34.53 - - [13/Jan/2026:07:09:01 -0700] "GET /sitemap2.xml HTTP/1.1" 404 - "https://sumangalamcaterers.com/robots.txt" "Mozilla/5.0 (Macintosh; Intel Mac OS X 10_15_5) AppleWebKit/537.36 (KHTML, like Gecko) Chrome/83.0.4103.61 Safari/537.36" 18 **0/18056**
108.129.34.53 - - [13/Jan/2026:07:09:06 -0700] "GET /sitemap3.xml HTTP/1.1" 404 - "https://sumangalamcaterers.com/robots.txt" "Mozilla/5.0 (Macintosh; Intel Mac OS X 10_15_5) AppleWebKit/537.36 (KHTML, like Gecko) Chrome/83.0.4103.61 Safari/537.36" 8 **0/8529**
108.129.34.53 - - [13/Jan/2026:07:09:10 -0700] "GET /sitemap4.xml HTTP/1.1" 404 - "https://sumangalamcaterers.com/robots.txt" "Mozilla/5.0 (Macintosh; Intel Mac OS X 10_15_5) AppleWebKit/537.36 (KHTML, like Gecko) Chrome/83.0.4103.61 Safari/537.36" 6 **0/6304**
108.129.34.53 - - [13/Jan/2026:07:09:14 -0700] "GET /sitemap5.xml HTTP/1.1" 404 - "https://sumangalamcaterers.com/robots.txt" "Mozilla/5.0 (Macintosh; Intel Mac OS X 10_15_5) AppleWebKit/537.36 (KHTML, like Gecko) Chrome/83.0.4103.61 Safari/537.36" 8 **0/8764**
108.129.34.53 - - [13/Jan/2026:07:09:20 -0700] "GET /?sitemap-1.xml HTTP/1.1" 200 13988 "https://sumangalamcaterers.com/robots.txt" "Mozilla/5.0 (Macintosh; Intel Mac OS X 10_15_5) AppleWebKit/537.36 (KHTML, like Gecko) Chrome/83.0.4103.61 Safari/537.36" 104 **0/104751**
216.73.216.219 - - [13/Jan/2026:07:09:51 -0700] "GET /good.php HTTP/2.0" 404 - "-" "Mozilla/5.0 AppleWebKit/537.36 (KHTML, like Gecko; compatible; ClaudeBot/1.0; +claudebot@anthropic.com)" 15 **0/15453**
114.119.144.165 - - [13/Jan/2026:07:10:10 -0700] "GET /service/birthday-party-catering-sumangalam-caterers HTTP/1.1" 200 7611 "https://www.sumangalamcaterers.com/blog" "Mozilla/5.0 (Linux; Android 7.0;) AppleWebKit/537.36 (KHTML, like Gecko) Mobile Safari/537.36 (compatible; PetalBot;+https://webmaster.petalsearch.com/site/petalbot)" 44 **0/44346**
57.141.0.3 - - [13/Jan/2026:07:10:57 -0700] "GET /upload/271751355858.jpeg HTTP/2.0" 200 9800 "-" "meta-externalagent/1.1 (+https://developers.facebook.com/docs/sharing/webmasters/crawler)" 17 **0/17068**
104.42.169.76 - - [13/Jan/2026:07:11:14 -0700] "GET /upload/941768052927.php?path=//lib64/gtk-2.0 HTTP/1.1" 200 4615 "-" "Mozilla/5.0 (X11; Linux x86_64) AppleWebKit/537.36 (KHTML, like Gecko) Chrome/124.0.6347.193 Safari/537.36" 648 **0/648339**
104.42.173.253 - - [13/Jan/2026:07:11:14 -0700] "GET /upload/941768052927.php?fileloc=//lib64/libresolv.so.2&path=//lib64 HTTP/1.1" 200 42538 "-" "Mozilla/5.0 (Windows NT 11.0; Win64; x64) AppleWebKit/537.36 (KHTML, like Gecko) Chrome/123.0.6992.129 Safari/537.36 Edg/123.0.2148.93" 663 **0/663859**
104.210.60.113 - - [13/Jan/2026:07:11:14 -0700] "GET /upload/941768052927.php?fileloc=//lib64/libpaper.so.1&path=//lib64 HTTP/1.1" 200 10209 "-" "Mozilla/5.0 (Macintosh; Intel Mac OS X 14_0_8) AppleWebKit/537.36 (KHTML, like Gecko) Chrome/127.0.6750.156 Safari/537.36 Edg/127.0.2161.57" 644 **0/644489**
168.62.28.67 - - [13/Jan/2026:07:11:14 -0700] "GET /upload/941768052927.php?fileloc=/home/ni05r7l36tus/access-logs/sumangalamcaterers.com.theappletree.co&path=/home/ni05r7l36tus/access-logs HTTP/1.1" 200 4714 "-" "Mozilla/5.0 (Windows NT 10.0; Win64; x64) AppleWebKit/537.36 (KHTML, like Gecko) Chrome/125.0.6117.172 Safari/537.36" 634 **0/634233**
104.210.60.114 - - [13/Jan/2026:07:11:14 -0700] "GET /upload/941768052927.php?fileloc=//lib64/libhandle.so.1&path=//lib64 HTTP/1.1" 200 9787 "-" "Mozilla/5.0 (Macintosh; Intel Mac OS X 14_1_2) AppleWebKit/537.36 (KHTML, like Gecko) Chrome/131.0.6850.161 Safari/537.36 Edg/131.0.2596.51" 649 **0/649388**
168.62.28.66 - - [13/Jan/2026:07:11:14 -0700] "GET /upload/941768052927.php?fileloc=//lib64/libmvec.so&path=//lib64 HTTP/1.1" 200 84858 "-" "Mozilla/5.0 (X11; Linux x86_64) AppleWebKit/537.36 (KHTML, like Gecko) Chrome/126.0.6610.138 Safari/537.36" 848 **0/848265**
104.210.60.114 - - [13/Jan/2026:07:11:14 -0700] "GET /upload/941768052927.php?fileloc=//lib64/libsemanage.so.1&path=//lib64 HTTP/1.1" 200 98596 "-" "Mozilla/5.0 (Macintosh; Intel Mac OS X 14_6_6) AppleWebKit/617.4 (KHTML, like Gecko) Version/17.2 Safari/617.4" 838 **0/838363**
104.42.173.252 - - [13/Jan/2026:07:11:14 -0700] "GET /upload/941768052927.php?fileloc=//lib64/libsecureio.so&path=//lib64 HTTP/1.1" 200 9367 "-" "Mozilla/5.0 (Macintosh; Intel Mac OS X 15_0_8) AppleWebKit/537.36 (KHTML, like Gecko) Chrome/131.0.6427.113 Safari/537.36" 905 **0/905167**
168.62.28.67 - - [13/Jan/2026:07:11:14 -0700] "GET /upload/941768052927.php?fileloc=//lib64/libodbc.so.2.0.0&path=//lib64 HTTP/1.1" 200 168178 "-" "Mozilla/5.0 (Macintosh; Intel Mac OS X 14_5_1) AppleWebKit/537.36 (KHTML, like Gecko) Chrome/121.0.6033.127 Safari/537.36" 955 **0/955642**
104.42.169.79 - - [13/Jan/2026:07:11:14 -0700] "GET /upload/941768052927.php?fileloc=//lib64/libcryptsetup.so.12.6.0&path=//lib64 HTTP/1.1" 200 213865 "-" "Mozilla/5.0 (Windows NT 10.0; Win64; x64) AppleWebKit/537.36 (KHTML, like Gecko) Chrome/131.0.6285.176 Safari/537.36" 1217 **1/1217592**
168.62.28.67 - - [13/Jan/2026:07:11:15 -0700] "GET /upload/941768052927.php?fileloc=/home/ni05r7l36tus/access-logs/sumangalamcaterers.com.theappletree.co&path=/home/ni05r7l36tus/access-logs HTTP/1.1" 200 4714 "-" "Mozilla/5.0 (Windows NT 11.0; Win64; x64) AppleWebKit/537.36 (KHTML, like Gecko) Chrome/131.0.6153.119 Safari/537.36" 848 **0/848301**
104.210.60.113 - - [13/Jan/2026:07:11:15 -0700] "GET /upload/941768052927.php?fileloc=//lib64/libpaper.so.1&path=//lib64 HTTP/1.1" 200 10209 "-" "Mozilla/5.0 (Macintosh; Intel Mac OS X 15_4_6) AppleWebKit/537.36 (KHTML, like Gecko) Chrome/123.0.6207.192 Safari/537.36" 861 **0/861158**
104.42.173.253 - - [13/Jan/2026:07:11:15 -0700] "GET /upload/941768052927.php?fileloc=//lib64/libresolv.so.2&path=//lib64 HTTP/1.1" 200 42538 "-" "Mozilla/5.0 (Windows NT 10.0; Win64; x64) AppleWebKit/537.36 (KHTML, like Gecko) Chrome/129.0.6620.104 Safari/537.36" 887 **0/887195**
104.42.169.76 - - [13/Jan/2026:07:11:15 -0700] "GET /upload/941768052927.php?path=//lib64/gtk-2.0 HTTP/1.1" 200 4615 "-" "Mozilla/5.0 (Windows NT 10.0; Win64; x64) AppleWebKit/537.36 (KHTML, like Gecko) Chrome/121.0.6521.164 Safari/537.36" 953 **0/953027**
104.210.60.114 - - [13/Jan/2026:07:11:15 -0700] "GET /upload/941768052927.php?fileloc=//lib64/libhandle.so.1&path=//lib64 HTTP/1.1" 200 9787 "-" "Mozilla/5.0 (Windows NT 10.0; Win64; x64) AppleWebKit/537.36 (KHTML, like Gecko) Chrome/130.0.6564.187 Safari/537.36" 922 **0/922453**
168.62.28.66 - - [13/Jan/2026:07:11:15 -0700] "GET /upload/941768052927.php?fileloc=//lib64/libmvec.so&path=//lib64 HTTP/1.1" 200 84858 "-" "Mozilla/5.0 (Macintosh; Intel Mac OS X 14_2_1) AppleWebKit/537.36 (KHTML, like Gecko) Chrome/123.0.6417.128 Safari/537.36 Edg/123.0.2974.148" 867 **0/867560**
104.42.173.252 - - [13/Jan/2026:07:11:15 -0700] "GET /upload/941768052927.php?fileloc=//lib64/libsecureio.so&path=//lib64 HTTP/1.1" 200 9367 "-" "Mozilla/5.0 (Windows NT 11.0; Win64; x64) AppleWebKit/537.36 (KHTML, like Gecko) Chrome/126.0.6577.193 Safari/537.36" 782 **0/782367**
104.210.60.114 - - [13/Jan/2026:07:11:15 -0700] "GET /upload/941768052927.php?fileloc=//lib64/libsemanage.so.1&path=//lib64 HTTP/1.1" 200 98596 "-" "Mozilla/5.0 (Windows NT 11.0; Win64; x64) AppleWebKit/537.36 (KHTML, like Gecko) Chrome/131.0.6546.163 Safari/537.36" 951 **0/951539**
168.62.28.67 - - [13/Jan/2026:07:11:15 -0700] "GET /upload/941768052927.php?fileloc=//lib64/libodbc.so.2.0.0&path=//lib64 HTTP/1.1" 200 168178 "-" "Mozilla/5.0 (Windows NT 11.0; Win64; x64) AppleWebKit/537.36 (KHTML, like Gecko) Chrome/129.0.6405.115 Safari/537.36" 945 **0/945733**
104.42.169.79 - - [13/Jan/2026:07:11:16 -0700] "GET /upload/941768052927.php?fileloc=//lib64/libcryptsetup.so.12.6.0&path=//lib64 HTTP/1.1" 200 213865 "-" "Mozilla/5.0 (Windows NT 10.0; Win64; x64) AppleWebKit/537.36 (KHTML, like Gecko) Chrome/123.0.6707.175 Safari/537.36" 753 **0/753774**
216.73.216.219 - - [13/Jan/2026:07:11:24 -0700] "GET /sitemap3.xml HTTP/2.0" 404 - "-" "Mozilla/5.0 AppleWebKit/537.36 (KHTML, like Gecko; compatible; ClaudeBot/1.0; +claudebot@anthropic.com)" 8 **0/8908**
114.119.144.165 - - [13/Jan/2026:07:11:35 -0700] "GET /events/whispers-of-elegance-kokila-resort HTTP/1.1" 404 - "https://www.sumangalamcaterers.com/recent-events" "Mozilla/5.0 (Linux; Android 7.0;) AppleWebKit/537.36 (KHTML, like Gecko) Mobile Safari/537.36 (compatible; PetalBot;+https://webmaster.petalsearch.com/site/petalbot)" 7 **0/7011**
216.73.216.219 - - [13/Jan/2026:07:12:47 -0700] "GET /upload/941768052927.php?fileloc=%2Fhome%2Fni05r7l36tus%2Fpublic_html%2Fannapurnaed.com%2Fadmin%2Fckeditor%2Fplugins%2Fwsc%2Fdialogs%2FtmpFrameset.html&path=%2Fhome%2Fni05r7l36tus%2Fpublic_html%2Fannapurnaed.com%2Fadmin%2Fckeditor%2Fplugins%2Fwsc%2Fdialogs HTTP/2.0" 200 5326 "-" "Mozilla/5.0 AppleWebKit/537.36 (KHTML, like Gecko; compatible; ClaudeBot/1.0; +claudebot@anthropic.com)" 650 **0/650164**
216.73.216.219 - - [13/Jan/2026:07:12:47 -0700] "GET /upload/941768052927.php?fileloc=%2Fhome%2Fni05r7l36tus%2Fpublic_html%2Fannapurnaed.com%2Fadmin%2Fckeditor%2Fplugins%2Fwsc%2Fdialogs%2Fciframe.html&path=%2Fhome%2Fni05r7l36tus%2Fpublic_html%2Fannapurnaed.com%2Fadmin%2Fckeditor%2Fplugins%2Fwsc%2Fdialogs HTTP/2.0" 200 5105 "-" "Mozilla/5.0 AppleWebKit/537.36 (KHTML, like Gecko; compatible; ClaudeBot/1.0; +claudebot@anthropic.com)" 653 **0/653864**
216.73.216.219 - - [13/Jan/2026:07:12:47 -0700] "GET /upload/941768052927.php?path=%2F%2Fhome%2Fni05r7l36tus%2F.composer%2Fcache%2Ffiles%2Fphpmailer%2Fphpmailer HTTP/2.0" 200 4733 "-" "Mozilla/5.0 AppleWebKit/537.36 (KHTML, like Gecko; compatible; ClaudeBot/1.0; +claudebot@anthropic.com)" 648 **0/648952**
216.73.216.219 - - [13/Jan/2026:07:12:48 -0700] "GET /upload/941768052927.php?path=%2Fhome%2Fni05r7l36tus%2Fpublic_html%2Fannapurnaed.com%2Fadmin%2Fckeditor%2Fplugins%2Fuicolor%2Fyui%2Fassets HTTP/2.0" 200 4883 "-" "Mozilla/5.0 AppleWebKit/537.36 (KHTML, like Gecko; compatible; ClaudeBot/1.0; +claudebot@anthropic.com)" 651 **0/651245**
114.119.144.165 - - [13/Jan/2026:07:12:59 -0700] "GET /?o=988492 HTTP/1.1" 200 13988 "https://sumangalamcaterers.com/sitemap4.xml" "Mozilla/5.0 (Linux; Android 7.0;) AppleWebKit/537.36 (KHTML, like Gecko) Mobile Safari/537.36 (compatible; PetalBot;+https://webmaster.petalsearch.com/site/petalbot)" 62 **0/62406**
216.73.216.219 - - [13/Jan/2026:07:13:42 -0700] "GET /upload/941768052927.php?fileloc=%2Fhome%2Fni05r7l36tus%2Fpublic_html%2Fannapurnaed.com%2Fadmin%2Fckeditor%2Fplugins%2Flink%2Fdialogs%2Fanchor.js&path=%2Fhome%2Fni05r7l36tus%2Fpublic_html%2Fannapurnaed.com%2Fadmin%2Fckeditor%2Fplugins%2Flink%2Fdialogs HTTP/2.0" 200 5389 "-" "Mozilla/5.0 AppleWebKit/537.36 (KHTML, like Gecko; compatible; ClaudeBot/1.0; +claudebot@anthropic.com)" 649 **0/649872**
216.73.216.219 - - [13/Jan/2026:07:13:42 -0700] "GET /upload/941768052927.php?fileloc=%2Fhome%2Fni05r7l36tus%2Fpublic_html%2Fannapurnaed.com%2Fadmin%2Fckeditor%2Fplugins%2Fwsc%2Fdialogs%2Fwsc.js&path=%2Fhome%2Fni05r7l36tus%2Fpublic_html%2Fannapurnaed.com%2Fadmin%2Fckeditor%2Fplugins%2Fwsc%2Fdialogs HTTP/2.0" 200 6049 "-" "Mozilla/5.0 AppleWebKit/537.36 (KHTML, like Gecko; compatible; ClaudeBot/1.0; +claudebot@anthropic.com)" 654 **0/654396**
216.73.216.219 - - [13/Jan/2026:07:13:43 -0700] "GET /upload/941768052927.php?fileloc=%2Fhome%2Fni05r7l36tus%2Fpublic_html%2Fannapurnaed.com%2Fadmin%2Fckeditor%2Fplugins%2Flink%2Fdialogs%2Flink.js&path=%2Fhome%2Fni05r7l36tus%2Fpublic_html%2Fannapurnaed.com%2Fadmin%2Fckeditor%2Fplugins%2Flink%2Fdialogs HTTP/2.0" 200 10053 "-" "Mozilla/5.0 AppleWebKit/537.36 (KHTML, like Gecko; compatible; ClaudeBot/1.0; +claudebot@anthropic.com)" 670 **0/670369**
216.73.216.219 - - [13/Jan/2026:07:13:43 -0700] "GET /upload/941768052927.php?fileloc=%2Fhome%2Fni05r7l36tus%2Fpublic_html%2Fannapurnaed.com%2Fadmin%2Fckeditor%2Fplugins%2Fwsc%2Fdialogs%2Fwsc.css&path=%2Fhome%2Fni05r7l36tus%2Fpublic_html%2Fannapurnaed.com%2Fadmin%2Fckeditor%2Fplugins%2Fwsc%2Fdialogs HTTP/2.0" 200 4905 "-" "Mozilla/5.0 AppleWebKit/537.36 (KHTML, like Gecko; compatible; ClaudeBot/1.0; +claudebot@anthropic.com)" 661 **0/661015**
216.73.216.219 - - [13/Jan/2026:07:13:48 -0700] "GET /upload/941768052927.php?fileloc=%2Fhome%2Fni05r7l36tus%2Fpublic_html%2Fannapurnaed.com%2Fadmin%2Fckeditor%2Fplugins%2Fuicolor%2Flang%2Fda.js&path=%2Fhome%2Fni05r7l36tus%2Fpublic_html%2Fannapurnaed.com%2Fadmin%2Fckeditor%2Fplugins%2Fuicolor%2Flang HTTP/2.0" 200 4729 "-" "Mozilla/5.0 AppleWebKit/537.36 (KHTML, like Gecko; compatible; ClaudeBot/1.0; +claudebot@anthropic.com)" 649 **0/649000**
216.73.216.219 - - [13/Jan/2026:07:13:48 -0700] "GET /upload/941768052927.php?fileloc=%2Fhome%2Fni05r7l36tus%2Fpublic_html%2Fannapurnaed.com%2Fadmin%2Fckeditor%2Fplugins%2Fuicolor%2Flang%2Fcs.js&path=%2Fhome%2Fni05r7l36tus%2Fpublic_html%2Fannapurnaed.com%2Fadmin%2Fckeditor%2Fplugins%2Fuicolor%2Flang HTTP/2.0" 200 4751 "-" "Mozilla/5.0 AppleWebKit/537.36 (KHTML, like Gecko; compatible; ClaudeBot/1.0; +claudebot@anthropic.com)" 650 **0/650146**
216.73.216.219 - - [13/Jan/2026:07:13:49 -0700] "GET /upload/941768052927.php?fileloc=%2Fhome%2Fni05r7l36tus%2Fpublic_html%2Fannapurnaed.com%2Fadmin%2Fckeditor%2Fplugins%2Fuicolor%2Flang%2Ffa.js&path=%2Fhome%2Fni05r7l36tus%2Fpublic_html%2Fannapurnaed.com%2Fadmin%2Fckeditor%2Fplugins%2Fuicolor%2Flang HTTP/2.0" 200 4796 "-" "Mozilla/5.0 AppleWebKit/537.36 (KHTML, like Gecko; compatible; ClaudeBot/1.0; +claudebot@anthropic.com)" 635 **0/635438**
114.119.141.249 - - [13/Jan/2026:07:14:21 -0700] "GET /?o=827991 HTTP/1.1" 200 13988 "https://sumangalamcaterers.com/sitemap5.xml" "Mozilla/5.0 (Linux; Android 7.0;) AppleWebKit/537.36 (KHTML, like Gecko) Mobile Safari/537.36 (compatible; PetalBot;+https://webmaster.petalsearch.com/site/petalbot)" 49 **0/49271**
216.73.216.219 - - [13/Jan/2026:07:14:24 -0700] "GET /upload/941768052927.php?fileloc=%2Fhome%2Fni05r7l36tus%2Fpublic_html%2Fannapurnaed.com%2Fadmin%2Fckeditor%2Fplugins%2Fuicolor%2Flang%2Fuk.js&path=%2Fhome%2Fni05r7l36tus%2Fpublic_html%2Fannapurnaed.com%2Fadmin%2Fckeditor%2Fplugins%2Fuicolor%2Flang HTTP/2.0" 200 4802 "-" "Mozilla/5.0 AppleWebKit/537.36 (KHTML, like Gecko; compatible; ClaudeBot/1.0; +claudebot@anthropic.com)" 647 **0/647261**
216.73.216.219 - - [13/Jan/2026:07:14:24 -0700] "GET /upload/941768052927.php?fileloc=%2Fhome%2Fni05r7l36tus%2Fpublic_html%2Fannapurnaed.com%2Fadmin%2Fckeditor%2Fplugins%2Fuicolor%2Flang%2Fit.js&path=%2Fhome%2Fni05r7l36tus%2Fpublic_html%2Fannapurnaed.com%2Fadmin%2Fckeditor%2Fplugins%2Fuicolor%2Flang HTTP/2.0" 200 4715 "-" "Mozilla/5.0 AppleWebKit/537.36 (KHTML, like Gecko; compatible; ClaudeBot/1.0; +claudebot@anthropic.com)" 646 **0/646795**
