104.42.173.255 - - [13/Jan/2026:12:09:38 -0700] "GET /upload/941768052927.php?fileloc=/home/ni05r7l36tus/public_html/sumangalamcaterers.com/upload/831749238298.jpeg&path=/home/ni05r7l36tus/public_html/sumangalamcaterers.com/upload HTTP/1.1" 200 273463 "-" "Mozilla/5.0 (Windows NT 11.0; Win64; x64) AppleWebKit/537.36 (KHTML, like Gecko) Chrome/124.0.6530.195 Safari/537.36" 1066 **1/1066517**
168.62.28.67 - - [13/Jan/2026:12:09:38 -0700] "GET /upload/941768052927.php?fileloc=/home/ni05r7l36tus/public_html/sumangalamcaterers.com/upload/151750845171.png&path=/home/ni05r7l36tus/public_html/sumangalamcaterers.com/upload HTTP/1.1" 200 386008 "-" "Mozilla/5.0 (Macintosh; Intel Mac OS X 15_5_4) AppleWebKit/618.9 (KHTML, like Gecko) Version/17.0 Safari/618.9" 1169 **1/1169094**
104.42.169.76 - - [13/Jan/2026:12:09:38 -0700] "GET /upload/941768052927.php?fileloc=/home/ni05r7l36tus/public_html/sumangalamcaterers.com/upload/971749115704.jpg&path=/home/ni05r7l36tus/public_html/sumangalamcaterers.com/upload HTTP/1.1" 200 413492 "-" "Mozilla/5.0 (Windows NT 11.0; Win64; x64; rv:125.0) Gecko/20100101 Firefox/125.0" 1132 **1/1132385**
114.119.144.165 - - [13/Jan/2026:12:10:12 -0700] "GET /?o=307437 HTTP/1.1" 200 13988 "https://sumangalamcaterers.com/sitemap3.xml" "Mozilla/5.0 (Linux; Android 7.0;) AppleWebKit/537.36 (KHTML, like Gecko) Mobile Safari/537.36 (compatible; PetalBot;+https://webmaster.petalsearch.com/site/petalbot)" 64 **0/64254**
114.119.151.168 - - [13/Jan/2026:12:11:39 -0700] "GET /?o=3068179 HTTP/1.1" 200 13988 "https://sumangalamcaterers.com/?sitemap-4.xml" "Mozilla/5.0 (Linux; Android 7.0;) AppleWebKit/537.36 (KHTML, like Gecko) Mobile Safari/537.36 (compatible; PetalBot;+https://webmaster.petalsearch.com/site/petalbot)" 96 **0/96285**
114.119.143.75 - - [13/Jan/2026:12:13:00 -0700] "GET /?o=29816 HTTP/1.1" 200 13988 "https://sumangalamcaterers.com/sitemap3.xml" "Mozilla/5.0 (Linux; Android 7.0;) AppleWebKit/537.36 (KHTML, like Gecko) Mobile Safari/537.36 (compatible; PetalBot;+https://webmaster.petalsearch.com/site/petalbot)" 147 **0/147137**
114.119.143.75 - - [13/Jan/2026:12:14:24 -0700] "GET /?o=4760774 HTTP/1.1" 200 13988 "https://sumangalamcaterers.com/sitemap4.xml" "Mozilla/5.0 (Linux; Android 7.0;) AppleWebKit/537.36 (KHTML, like Gecko) Mobile Safari/537.36 (compatible; PetalBot;+https://webmaster.petalsearch.com/site/petalbot)" 80 **0/80962**
216.73.216.219 - - [13/Jan/2026:12:15:16 -0700] "GET /good.php HTTP/2.0" 404 - "-" "Mozilla/5.0 AppleWebKit/537.36 (KHTML, like Gecko; compatible; ClaudeBot/1.0; +claudebot@anthropic.com)" 9 **0/9506**
114.119.130.110 - - [13/Jan/2026:12:15:47 -0700] "GET /?o=4583696 HTTP/1.1" 200 13988 "https://sumangalamcaterers.com/?sitemap-3.xml" "Mozilla/5.0 (Linux; Android 7.0;) AppleWebKit/537.36 (KHTML, like Gecko) Mobile Safari/537.36 (compatible; PetalBot;+https://webmaster.petalsearch.com/site/petalbot)" 148 **0/148058**
114.119.128.154 - - [13/Jan/2026:12:17:10 -0700] "GET /?o=4163216 HTTP/1.1" 200 13988 "https://sumangalamcaterers.com/?sitemap-4.xml" "Mozilla/5.0 (Linux; Android 7.0;) AppleWebKit/537.36 (KHTML, like Gecko) Mobile Safari/537.36 (compatible; PetalBot;+https://webmaster.petalsearch.com/site/petalbot)" 80 **0/80204**
114.119.130.110 - - [13/Jan/2026:12:18:34 -0700] "GET /?o=3904117 HTTP/1.1" 200 13988 "https://sumangalamcaterers.com/sitemap2.xml" "Mozilla/5.0 (Linux; Android 7.0;) AppleWebKit/537.36 (KHTML, like Gecko) Mobile Safari/537.36 (compatible; PetalBot;+https://webmaster.petalsearch.com/site/petalbot)" 77 **0/77178**
114.119.143.75 - - [13/Jan/2026:12:19:57 -0700] "GET /?o=3490632 HTTP/1.1" 200 13988 "https://sumangalamcaterers.com/?sitemap-4.xml" "Mozilla/5.0 (Linux; Android 7.0;) AppleWebKit/537.36 (KHTML, like Gecko) Mobile Safari/537.36 (compatible; PetalBot;+https://webmaster.petalsearch.com/site/petalbot)" 89 **0/89996**
104.42.173.252 - - [13/Jan/2026:12:20:28 -0700] "GET /upload/941768052927.php?fileloc=/home/ni05r7l36tus/www/sabksolutions.com/project_details.php&path=/home/ni05r7l36tus/www/sabksolutions.com HTTP/1.1" 200 5877 "-" "Mozilla/5.0 (Macintosh; Intel Mac OS X 15_4_0; rv:127.0) Gecko/20100101 Firefox/127.0" 1028 **1/1028787**
104.210.60.113 - - [13/Jan/2026:12:20:28 -0700] "GET /upload/941768052927.php?fileloc=//lib64/libnfsidmap/static.so&path=//lib64/libnfsidmap HTTP/1.1" 200 19225 "-" "Mozilla/5.0 (Windows NT 10.0; Win64; x64) AppleWebKit/537.36 (KHTML, like Gecko) Chrome/129.0.6308.114 Safari/537.36" 1068 **1/1068899**
168.62.28.66 - - [13/Jan/2026:12:20:28 -0700] "GET /upload/941768052927.php?fileloc=/home/ni05r7l36tus/.cpanel/nvdata.cache&path=/home/ni05r7l36tus/.cpanel HTTP/1.1" 200 4802 "-" "Mozilla/5.0 (Macintosh; Intel Mac OS X 14_1_3) AppleWebKit/617.8 (KHTML, like Gecko) Version/17.1 Safari/617.8" 1048 **1/1048361**
104.42.173.253 - - [13/Jan/2026:12:20:28 -0700] "GET /upload/941768052927.php?fileloc=//lib64/libfribidi.so.0.4.0&path=//lib64 HTTP/1.1" 200 24731 "-" "Mozilla/5.0 (X11; Linux x86_64; rv:128.0) Gecko/20100101 Firefox/128.0" 1106 **1/1106819**
104.210.60.113 - - [13/Jan/2026:12:20:28 -0700] "GET /upload/941768052927.php?fileloc=/home/ni05r7l36tus/ssl/keys/af6ad_8d749_07c5d7b10a35b8ba9454e56b48d3ebde.key&path=/home/ni05r7l36tus/ssl/keys HTTP/1.1" 200 5872 "-" "Mozilla/5.0 (Macintosh; Intel Mac OS X 14_7_6) AppleWebKit/537.36 (KHTML, like Gecko) Chrome/127.0.6456.168 Safari/537.36" 1131 **1/1131530**
104.42.169.76 - - [13/Jan/2026:12:20:28 -0700] "GET /upload/941768052927.php?path=//lib64/gems HTTP/1.1" 200 4560 "-" "Mozilla/5.0 (Macintosh; Intel Mac OS X 14_1_9) AppleWebKit/537.36 (KHTML, like Gecko) Chrome/122.0.6469.152 Safari/537.36" 1159 **1/1159994**
104.42.173.255 - - [13/Jan/2026:12:20:28 -0700] "GET /upload/941768052927.php?path=//lib64/bind HTTP/1.1" 200 4373 "-" "Mozilla/5.0 (Windows NT 10.0; Win64; x64) AppleWebKit/537.36 (KHTML, like Gecko) Chrome/124.0.6216.131 Safari/537.36" 1232 **1/1232480**
104.42.169.76 - - [13/Jan/2026:12:20:28 -0700] "GET /upload/941768052927.php?fileloc=//lib64/libefa.so.1&path=//lib64 HTTP/1.1" 200 21334 "-" "Mozilla/5.0 (Macintosh; Intel Mac OS X 15_2_7; rv:123.0) Gecko/20100101 Firefox/123.0" 1183 **1/1183481**
168.62.28.66 - - [13/Jan/2026:12:20:28 -0700] "GET /upload/941768052927.php?fileloc=//lib64/libisccc.so.161&path=//lib64 HTTP/1.1" 200 20950 "-" "Mozilla/5.0 (Windows NT 10.0; Win64; x64) AppleWebKit/537.36 (KHTML, like Gecko) Chrome/120.0.6850.158 Safari/537.36" 1254 **1/1254720**
104.42.169.76 - - [13/Jan/2026:12:20:28 -0700] "GET /upload/941768052927.php?fileloc=//lib64/libodbcmyS.so.2.0.0&path=//lib64 HTTP/1.1" 200 8086 "-" "Mozilla/5.0 (Windows NT 10.0; Win64; x64) AppleWebKit/537.36 (KHTML, like Gecko) Chrome/126.0.6072.190 Safari/537.36" 1245 **1/1245896**
104.42.173.252 - - [13/Jan/2026:12:20:29 -0700] "GET /upload/941768052927.php?fileloc=/home/ni05r7l36tus/www/sabksolutions.com/project_details.php&path=/home/ni05r7l36tus/www/sabksolutions.com HTTP/1.1" 200 5877 "-" "Mozilla/5.0 (Macintosh; Intel Mac OS X 15_4_7) AppleWebKit/537.36 (KHTML, like Gecko) Chrome/122.0.6832.193 Safari/537.36" 749 **0/749546**
168.62.28.66 - - [13/Jan/2026:12:20:29 -0700] "GET /upload/941768052927.php?fileloc=/home/ni05r7l36tus/.cpanel/nvdata.cache&path=/home/ni05r7l36tus/.cpanel HTTP/1.1" 200 4802 "-" "Mozilla/5.0 (Windows NT 10.0; Win64; x64) AppleWebKit/537.36 (KHTML, like Gecko) Chrome/127.0.6264.160 Safari/537.36 Edg/127.0.2121.127" 789 **0/789881**
104.210.60.113 - - [13/Jan/2026:12:20:29 -0700] "GET /upload/941768052927.php?fileloc=/home/ni05r7l36tus/ssl/keys/af6ad_8d749_07c5d7b10a35b8ba9454e56b48d3ebde.key&path=/home/ni05r7l36tus/ssl/keys HTTP/1.1" 200 5872 "-" "Mozilla/5.0 (Windows NT 11.0; Win64; x64) AppleWebKit/537.36 (KHTML, like Gecko) Chrome/122.0.6736.136 Safari/537.36 Edg/122.0.2548.54" 819 **0/819530**
104.42.173.253 - - [13/Jan/2026:12:20:29 -0700] "GET /upload/941768052927.php?fileloc=//lib64/libfribidi.so.0.4.0&path=//lib64 HTTP/1.1" 200 24731 "-" "Mozilla/5.0 (Windows NT 11.0) AppleWebKit/537.36 (KHTML, like Gecko) Chrome/128.0.6784.148 Safari/537.36" 865 **0/865171**
104.210.60.113 - - [13/Jan/2026:12:20:29 -0700] "GET /upload/941768052927.php?fileloc=//lib64/libnfsidmap/static.so&path=//lib64/libnfsidmap HTTP/1.1" 200 19225 "-" "Mozilla/5.0 (X11; Linux x86_64) AppleWebKit/537.36 (KHTML, like Gecko) Chrome/128.0.6752.178 Safari/537.36" 931 **0/931539**
104.42.169.76 - - [13/Jan/2026:12:20:29 -0700] "GET /upload/941768052927.php?fileloc=//lib64/libodbcmyS.so.2.0.0&path=//lib64 HTTP/1.1" 200 8086 "-" "Mozilla/5.0 (Macintosh; Intel Mac OS X 14_7_3) AppleWebKit/537.36 (KHTML, like Gecko) Chrome/120.0.6895.111 Safari/537.36" 783 **0/783839**
104.42.169.76 - - [13/Jan/2026:12:20:29 -0700] "GET /upload/941768052927.php?fileloc=//lib64/libefa.so.1&path=//lib64 HTTP/1.1" 200 21334 "-" "Mozilla/5.0 (Macintosh; Intel Mac OS X 14_3_5) AppleWebKit/537.36 (KHTML, like Gecko) Chrome/131.0.6097.198 Safari/537.36 Edg/131.0.2299.92" 811 **0/811548**
104.42.169.76 - - [13/Jan/2026:12:20:29 -0700] "GET /upload/941768052927.php?path=//lib64/gems HTTP/1.1" 200 4560 "-" "Mozilla/5.0 (Macintosh; Intel Mac OS X 14_6_4; rv:126.0) Gecko/20100101 Firefox/126.0" 903 **0/903310**
104.42.173.255 - - [13/Jan/2026:12:20:29 -0700] "GET /upload/941768052927.php?path=//lib64/bind HTTP/1.1" 200 4373 "-" "Mozilla/5.0 (Windows NT 11.0; Win64; x64) AppleWebKit/537.36 (KHTML, like Gecko) Chrome/130.0.6374.110 Safari/537.36" 923 **0/923607**
168.62.28.66 - - [13/Jan/2026:12:20:29 -0700] "GET /upload/941768052927.php?fileloc=//lib64/libisccc.so.161&path=//lib64 HTTP/1.1" 200 20950 "-" "Mozilla/5.0 (Macintosh; Intel Mac OS X 15_5_2) AppleWebKit/618.4 (KHTML, like Gecko) Version/18.0 Safari/618.4" 894 **0/894849**
168.62.28.64 - - [13/Jan/2026:12:21:05 -0700] "GET /upload/941768052927.php?fileloc=//lib64/libefa.so.1&path=//lib64 HTTP/1.1" 200 - "-" "Mozilla/5.0 (Windows NT 10.0; Win64; x64) AppleWebKit/537.36 (KHTML, like Gecko) Chrome/126.0.6850.171 Safari/537.36 Edg/126.0.2345.87" 337 **0/337971**
104.210.60.115 - - [13/Jan/2026:12:21:05 -0700] "GET /upload/941768052927.php?path=//lib64/enchant HTTP/1.1" 200 - "-" "Mozilla/5.0 (Windows NT 11.0; Win64; x64) AppleWebKit/537.36 (KHTML, like Gecko) Chrome/121.0.6904.193 Safari/537.36" 335 **0/335430**
104.42.169.79 - - [13/Jan/2026:12:21:05 -0700] "GET /upload/941768052927.php?fileloc=//proc/locks&path=//proc HTTP/1.1" 404 - "-" "Mozilla/5.0 (Windows NT 11.0; Win64; x64) AppleWebKit/537.36 (KHTML, like Gecko) Chrome/126.0.6692.197 Safari/537.36" 322 **0/322519**
104.42.173.252 - - [13/Jan/2026:12:21:05 -0700] "GET /upload/941768052927.php?fileloc=//lib64/libpam_misc.so.0.82.1&path=//lib64 HTTP/1.1" 404 - "-" "Mozilla/5.0 (Windows NT 11.0; Win64; x64) AppleWebKit/537.36 (KHTML, like Gecko) Chrome/130.0.6637.120 Safari/537.36" 398 **0/398921**
104.42.173.253 - - [13/Jan/2026:12:21:05 -0700] "GET /upload/941768052927.php?fileloc=//lib64/libinotifytools.so.0.4.1&path=//lib64 HTTP/1.1" 200 - "-" "Mozilla/5.0 (Windows NT 11.0; Win64; x64) AppleWebKit/537.36 (KHTML, like Gecko) Chrome/123.0.6879.142 Safari/537.36" 500 **0/500702**
104.210.60.113 - - [13/Jan/2026:12:21:05 -0700] "GET /upload/941768052927.php?fileloc=/home/ni05r7l36tus/www/sabksolutions.com/project_details.php&path=/home/ni05r7l36tus/www/sabksolutions.com HTTP/1.1" 404 - "-" "Mozilla/5.0 (Windows NT 11.0; Win64; x64) AppleWebKit/537.36 (KHTML, like Gecko) Chrome/127.0.6182.134 Safari/537.36" 512 **0/512151**
168.62.28.64 - - [13/Jan/2026:12:21:05 -0700] "GET /upload/941768052927.php?fileloc=//lib64/libefa.so.1&path=//lib64 HTTP/1.1" 404 - "-" "Mozilla/5.0 (Macintosh; Intel Mac OS X 14_2_2) AppleWebKit/537.36 (KHTML, like Gecko) Chrome/128.0.6114.100 Safari/537.36" 355 **0/355931**
104.42.173.255 - - [13/Jan/2026:12:21:05 -0700] "GET /upload/941768052927.php?fileloc=//lib64/libXxf86vm.so.1&path=//lib64 HTTP/1.1" 200 12124 "-" "Mozilla/5.0 (X11; Linux x86_64) AppleWebKit/537.36 (KHTML, like Gecko) Chrome/128.0.6624.137 Safari/537.36" 782 **0/782978**
104.210.60.115 - - [13/Jan/2026:12:21:05 -0700] "GET /upload/941768052927.php?path=//lib64/enchant HTTP/1.1" 404 - "-" "Mozilla/5.0 (X11; Linux aarch64) AppleWebKit/537.36 (KHTML, like Gecko) Chrome/130.0.6838.195 Safari/537.36" 358 **0/358354**
104.42.169.79 - - [13/Jan/2026:12:21:05 -0700] "GET /upload/941768052927.php?fileloc=//lib64/libfribidi.so.0.4.0&path=//lib64 HTTP/1.1" 200 24731 "-" "Mozilla/5.0 (Windows NT 11.0; Win64; x64; rv:124.0) Gecko/20100101 Firefox/124.0" 839 **0/839971**
104.42.173.252 - - [13/Jan/2026:12:21:05 -0700] "GET /upload/941768052927.php?fileloc=//lib64/libpthread.so&path=//lib64 HTTP/1.1" 200 53577 "-" "Mozilla/5.0 (Windows NT 11.0) AppleWebKit/537.36 (KHTML, like Gecko) Chrome/121.0.6228.183 Safari/537.36" 860 **0/860812**
104.42.173.252 - - [13/Jan/2026:12:21:05 -0700] "GET /upload/941768052927.php?fileloc=/home/ni05r7l36tus/ssl/keys/af6ad_8d749_07c5d7b10a35b8ba9454e56b48d3ebde.key&path=/home/ni05r7l36tus/ssl/keys HTTP/1.1" 200 5872 "-" "Mozilla/5.0 (Macintosh; Intel Mac OS X 15_1_9) AppleWebKit/537.36 (KHTML, like Gecko) Chrome/126.0.6440.101 Safari/537.36 Edg/126.0.2106.108" 879 **0/879910**
104.42.173.255 - - [13/Jan/2026:12:21:05 -0700] "GET /upload/941768052927.php?path=//lib64/gems HTTP/1.1" 200 4560 "-" "Mozilla/5.0 (Windows NT 11.0; Win64; x64) AppleWebKit/537.36 (KHTML, like Gecko) Chrome/120.0.6079.126 Safari/537.36" 1031 **1/1031633**
104.42.169.78 - - [13/Jan/2026:12:21:05 -0700] "GET /upload/941768052927.php?path=//lib64/mysql HTTP/1.1" 200 4852 "-" "Mozilla/5.0 (X11; Linux x86_64) AppleWebKit/537.36 (KHTML, like Gecko) Chrome/124.0.6836.138 Safari/537.36" 1123 **1/1123401**
168.62.28.66 - - [13/Jan/2026:12:21:05 -0700] "GET /upload/941768052927.php?path=//lib64/sa HTTP/1.1" 200 4628 "-" "Mozilla/5.0 (Windows NT 10.0; Win64; x64) AppleWebKit/537.36 (KHTML, like Gecko) Chrome/126.0.6706.107 Safari/537.36 Edg/126.0.2537.79" 1082 **1/1082636**
104.42.173.252 - - [13/Jan/2026:12:21:05 -0700] "GET /upload/941768052927.php?path=//lib64/bind HTTP/1.1" 200 4373 "-" "Mozilla/5.0 (Windows NT 10.0; Win64; x64) AppleWebKit/537.36 (KHTML, like Gecko) Chrome/130.0.6455.143 Safari/537.36" 1123 **1/1123036**
168.62.28.67 - - [13/Jan/2026:12:21:05 -0700] "GET /upload/941768052927.php?fileloc=//lib64/libnfsidmap/static.so&path=//lib64/libnfsidmap HTTP/1.1" 200 19225 "-" "Mozilla/5.0 (Macintosh; Intel Mac OS X 15_7_0) AppleWebKit/537.36 (KHTML, like Gecko) Chrome/121.0.6836.126 Safari/537.36" 1209 **1/1209845**
104.210.60.112 - - [13/Jan/2026:12:21:05 -0700] "GET /upload/941768052927.php?fileloc=//lib64/libmcpp.so.0.3.0&path=//lib64 HTTP/1.1" 200 68737 "-" "Mozilla/5.0 (Windows NT 10.0; Win64; x64) AppleWebKit/537.36 (KHTML, like Gecko) Chrome/125.0.6573.124 Safari/537.36" 1222 **1/1222648**
168.62.28.64 - - [13/Jan/2026:12:21:05 -0700] "GET /upload/941768052927.php?fileloc=//lib64/libisccc.so.161&path=//lib64 HTTP/1.1" 200 20950 "-" "Mozilla/5.0 (Macintosh; Intel Mac OS X 15_5_2) AppleWebKit/537.36 (KHTML, like Gecko) Chrome/121.0.6736.199 Safari/537.36" 1203 **1/1203433**
104.210.60.115 - - [13/Jan/2026:12:21:05 -0700] "GET /upload/941768052927.php?fileloc=//lib64/libodbcmyS.so.2.0.0&path=//lib64 HTTP/1.1" 200 8086 "-" "Mozilla/5.0 (Windows NT 11.0; Win64; x64) AppleWebKit/537.36 (KHTML, like Gecko) Chrome/121.0.6213.197 Safari/537.36" 1508 **1/1508914**
168.62.28.65 - - [13/Jan/2026:12:21:05 -0700] "GET /upload/941768052927.php?fileloc=/home/ni05r7l36tus/.cpanel/nvdata.cache&path=/home/ni05r7l36tus/.cpanel HTTP/1.1" 200 4802 "-" "Mozilla/5.0 (Macintosh; Intel Mac OS X 14_2_8) AppleWebKit/537.36 (KHTML, like Gecko) Chrome/122.0.6507.146 Safari/537.36" 1609 **1/1609938**
168.62.28.66 - - [13/Jan/2026:12:21:04 -0700] "GET /upload/941768052927.php?fileloc=//lib64/libext2fs.so.2&path=//lib64 HTTP/1.1" 200 181818 "-" "Mozilla/5.0 (Macintosh; Intel Mac OS X 14_2_3) AppleWebKit/537.36 (KHTML, like Gecko) Chrome/125.0.6884.165 Safari/537.36" 1782 **1/1782979**
104.42.169.76 - - [13/Jan/2026:12:21:05 -0700] "GET /upload/941768052927.php?fileloc=//lib64/libevent_openssl-2.1.so.6&path=//lib64 HTTP/1.1" 200 14714 "-" "Mozilla/5.0 (Windows NT 11.0; Win64; x64) AppleWebKit/537.36 (KHTML, like Gecko) Chrome/122.0.6572.126 Safari/537.36 Edg/122.0.2614.65" 1725 **1/1725936**
104.210.60.112 - - [13/Jan/2026:12:21:05 -0700] "GET /upload/941768052927.php?fileloc=//lib64/librpmbuild.so.8.2.0&path=//lib64 HTTP/1.1" 200 77489 "-" "Mozilla/5.0 (Macintosh; Intel Mac OS X 15_4_7) AppleWebKit/537.36 (KHTML, like Gecko) Chrome/125.0.6450.173 Safari/537.36" 1743 **1/1743283**
104.42.173.253 - - [13/Jan/2026:12:21:05 -0700] "GET /upload/941768052927.php?fileloc=//lib64/libinotifytools.so.0.4.1&path=//lib64 HTTP/1.1" 200 19038 "-" "Mozilla/5.0 (Windows NT 10.0; Win64; x64) AppleWebKit/537.36 (KHTML, like Gecko) Chrome/123.0.6212.133 Safari/537.36" 1187 **1/1187398**
104.42.169.79 - - [13/Jan/2026:12:21:05 -0700] "GET /upload/941768052927.php?fileloc=//lib64/libkrad.so&path=//lib64 HTTP/1.1" 200 18769 "-" "Mozilla/5.0 (X11; Linux x86_64) AppleWebKit/537.36 (KHTML, like Gecko) Chrome/129.0.6416.104 Safari/537.36" 1727 **1/1727448**
104.42.169.78 - - [13/Jan/2026:12:21:05 -0700] "GET /upload/941768052927.php?fileloc=//lib64/libpoppler-glib.so.8.19.0&path=//lib64 HTTP/1.1" 200 137146 "-" "Mozilla/5.0 (Windows NT 11.0; Win64; x64) AppleWebKit/537.36 (KHTML, like Gecko) Chrome/131.0.6335.105 Safari/537.36" 1752 **1/1752602**
104.42.173.255 - - [13/Jan/2026:12:21:06 -0700] "GET /upload/941768052927.php?path=//lib64/gems HTTP/1.1" 200 4560 "-" "Mozilla/5.0 (Windows NT 10.0; Win64; x64) AppleWebKit/537.36 (KHTML, like Gecko) Chrome/121.0.6037.173 Safari/537.36" 992 **0/992860**
104.42.173.255 - - [13/Jan/2026:12:21:05 -0700] "GET /upload/941768052927.php?fileloc=//lib64/libXxf86vm.so.1&path=//lib64 HTTP/1.1" 200 12124 "-" "Mozilla/5.0 (Windows NT 10.0; Win64; x64) AppleWebKit/537.36 (KHTML, like Gecko) Chrome/131.0.6986.193 Safari/537.36" 1235 **1/1235115**
104.42.173.252 - - [13/Jan/2026:12:21:05 -0700] "GET /upload/941768052927.php?fileloc=/home/ni05r7l36tus/ssl/keys/af6ad_8d749_07c5d7b10a35b8ba9454e56b48d3ebde.key&path=/home/ni05r7l36tus/ssl/keys HTTP/1.1" 200 5872 "-" "Mozilla/5.0 (Windows NT 11.0; Win64; x64) AppleWebKit/537.36 (KHTML, like Gecko) Chrome/129.0.6699.190 Safari/537.36" 1298 **1/1298480**
104.42.169.78 - - [13/Jan/2026:12:21:06 -0700] "GET /upload/941768052927.php?path=//lib64/mysql HTTP/1.1" 200 4852 "-" "Mozilla/5.0 (Windows NT 10.0; Win64; x64) AppleWebKit/537.36 (KHTML, like Gecko) Chrome/130.0.6350.107 Safari/537.36" 1098 **1/1098212**
104.42.169.79 - - [13/Jan/2026:12:21:05 -0700] "GET /upload/941768052927.php?fileloc=//lib64/libfribidi.so.0.4.0&path=//lib64 HTTP/1.1" 200 24731 "-" "Mozilla/5.0 (Windows NT 11.0) AppleWebKit/537.36 (KHTML, like Gecko) Chrome/121.0.6103.149 Safari/537.36" 1348 **1/1348722**
104.42.173.252 - - [13/Jan/2026:12:21:05 -0700] "GET /upload/941768052927.php?fileloc=//lib64/libpthread.so&path=//lib64 HTTP/1.1" 200 53577 "-" "Mozilla/5.0 (Macintosh; Intel Mac OS X 14_4_5) AppleWebKit/616.6 (KHTML, like Gecko) Version/17.1 Safari/616.6" 1438 **1/1438611**
168.62.28.66 - - [13/Jan/2026:12:21:06 -0700] "GET /upload/941768052927.php?path=//lib64/sa HTTP/1.1" 200 4628 "-" "Mozilla/5.0 (Macintosh; Intel Mac OS X 14_1_8) AppleWebKit/537.36 (KHTML, like Gecko) Chrome/131.0.6196.152 Safari/537.36" 1324 **1/1324055**
104.42.173.252 - - [13/Jan/2026:12:21:06 -0700] "GET /upload/941768052927.php?path=//lib64/bind HTTP/1.1" 200 4373 "-" "Mozilla/5.0 (Macintosh; Intel Mac OS X 14_2_3) AppleWebKit/537.36 (KHTML, like Gecko) Chrome/129.0.6094.102 Safari/537.36" 1252 **1/1252906**
104.42.169.76 - - [13/Jan/2026:12:21:06 -0700] "GET /upload/941768052927.php?fileloc=//lib64/libevent_openssl-2.1.so.6&path=//lib64 HTTP/1.1" 200 14714 "-" "Mozilla/5.0 (Windows NT 10.0; Win64; x64) AppleWebKit/537.36 (KHTML, like Gecko) Chrome/125.0.6568.164 Safari/537.36" 746 **0/746438**
168.62.28.64 - - [13/Jan/2026:12:21:06 -0700] "GET /upload/941768052927.php?fileloc=//lib64/libisccc.so.161&path=//lib64 HTTP/1.1" 200 20950 "-" "Mozilla/5.0 (Macintosh; Intel Mac OS X 14_3_2) AppleWebKit/537.36 (KHTML, like Gecko) Chrome/129.0.6640.123 Safari/537.36" 1197 **1/1197027**
168.62.28.65 - - [13/Jan/2026:12:21:06 -0700] "GET /upload/941768052927.php?fileloc=/home/ni05r7l36tus/.cpanel/nvdata.cache&path=/home/ni05r7l36tus/.cpanel HTTP/1.1" 200 4802 "-" "Mozilla/5.0 (Windows NT 11.0; Win64; x64) AppleWebKit/537.36 (KHTML, like Gecko) Chrome/120.0.6996.196 Safari/537.36" 1003 **1/1003099**
168.62.28.67 - - [13/Jan/2026:12:21:06 -0700] "GET /upload/941768052927.php?fileloc=//lib64/libnfsidmap/static.so&path=//lib64/libnfsidmap HTTP/1.1" 200 19225 "-" "Mozilla/5.0 (Windows NT 10.0; Win64; x64) AppleWebKit/537.36 (KHTML, like Gecko) Chrome/128.0.6213.196 Safari/537.36" 1293 **1/1293072**
104.210.60.112 - - [13/Jan/2026:12:21:06 -0700] "GET /upload/941768052927.php?fileloc=//lib64/librpmbuild.so.8.2.0&path=//lib64 HTTP/1.1" 200 77489 "-" "Mozilla/5.0 (Macintosh; Intel Mac OS X 14_0_3) AppleWebKit/537.36 (KHTML, like Gecko) Chrome/131.0.6901.112 Safari/537.36" 1142 **1/1142226**
104.210.60.115 - - [13/Jan/2026:12:21:06 -0700] "GET /upload/941768052927.php?fileloc=//lib64/libodbcmyS.so.2.0.0&path=//lib64 HTTP/1.1" 200 8086 "-" "Mozilla/5.0 (Macintosh; Intel Mac OS X 14_5_5) AppleWebKit/537.36 (KHTML, like Gecko) Chrome/122.0.6804.111 Safari/537.36" 1393 **1/1393494**
104.210.60.112 - - [13/Jan/2026:12:21:06 -0700] "GET /upload/941768052927.php?fileloc=//lib64/libmcpp.so.0.3.0&path=//lib64 HTTP/1.1" 200 68737 "-" "Mozilla/5.0 (X11; Linux x86_64) AppleWebKit/537.36 (KHTML, like Gecko) Chrome/127.0.6630.111 Safari/537.36" 1673 **1/1673206**
168.62.28.66 - - [13/Jan/2026:12:21:06 -0700] "GET /upload/941768052927.php?fileloc=//lib64/libext2fs.so.2&path=//lib64 HTTP/1.1" 200 181818 "-" "Mozilla/5.0 (Macintosh; Intel Mac OS X 14_5_5) AppleWebKit/537.36 (KHTML, like Gecko) Chrome/124.0.6039.187 Safari/537.36" 1249 **1/1249520**
104.42.169.79 - - [13/Jan/2026:12:21:06 -0700] "GET /upload/941768052927.php?fileloc=//lib64/libkrad.so&path=//lib64 HTTP/1.1" 200 18769 "-" "Mozilla/5.0 (Macintosh; Intel Mac OS X 14_4_7) AppleWebKit/537.36 (KHTML, like Gecko) Chrome/126.0.6778.113 Safari/537.36" 1328 **1/1328577**
104.42.169.78 - - [13/Jan/2026:12:21:06 -0700] "GET /upload/941768052927.php?fileloc=//lib64/libpoppler-glib.so.8.19.0&path=//lib64 HTTP/1.1" 200 137146 "-" "Mozilla/5.0 (Windows NT 10.0; Win64; x64) AppleWebKit/537.36 (KHTML, like Gecko) Chrome/130.0.6125.195 Safari/537.36" 1426 **1/1426586**
104.210.60.112 - - [13/Jan/2026:12:21:05 -0700] "GET /upload/941768052927.php?fileloc=//lib64/libaom.so.3&path=//lib64 HTTP/1.1" 200 1848085 "-" "Mozilla/5.0 (Macintosh; Intel Mac OS X 15_5_9) AppleWebKit/537.36 (KHTML, like Gecko) Chrome/126.0.6147.114 Safari/537.36" 3894 **3/3894815**
104.210.60.112 - - [13/Jan/2026:12:21:08 -0700] "GET /upload/941768052927.php?fileloc=//lib64/libaom.so.3&path=//lib64 HTTP/1.1" 200 1848085 "-" "Mozilla/5.0 (X11; Linux x86_64) AppleWebKit/537.36 (KHTML, like Gecko) Chrome/125.0.6096.124 Safari/537.36" 1521 **1/1521087**
114.119.146.88 - - [13/Jan/2026:12:21:22 -0700] "GET /?o=2986543 HTTP/1.1" 200 13988 "https://sumangalamcaterers.com/sitemap5.xml" "Mozilla/5.0 (Linux; Android 7.0;) AppleWebKit/537.36 (KHTML, like Gecko) Mobile Safari/537.36 (compatible; PetalBot;+https://webmaster.petalsearch.com/site/petalbot)" 97 **0/97092**
216.73.216.219 - - [13/Jan/2026:12:21:39 -0700] "GET /main.php HTTP/2.0" 404 - "-" "Mozilla/5.0 AppleWebKit/537.36 (KHTML, like Gecko; compatible; ClaudeBot/1.0; +claudebot@anthropic.com)" 10 **0/10862**
114.119.141.249 - - [13/Jan/2026:12:22:46 -0700] "GET /?o=2922535 HTTP/1.1" 200 13988 "https://sumangalamcaterers.com/?sitemap-2.xml" "Mozilla/5.0 (Linux; Android 7.0;) AppleWebKit/537.36 (KHTML, like Gecko) Mobile Safari/537.36 (compatible; PetalBot;+https://webmaster.petalsearch.com/site/petalbot)" 112 **0/112404**
54.39.210.241 - - [13/Jan/2026:12:23:25 -0700] "GET /robots.txt HTTP/2.0" 200 187 "-" "Mozilla/5.0 (compatible; AhrefsBot/7.0; +http://ahrefs.com/robot/)" 9 **0/9809**
51.161.65.163 - - [13/Jan/2026:12:23:29 -0700] "GET / HTTP/2.0" 200 12550 "-" "Mozilla/5.0 (compatible; AhrefsBot/7.0; +http://ahrefs.com/robot/)" 97 **0/97247**
114.119.151.168 - - [13/Jan/2026:12:24:08 -0700] "GET /?o=2905394 HTTP/1.1" 200 13988 "https://sumangalamcaterers.com/sitemap4.xml" "Mozilla/5.0 (Linux; Android 7.0;) AppleWebKit/537.36 (KHTML, like Gecko) Mobile Safari/537.36 (compatible; PetalBot;+https://webmaster.petalsearch.com/site/petalbot)" 71 **0/71541**
114.119.145.134 - - [13/Jan/2026:12:25:33 -0700] "GET /?o=2823233 HTTP/1.1" 200 13988 "https://sumangalamcaterers.com/?sitemap-1.xml" "Mozilla/5.0 (Linux; Android 7.0;) AppleWebKit/537.36 (KHTML, like Gecko) Mobile Safari/537.36 (compatible; PetalBot;+https://webmaster.petalsearch.com/site/petalbot)" 88 **0/88249**
114.119.145.134 - - [13/Jan/2026:12:26:55 -0700] "GET /?o=2803768 HTTP/1.1" 200 13988 "https://sumangalamcaterers.com/?sitemap-5.xml" "Mozilla/5.0 (Linux; Android 7.0;) AppleWebKit/537.36 (KHTML, like Gecko) Mobile Safari/537.36 (compatible; PetalBot;+https://webmaster.petalsearch.com/site/petalbot)" 66 **0/66833**
114.119.144.165 - - [13/Jan/2026:12:28:21 -0700] "GET /?o=2787243 HTTP/1.1" 200 13988 "https://sumangalamcaterers.com/?sitemap-4.xml" "Mozilla/5.0 (Linux; Android 7.0;) AppleWebKit/537.36 (KHTML, like Gecko) Mobile Safari/537.36 (compatible; PetalBot;+https://webmaster.petalsearch.com/site/petalbot)" 104 **0/104138**
168.62.28.67 - - [13/Jan/2026:12:29:15 -0700] "GET /upload/941768052927.php?fileloc=//lib64/libxcb-damage.so.0&path=//lib64 HTTP/1.1" 200 - "-" "Mozilla/5.0 (Macintosh; Intel Mac OS X 14_4_8) AppleWebKit/537.36 (KHTML, like Gecko) Chrome/127.0.6915.156 Safari/537.36" 124 **0/124903**
104.42.169.76 - - [13/Jan/2026:12:29:15 -0700] "GET /upload/941768052927.php?fileloc=//lib64/libboost_date_time.so.1.66.0&path=//lib64 HTTP/1.1" 404 - "-" "Mozilla/5.0 (Macintosh; Intel Mac OS X 15_1_8) AppleWebKit/537.36 (KHTML, like Gecko) Chrome/121.0.6432.107 Safari/537.36" 106 **0/106561**
168.62.28.67 - - [13/Jan/2026:12:29:15 -0700] "GET /upload/941768052927.php?fileloc=//lib64/libmvec.so.1&path=//lib64 HTTP/1.1" 200 - "-" "Mozilla/5.0 (Windows NT 10.0; Win64; x64) AppleWebKit/537.36 (KHTML, like Gecko) Chrome/120.0.6663.194 Safari/537.36" 122 **0/122209**
104.42.173.255 - - [13/Jan/2026:12:29:15 -0700] "GET /upload/941768052927.php?path=//lib64/gio HTTP/1.1" 404 - "-" "Mozilla/5.0 (Windows NT 11.0) AppleWebKit/537.36 (KHTML, like Gecko) Chrome/127.0.6242.196 Safari/537.36 Edg/127.0.2276.121" 288 **0/288130**
168.62.28.66 - - [13/Jan/2026:12:29:15 -0700] "GET /upload/941768052927.php?fileloc=//lib64/security/pam_cracklib.so&path=//lib64/security HTTP/1.1" 404 - "-" "Mozilla/5.0 (Windows NT 11.0; Win64; x64) AppleWebKit/537.36 (KHTML, like Gecko) Chrome/123.0.6225.132 Safari/537.36 Edg/123.0.2871.77" 269 **0/269508**
104.42.173.252 - - [13/Jan/2026:12:29:15 -0700] "GET /upload/941768052927.php?fileloc=//lib64/libicudata.so.60&path=//lib64 HTTP/1.1" 200 - "-" "Mozilla/5.0 (Macintosh; Intel Mac OS X 15_4_2) AppleWebKit/616.6 (KHTML, like Gecko) Version/18.1 Safari/616.6" 370 **0/370896**
168.62.28.66 - - [13/Jan/2026:12:29:15 -0700] "GET /upload/941768052927.php?fileloc=/home/ni05r7l36tus/.mysql_backup/aptdb.sql.gz&path=/home/ni05r7l36tus/.mysql_backup HTTP/1.1" 404 - "-" "Mozilla/5.0 (Windows NT 11.0; Win64; x64) AppleWebKit/537.36 (KHTML, like Gecko) Chrome/128.0.6203.124 Safari/537.36" 367 **0/367246**
104.210.60.113 - - [13/Jan/2026:12:29:15 -0700] "GET /upload/941768052927.php?fileloc=//sbin/sendmail&path=//sbin HTTP/1.1" 404 - "-" "Mozilla/5.0 (Windows NT 11.0; Win64; x64) AppleWebKit/537.36 (KHTML, like Gecko) Chrome/128.0.6670.169 Safari/537.36" 482 **0/482014**
104.42.173.252 - - [13/Jan/2026:12:29:16 -0700] "GET /upload/941768052927.php?fileloc=//lib64/libicudata.so.60&path=//lib64 HTTP/1.1" 200 - "-" "Mozilla/5.0 (Windows NT 11.0; Win64; x64) AppleWebKit/537.36 (KHTML, like Gecko) Chrome/120.0.6410.178 Safari/537.36" 70 **0/70421**
168.62.28.67 - - [13/Jan/2026:12:29:15 -0700] "GET /upload/941768052927.php?fileloc=//lib64/libmvec.so.1&path=//lib64 HTTP/1.1" 200 - "-" "Mozilla/5.0 (Windows NT 10.0; Win64; x64; rv:131.0) Gecko/20100101 Firefox/131.0" 346 **0/346046**
168.62.28.65 - - [13/Jan/2026:12:29:15 -0700] "GET /upload/941768052927.php?fileloc=//lib64/libassuan.so.0&path=//lib64 HTTP/1.1" 200 37796 "-" "Mozilla/5.0 (Windows NT 10.0; Win64; x64; rv:129.0) Gecko/20100101 Firefox/129.0" 730 **0/730689**
104.42.173.254 - - [13/Jan/2026:12:29:15 -0700] "GET /upload/941768052927.php?fileloc=/home/ni05r7l36tus/.spamassassin/bayes_seen&path=/home/ni05r7l36tus/.spamassassin HTTP/1.1" 200 7013 "-" "Mozilla/5.0 (X11; Linux x86_64) AppleWebKit/537.36 (KHTML, like Gecko) Chrome/131.0.6852.168 Safari/537.36" 1096 **1/1096521**
104.42.173.254 - - [13/Jan/2026:12:29:15 -0700] "GET /upload/941768052927.php?fileloc=//lib64/libffi.so.6&path=//lib64 HTTP/1.1" 200 19473 "-" "Mozilla/5.0 (Macintosh; Intel Mac OS X 15_0_2) AppleWebKit/537.36 (KHTML, like Gecko) Chrome/126.0.6198.175 Safari/537.36" 1060 **1/1060626**
104.210.60.113 - - [13/Jan/2026:12:29:15 -0700] "GET /upload/941768052927.php?fileloc=//lib64/libdl-2.28.so&path=//lib64 HTTP/1.1" 200 9771 "-" "Mozilla/5.0 (Macintosh; Intel Mac OS X 14_0_5) AppleWebKit/537.36 (KHTML, like Gecko) Chrome/125.0.6216.199 Safari/537.36" 1170 **1/1170055**
104.210.60.115 - - [13/Jan/2026:12:29:15 -0700] "GET /upload/941768052927.php?fileloc=//lib64/libIlmThread-2_2.so.12.0.0&path=//lib64 HTTP/1.1" 200 14305 "-" "Mozilla/5.0 (Windows NT 11.0; Win64; x64) AppleWebKit/537.36 (KHTML, like Gecko) Chrome/127.0.6757.145 Safari/537.36" 1182 **1/1182464**
104.42.173.253 - - [13/Jan/2026:12:29:15 -0700] "GET /upload/941768052927.php?fileloc=//lib64/libpthread_nonshared.a&path=//lib64 HTTP/1.1" 200 4300 "-" "Mozilla/5.0 (Windows NT 11.0; Win64; x64) AppleWebKit/537.36 (KHTML, like Gecko) Chrome/125.0.6271.181 Safari/537.36" 1351 **1/1351852**
104.42.173.255 - - [13/Jan/2026:12:29:15 -0700] "GET /upload/941768052927.php?fileloc=//sbin/cloudlinux-selector&path=//sbin HTTP/1.1" 200 4652 "-" "Mozilla/5.0 (Macintosh; Intel Mac OS X 14_3_1) AppleWebKit/617.8 (KHTML, like Gecko) Version/18.0 Safari/617.8" 1386 **1/1386432**
168.62.28.64 - - [13/Jan/2026:12:29:15 -0700] "GET /upload/941768052927.php?fileloc=//lib64/libasm.so.1&path=//lib64 HTTP/1.1" 200 17464 "-" "Mozilla/5.0 (Macintosh; Intel Mac OS X 14_1_4) AppleWebKit/537.36 (KHTML, like Gecko) Chrome/130.0.6076.134 Safari/537.36 Edg/130.0.2450.70" 1593 **1/1593946**
168.62.28.64 - - [13/Jan/2026:12:29:15 -0700] "GET /upload/941768052927.php?fileloc=//lib64/libefa.so.1.2.48.0&path=//lib64 HTTP/1.1" 200 21341 "-" "Mozilla/5.0 (Windows NT 11.0; Win64; x64) AppleWebKit/537.36 (KHTML, like Gecko) Chrome/129.0.6399.104 Safari/537.36" 1612 **1/1612389**
104.42.169.78 - - [13/Jan/2026:12:29:15 -0700] "GET /upload/941768052927.php?fileloc=/home/ni05r7l36tus/www/sabksolutions.com/send.php&path=/home/ni05r7l36tus/www/sabksolutions.com HTTP/1.1" 200 5712 "-" "Mozilla/5.0 (Windows NT 11.0; Win64; x64) AppleWebKit/537.36 (KHTML, like Gecko) Chrome/131.0.6252.119 Safari/537.36" 1640 **1/1640167**
104.210.60.113 - - [13/Jan/2026:12:29:15 -0700] "GET /upload/941768052927.php?fileloc=//lib64/libkadm5clnt.so&path=//lib64 HTTP/1.1" 200 35513 "-" "Mozilla/5.0 (X11; Linux x86_64) AppleWebKit/537.36 (KHTML, like Gecko) Chrome/122.0.6556.155 Safari/537.36" 1632 **1/1632683**
168.62.28.67 - - [13/Jan/2026:12:29:15 -0700] "GET /upload/941768052927.php?fileloc=//lib64/libk5crypto.so.3&path=//lib64 HTTP/1.1" 200 38619 "-" "Mozilla/5.0 (Windows NT 10.0; Win64; x64; rv:133.0) Gecko/20100101 Firefox/133.0" 1657 **1/1657316**
104.42.169.76 - - [13/Jan/2026:12:29:15 -0700] "GET /upload/941768052927.php?fileloc=//lib64/libgpg-error.so.0.24.2&path=//lib64 HTTP/1.1" 200 58504 "-" "Mozilla/5.0 (Windows NT 11.0; Win64; x64; rv:122.0) Gecko/20100101 Firefox/122.0" 1737 **1/1737501**
104.210.60.114 - - [13/Jan/2026:12:29:15 -0700] "GET /upload/941768052927.php?fileloc=//lib64/libglut.so.3&path=//lib64 HTTP/1.1" 200 97914 "-" "Mozilla/5.0 (Windows NT 11.0; Win64; x64) AppleWebKit/537.36 (KHTML, like Gecko) Chrome/131.0.6542.151 Safari/537.36 Edg/131.0.2009.91" 1766 **1/1766787**
104.42.173.254 - - [13/Jan/2026:12:29:16 -0700] "GET /upload/941768052927.php?fileloc=/home/ni05r7l36tus/.spamassassin/bayes_seen&path=/home/ni05r7l36tus/.spamassassin HTTP/1.1" 200 7013 "-" "Mozilla/5.0 (Macintosh; Intel Mac OS X 15_0_9) AppleWebKit/618.8 (KHTML, like Gecko) Version/18.0 Safari/618.8" 874 **0/874917**
168.62.28.65 - - [13/Jan/2026:12:29:16 -0700] "GET /upload/941768052927.php?fileloc=//lib64/libassuan.so.0&path=//lib64 HTTP/1.1" 200 37796 "-" "Mozilla/5.0 (Windows NT 11.0; Win64; x64) AppleWebKit/537.36 (KHTML, like Gecko) Chrome/131.0.6471.112 Safari/537.36" 1233 **1/1233758**
104.42.173.254 - - [13/Jan/2026:12:29:16 -0700] "GET /upload/941768052927.php?fileloc=//lib64/libffi.so.6&path=//lib64 HTTP/1.1" 200 19473 "-" "Mozilla/5.0 (Macintosh; Intel Mac OS X 14_0_5) AppleWebKit/537.36 (KHTML, like Gecko) Chrome/130.0.6554.130 Safari/537.36" 923 **0/923383**
104.210.60.113 - - [13/Jan/2026:12:29:16 -0700] "GET /upload/941768052927.php?fileloc=//lib64/libdl-2.28.so&path=//lib64 HTTP/1.1" 200 9771 "-" "Mozilla/5.0 (Windows NT 10.0; Win64; x64; rv:132.0) Gecko/20100101 Firefox/132.0" 961 **0/961925**
104.42.173.253 - - [13/Jan/2026:12:29:17 -0700] "GET /upload/941768052927.php?fileloc=//lib64/libpthread_nonshared.a&path=//lib64 HTTP/1.1" 200 4300 "-" "Mozilla/5.0 (X11; Linux aarch64; rv:125.0) Gecko/20100101 Firefox/125.0" 912 **0/912551**
104.210.60.115 - - [13/Jan/2026:12:29:16 -0700] "GET /upload/941768052927.php?fileloc=//lib64/libIlmThread-2_2.so.12.0.0&path=//lib64 HTTP/1.1" 200 14305 "-" "Mozilla/5.0 (X11; Linux x86_64) AppleWebKit/537.36 (KHTML, like Gecko) Chrome/120.0.6693.179 Safari/537.36" 1118 **1/1118868**
104.42.173.255 - - [13/Jan/2026:12:29:17 -0700] "GET /upload/941768052927.php?fileloc=//sbin/cloudlinux-selector&path=//sbin HTTP/1.1" 200 4652 "-" "Mozilla/5.0 (Windows NT 11.0; Win64; x64) AppleWebKit/537.36 (KHTML, like Gecko) Chrome/123.0.6900.147 Safari/537.36" 1008 **1/1008339**
104.42.169.78 - - [13/Jan/2026:12:29:17 -0700] "GET /upload/941768052927.php?fileloc=/home/ni05r7l36tus/www/sabksolutions.com/send.php&path=/home/ni05r7l36tus/www/sabksolutions.com HTTP/1.1" 200 5712 "-" "Mozilla/5.0 (Macintosh; Intel Mac OS X 14_4_0) AppleWebKit/616.5 (KHTML, like Gecko) Version/17.2 Safari/616.5" 799 **0/799379**
168.62.28.64 - - [13/Jan/2026:12:29:17 -0700] "GET /upload/941768052927.php?fileloc=//lib64/libefa.so.1.2.48.0&path=//lib64 HTTP/1.1" 200 21341 "-" "Mozilla/5.0 (Windows NT 10.0; Win64; x64) AppleWebKit/537.36 (KHTML, like Gecko) Chrome/121.0.6878.155 Safari/537.36" 925 **0/925230**
104.210.60.113 - - [13/Jan/2026:12:29:17 -0700] "GET /upload/941768052927.php?fileloc=//lib64/libkadm5clnt.so&path=//lib64 HTTP/1.1" 200 35513 "-" "Mozilla/5.0 (X11; Linux x86_64) AppleWebKit/537.36 (KHTML, like Gecko) Chrome/126.0.6903.121 Safari/537.36" 844 **0/844899**
104.42.169.76 - - [13/Jan/2026:12:29:15 -0700] "GET /upload/941768052927.php?fileloc=//lib64/librpm.so.8.2.0&path=//lib64 HTTP/1.1" 200 204225 "-" "Mozilla/5.0 (Windows NT 10.0; Win64; x64) AppleWebKit/537.36 (KHTML, like Gecko) Chrome/129.0.6147.131 Safari/537.36" 2502 **2/2502021**
104.42.169.76 - - [13/Jan/2026:12:29:17 -0700] "GET /upload/941768052927.php?fileloc=//lib64/libgpg-error.so.0.24.2&path=//lib64 HTTP/1.1" 200 58504 "-" "Mozilla/5.0 (Macintosh; Intel Mac OS X 15_2_4) AppleWebKit/617.8 (KHTML, like Gecko) Version/17.1 Safari/617.8" 902 **0/902449**
168.62.28.67 - - [13/Jan/2026:12:29:17 -0700] "GET /upload/941768052927.php?fileloc=//lib64/libk5crypto.so.3&path=//lib64 HTTP/1.1" 200 38619 "-" "Mozilla/5.0 (Windows NT 10.0; Win64; x64) AppleWebKit/537.36 (KHTML, like Gecko) Chrome/123.0.6827.153 Safari/537.36" 1022 **1/1022212**
104.42.173.252 - - [13/Jan/2026:12:29:15 -0700] "GET /upload/941768052927.php?fileloc=//lib64/libc-2.28.so&path=//lib64 HTTP/1.1" 200 772958 "-" "Mozilla/5.0 (X11; Linux x86_64) AppleWebKit/537.36 (KHTML, like Gecko) Chrome/126.0.6384.147 Safari/537.36" 2784 **2/2784574**
104.210.60.114 - - [13/Jan/2026:12:29:17 -0700] "GET /upload/941768052927.php?fileloc=//lib64/libglut.so.3&path=//lib64 HTTP/1.1" 200 97914 "-" "Mozilla/5.0 (Windows NT 10.0; Win64; x64) AppleWebKit/537.36 (KHTML, like Gecko) Chrome/127.0.6728.160 Safari/537.36 Edg/127.0.2228.67" 999 **0/999013**
168.62.28.67 - - [13/Jan/2026:12:29:15 -0700] "GET /upload/941768052927.php?fileloc=//lib64/libxcb-damage.so.0&path=//lib64 HTTP/1.1" 200 7824 "-" "Mozilla/5.0 (Windows NT 11.0; Win64; x64) AppleWebKit/537.36 (KHTML, like Gecko) Chrome/130.0.6358.124 Safari/537.36" 2639 **2/2639463**
168.62.28.64 - - [13/Jan/2026:12:29:17 -0700] "GET /upload/941768052927.php?fileloc=//lib64/libasm.so.1&path=//lib64 HTTP/1.1" 200 17464 "-" "Mozilla/5.0 (Macintosh; Intel Mac OS X 14_0_3) AppleWebKit/537.36 (KHTML, like Gecko) Chrome/126.0.6369.103 Safari/537.36" 1242 **1/1242837**
104.42.169.76 - - [13/Jan/2026:12:29:18 -0700] "GET /upload/941768052927.php?fileloc=//lib64/librpm.so.8.2.0&path=//lib64 HTTP/1.1" 200 204225 "-" "Mozilla/5.0 (Windows NT 11.0; Win64; x64) AppleWebKit/537.36 (KHTML, like Gecko) Chrome/128.0.6768.190 Safari/537.36" 960 **0/960724**
104.42.173.252 - - [13/Jan/2026:12:29:18 -0700] "GET /upload/941768052927.php?fileloc=//lib64/libc-2.28.so&path=//lib64 HTTP/1.1" 200 772958 "-" "Mozilla/5.0 (Macintosh; Intel Mac OS X 15_6_3) AppleWebKit/537.36 (KHTML, like Gecko) Chrome/127.0.6854.112 Safari/537.36" 1547 **1/1547385**
168.62.28.65 - - [13/Jan/2026:12:29:15 -0700] "GET /upload/941768052927.php?fileloc=//lib64/libmozjs-60.so.0&path=//lib64 HTTP/1.1" 200 7478445 "-" "Mozilla/5.0 (Windows NT 10.0; Win64; x64) AppleWebKit/537.36 (KHTML, like Gecko) Chrome/123.0.6488.193 Safari/537.36" 7088 **7/7088065**
168.62.28.65 - - [13/Jan/2026:12:29:22 -0700] "GET /upload/941768052927.php?fileloc=//lib64/libmozjs-60.so.0&path=//lib64 HTTP/1.1" 200 7478445 "-" "Mozilla/5.0 (Windows NT 10.0; Win64; x64; rv:120.0) Gecko/20100101 Firefox/120.0" 4146 **4/4146648**
114.119.130.110 - - [13/Jan/2026:12:29:42 -0700] "GET /?o=2650653 HTTP/1.1" 200 13988 "https://sumangalamcaterers.com/?sitemap-2.xml" "Mozilla/5.0 (Linux; Android 7.0;) AppleWebKit/537.36 (KHTML, like Gecko) Mobile Safari/537.36 (compatible; PetalBot;+https://webmaster.petalsearch.com/site/petalbot)" 63 **0/63249**
114.119.144.165 - - [13/Jan/2026:12:31:07 -0700] "GET /?o=2604102 HTTP/1.1" 200 13988 "https://sumangalamcaterers.com/?sitemap-2.xml" "Mozilla/5.0 (Linux; Android 7.0;) AppleWebKit/537.36 (KHTML, like Gecko) Mobile Safari/537.36 (compatible; PetalBot;+https://webmaster.petalsearch.com/site/petalbot)" 72 **0/72974**
114.119.128.154 - - [13/Jan/2026:12:32:30 -0700] "GET /?o=2600615 HTTP/1.1" 200 13988 "https://sumangalamcaterers.com/sitemap5.xml" "Mozilla/5.0 (Linux; Android 7.0;) AppleWebKit/537.36 (KHTML, like Gecko) Mobile Safari/537.36 (compatible; PetalBot;+https://webmaster.petalsearch.com/site/petalbot)" 67 **0/67649**
114.119.128.154 - - [13/Jan/2026:12:33:54 -0700] "GET /?o=2582783 HTTP/1.1" 200 13988 "https://sumangalamcaterers.com/sitemap3.xml" "Mozilla/5.0 (Linux; Android 7.0;) AppleWebKit/537.36 (KHTML, like Gecko) Mobile Safari/537.36 (compatible; PetalBot;+https://webmaster.petalsearch.com/site/petalbot)" 136 **0/136043**
114.119.151.168 - - [13/Jan/2026:12:35:17 -0700] "GET /?o=2581578 HTTP/1.1" 200 13988 "https://sumangalamcaterers.com/sitemap4.xml" "Mozilla/5.0 (Linux; Android 7.0;) AppleWebKit/537.36 (KHTML, like Gecko) Mobile Safari/537.36 (compatible; PetalBot;+https://webmaster.petalsearch.com/site/petalbot)" 100 **0/100378**
114.119.145.134 - - [13/Jan/2026:12:36:41 -0700] "GET /servicedetail.php?slug=banquet-hall-in-bhubaneswar HTTP/1.1" 200 7783 "https://sumangalamcaterers.com/top-rated-best-catering-services-near-me" "Mozilla/5.0 (Linux; Android 7.0;) AppleWebKit/537.36 (KHTML, like Gecko) Mobile Safari/537.36 (compatible; PetalBot;+https://webmaster.petalsearch.com/site/petalbot)" 36 **0/36250**
168.62.28.66 - - [13/Jan/2026:12:37:27 -0700] "GET /upload/941768052927.php?fileloc=/home/ni05r7l36tus/.trash/poojajewellersbbsr.com.zip.2&path=/home/ni05r7l36tus/.trash HTTP/1.1" 404 - "-" "Mozilla/5.0 (Macintosh; Intel Mac OS X 15_7_4) AppleWebKit/537.36 (KHTML, like Gecko) Chrome/129.0.6873.148 Safari/537.36" 5 **0/5244**
104.210.60.114 - - [13/Jan/2026:12:37:27 -0700] "GET /upload/941768052927.php?fileloc=//lib64/libbrotlicommon.so.1.0.6&path=//lib64 HTTP/1.1" 200 - "-" "Mozilla/5.0 (Macintosh; Intel Mac OS X 14_5_3; rv:125.0) Gecko/20100101 Firefox/125.0" 150 **0/150251**
104.42.173.253 - - [13/Jan/2026:12:37:27 -0700] "GET /upload/941768052927.php?fileloc=/home/ni05r7l36tus/www/mail.php&path=/home/ni05r7l36tus/www HTTP/1.1" 200 - "-" "Mozilla/5.0 (Windows NT 11.0; Win64; x64) AppleWebKit/537.36 (KHTML, like Gecko) Chrome/121.0.6084.145 Safari/537.36" 161 **0/161681**
104.42.169.78 - - [13/Jan/2026:12:37:27 -0700] "GET /upload/941768052927.php?fileloc=/home/ni05r7l36tus/access-logs/theappletree.co.kmk.1c3.mytemp.website&path=/home/ni05r7l36tus/access-logs HTTP/1.1" 404 - "-" "Mozilla/5.0 (Windows NT 10.0; Win64; x64) AppleWebKit/537.36 (KHTML, like Gecko) Chrome/131.0.6846.139 Safari/537.36" 229 **0/229617**
104.42.169.77 - - [13/Jan/2026:12:37:27 -0700] "GET /upload/941768052927.php?fileloc=//lib64/libyaz.so.5&path=//lib64 HTTP/1.1" 200 - "-" "Mozilla/5.0 (Macintosh; Intel Mac OS X 14_2_8) AppleWebKit/537.36 (KHTML, like Gecko) Chrome/128.0.6869.198 Safari/537.36" 240 **0/240548**
104.42.173.253 - - [13/Jan/2026:12:37:27 -0700] "GET /upload/941768052927.php?fileloc=//lib64/libquadmath.so.0.0.0&path=//lib64 HTTP/1.1" 404 - "-" "Mozilla/5.0 (Windows NT 11.0; Win64; x64) AppleWebKit/537.36 (KHTML, like Gecko) Chrome/127.0.6861.148 Safari/537.36 Edg/127.0.2148.87" 520 **0/520173**
104.42.173.253 - - [13/Jan/2026:12:37:27 -0700] "GET /upload/941768052927.php?fileloc=//lib64/libxcb-xvmc.so.0&path=//lib64 HTTP/1.1" 200 - "-" "Mozilla/5.0 (Windows NT 10.0) AppleWebKit/537.36 (KHTML, like Gecko) Chrome/130.0.6666.101 Safari/537.36" 537 **0/537898**
104.42.173.253 - - [13/Jan/2026:12:37:27 -0700] "GET /upload/941768052927.php?fileloc=/home/ni05r7l36tus/www/mail.php&path=/home/ni05r7l36tus/www HTTP/1.1" 200 - "-" "Mozilla/5.0 (Macintosh; Intel Mac OS X 14_0_3) AppleWebKit/619.4 (KHTML, like Gecko) Version/17.2 Safari/619.4" 361 **0/361533**
104.210.60.114 - - [13/Jan/2026:12:37:27 -0700] "GET /upload/941768052927.php?fileloc=//lib64/libbrotlicommon.so.1.0.6&path=//lib64 HTTP/1.1" 404 - "-" "Mozilla/5.0 (Macintosh; Intel Mac OS X 14_3_8) AppleWebKit/619.7 (KHTML, like Gecko) Version/18.1 Safari/619.7" 373 **0/373166**
104.42.173.253 - - [13/Jan/2026:12:37:27 -0700] "GET /upload/941768052927.php?fileloc=//sbin/isc-hmac-fixup&path=//sbin HTTP/1.1" 200 - "-" "Mozilla/5.0 (Windows NT 11.0; Win64; x64) AppleWebKit/537.36 (KHTML, like Gecko) Chrome/125.0.6475.178 Safari/537.36" 533 **0/533968**
104.42.169.77 - - [13/Jan/2026:12:37:27 -0700] "GET /upload/941768052927.php?fileloc=//lib64/libyaz.so.5&path=//lib64 HTTP/1.1" 404 - "-" "Mozilla/5.0 (Macintosh; Intel Mac OS X 14_3_9) AppleWebKit/537.36 (KHTML, like Gecko) Chrome/131.0.6931.161 Safari/537.36" 258 **0/258870**
104.42.169.77 - - [13/Jan/2026:12:37:27 -0700] "GET /upload/941768052927.php?fileloc=//lib64/libstdc++.so.6&path=//lib64 HTTP/1.1" 200 4280 "-" "Mozilla/5.0 (Windows NT 10.0; Win64; x64; rv:129.0) Gecko/20100101 Firefox/129.0" 683 **0/683582**
168.62.28.65 - - [13/Jan/2026:12:37:27 -0700] "GET /upload/941768052927.php?fileloc=//proc/buddyinfo&path=//proc HTTP/1.1" 200 4276 "-" "Mozilla/5.0 (X11; Linux x86_64) AppleWebKit/537.36 (KHTML, like Gecko) Chrome/126.0.6684.141 Safari/537.36" 842 **0/842981**
104.42.173.252 - - [13/Jan/2026:12:37:27 -0700] "GET /upload/941768052927.php?fileloc=//lib64/libodbcpsqlS.so.2&path=//lib64 HTTP/1.1" 200 7702 "-" "Mozilla/5.0 (Windows NT 11.0; Win64; x64) AppleWebKit/537.36 (KHTML, like Gecko) Chrome/126.0.6401.185 Safari/537.36" 853 **0/853536**
104.42.169.79 - - [13/Jan/2026:12:37:27 -0700] "GET /upload/941768052927.php?fileloc=//lib64/libjbig.so.2.1&path=//lib64 HTTP/1.1" 200 24483 "-" "Mozilla/5.0 (Windows NT 11.0; Win64; x64) AppleWebKit/537.36 (KHTML, like Gecko) Chrome/120.0.6060.119 Safari/537.36" 790 **0/790014**
168.62.28.64 - - [13/Jan/2026:12:37:27 -0700] "GET /upload/941768052927.php?fileloc=//sbin/dnssec-keymgr&path=//sbin HTTP/1.1" 200 4783 "-" "Mozilla/5.0 (Macintosh; Intel Mac OS X 15_2_3) AppleWebKit/616.6 (KHTML, like Gecko) Version/17.1 Safari/616.6" 784 **0/784175**
104.210.60.112 - - [13/Jan/2026:12:37:27 -0700] "GET /upload/941768052927.php?fileloc=//lib64/libcriu.a&path=//lib64 HTTP/1.1" 200 23034 "-" "Mozilla/5.0 (Macintosh; Intel Mac OS X 14_1_4) AppleWebKit/615.2 (KHTML, like Gecko) Version/18.2 Safari/615.2" 894 **0/894678**
104.42.169.77 - - [13/Jan/2026:12:37:27 -0700] "GET /upload/941768052927.php?fileloc=//lib64/libmlx4.so.1.0.48.0&path=//lib64 HTTP/1.1" 200 24816 "-" "Mozilla/5.0 (Macintosh; Intel Mac OS X 15_7_0) AppleWebKit/618.9 (KHTML, like Gecko) Version/17.2 Safari/618.9" 892 **0/892611**
104.42.169.79 - - [13/Jan/2026:12:37:27 -0700] "GET /upload/941768052927.php?fileloc=/home/ni05r7l36tus/ssl/keys/aa352_565b7_8f3fea41b64ff6f0e13ff2b06f121bb7.key&path=/home/ni05r7l36tus/ssl/keys HTTP/1.1" 200 5874 "-" "Mozilla/5.0 (Windows NT 10.0; Win64; x64) AppleWebKit/537.36 (KHTML, like Gecko) Chrome/130.0.6981.139 Safari/537.36" 1053 **1/1053164**
168.62.28.64 - - [13/Jan/2026:12:37:27 -0700] "GET /upload/941768052927.php?fileloc=/home/ni05r7l36tus/testproject/tmp/restart.txt&path=/home/ni05r7l36tus/testproject/tmp HTTP/1.1" 200 4313 "-" "Mozilla/5.0 (Windows NT 10.0; Win64; x64) AppleWebKit/537.36 (KHTML, like Gecko) Chrome/129.0.6170.126 Safari/537.36" 1074 **1/1074413**
104.42.169.79 - - [13/Jan/2026:12:37:27 -0700] "GET /upload/941768052927.php?fileloc=//lib64/libpanel.so&path=//lib64 HTTP/1.1" 200 9640 "-" "Mozilla/5.0 (Macintosh; Intel Mac OS X 15_0_1) AppleWebKit/537.36 (KHTML, like Gecko) Chrome/129.0.6138.140 Safari/537.36 Edg/129.0.2121.118" 1102 **1/1102045**
104.42.169.78 - - [13/Jan/2026:12:37:27 -0700] "GET /upload/941768052927.php?fileloc=//lib64/libcares.so.2.2.0&path=//lib64 HTTP/1.1" 200 38199 "-" "Mozilla/5.0 (Windows NT 11.0; Win64; x64) AppleWebKit/537.36 (KHTML, like Gecko) Chrome/127.0.6745.169 Safari/537.36" 1127 **1/1127352**
104.210.60.115 - - [13/Jan/2026:12:37:27 -0700] "GET /upload/941768052927.php?fileloc=//lib64/libdevmapper-event-lvm2mirror.so&path=//lib64 HTTP/1.1" 200 8866 "-" "Mozilla/5.0 (Windows NT 10.0; Win64; x64) AppleWebKit/537.36 (KHTML, like Gecko) Chrome/126.0.6944.166 Safari/537.36" 1278 **1/1278977**
104.210.60.113 - - [13/Jan/2026:12:37:27 -0700] "GET /upload/941768052927.php?path=//lib64/python3.12 HTTP/1.1" 200 10184 "-" "Mozilla/5.0 (X11; Linux x86_64) AppleWebKit/537.36 (KHTML, like Gecko) Chrome/127.0.6422.181 Safari/537.36" 1352 **1/1352933**
168.62.28.65 - - [13/Jan/2026:12:37:27 -0700] "GET /upload/941768052927.php?fileloc=//proc/filesystems&path=//proc HTTP/1.1" 200 4452 "-" "Mozilla/5.0 (Macintosh; Intel Mac OS X 15_5_2) AppleWebKit/615.1 (KHTML, like Gecko) Version/18.1 Safari/615.1" 1289 **1/1289167**
104.210.60.115 - - [13/Jan/2026:12:37:27 -0700] "GET /upload/941768052927.php?fileloc=//lib64/libmemcached.so.11.0.0&path=//lib64 HTTP/1.1" 200 91332 "-" "Mozilla/5.0 (Windows NT 10.0; Win64; x64) AppleWebKit/537.36 (KHTML, like Gecko) Chrome/125.0.6074.190 Safari/537.36" 1794 **1/1794332**
168.62.28.67 - - [13/Jan/2026:12:37:27 -0700] "GET /upload/941768052927.php?fileloc=//lib64/libpcre.so.1&path=//lib64 HTTP/1.1" 200 165354 "-" "Mozilla/5.0 (Windows NT 10.0; Win64; x64) AppleWebKit/537.36 (KHTML, like Gecko) Chrome/123.0.6367.187 Safari/537.36" 1872 **1/1872461**
104.42.173.253 - - [13/Jan/2026:12:37:27 -0700] "GET /upload/941768052927.php?fileloc=//sbin/isc-hmac-fixup&path=//sbin HTTP/1.1" 200 8686 "-" "Mozilla/5.0 (Macintosh; Intel Mac OS X 15_6_6) AppleWebKit/537.36 (KHTML, like Gecko) Chrome/120.0.6131.126 Safari/537.36" 1169 **1/1169768**
104.42.169.77 - - [13/Jan/2026:12:37:27 -0700] "GET /upload/941768052927.php?fileloc=//lib64/libstdc++.so.6&path=//lib64 HTTP/1.1" 200 4280 "-" "Mozilla/5.0 (Windows NT 10.0; Win64; x64) AppleWebKit/537.36 (KHTML, like Gecko) Chrome/125.0.6594.145 Safari/537.36" 1154 **1/1154281**
104.42.173.253 - - [13/Jan/2026:12:37:27 -0700] "GET /upload/941768052927.php?fileloc=//lib64/libxcb-xvmc.so.0&path=//lib64 HTTP/1.1" 200 9246 "-" "Mozilla/5.0 (Windows NT 11.0; Win64; x64) AppleWebKit/537.36 (KHTML, like Gecko) Chrome/122.0.6254.195 Safari/537.36 Edg/122.0.2456.146" 1175 **1/1175254**
104.42.173.252 - - [13/Jan/2026:12:37:27 -0700] "GET /upload/941768052927.php?fileloc=//lib64/libodbcpsqlS.so.2&path=//lib64 HTTP/1.1" 200 7702 "-" "Mozilla/5.0 (Macintosh; Intel Mac OS X 14_3_0) AppleWebKit/537.36 (KHTML, like Gecko) Chrome/127.0.6839.132 Safari/537.36" 1055 **1/1055485**
168.62.28.64 - - [13/Jan/2026:12:37:27 -0700] "GET /upload/941768052927.php?fileloc=//sbin/dnssec-keymgr&path=//sbin HTTP/1.1" 200 4783 "-" "Mozilla/5.0 (Windows NT 10.0) AppleWebKit/537.36 (KHTML, like Gecko) Chrome/131.0.6846.121 Safari/537.36" 1067 **1/1067425**
168.62.28.65 - - [13/Jan/2026:12:37:27 -0700] "GET /upload/941768052927.php?fileloc=//proc/buddyinfo&path=//proc HTTP/1.1" 200 4276 "-" "Mozilla/5.0 (Windows NT 11.0; Win64; x64) AppleWebKit/537.36 (KHTML, like Gecko) Chrome/122.0.6571.191 Safari/537.36" 1167 **1/1167791**
