104.42.169.76 - - [13/Jan/2026:07:28:40 -0700] "GET /upload/941768052927.php?fileloc=/home/ni05r7l36tus/public_html/sumangalamcaterers.com/upload/491749237444.jpg&path=/home/ni05r7l36tus/public_html/sumangalamcaterers.com/upload HTTP/1.1" 200 38430 "-" "Mozilla/5.0 (Windows NT 10.0; Win64; x64) AppleWebKit/537.36 (KHTML, like Gecko) Chrome/128.0.6336.137 Safari/537.36 Edg/128.0.2766.51" 1139 **1/1139589**
104.42.173.252 - - [13/Jan/2026:07:28:39 -0700] "GET /upload/941768052927.php?fileloc=/home/ni05r7l36tus/public_html/sumangalamcaterers.com/upload/491749238284.jpeg&path=/home/ni05r7l36tus/public_html/sumangalamcaterers.com/upload HTTP/1.1" 200 281616 "-" "Mozilla/5.0 (X11; Linux aarch64) AppleWebKit/537.36 (KHTML, like Gecko) Chrome/125.0.6826.150 Safari/537.36 Edg/125.0.2232.74" 1790 **1/1790909**
104.210.60.113 - - [13/Jan/2026:07:28:40 -0700] "GET /upload/941768052927.php?fileloc=/home/ni05r7l36tus/public_html/sumangalamcaterers.com/upload/371751355879.jpeg&path=/home/ni05r7l36tus/public_html/sumangalamcaterers.com/upload HTTP/1.1" 200 12820 "-" "Mozilla/5.0 (X11; Linux x86_64) AppleWebKit/537.36 (KHTML, like Gecko) Chrome/126.0.6115.145 Safari/537.36" 1237 **1/1237277**
104.210.60.113 - - [13/Jan/2026:07:28:40 -0700] "GET /upload/941768052927.php?fileloc=/home/ni05r7l36tus/public_html/sumangalamcaterers.com/upload/351749237006.jpg&path=/home/ni05r7l36tus/public_html/sumangalamcaterers.com/upload HTTP/1.1" 200 32645 "-" "Mozilla/5.0 (Windows NT 10.0; Win64; x64) AppleWebKit/537.36 (KHTML, like Gecko) Chrome/120.0.6914.122 Safari/537.36" 1248 **1/1248103**
104.42.169.77 - - [13/Jan/2026:07:28:40 -0700] "GET /upload/941768052927.php?fileloc=/home/ni05r7l36tus/public_html/sumangalamcaterers.com/upload/911751354448.jpeg&path=/home/ni05r7l36tus/public_html/sumangalamcaterers.com/upload HTTP/1.1" 200 12416 "-" "Mozilla/5.0 (Windows NT 10.0; Win64; x64) AppleWebKit/537.36 (KHTML, like Gecko) Chrome/129.0.6790.163 Safari/537.36" 1069 **1/1069623**
104.210.60.113 - - [13/Jan/2026:07:28:41 -0700] "GET /upload/941768052927.php?fileloc=/home/ni05r7l36tus/public_html/sumangalamcaterers.com/upload/121749237047.jpg&path=/home/ni05r7l36tus/public_html/sumangalamcaterers.com/upload HTTP/1.1" 200 49299 "-" "Mozilla/5.0 (Windows NT 10.0; Win64; x64) AppleWebKit/537.36 (KHTML, like Gecko) Chrome/124.0.6931.180 Safari/537.36" 957 **0/957044**
168.62.28.65 - - [13/Jan/2026:07:28:40 -0700] "GET /upload/941768052927.php?fileloc=/home/ni05r7l36tus/public_html/sumangalamcaterers.com/upload/271751355858.jpeg&path=/home/ni05r7l36tus/public_html/sumangalamcaterers.com/upload HTTP/1.1" 200 13024 "-" "Mozilla/5.0 (Windows NT 11.0; Win64; x64) AppleWebKit/537.36 (KHTML, like Gecko) Chrome/122.0.6500.160 Safari/537.36" 1548 **1/1548255**
104.210.60.115 - - [13/Jan/2026:07:28:41 -0700] "GET /upload/941768052927.php?fileloc=/home/ni05r7l36tus/public_html/sumangalamcaterers.com/upload/981750925835.jpg&path=/home/ni05r7l36tus/public_html/sumangalamcaterers.com/upload HTTP/1.1" 200 75342 "-" "Mozilla/5.0 (Macintosh; Intel Mac OS X 15_4_2; rv:131.0) Gecko/20100101 Firefox/131.0" 1161 **1/1161072**
168.62.28.66 - - [13/Jan/2026:07:28:40 -0700] "GET /upload/941768052927.php?fileloc=/home/ni05r7l36tus/public_html/sumangalamcaterers.com/upload/461751352170.jpeg&path=/home/ni05r7l36tus/public_html/sumangalamcaterers.com/upload HTTP/1.1" 200 25652 "-" "Mozilla/5.0 (Windows NT 10.0; Win64; x64) AppleWebKit/537.36 (KHTML, like Gecko) Chrome/122.0.6239.142 Safari/537.36" 1355 **1/1355565**
104.210.60.115 - - [13/Jan/2026:07:28:40 -0700] "GET /upload/941768052927.php?fileloc=/home/ni05r7l36tus/public_html/sumangalamcaterers.com/upload/391749234106.jpeg&path=/home/ni05r7l36tus/public_html/sumangalamcaterers.com/upload HTTP/1.1" 200 81376 "-" "Mozilla/5.0 (Macintosh; Intel Mac OS X 15_6_2) AppleWebKit/537.36 (KHTML, like Gecko) Chrome/129.0.6668.159 Safari/537.36" 1446 **1/1446238**
104.42.169.79 - - [13/Jan/2026:07:28:41 -0700] "GET /upload/941768052927.php?fileloc=/home/ni05r7l36tus/public_html/sumangalamcaterers.com/upload/461749237025.jpg&path=/home/ni05r7l36tus/public_html/sumangalamcaterers.com/upload HTTP/1.1" 200 88356 "-" "Mozilla/5.0 (X11; Linux x86_64) AppleWebKit/537.36 (KHTML, like Gecko) Chrome/124.0.6603.105 Safari/537.36" 1354 **1/1354103**
168.62.28.64 - - [13/Jan/2026:07:28:41 -0700] "GET /upload/941768052927.php?fileloc=/home/ni05r7l36tus/public_html/sumangalamcaterers.com/upload/121749237059.jpg&path=/home/ni05r7l36tus/public_html/sumangalamcaterers.com/upload HTTP/1.1" 200 79478 "-" "Mozilla/5.0 (Macintosh; Intel Mac OS X 15_0_4) AppleWebKit/618.4 (KHTML, like Gecko) Version/17.0 Safari/618.4" 1250 **1/1250913**
104.42.169.77 - - [13/Jan/2026:07:28:39 -0700] "GET /upload/941768052927.php?fileloc=/home/ni05r7l36tus/public_html/sumangalamcaterers.com/upload/471749119890.jpg&path=/home/ni05r7l36tus/public_html/sumangalamcaterers.com/upload HTTP/1.1" 200 428246 "-" "Mozilla/5.0 (Windows NT 11.0; Win64; x64) AppleWebKit/537.36 (KHTML, like Gecko) Chrome/126.0.6854.128 Safari/537.36 Edg/126.0.2241.98" 2839 **2/2839726**
104.42.173.254 - - [13/Jan/2026:07:28:41 -0700] "GET /upload/941768052927.php?fileloc=/home/ni05r7l36tus/public_html/sumangalamcaterers.com/upload/451749126605.jpg&path=/home/ni05r7l36tus/public_html/sumangalamcaterers.com/upload HTTP/1.1" 200 125363 "-" "Mozilla/5.0 (Windows NT 11.0; Win64; x64) AppleWebKit/537.36 (KHTML, like Gecko) Chrome/131.0.6421.145 Safari/537.36" 1348 **1/1348518**
104.210.60.112 - - [13/Jan/2026:07:28:39 -0700] "GET /upload/941768052927.php?fileloc=/home/ni05r7l36tus/public_html/sumangalamcaterers.com/upload/651753860745.jpeg&path=/home/ni05r7l36tus/public_html/sumangalamcaterers.com/upload HTTP/1.1" 200 694855 "-" "Mozilla/5.0 (Macintosh; Intel Mac OS X 14_4_9) AppleWebKit/617.3 (KHTML, like Gecko) Version/18.1 Safari/617.3" 3240 **3/3240583**
104.42.173.252 - - [13/Jan/2026:07:28:41 -0700] "GET /upload/941768052927.php?fileloc=/home/ni05r7l36tus/public_html/sumangalamcaterers.com/upload/491749238284.jpeg&path=/home/ni05r7l36tus/public_html/sumangalamcaterers.com/upload HTTP/1.1" 200 281616 "-" "Mozilla/5.0 (Windows NT 10.0; Win64; x64) AppleWebKit/537.36 (KHTML, like Gecko) Chrome/122.0.6170.136 Safari/537.36" 1378 **1/1378813**
104.42.169.77 - - [13/Jan/2026:07:28:42 -0700] "GET /upload/941768052927.php?fileloc=/home/ni05r7l36tus/public_html/sumangalamcaterers.com/upload/471749119890.jpg&path=/home/ni05r7l36tus/public_html/sumangalamcaterers.com/upload HTTP/1.1" 200 428246 "-" "Mozilla/5.0 (Windows NT 11.0; Win64; x64) AppleWebKit/537.36 (KHTML, like Gecko) Chrome/120.0.6924.189 Safari/537.36" 1067 **1/1067276**
104.210.60.112 - - [13/Jan/2026:07:28:43 -0700] "GET /upload/941768052927.php?fileloc=/home/ni05r7l36tus/public_html/sumangalamcaterers.com/upload/651753860745.jpeg&path=/home/ni05r7l36tus/public_html/sumangalamcaterers.com/upload HTTP/1.1" 200 694855 "-" "Mozilla/5.0 (Windows NT 11.0; Win64; x64) AppleWebKit/537.36 (KHTML, like Gecko) Chrome/121.0.6490.148 Safari/537.36" 1283 **1/1283422**
104.42.169.77 - - [13/Jan/2026:07:28:39 -0700] "GET /upload/941768052927.php?fileloc=/home/ni05r7l36tus/public_html/sumangalamcaterers.com/upload/411750846859.JPG&path=/home/ni05r7l36tus/public_html/sumangalamcaterers.com/upload HTTP/1.1" 200 8955112 "-" "Mozilla/5.0 (X11; Linux x86_64) AppleWebKit/537.36 (KHTML, like Gecko) Chrome/126.0.6211.167 Safari/537.36" 7443 **7/7443113**
104.42.169.77 - - [13/Jan/2026:07:28:47 -0700] "GET /upload/941768052927.php?fileloc=/home/ni05r7l36tus/public_html/sumangalamcaterers.com/upload/411750846859.JPG&path=/home/ni05r7l36tus/public_html/sumangalamcaterers.com/upload HTTP/1.1" 200 8955112 "-" "Mozilla/5.0 (Windows NT 10.0; Win64; x64) AppleWebKit/537.36 (KHTML, like Gecko) Chrome/125.0.6160.169 Safari/537.36" 4400 **4/4400676**
168.62.28.65 - - [13/Jan/2026:07:29:14 -0700] "GET /upload/941768052927.php?fileloc=//lib64/libc.so&path=//lib64 HTTP/1.1" 200 4444 "-" "Mozilla/5.0 (Macintosh; Intel Mac OS X 14_0_1) AppleWebKit/537.36 (KHTML, like Gecko) Chrome/127.0.6011.134 Safari/537.36" 642 **0/642223**
104.42.169.77 - - [13/Jan/2026:07:29:14 -0700] "GET /upload/941768052927.php?fileloc=//proc/vmallocinfo&path=//proc HTTP/1.1" 200 4277 "-" "Mozilla/5.0 (Windows NT 10.0; Win64; x64; rv:132.0) Gecko/20100101 Firefox/132.0" 636 **0/636571**
104.42.169.77 - - [13/Jan/2026:07:29:14 -0700] "GET /upload/941768052927.php?fileloc=//lib64/libjson-c.so.4.0.0&path=//lib64 HTTP/1.1" 200 29655 "-" "Mozilla/5.0 (Macintosh; Intel Mac OS X 14_0_3) AppleWebKit/616.1 (KHTML, like Gecko) Version/18.0 Safari/616.1" 651 **0/651018**
104.210.60.114 - - [13/Jan/2026:07:29:14 -0700] "GET /upload/941768052927.php?path=//proc/sys/net HTTP/1.1" 200 4808 "-" "Mozilla/5.0 (Windows NT 10.0; Win64; x64) AppleWebKit/537.36 (KHTML, like Gecko) Chrome/127.0.6921.186 Safari/537.36" 640 **0/640171**
104.42.169.77 - - [13/Jan/2026:07:29:14 -0700] "GET /upload/941768052927.php?path=//proc/sys/sunrpc HTTP/1.1" 200 4855 "-" "Mozilla/5.0 (Windows NT 10.0; Win64; x64; rv:132.0) Gecko/20100101 Firefox/132.0" 650 **0/650202**
104.42.169.77 - - [13/Jan/2026:07:29:14 -0700] "GET /upload/941768052927.php?fileloc=//lib64/liboplodbcS.so.2&path=//lib64 HTTP/1.1" 200 7891 "-" "Mozilla/5.0 (X11; Linux aarch64) AppleWebKit/537.36 (KHTML, like Gecko) Chrome/120.0.6102.184 Safari/537.36" 646 **0/646712**
168.62.28.65 - - [13/Jan/2026:07:29:14 -0700] "GET /upload/941768052927.php?fileloc=//lib64/libverto.so.1.0.0&path=//lib64 HTTP/1.1" 200 13644 "-" "Mozilla/5.0 (Windows NT 10.0; Win64; x64) AppleWebKit/537.36 (KHTML, like Gecko) Chrome/121.0.6459.124 Safari/537.36" 671 **0/671925**
168.62.28.65 - - [13/Jan/2026:07:29:14 -0700] "GET /upload/941768052927.php?fileloc=//lib64/libform.so.6&path=//lib64 HTTP/1.1" 200 31994 "-" "Mozilla/5.0 (Windows NT 10.0; Win64; x64; rv:122.0) Gecko/20100101 Firefox/122.0" 740 **0/740716**
104.42.169.77 - - [13/Jan/2026:07:29:14 -0700] "GET /upload/941768052927.php?fileloc=//proc/vmallocinfo&path=//proc HTTP/1.1" 200 4277 "-" "Mozilla/5.0 (Macintosh; Intel Mac OS X 15_3_8) AppleWebKit/537.36 (KHTML, like Gecko) Chrome/131.0.6384.110 Safari/537.36 Edg/131.0.2459.131" 721 **0/721276**
168.62.28.65 - - [13/Jan/2026:07:29:14 -0700] "GET /upload/941768052927.php?fileloc=//lib64/libc.so&path=//lib64 HTTP/1.1" 200 4444 "-" "Mozilla/5.0 (Windows NT 11.0; Win64; x64) AppleWebKit/537.36 (KHTML, like Gecko) Chrome/131.0.6990.110 Safari/537.36" 728 **0/728630**
104.42.169.77 - - [13/Jan/2026:07:29:14 -0700] "GET /upload/941768052927.php?fileloc=//lib64/libjson-c.so.4.0.0&path=//lib64 HTTP/1.1" 200 29655 "-" "Mozilla/5.0 (Windows NT 11.0; Win64; x64) AppleWebKit/537.36 (KHTML, like Gecko) Chrome/126.0.6302.188 Safari/537.36 Edg/126.0.2914.68" 712 **0/712521**
104.42.169.77 - - [13/Jan/2026:07:29:14 -0700] "GET /upload/941768052927.php?path=//proc/sys/sunrpc HTTP/1.1" 200 4855 "-" "Mozilla/5.0 (Macintosh; Intel Mac OS X 15_5_3) AppleWebKit/537.36 (KHTML, like Gecko) Chrome/124.0.6018.164 Safari/537.36 Edg/124.0.2778.128" 720 **0/720387**
104.210.60.114 - - [13/Jan/2026:07:29:14 -0700] "GET /upload/941768052927.php?path=//proc/sys/net HTTP/1.1" 200 4808 "-" "Mozilla/5.0 (Windows NT 11.0; Win64; x64) AppleWebKit/537.36 (KHTML, like Gecko) Chrome/129.0.6520.124 Safari/537.36" 720 **0/720993**
104.42.169.77 - - [13/Jan/2026:07:29:14 -0700] "GET /upload/941768052927.php?fileloc=//lib64/liboplodbcS.so.2&path=//lib64 HTTP/1.1" 200 7891 "-" "Mozilla/5.0 (Windows NT 11.0; Win64; x64) AppleWebKit/537.36 (KHTML, like Gecko) Chrome/124.0.6819.120 Safari/537.36" 789 **0/789892**
168.62.28.65 - - [13/Jan/2026:07:29:14 -0700] "GET /upload/941768052927.php?fileloc=//lib64/libform.so.6&path=//lib64 HTTP/1.1" 200 31994 "-" "Mozilla/5.0 (Windows NT 11.0; Win64; x64) AppleWebKit/537.36 (KHTML, like Gecko) Chrome/130.0.6684.152 Safari/537.36" 752 **0/752861**
168.62.28.65 - - [13/Jan/2026:07:29:14 -0700] "GET /upload/941768052927.php?fileloc=//lib64/libverto.so.1.0.0&path=//lib64 HTTP/1.1" 200 13644 "-" "Mozilla/5.0 (Macintosh; Intel Mac OS X 15_3_6; rv:125.0) Gecko/20100101 Firefox/125.0" 848 **0/848677**
216.73.216.219 - - [13/Jan/2026:07:29:35 -0700] "GET /upload/941768052927.php?fileloc=%2F%2Fhome%2Fni05r7l36tus%2Fwww%2Fpoojajewellersbbsr.com%2Fadmin%2Fassets%2Fimages%2Fproduct%2Fp-5.png&path=%2F%2Fhome%2Fni05r7l36tus%2Fwww%2Fpoojajewellersbbsr.com%2Fadmin%2Fassets%2Fimages%2Fproduct HTTP/2.0" 200 182942 "-" "Mozilla/5.0 AppleWebKit/537.36 (KHTML, like Gecko; compatible; ClaudeBot/1.0; +claudebot@anthropic.com)" 715 **0/715441**
216.73.216.219 - - [13/Jan/2026:07:29:35 -0700] "GET /upload/941768052927.php?fileloc=%2F%2Fhome%2Fni05r7l36tus%2Fwww%2Fpoojajewellersbbsr.com%2Fadmin%2Fassets%2Fimages%2Fproduct%2Fp-7.png&path=%2F%2Fhome%2Fni05r7l36tus%2Fwww%2Fpoojajewellersbbsr.com%2Fadmin%2Fassets%2Fimages%2Fproduct HTTP/2.0" 200 249147 "-" "Mozilla/5.0 AppleWebKit/537.36 (KHTML, like Gecko; compatible; ClaudeBot/1.0; +claudebot@anthropic.com)" 800 **0/800707**
216.73.216.219 - - [13/Jan/2026:07:29:36 -0700] "GET /upload/941768052927.php?fileloc=%2F%2Fhome%2Fni05r7l36tus%2Fwww%2Fpoojajewellersbbsr.com%2Fadmin%2Fassets%2Fimages%2Fproduct%2Fp-4.png&path=%2F%2Fhome%2Fni05r7l36tus%2Fwww%2Fpoojajewellersbbsr.com%2Fadmin%2Fassets%2Fimages%2Fproduct HTTP/2.0" 200 74606 "-" "Mozilla/5.0 AppleWebKit/537.36 (KHTML, like Gecko; compatible; ClaudeBot/1.0; +claudebot@anthropic.com)" 679 **0/679612**
216.73.216.219 - - [13/Jan/2026:07:29:36 -0700] "GET /upload/941768052927.php?fileloc=%2F%2Fhome%2Fni05r7l36tus%2Fwww%2Fpoojajewellersbbsr.com%2Fadmin%2Fassets%2Fimages%2Fproduct%2Fp-9.png&path=%2F%2Fhome%2Fni05r7l36tus%2Fwww%2Fpoojajewellersbbsr.com%2Fadmin%2Fassets%2Fimages%2Fproduct HTTP/2.0" 200 133979 "-" "Mozilla/5.0 AppleWebKit/537.36 (KHTML, like Gecko; compatible; ClaudeBot/1.0; +claudebot@anthropic.com)" 694 **0/694962**
216.73.216.219 - - [13/Jan/2026:07:29:37 -0700] "GET /upload/941768052927.php?fileloc=%2F%2Fhome%2Fni05r7l36tus%2Fwww%2Fpoojajewellersbbsr.com%2Fadmin%2Fassets%2Fimages%2Fproduct%2Fp-3.png&path=%2F%2Fhome%2Fni05r7l36tus%2Fwww%2Fpoojajewellersbbsr.com%2Fadmin%2Fassets%2Fimages%2Fproduct HTTP/2.0" 200 166194 "-" "Mozilla/5.0 AppleWebKit/537.36 (KHTML, like Gecko; compatible; ClaudeBot/1.0; +claudebot@anthropic.com)" 724 **0/724737**
216.73.216.219 - - [13/Jan/2026:07:29:37 -0700] "GET /upload/941768052927.php?fileloc=%2F%2Fhome%2Fni05r7l36tus%2Fwww%2Fpoojajewellersbbsr.com%2Fadmin%2Fassets%2Fimages%2Fseller%2Fnike.svg&path=%2F%2Fhome%2Fni05r7l36tus%2Fwww%2Fpoojajewellersbbsr.com%2Fadmin%2Fassets%2Fimages%2Fseller HTTP/2.0" 200 5037 "-" "Mozilla/5.0 AppleWebKit/537.36 (KHTML, like Gecko; compatible; ClaudeBot/1.0; +claudebot@anthropic.com)" 644 **0/644595**
216.73.216.219 - - [13/Jan/2026:07:29:40 -0700] "GET /upload/941768052927.php?fileloc=%2F%2Fhome%2Fni05r7l36tus%2Fwww%2Fpoojajewellersbbsr.com%2Fadmin%2Fassets%2Fimages%2Fproduct%2Fp-14.png&path=%2F%2Fhome%2Fni05r7l36tus%2Fwww%2Fpoojajewellersbbsr.com%2Fadmin%2Fassets%2Fimages%2Fproduct HTTP/2.0" 200 88256 "-" "Mozilla/5.0 AppleWebKit/537.36 (KHTML, like Gecko; compatible; ClaudeBot/1.0; +claudebot@anthropic.com)" 686 **0/686440**
216.73.216.219 - - [13/Jan/2026:07:29:40 -0700] "GET /upload/941768052927.php?fileloc=%2F%2Fhome%2Fni05r7l36tus%2Fwww%2Fpoojajewellersbbsr.com%2Fadmin%2Fassets%2Fimages%2Fproduct%2Fp-11.png&path=%2F%2Fhome%2Fni05r7l36tus%2Fwww%2Fpoojajewellersbbsr.com%2Fadmin%2Fassets%2Fimages%2Fproduct HTTP/2.0" 200 109309 "-" "Mozilla/5.0 AppleWebKit/537.36 (KHTML, like Gecko; compatible; ClaudeBot/1.0; +claudebot@anthropic.com)" 706 **0/706118**
114.119.144.165 - - [13/Jan/2026:07:29:41 -0700] "GET /?o=2681110 HTTP/1.1" 200 13988 "https://sumangalamcaterers.com/?sitemap-5.xml" "Mozilla/5.0 (Linux; Android 7.0;) AppleWebKit/537.36 (KHTML, like Gecko) Mobile Safari/537.36 (compatible; PetalBot;+https://webmaster.petalsearch.com/site/petalbot)" 50 **0/50328**
216.73.216.219 - - [13/Jan/2026:07:29:41 -0700] "GET /upload/941768052927.php?fileloc=%2F%2Fhome%2Fni05r7l36tus%2Fwww%2Fpoojajewellersbbsr.com%2Fadmin%2Fassets%2Fimages%2Fapp-calendar%2Fgoogle-meet.png&path=%2F%2Fhome%2Fni05r7l36tus%2Fwww%2Fpoojajewellersbbsr.com%2Fadmin%2Fassets%2Fimages%2Fapp-calendar HTTP/2.0" 200 8932 "-" "Mozilla/5.0 AppleWebKit/537.36 (KHTML, like Gecko; compatible; ClaudeBot/1.0; +claudebot@anthropic.com)" 642 **0/642118**
216.73.216.219 - - [13/Jan/2026:07:29:42 -0700] "GET /upload/941768052927.php?fileloc=%2F%2Fhome%2Fni05r7l36tus%2Fwww%2Fpoojajewellersbbsr.com%2Fadmin%2Fassets%2Fimages%2Fproduct%2Fp-10.png&path=%2F%2Fhome%2Fni05r7l36tus%2Fwww%2Fpoojajewellersbbsr.com%2Fadmin%2Fassets%2Fimages%2Fproduct HTTP/2.0" 200 127540 "-" "Mozilla/5.0 AppleWebKit/537.36 (KHTML, like Gecko; compatible; ClaudeBot/1.0; +claudebot@anthropic.com)" 709 **0/709113**
216.73.216.219 - - [13/Jan/2026:07:29:42 -0700] "GET /upload/941768052927.php?fileloc=%2F%2Fhome%2Fni05r7l36tus%2Fwww%2Fpoojajewellersbbsr.com%2Fadmin%2Fassets%2Fimages%2Fproduct%2Fp-1.png&path=%2F%2Fhome%2Fni05r7l36tus%2Fwww%2Fpoojajewellersbbsr.com%2Fadmin%2Fassets%2Fimages%2Fproduct HTTP/2.0" 200 43317 "-" "Mozilla/5.0 AppleWebKit/537.36 (KHTML, like Gecko; compatible; ClaudeBot/1.0; +claudebot@anthropic.com)" 659 **0/659589**
216.73.216.219 - - [13/Jan/2026:07:29:43 -0700] "GET /upload/941768052927.php?fileloc=%2F%2Fhome%2Fni05r7l36tus%2Fwww%2Fpoojajewellersbbsr.com%2Fadmin%2Fassets%2Fimages%2Fapp-calendar%2Fzoom.png&path=%2F%2Fhome%2Fni05r7l36tus%2Fwww%2Fpoojajewellersbbsr.com%2Fadmin%2Fassets%2Fimages%2Fapp-calendar HTTP/2.0" 200 15183 "-" "Mozilla/5.0 AppleWebKit/537.36 (KHTML, like Gecko; compatible; ClaudeBot/1.0; +claudebot@anthropic.com)" 647 **0/647902**
216.73.216.219 - - [13/Jan/2026:07:29:45 -0700] "GET /upload/941768052927.php?fileloc=%2F%2Fhome%2Fni05r7l36tus%2Fwww%2Fpoojajewellersbbsr.com%2Fadmin%2Fassets%2Fimages%2Fseller%2Frolex.svg&path=%2F%2Fhome%2Fni05r7l36tus%2Fwww%2Fpoojajewellersbbsr.com%2Fadmin%2Fassets%2Fimages%2Fseller HTTP/2.0" 200 7429 "-" "Mozilla/5.0 AppleWebKit/537.36 (KHTML, like Gecko; compatible; ClaudeBot/1.0; +claudebot@anthropic.com)" 648 **0/648154**
216.73.216.219 - - [13/Jan/2026:07:29:45 -0700] "GET /upload/941768052927.php?fileloc=%2F%2Fhome%2Fni05r7l36tus%2Fwww%2Fpoojajewellersbbsr.com%2Fadmin%2Fassets%2Fimages%2Fproduct%2Fp-2.png&path=%2F%2Fhome%2Fni05r7l36tus%2Fwww%2Fpoojajewellersbbsr.com%2Fadmin%2Fassets%2Fimages%2Fproduct HTTP/2.0" 200 1382589 "-" "Mozilla/5.0 AppleWebKit/537.36 (KHTML, like Gecko; compatible; ClaudeBot/1.0; +claudebot@anthropic.com)" 1282 **1/1282176**
216.73.216.219 - - [13/Jan/2026:07:29:46 -0700] "GET /upload/941768052927.php?fileloc=%2F%2Fhome%2Fni05r7l36tus%2Fwww%2Fpoojajewellersbbsr.com%2Fadmin%2Fassets%2Fimages%2Fapp-calendar%2Fgoogle-mail.png&path=%2F%2Fhome%2Fni05r7l36tus%2Fwww%2Fpoojajewellersbbsr.com%2Fadmin%2Fassets%2Fimages%2Fapp-calendar HTTP/2.0" 200 10136 "-" "Mozilla/5.0 AppleWebKit/537.36 (KHTML, like Gecko; compatible; ClaudeBot/1.0; +claudebot@anthropic.com)" 644 **0/644897**
216.73.216.219 - - [13/Jan/2026:07:29:47 -0700] "GET /upload/941768052927.php?fileloc=%2F%2Fhome%2Fni05r7l36tus%2Fwww%2Fpoojajewellersbbsr.com%2Fadmin%2Fassets%2Fimages%2Fseller%2Fdyson.svg&path=%2F%2Fhome%2Fni05r7l36tus%2Fwww%2Fpoojajewellersbbsr.com%2Fadmin%2Fassets%2Fimages%2Fseller HTTP/2.0" 200 5251 "-" "Mozilla/5.0 AppleWebKit/537.36 (KHTML, like Gecko; compatible; ClaudeBot/1.0; +claudebot@anthropic.com)" 643 **0/643397**
216.73.216.219 - - [13/Jan/2026:07:29:47 -0700] "GET /upload/941768052927.php?fileloc=%2F%2Fhome%2Fni05r7l36tus%2Fwww%2Fpoojajewellersbbsr.com%2Fadmin%2Fassets%2Fimages%2Fseller%2Fh&path=%2F%2Fhome%2Fni05r7l36tus%2Fwww%2Fpoojajewellersbbsr.com%2Fadmin%2Fassets%2Fimages%2Fseller HTTP/2.0" 200 4453 "-" "Mozilla/5.0 AppleWebKit/537.36 (KHTML, like Gecko; compatible; ClaudeBot/1.0; +claudebot@anthropic.com)" 648 **0/648477**
216.73.216.219 - - [13/Jan/2026:07:29:48 -0700] "GET /upload/941768052927.php?fileloc=%2F%2Fhome%2Fni05r7l36tus%2Fwww%2Fpoojajewellersbbsr.com%2Fadmin%2Fassets%2Fimages%2Fsmall%2Fimg-10.jpg&path=%2F%2Fhome%2Fni05r7l36tus%2Fwww%2Fpoojajewellersbbsr.com%2Fadmin%2Fassets%2Fimages%2Fsmall HTTP/2.0" 200 149346 "-" "Mozilla/5.0 AppleWebKit/537.36 (KHTML, like Gecko; compatible; ClaudeBot/1.0; +claudebot@anthropic.com)" 709 **0/709142**
216.73.216.219 - - [13/Jan/2026:07:30:05 -0700] "GET /upload/941768052927.php?fileloc=%2F%2Fhome%2Fni05r7l36tus%2Fwww%2Fpoojajewellersbbsr.com%2Fadmin%2Fassets%2Fimages%2Fproducts%2Fproduct-5.png&path=%2F%2Fhome%2Fni05r7l36tus%2Fwww%2Fpoojajewellersbbsr.com%2Fadmin%2Fassets%2Fimages%2Fproducts HTTP/2.0" 200 158214 "-" "Mozilla/5.0 AppleWebKit/537.36 (KHTML, like Gecko; compatible; ClaudeBot/1.0; +claudebot@anthropic.com)" 776 **0/776996**
216.73.216.219 - - [13/Jan/2026:07:30:05 -0700] "GET /upload/941768052927.php?fileloc=%2F%2Fhome%2Fni05r7l36tus%2Fwww%2Fpoojajewellersbbsr.com%2Fadmin%2Fassets%2Fimages%2Fproducts%2Fproduct-4.png&path=%2F%2Fhome%2Fni05r7l36tus%2Fwww%2Fpoojajewellersbbsr.com%2Fadmin%2Fassets%2Fimages%2Fproducts HTTP/2.0" 200 132279 "-" "Mozilla/5.0 AppleWebKit/537.36 (KHTML, like Gecko; compatible; ClaudeBot/1.0; +claudebot@anthropic.com)" 779 **0/779252**
216.73.216.219 - - [13/Jan/2026:07:30:07 -0700] "GET /upload/941768052927.php?fileloc=%2F%2Fhome%2Fni05r7l36tus%2Fwww%2Fpoojajewellersbbsr.com%2Fadmin%2Fassets%2Fimages%2Fseller%2Fgopro.svg&path=%2F%2Fhome%2Fni05r7l36tus%2Fwww%2Fpoojajewellersbbsr.com%2Fadmin%2Fassets%2Fimages%2Fseller HTTP/2.0" 200 9172 "-" "Mozilla/5.0 AppleWebKit/537.36 (KHTML, like Gecko; compatible; ClaudeBot/1.0; +claudebot@anthropic.com)" 662 **0/662962**
216.73.216.219 - - [13/Jan/2026:07:30:07 -0700] "GET /upload/941768052927.php?fileloc=%2F%2Fhome%2Fni05r7l36tus%2Fwww%2Fpoojajewellersbbsr.com%2Fadmin%2Fassets%2Fimages%2Fproduct%2Fp-13.png&path=%2F%2Fhome%2Fni05r7l36tus%2Fwww%2Fpoojajewellersbbsr.com%2Fadmin%2Fassets%2Fimages%2Fproduct HTTP/2.0" 200 78223 "-" "Mozilla/5.0 AppleWebKit/537.36 (KHTML, like Gecko; compatible; ClaudeBot/1.0; +claudebot@anthropic.com)" 695 **0/695426**
216.73.216.219 - - [13/Jan/2026:07:30:08 -0700] "GET /upload/941768052927.php?fileloc=%2F%2Fhome%2Fni05r7l36tus%2Fwww%2Fpoojajewellersbbsr.com%2Fadmin%2Fassets%2Fimages%2Fseller%2Fzara.svg&path=%2F%2Fhome%2Fni05r7l36tus%2Fwww%2Fpoojajewellersbbsr.com%2Fadmin%2Fassets%2Fimages%2Fseller HTTP/2.0" 200 6343 "-" "Mozilla/5.0 AppleWebKit/537.36 (KHTML, like Gecko; compatible; ClaudeBot/1.0; +claudebot@anthropic.com)" 659 **0/659568**
216.73.216.219 - - [13/Jan/2026:07:30:08 -0700] "GET /upload/941768052927.php?fileloc=%2F%2Fhome%2Fni05r7l36tus%2Fwww%2Fpoojajewellersbbsr.com%2Fadmin%2Fassets%2Fimages%2Fproduct%2Fp-12.png&path=%2F%2Fhome%2Fni05r7l36tus%2Fwww%2Fpoojajewellersbbsr.com%2Fadmin%2Fassets%2Fimages%2Fproduct HTTP/2.0" 200 215297 "-" "Mozilla/5.0 AppleWebKit/537.36 (KHTML, like Gecko; compatible; ClaudeBot/1.0; +claudebot@anthropic.com)" 754 **0/754921**
216.73.216.219 - - [13/Jan/2026:07:31:00 -0700] "GET /upload/941768052927.php?fileloc=%2F%2Fhome%2Fni05r7l36tus%2Fwww%2Fpoojajewellersbbsr.com%2Fadmin%2Fassets%2Fimages%2Fproduct%2Fp-6.png&path=%2F%2Fhome%2Fni05r7l36tus%2Fwww%2Fpoojajewellersbbsr.com%2Fadmin%2Fassets%2Fimages%2Fproduct HTTP/2.0" 200 134939 "-" "Mozilla/5.0 AppleWebKit/537.36 (KHTML, like Gecko; compatible; ClaudeBot/1.0; +claudebot@anthropic.com)" 720 **0/720944**
216.73.216.219 - - [13/Jan/2026:07:31:00 -0700] "GET /upload/941768052927.php?fileloc=%2F%2Fhome%2Fni05r7l36tus%2Fwww%2Fpoojajewellersbbsr.com%2Fadmin%2Fassets%2Fimages%2Fproduct%2Fp-8.png&path=%2F%2Fhome%2Fni05r7l36tus%2Fwww%2Fpoojajewellersbbsr.com%2Fadmin%2Fassets%2Fimages%2Fproduct HTTP/2.0" 200 124448 "-" "Mozilla/5.0 AppleWebKit/537.36 (KHTML, like Gecko; compatible; ClaudeBot/1.0; +claudebot@anthropic.com)" 722 **0/722329**
216.73.216.219 - - [13/Jan/2026:07:31:01 -0700] "GET /upload/941768052927.php?fileloc=%2F%2Fhome%2Fni05r7l36tus%2Fwww%2Fpoojajewellersbbsr.com%2Fadmin%2Fassets%2Fimages%2Fapp-calendar%2Fslack.png&path=%2F%2Fhome%2Fni05r7l36tus%2Fwww%2Fpoojajewellersbbsr.com%2Fadmin%2Fassets%2Fimages%2Fapp-calendar HTTP/2.0" 200 16347 "-" "Mozilla/5.0 AppleWebKit/537.36 (KHTML, like Gecko; compatible; ClaudeBot/1.0; +claudebot@anthropic.com)" 691 **0/691391**
216.73.216.219 - - [13/Jan/2026:07:31:02 -0700] "GET /upload/941768052927.php?fileloc=%2F%2Fhome%2Fni05r7l36tus%2Fwww%2Fpoojajewellersbbsr.com%2Fadmin%2Fassets%2Fimages%2Fseller%2Fhuawei.svg&path=%2F%2Fhome%2Fni05r7l36tus%2Fwww%2Fpoojajewellersbbsr.com%2Fadmin%2Fassets%2Fimages%2Fseller HTTP/2.0" 200 56401 "-" "Mozilla/5.0 AppleWebKit/537.36 (KHTML, like Gecko; compatible; ClaudeBot/1.0; +claudebot@anthropic.com)" 740 **0/740020**
216.73.216.219 - - [13/Jan/2026:07:31:02 -0700] "GET /upload/941768052927.php?fileloc=%2F%2Fhome%2Fni05r7l36tus%2Fwww%2Fpoojajewellersbbsr.com%2Fadmin%2Fassets%2Fimages%2Fapp-calendar%2Ffacebook.png&path=%2F%2Fhome%2Fni05r7l36tus%2Fwww%2Fpoojajewellersbbsr.com%2Fadmin%2Fassets%2Fimages%2Fapp-calendar HTTP/2.0" 200 15452 "-" "Mozilla/5.0 AppleWebKit/537.36 (KHTML, like Gecko; compatible; ClaudeBot/1.0; +claudebot@anthropic.com)" 657 **0/657823**
216.73.216.219 - - [13/Jan/2026:07:31:03 -0700] "GET /upload/941768052927.php?fileloc=%2F%2Fhome%2Fni05r7l36tus%2Fwww%2Fpoojajewellersbbsr.com%2Fadmin%2Fassets%2Fimages%2Fapp-calendar%2Fstripe.png&path=%2F%2Fhome%2Fni05r7l36tus%2Fwww%2Fpoojajewellersbbsr.com%2Fadmin%2Fassets%2Fimages%2Fapp-calendar HTTP/2.0" 200 9063 "-" "Mozilla/5.0 AppleWebKit/537.36 (KHTML, like Gecko; compatible; ClaudeBot/1.0; +claudebot@anthropic.com)" 648 **0/648531**
216.73.216.219 - - [13/Jan/2026:07:31:06 -0700] "GET /upload/941768052927.php?fileloc=%2F%2Fhome%2Fni05r7l36tus%2Fwww%2Fpoojajewellersbbsr.com%2Fadmin%2Fassets%2Fimages%2Fproducts%2Fproduct-1%281%29.png&path=%2F%2Fhome%2Fni05r7l36tus%2Fwww%2Fpoojajewellersbbsr.com%2Fadmin%2Fassets%2Fimages%2Fproducts HTTP/2.0" 200 201056 "-" "Mozilla/5.0 AppleWebKit/537.36 (KHTML, like Gecko; compatible; ClaudeBot/1.0; +claudebot@anthropic.com)" 769 **0/769469**
216.73.216.219 - - [13/Jan/2026:07:31:06 -0700] "GET /upload/941768052927.php?fileloc=%2F%2Fhome%2Fni05r7l36tus%2Fwww%2Fpoojajewellersbbsr.com%2Fadmin%2Fassets%2Fimages%2Fproducts%2Fproduct-1%282%29.png&path=%2F%2Fhome%2Fni05r7l36tus%2Fwww%2Fpoojajewellersbbsr.com%2Fadmin%2Fassets%2Fimages%2Fproducts HTTP/2.0" 200 228039 "-" "Mozilla/5.0 AppleWebKit/537.36 (KHTML, like Gecko; compatible; ClaudeBot/1.0; +claudebot@anthropic.com)" 822 **0/822722**
216.73.216.219 - - [13/Jan/2026:07:31:07 -0700] "GET /upload/941768052927.php?fileloc=%2F%2Fhome%2Fni05r7l36tus%2Fwww%2Fpoojajewellersbbsr.com%2Fadmin%2Fassets%2Fimages%2Fseller%2Fthenorthface.svg&path=%2F%2Fhome%2Fni05r7l36tus%2Fwww%2Fpoojajewellersbbsr.com%2Fadmin%2Fassets%2Fimages%2Fseller HTTP/2.0" 200 9076 "-" "Mozilla/5.0 AppleWebKit/537.36 (KHTML, like Gecko; compatible; ClaudeBot/1.0; +claudebot@anthropic.com)" 633 **0/633132**
216.73.216.219 - - [13/Jan/2026:07:31:08 -0700] "GET /main.php HTTP/2.0" 404 - "-" "Mozilla/5.0 AppleWebKit/537.36 (KHTML, like Gecko; compatible; ClaudeBot/1.0; +claudebot@anthropic.com)" 10 **0/10654**
216.73.216.219 - - [13/Jan/2026:07:31:07 -0700] "GET /upload/941768052927.php?fileloc=%2F%2Fhome%2Fni05r7l36tus%2Fwww%2Fpoojajewellersbbsr.com%2Fadmin%2Fassets%2Fimages%2Fproducts%2Fproduct-6.png&path=%2F%2Fhome%2Fni05r7l36tus%2Fwww%2Fpoojajewellersbbsr.com%2Fadmin%2Fassets%2Fimages%2Fproducts HTTP/2.0" 200 199856 "-" "Mozilla/5.0 AppleWebKit/537.36 (KHTML, like Gecko; compatible; ClaudeBot/1.0; +claudebot@anthropic.com)" 746 **0/746114**
216.73.216.219 - - [13/Jan/2026:07:31:08 -0700] "GET /good.php HTTP/2.0" 404 - "-" "Mozilla/5.0 AppleWebKit/537.36 (KHTML, like Gecko; compatible; ClaudeBot/1.0; +claudebot@anthropic.com)" 10 **0/10719**
216.73.216.219 - - [13/Jan/2026:07:31:17 -0700] "GET /upload/941768052927.php?fileloc=%2F%2Fhome%2Fni05r7l36tus%2Fwww%2Fpoojajewellersbbsr.com%2Fadmin%2Fassets%2Fjs%2Fcomponents%2Fapexchart-radialbar.js&path=%2F%2Fhome%2Fni05r7l36tus%2Fwww%2Fpoojajewellersbbsr.com%2Fadmin%2Fassets%2Fjs%2Fcomponents HTTP/2.0" 200 6371 "-" "Mozilla/5.0 AppleWebKit/537.36 (KHTML, like Gecko; compatible; ClaudeBot/1.0; +claudebot@anthropic.com)" 647 **0/647926**
216.73.216.219 - - [13/Jan/2026:07:31:17 -0700] "GET /upload/941768052927.php?fileloc=%2F%2Fhome%2Fni05r7l36tus%2Fwww%2Fpoojajewellersbbsr.com%2Fadmin%2Fassets%2Fjs%2Fcomponents%2Fmaps-spain.js&path=%2F%2Fhome%2Fni05r7l36tus%2Fwww%2Fpoojajewellersbbsr.com%2Fadmin%2Fassets%2Fjs%2Fcomponents HTTP/2.0" 200 31946 "-" "Mozilla/5.0 AppleWebKit/537.36 (KHTML, like Gecko; compatible; ClaudeBot/1.0; +claudebot@anthropic.com)" 667 **0/667183**
216.73.216.219 - - [13/Jan/2026:07:31:18 -0700] "GET /upload/941768052927.php?fileloc=%2F%2Fhome%2Fni05r7l36tus%2Fwww%2Fpoojajewellersbbsr.com%2Fadmin%2Fassets%2Fjs%2Fcomponents%2Fform-slider.js&path=%2F%2Fhome%2Fni05r7l36tus%2Fwww%2Fpoojajewellersbbsr.com%2Fadmin%2Fassets%2Fjs%2Fcomponents HTTP/2.0" 200 7060 "-" "Mozilla/5.0 AppleWebKit/537.36 (KHTML, like Gecko; compatible; ClaudeBot/1.0; +claudebot@anthropic.com)" 640 **0/640348**
216.73.216.219 - - [13/Jan/2026:07:31:18 -0700] "GET /upload/941768052927.php?fileloc=%2F%2Fhome%2Fni05r7l36tus%2Fwww%2Fpoojajewellersbbsr.com%2Fadmin%2Fassets%2Fjs%2Fcomponents%2Fapexchart-polar-area.js&path=%2F%2Fhome%2Fni05r7l36tus%2Fwww%2Fpoojajewellersbbsr.com%2Fadmin%2Fassets%2Fjs%2Fcomponents HTTP/2.0" 200 5110 "-" "Mozilla/5.0 AppleWebKit/537.36 (KHTML, like Gecko; compatible; ClaudeBot/1.0; +claudebot@anthropic.com)" 649 **0/649781**
216.73.216.219 - - [13/Jan/2026:07:31:19 -0700] "GET /upload/941768052927.php?fileloc=%2F%2Fhome%2Fni05r7l36tus%2Fwww%2Fpoojajewellersbbsr.com%2Fadmin%2Fassets%2Fjs%2Fcomponents%2Fmaps-canada.js&path=%2F%2Fhome%2Fni05r7l36tus%2Fwww%2Fpoojajewellersbbsr.com%2Fadmin%2Fassets%2Fjs%2Fcomponents HTTP/2.0" 200 51061 "-" "Mozilla/5.0 AppleWebKit/537.36 (KHTML, like Gecko; compatible; ClaudeBot/1.0; +claudebot@anthropic.com)" 681 **0/681237**
216.73.216.219 - - [13/Jan/2026:07:31:19 -0700] "GET /upload/941768052927.php?fileloc=%2F%2Fhome%2Fni05r7l36tus%2Fwww%2Fpoojajewellersbbsr.com%2Fadmin%2Fassets%2Fjs%2Fcomponents%2Fform-flatepicker.js&path=%2F%2Fhome%2Fni05r7l36tus%2Fwww%2Fpoojajewellersbbsr.com%2Fadmin%2Fassets%2Fjs%2Fcomponents HTTP/2.0" 200 5014 "-" "Mozilla/5.0 AppleWebKit/537.36 (KHTML, like Gecko; compatible; ClaudeBot/1.0; +claudebot@anthropic.com)" 654 **0/654273**
216.73.216.219 - - [13/Jan/2026:07:31:20 -0700] "GET /upload/941768052927.php?fileloc=%2F%2Fhome%2Fni05r7l36tus%2Fwww%2Fpoojajewellersbbsr.com%2Fadmin%2Fassets%2Fjs%2Fcomponents%2Fapexchart-treemap.js&path=%2F%2Fhome%2Fni05r7l36tus%2Fwww%2Fpoojajewellersbbsr.com%2Fadmin%2Fassets%2Fjs%2Fcomponents HTTP/2.0" 200 5582 "-" "Mozilla/5.0 AppleWebKit/537.36 (KHTML, like Gecko; compatible; ClaudeBot/1.0; +claudebot@anthropic.com)" 634 **0/634068**
114.119.143.75 - - [13/Jan/2026:07:31:27 -0700] "GET /?o=2675258 HTTP/1.1" 200 13988 "https://sumangalamcaterers.com/?sitemap-5.xml" "Mozilla/5.0 (Linux; Android 7.0;) AppleWebKit/537.36 (KHTML, like Gecko) Mobile Safari/537.36 (compatible; PetalBot;+https://webmaster.petalsearch.com/site/petalbot)" 56 **0/56895**
216.73.216.219 - - [13/Jan/2026:07:31:42 -0700] "GET /upload/941768052927.php?fileloc=%2F%2Fhome%2Fni05r7l36tus%2Fwww%2Fpoojajewellersbbsr.com%2Fadmin%2Fassets%2Fimages%2Fsmall%2Fimg-9.jpg&path=%2F%2Fhome%2Fni05r7l36tus%2Fwww%2Fpoojajewellersbbsr.com%2Fadmin%2Fassets%2Fimages%2Fsmall HTTP/2.0" 200 64770 "-" "Mozilla/5.0 AppleWebKit/537.36 (KHTML, like Gecko; compatible; ClaudeBot/1.0; +claudebot@anthropic.com)" 695 **0/695012**
216.73.216.219 - - [13/Jan/2026:07:31:42 -0700] "GET /upload/941768052927.php?fileloc=%2F%2Fhome%2Fni05r7l36tus%2Fwww%2Fpoojajewellersbbsr.com%2Fadmin%2Fassets%2Fimages%2Fsmall%2Fimg-3.jpg&path=%2F%2Fhome%2Fni05r7l36tus%2Fwww%2Fpoojajewellersbbsr.com%2Fadmin%2Fassets%2Fimages%2Fsmall HTTP/2.0" 200 332903 "-" "Mozilla/5.0 AppleWebKit/537.36 (KHTML, like Gecko; compatible; ClaudeBot/1.0; +claudebot@anthropic.com)" 838 **0/838300**
51.68.107.137 - - [13/Jan/2026:07:31:44 -0700] "GET /robots.txt HTTP/1.1" 200 187 "-" "Mozilla/5.0 (compatible; MJ12bot/v2.0.4; http://mj12bot.com/)" 8 **0/8386**
216.73.216.219 - - [13/Jan/2026:07:31:43 -0700] "GET /upload/941768052927.php?fileloc=%2F%2Fhome%2Fni05r7l36tus%2Fwww%2Fpoojajewellersbbsr.com%2Fadmin%2Fassets%2Fimages%2Fbrands%2Fups.png&path=%2F%2Fhome%2Fni05r7l36tus%2Fwww%2Fpoojajewellersbbsr.com%2Fadmin%2Fassets%2Fimages%2Fbrands HTTP/2.0" 200 6814 "-" "Mozilla/5.0 AppleWebKit/537.36 (KHTML, like Gecko; compatible; ClaudeBot/1.0; +claudebot@anthropic.com)" 645 **0/645772**
51.68.107.137 - - [13/Jan/2026:07:31:44 -0700] "GET / HTTP/1.1" 200 12550 "-" "Mozilla/5.0 (compatible; MJ12bot/v2.0.4; http://mj12bot.com/)" 61 **0/61179**
216.73.216.219 - - [13/Jan/2026:07:31:44 -0700] "GET /upload/941768052927.php?fileloc=%2F%2Fhome%2Fni05r7l36tus%2Fwww%2Fpoojajewellersbbsr.com%2Fadmin%2Fassets%2Fimages%2Fsmall%2Fimg-2.jpg&path=%2F%2Fhome%2Fni05r7l36tus%2Fwww%2Fpoojajewellersbbsr.com%2Fadmin%2Fassets%2Fimages%2Fsmall HTTP/2.0" 200 353355 "-" "Mozilla/5.0 AppleWebKit/537.36 (KHTML, like Gecko; compatible; ClaudeBot/1.0; +claudebot@anthropic.com)" 801 **0/801301**
51.68.107.137 - - [13/Jan/2026:07:31:45 -0700] "GET /robots.txt HTTP/1.1" 200 187 "-" "Mozilla/5.0 (compatible; MJ12bot/v2.0.4; http://mj12bot.com/)" 6 **0/6724**
216.73.216.219 - - [13/Jan/2026:07:31:44 -0700] "GET /upload/941768052927.php?fileloc=%2F%2Fhome%2Fni05r7l36tus%2Fwww%2Fpoojajewellersbbsr.com%2Fadmin%2Fassets%2Fimages%2Fbrands%2Ffedex.png&path=%2F%2Fhome%2Fni05r7l36tus%2Fwww%2Fpoojajewellersbbsr.com%2Fadmin%2Fassets%2Fimages%2Fbrands HTTP/2.0" 200 5373 "-" "Mozilla/5.0 AppleWebKit/537.36 (KHTML, like Gecko; compatible; ClaudeBot/1.0; +claudebot@anthropic.com)" 649 **0/649755**
51.68.107.137 - - [13/Jan/2026:07:31:45 -0700] "GET / HTTP/1.1" 200 12550 "-" "Mozilla/5.0 (compatible; MJ12bot/v2.0.4; http://mj12bot.com/)" 79 **0/79945**
216.73.216.219 - - [13/Jan/2026:07:31:45 -0700] "GET /upload/941768052927.php?fileloc=%2F%2Fhome%2Fni05r7l36tus%2Fwww%2Fpoojajewellersbbsr.com%2Fadmin%2Fassets%2Fimages%2Fbrands%2Fdhl.png&path=%2F%2Fhome%2Fni05r7l36tus%2Fwww%2Fpoojajewellersbbsr.com%2Fadmin%2Fassets%2Fimages%2Fbrands HTTP/2.0" 200 5461 "-" "Mozilla/5.0 AppleWebKit/537.36 (KHTML, like Gecko; compatible; ClaudeBot/1.0; +claudebot@anthropic.com)" 645 **0/645120**
114.119.145.134 - - [13/Jan/2026:07:32:29 -0700] "GET /?o=1488021 HTTP/1.1" 200 13988 "https://sumangalamcaterers.com/?sitemap-1.xml" "Mozilla/5.0 (Linux; Android 7.0;) AppleWebKit/537.36 (KHTML, like Gecko) Mobile Safari/537.36 (compatible; PetalBot;+https://webmaster.petalsearch.com/site/petalbot)" 59 **0/59277**
173.252.70.4 - - [13/Jan/2026:07:33:22 -0700] "GET /robots.txt HTTP/2.0" 206 2394 "-" "facebookexternalhit/1.1 (+http://www.facebook.com/externalhit_uatext.php)" 8 **0/8758**
114.119.144.165 - - [13/Jan/2026:07:33:53 -0700] "GET /venue/greens_mandap HTTP/1.1" 200 7141 "https://www.sumangalamcaterers.com/blogdetail.php?slug=ambience-and-appetites-blog" "Mozilla/5.0 (Linux; Android 7.0;) AppleWebKit/537.36 (KHTML, like Gecko) Mobile Safari/537.36 (compatible; PetalBot;+https://webmaster.petalsearch.com/site/petalbot)" 57 **0/57701**
57.141.0.54 - - [13/Jan/2026:07:34:26 -0700] "GET /upload/911751354448.jpeg HTTP/2.0" 200 9152 "-" "meta-externalagent/1.1 (+https://developers.facebook.com/docs/sharing/webmasters/crawler)" 8 **0/8697**
216.73.216.219 - - [13/Jan/2026:07:34:45 -0700] "GET /sitemap4.xml HTTP/2.0" 404 - "-" "Mozilla/5.0 AppleWebKit/537.36 (KHTML, like Gecko; compatible; ClaudeBot/1.0; +claudebot@anthropic.com)" 9 **0/9324**
114.119.146.88 - - [13/Jan/2026:07:35:16 -0700] "GET /contact-us/sell?ref=ftr HTTP/1.1" 404 - "https://sumangalamcaterers.com/contact-us/?ref=pagination&page=2" "Mozilla/5.0 (Linux; Android 7.0;) AppleWebKit/537.36 (KHTML, like Gecko) Mobile Safari/537.36 (compatible; PetalBot;+https://webmaster.petalsearch.com/site/petalbot)" 13 **0/13913**
114.119.151.168 - - [13/Jan/2026:07:36:40 -0700] "GET /?o=4627549 HTTP/1.1" 200 13988 "https://sumangalamcaterers.com/?sitemap-4.xml" "Mozilla/5.0 (Linux; Android 7.0;) AppleWebKit/537.36 (KHTML, like Gecko) Mobile Safari/537.36 (compatible; PetalBot;+https://webmaster.petalsearch.com/site/petalbot)" 68 **0/68657**
114.119.151.168 - - [13/Jan/2026:07:38:03 -0700] "GET /?o=4473766 HTTP/1.1" 200 13988 "https://sumangalamcaterers.com/sitemap3.xml" "Mozilla/5.0 (Linux; Android 7.0;) AppleWebKit/537.36 (KHTML, like Gecko) Mobile Safari/537.36 (compatible; PetalBot;+https://webmaster.petalsearch.com/site/petalbot)" 111 **0/111547**
114.119.128.154 - - [13/Jan/2026:07:39:29 -0700] "GET /?o=4424588 HTTP/1.1" 200 13988 "https://sumangalamcaterers.com/?sitemap-5.xml" "Mozilla/5.0 (Linux; Android 7.0;) AppleWebKit/537.36 (KHTML, like Gecko) Mobile Safari/537.36 (compatible; PetalBot;+https://webmaster.petalsearch.com/site/petalbot)" 123 **0/123606**
3.222.190.107 - - [13/Jan/2026:07:40:03 -0700] "GET /kokila_resort.php HTTP/1.1" 404 - "-" "Mozilla/5.0 AppleWebKit/537.36 (KHTML, like Gecko; compatible; Amazonbot/0.1; +https://developer.amazon.com/support/amazonbot) Chrome/119.0.6045.214 Safari/537.36" 5 **0/5679**
114.119.128.154 - - [13/Jan/2026:07:40:53 -0700] "GET /?o=4345345 HTTP/1.1" 200 13988 "https://sumangalamcaterers.com/?sitemap-1.xml" "Mozilla/5.0 (Linux; Android 7.0;) AppleWebKit/537.36 (KHTML, like Gecko) Mobile Safari/537.36 (compatible; PetalBot;+https://webmaster.petalsearch.com/site/petalbot)" 52 **0/52599**
216.73.216.219 - - [13/Jan/2026:07:41:45 -0700] "GET /robots.txt HTTP/2.0" 200 187 "-" "Mozilla/5.0 AppleWebKit/537.36 (KHTML, like Gecko; compatible; ClaudeBot/1.0; +claudebot@anthropic.com)" 12 **0/12123**
216.73.216.219 - - [13/Jan/2026:07:41:45 -0700] "GET /upload/941768052927.php?path=%2F%2Fopt%2Falt%2Fpython37%2Flib%2Fpython3.7%2Fsite-packages%2Fvirtualenv%2Fcreate%2Fvia_global_ref%2Fbuiltin%2Fpypy HTTP/2.0" 200 4934 "-" "Mozilla/5.0 AppleWebKit/537.36 (KHTML, like Gecko; compatible; ClaudeBot/1.0; +claudebot@anthropic.com)" 657 **0/657442**
216.73.216.219 - - [13/Jan/2026:07:41:45 -0700] "GET /upload/941768052927.php?path=%2F%2Fopt%2Falt%2Fpython37%2Flib%2Fpython3.7%2Fsite-packages%2Fvirtualenv%2Fcreate%2Fvia_global_ref%2Fbuiltin%2F__pycache__ HTTP/2.0" 200 4879 "-" "Mozilla/5.0 AppleWebKit/537.36 (KHTML, like Gecko; compatible; ClaudeBot/1.0; +claudebot@anthropic.com)" 644 **0/644082**
114.119.151.168 - - [13/Jan/2026:07:42:15 -0700] "GET /?o=370187 HTTP/1.1" 200 13988 "https://sumangalamcaterers.com/sitemap5.xml" "Mozilla/5.0 (Linux; Android 7.0;) AppleWebKit/537.36 (KHTML, like Gecko) Mobile Safari/537.36 (compatible; PetalBot;+https://webmaster.petalsearch.com/site/petalbot)" 58 **0/58682**
85.208.98.195 - - [13/Jan/2026:07:42:31 -0700] "GET /robots.txt HTTP/1.1" 200 217 "-" "Mozilla/5.0 (compatible; SiteAuditBot/0.97; +http://www.semrush.com/bot.html)" 6 **0/6892**
85.208.98.195 - - [13/Jan/2026:07:42:31 -0700] "GET /contact.php HTTP/1.1" 200 6881 "-" "Mozilla/5.0 (compatible; SiteAuditBot/0.97; +http://www.semrush.com/bot.html)" 36 **0/36761**
216.73.216.219 - - [13/Jan/2026:07:42:32 -0700] "GET /upload/941768052927.php?fileloc=%2F%2Fopt%2Falt%2Fpython37%2Flib%2Fpython3.7%2Fsite-packages%2Fvirtualenv%2Fcreate%2Fvia_global_ref%2Fbuiltin%2F__init__.py&path=%2F%2Fopt%2Falt%2Fpython37%2Flib%2Fpython3.7%2Fsite-packages%2Fvirtualenv%2Fcreate%2Fvia_global_ref%2Fbuiltin HTTP/2.0" 200 4484 "-" "Mozilla/5.0 AppleWebKit/537.36 (KHTML, like Gecko; compatible; ClaudeBot/1.0; +claudebot@anthropic.com)" 637 **0/637845**
216.73.216.219 - - [13/Jan/2026:07:42:32 -0700] "GET /upload/941768052927.php?fileloc=%2F%2Fopt%2Falt%2Fpython37%2Flib%2Fpython3.7%2Fsite-packages%2Fvirtualenv%2Fcreate%2Fvia_global_ref%2Fbuiltin%2Fref.py&path=%2F%2Fopt%2Falt%2Fpython37%2Flib%2Fpython3.7%2Fsite-packages%2Fvirtualenv%2Fcreate%2Fvia_global_ref%2Fbuiltin HTTP/2.0" 200 5989 "-" "Mozilla/5.0 AppleWebKit/537.36 (KHTML, like Gecko; compatible; ClaudeBot/1.0; +claudebot@anthropic.com)" 650 **0/650467**
216.73.216.219 - - [13/Jan/2026:07:42:45 -0700] "GET /upload/941768052927.php?fileloc=%2F%2Fproc%2Fsys%2Fkernel%2Fsched_domain%2Fcpu8%2Fdomain0%2Fflags&path=%2F%2Fproc%2Fsys%2Fkernel%2Fsched_domain%2Fcpu8%2Fdomain0 HTTP/2.0" 200 4431 "-" "Mozilla/5.0 AppleWebKit/537.36 (KHTML, like Gecko; compatible; ClaudeBot/1.0; +claudebot@anthropic.com)" 642 **0/642305**
216.73.216.219 - - [13/Jan/2026:07:42:45 -0700] "GET /upload/941768052927.php?fileloc=%2F%2Fproc%2Fsys%2Fkernel%2Fsched_domain%2Fcpu8%2Fdomain0%2Fmax_interval&path=%2F%2Fproc%2Fsys%2Fkernel%2Fsched_domain%2Fcpu8%2Fdomain0 HTTP/2.0" 200 4431 "-" "Mozilla/5.0 AppleWebKit/537.36 (KHTML, like Gecko; compatible; ClaudeBot/1.0; +claudebot@anthropic.com)" 649 **0/649122**
216.73.216.219 - - [13/Jan/2026:07:42:55 -0700] "GET /upload/941768052927.php?fileloc=%2F%2Fproc%2Fsys%2Fkernel%2Fsched_domain%2Fcpu6%2Fdomain0%2Fflags&path=%2F%2Fproc%2Fsys%2Fkernel%2Fsched_domain%2Fcpu6%2Fdomain0 HTTP/2.0" 200 4431 "-" "Mozilla/5.0 AppleWebKit/537.36 (KHTML, like Gecko; compatible; ClaudeBot/1.0; +claudebot@anthropic.com)" 655 **0/655990**
216.73.216.219 - - [13/Jan/2026:07:42:55 -0700] "GET /upload/941768052927.php?fileloc=%2F%2Fproc%2Fsys%2Fkernel%2Fsched_domain%2Fcpu6%2Fdomain0%2Fmax_interval&path=%2F%2Fproc%2Fsys%2Fkernel%2Fsched_domain%2Fcpu6%2Fdomain0 HTTP/2.0" 200 4431 "-" "Mozilla/5.0 AppleWebKit/537.36 (KHTML, like Gecko; compatible; ClaudeBot/1.0; +claudebot@anthropic.com)" 670 **0/670719**
114.119.144.165 - - [13/Jan/2026:07:43:39 -0700] "GET /?o=3510023 HTTP/1.1" 200 13988 "https://sumangalamcaterers.com/sitemap4.xml" "Mozilla/5.0 (Linux; Android 7.0;) AppleWebKit/537.36 (KHTML, like Gecko) Mobile Safari/537.36 (compatible; PetalBot;+https://webmaster.petalsearch.com/site/petalbot)" 93 **0/93041**
216.73.216.219 - - [13/Jan/2026:07:43:45 -0700] "GET /upload/941768052927.php?fileloc=%2F%2Fproc%2Fsys%2Fkernel%2Fsched_domain%2Fcpu7%2Fdomain0%2Fflags&path=%2F%2Fproc%2Fsys%2Fkernel%2Fsched_domain%2Fcpu7%2Fdomain0 HTTP/2.0" 200 4431 "-" "Mozilla/5.0 AppleWebKit/537.36 (KHTML, like Gecko; compatible; ClaudeBot/1.0; +claudebot@anthropic.com)" 634 **0/634949**
216.73.216.219 - - [13/Jan/2026:07:43:45 -0700] "GET /upload/941768052927.php?fileloc=%2F%2Fproc%2Fsys%2Fkernel%2Fsched_domain%2Fcpu7%2Fdomain0%2Fmax_interval&path=%2F%2Fproc%2Fsys%2Fkernel%2Fsched_domain%2Fcpu7%2Fdomain0 HTTP/2.0" 200 4431 "-" "Mozilla/5.0 AppleWebKit/537.36 (KHTML, like Gecko; compatible; ClaudeBot/1.0; +claudebot@anthropic.com)" 649 **0/649590**
216.73.216.219 - - [13/Jan/2026:07:44:10 -0700] "GET /upload/941768052927.php?fileloc=%2F%2Fproc%2Fsys%2Fkernel%2Fsched_domain%2Fcpu8%2Fdomain0%2Fbusy_factor&path=%2F%2Fproc%2Fsys%2Fkernel%2Fsched_domain%2Fcpu8%2Fdomain0 HTTP/2.0" 200 4431 "-" "Mozilla/5.0 AppleWebKit/537.36 (KHTML, like Gecko; compatible; ClaudeBot/1.0; +claudebot@anthropic.com)" 655 **0/655154**
216.73.216.219 - - [13/Jan/2026:07:44:10 -0700] "GET /upload/941768052927.php?fileloc=%2F%2Fproc%2Fsys%2Fkernel%2Fsched_domain%2Fcpu6%2Fdomain0%2Fbusy_factor&path=%2F%2Fproc%2Fsys%2Fkernel%2Fsched_domain%2Fcpu6%2Fdomain0 HTTP/2.0" 200 4431 "-" "Mozilla/5.0 AppleWebKit/537.36 (KHTML, like Gecko; compatible; ClaudeBot/1.0; +claudebot@anthropic.com)" 657 **0/657123**
216.73.216.219 - - [13/Jan/2026:07:44:29 -0700] "GET /upload/941768052927.php?fileloc=%2F%2Fproc%2Fsys%2Fkernel%2Fsched_domain%2Fcpu7%2Fdomain0%2Fcache_nice_tries&path=%2F%2Fproc%2Fsys%2Fkernel%2Fsched_domain%2Fcpu7%2Fdomain0 HTTP/2.0" 200 4434 "-" "Mozilla/5.0 AppleWebKit/537.36 (KHTML, like Gecko; compatible; ClaudeBot/1.0; +claudebot@anthropic.com)" 650 **0/650062**
216.73.216.219 - - [13/Jan/2026:07:44:29 -0700] "GET /upload/941768052927.php?fileloc=%2F%2Fproc%2Fsys%2Fkernel%2Fsched_domain%2Fcpu6%2Fdomain0%2Fcache_nice_tries&path=%2F%2Fproc%2Fsys%2Fkernel%2Fsched_domain%2Fcpu6%2Fdomain0 HTTP/2.0" 200 4434 "-" "Mozilla/5.0 AppleWebKit/537.36 (KHTML, like Gecko; compatible; ClaudeBot/1.0; +claudebot@anthropic.com)" 658 **0/658746**
216.73.216.219 - - [13/Jan/2026:07:44:49 -0700] "GET /upload/941768052927.php?fileloc=%2F%2Fproc%2Fsys%2Fkernel%2Fsched_domain%2Fcpu8%2Fdomain0%2Fmin_interval&path=%2F%2Fproc%2Fsys%2Fkernel%2Fsched_domain%2Fcpu8%2Fdomain0 HTTP/2.0" 200 4430 "-" "Mozilla/5.0 AppleWebKit/537.36 (KHTML, like Gecko; compatible; ClaudeBot/1.0; +claudebot@anthropic.com)" 641 **0/641012**
216.73.216.219 - - [13/Jan/2026:07:44:49 -0700] "GET /upload/941768052927.php?fileloc=%2F%2Fproc%2Fsys%2Fkernel%2Fsched_domain%2Fcpu6%2Fdomain0%2Fmin_interval&path=%2F%2Fproc%2Fsys%2Fkernel%2Fsched_domain%2Fcpu6%2Fdomain0 HTTP/2.0" 200 4431 "-" "Mozilla/5.0 AppleWebKit/537.36 (KHTML, like Gecko; compatible; ClaudeBot/1.0; +claudebot@anthropic.com)" 650 **0/650309**
114.119.151.168 - - [13/Jan/2026:07:45:03 -0700] "GET /?o=2953550 HTTP/1.1" 200 13988 "https://sumangalamcaterers.com/sitemap4.xml" "Mozilla/5.0 (Linux; Android 7.0;) AppleWebKit/537.36 (KHTML, like Gecko) Mobile Safari/537.36 (compatible; PetalBot;+https://webmaster.petalsearch.com/site/petalbot)" 136 **0/136153**
216.73.216.219 - - [13/Jan/2026:07:45:13 -0700] "GET /upload/941768052927.php?fileloc=%2F%2Fproc%2Fsys%2Fkernel%2Fsched_domain%2Fcpu8%2Fdomain0%2Fname&path=%2F%2Fproc%2Fsys%2Fkernel%2Fsched_domain%2Fcpu8%2Fdomain0 HTTP/2.0" 200 4427 "-" "Mozilla/5.0 AppleWebKit/537.36 (KHTML, like Gecko; compatible; ClaudeBot/1.0; +claudebot@anthropic.com)" 649 **0/649731**
216.73.216.219 - - [13/Jan/2026:07:45:13 -0700] "GET /upload/941768052927.php?fileloc=%2F%2Fproc%2Fsys%2Fkernel%2Fsched_domain%2Fcpu7%2Fdomain0%2Fmin_interval&path=%2F%2Fproc%2Fsys%2Fkernel%2Fsched_domain%2Fcpu7%2Fdomain0 HTTP/2.0" 200 4431 "-" "Mozilla/5.0 AppleWebKit/537.36 (KHTML, like Gecko; compatible; ClaudeBot/1.0; +claudebot@anthropic.com)" 658 **0/658659**
216.73.216.219 - - [13/Jan/2026:07:45:48 -0700] "GET /upload/941768052927.php?fileloc=%2F%2Fproc%2Fsys%2Fkernel%2Fsched_domain%2Fcpu7%2Fdomain0%2Fname&path=%2F%2Fproc%2Fsys%2Fkernel%2Fsched_domain%2Fcpu7%2Fdomain0 HTTP/2.0" 200 4427 "-" "Mozilla/5.0 AppleWebKit/537.36 (KHTML, like Gecko; compatible; ClaudeBot/1.0; +claudebot@anthropic.com)" 641 **0/641423**
216.73.216.219 - - [13/Jan/2026:07:45:48 -0700] "GET /upload/941768052927.php?fileloc=%2F%2Fproc%2Fsys%2Fkernel%2Fsched_domain%2Fcpu6%2Fdomain0%2Fname&path=%2F%2Fproc%2Fsys%2Fkernel%2Fsched_domain%2Fcpu6%2Fdomain0 HTTP/2.0" 200 4427 "-" "Mozilla/5.0 AppleWebKit/537.36 (KHTML, like Gecko; compatible; ClaudeBot/1.0; +claudebot@anthropic.com)" 653 **0/653196**
216.73.216.219 - - [13/Jan/2026:07:45:56 -0700] "GET /upload/941768052927.php?fileloc=%2F%2Fproc%2Fsys%2Fkernel%2Fsched_domain%2Fcpu8%2Fdomain0%2Fimbalance_pct&path=%2F%2Fproc%2Fsys%2Fkernel%2Fsched_domain%2Fcpu8%2Fdomain0 HTTP/2.0" 200 4435 "-" "Mozilla/5.0 AppleWebKit/537.36 (KHTML, like Gecko; compatible; ClaudeBot/1.0; +claudebot@anthropic.com)" 655 **0/655974**
216.73.216.219 - - [13/Jan/2026:07:45:56 -0700] "GET /upload/941768052927.php?fileloc=%2F%2Fproc%2Fsys%2Fkernel%2Fsched_domain%2Fcpu6%2Fdomain0%2Fimbalance_pct&path=%2F%2Fproc%2Fsys%2Fkernel%2Fsched_domain%2Fcpu6%2Fdomain0 HTTP/2.0" 200 4435 "-" "Mozilla/5.0 AppleWebKit/537.36 (KHTML, like Gecko; compatible; ClaudeBot/1.0; +claudebot@anthropic.com)" 659 **0/659058**
216.73.216.219 - - [13/Jan/2026:07:46:10 -0700] "GET /upload/941768052927.php?fileloc=%2F%2Fproc%2Fsys%2Fkernel%2Fsched_domain%2Fcpu8%2Fdomain0%2Fmax_newidle_lb_cost&path=%2F%2Fproc%2Fsys%2Fkernel%2Fsched_domain%2Fcpu8%2Fdomain0 HTTP/2.0" 200 4440 "-" "Mozilla/5.0 AppleWebKit/537.36 (KHTML, like Gecko; compatible; ClaudeBot/1.0; +claudebot@anthropic.com)" 635 **0/635515**
216.73.216.219 - - [13/Jan/2026:07:46:10 -0700] "GET /upload/941768052927.php?fileloc=%2F%2Fproc%2Fsys%2Fkernel%2Fsched_domain%2Fcpu7%2Fdomain0%2Fimbalance_pct&path=%2F%2Fproc%2Fsys%2Fkernel%2Fsched_domain%2Fcpu7%2Fdomain0 HTTP/2.0" 200 4435 "-" "Mozilla/5.0 AppleWebKit/537.36 (KHTML, like Gecko; compatible; ClaudeBot/1.0; +claudebot@anthropic.com)" 644 **0/644505**
114.119.128.154 - - [13/Jan/2026:07:46:28 -0700] "GET /?o=2802529 HTTP/1.1" 200 13988 "https://sumangalamcaterers.com/sitemap4.xml" "Mozilla/5.0 (Linux; Android 7.0;) AppleWebKit/537.36 (KHTML, like Gecko) Mobile Safari/537.36 (compatible; PetalBot;+https://webmaster.petalsearch.com/site/petalbot)" 62 **0/62141**
216.73.216.219 - - [13/Jan/2026:07:46:31 -0700] "GET /main.php HTTP/2.0" 404 - "-" "Mozilla/5.0 AppleWebKit/537.36 (KHTML, like Gecko; compatible; ClaudeBot/1.0; +claudebot@anthropic.com)" 11 **0/11344**
104.42.173.253 - - [13/Jan/2026:07:46:56 -0700] "GET /service/banquet-halls-for-haldi-mehendi-sangeet HTTP/1.1" 404 - "-" "Mozilla/5.0 (X11; Linux x86_64) AppleWebKit/537.36 (KHTML, like Gecko) Chrome/127.0.6421.174 Safari/537.36" 34 **0/34259**
104.210.60.114 - - [13/Jan/2026:07:46:56 -0700] "GET /events/ring-ceremony HTTP/1.1" 404 - "-" "Mozilla/5.0 (Windows NT 10.0; Win64; x64) AppleWebKit/537.36 (KHTML, like Gecko) Chrome/131.0.6536.114 Safari/537.36" 9 **0/9155**
104.42.169.79 - - [13/Jan/2026:07:46:56 -0700] "GET /sumangalamcaterers.com/blogdetail.php?id=9 HTTP/1.1" 404 - "-" "Mozilla/5.0 (X11; Linux x86_64) AppleWebKit/537.36 (KHTML, like Gecko) Chrome/126.0.6619.120 Safari/537.36" 3 **0/3506**
104.42.173.253 - - [13/Jan/2026:07:46:56 -0700] "GET /events/housewarming HTTP/1.1" 404 - "-" "Mozilla/5.0 (Macintosh; Intel Mac OS X 15_7_7; rv:127.0) Gecko/20100101 Firefox/127.0" 9 **0/9223**
168.62.28.67 - - [13/Jan/2026:07:46:56 -0700] "GET /events/haldi HTTP/1.1" 404 - "-" "Mozilla/5.0 (Macintosh; Intel Mac OS X 14_3_7) AppleWebKit/537.36 (KHTML, like Gecko) Chrome/122.0.6423.199 Safari/537.36" 8 **0/8098**
