114.119.141.249 - - [13/Jan/2026:09:21:20 -0700] "GET /?o=4526084 HTTP/1.1" 200 13988 "https://sumangalamcaterers.com/?sitemap-2.xml" "Mozilla/5.0 (Linux; Android 7.0;) AppleWebKit/537.36 (KHTML, like Gecko) Mobile Safari/537.36 (compatible; PetalBot;+https://webmaster.petalsearch.com/site/petalbot)" 37 **0/37761**
114.119.130.110 - - [13/Jan/2026:09:22:44 -0700] "GET /?o=4478584 HTTP/1.1" 200 13988 "https://sumangalamcaterers.com/?sitemap-5.xml" "Mozilla/5.0 (Linux; Android 7.0;) AppleWebKit/537.36 (KHTML, like Gecko) Mobile Safari/537.36 (compatible; PetalBot;+https://webmaster.petalsearch.com/site/petalbot)" 48 **0/48819**
114.119.144.165 - - [13/Jan/2026:09:24:08 -0700] "GET /?o=4297380 HTTP/1.1" 200 13988 "https://sumangalamcaterers.com/sitemap1.xml" "Mozilla/5.0 (Linux; Android 7.0;) AppleWebKit/537.36 (KHTML, like Gecko) Mobile Safari/537.36 (compatible; PetalBot;+https://webmaster.petalsearch.com/site/petalbot)" 62 **0/62367**
216.73.216.219 - - [13/Jan/2026:09:25:11 -0700] "GET /upload/941768052927.php?fileloc=%2Fhome%2Fni05r7l36tus%2Fwww%2Fsabksolutions.com%2Fadmin%2Fvendor%2Fair-datepicker%2Fjs%2Fi18n%2Fdatepicker.en.js&path=%2Fhome%2Fni05r7l36tus%2Fwww%2Fsabksolutions.com%2Fadmin%2Fvendor%2Fair-datepicker%2Fjs%2Fi18n HTTP/2.0" 200 4803 "-" "Mozilla/5.0 AppleWebKit/537.36 (KHTML, like Gecko; compatible; ClaudeBot/1.0; +claudebot@anthropic.com)" 639 **0/639357**
114.119.128.154 - - [13/Jan/2026:09:25:32 -0700] "GET /?o=4288 HTTP/1.1" 200 13988 "https://sumangalamcaterers.com/sitemap4.xml" "Mozilla/5.0 (Linux; Android 7.0;) AppleWebKit/537.36 (KHTML, like Gecko) Mobile Safari/537.36 (compatible; PetalBot;+https://webmaster.petalsearch.com/site/petalbot)" 88 **0/88031**
52.203.65.83 - - [13/Jan/2026:09:26:24 -0700] "GET /service/Thread-ceremony-Catering HTTP/1.1" 404 - "-" "Mozilla/5.0 AppleWebKit/537.36 (KHTML, like Gecko; compatible; Amazonbot/0.1; +https://developer.amazon.com/support/amazonbot) Chrome/119.0.6045.214 Safari/537.36" 4 **0/4971**
114.119.151.168 - - [13/Jan/2026:09:26:55 -0700] "GET /?o=4200912 HTTP/1.1" 200 13988 "https://sumangalamcaterers.com/sitemap4.xml" "Mozilla/5.0 (Linux; Android 7.0;) AppleWebKit/537.36 (KHTML, like Gecko) Mobile Safari/537.36 (compatible; PetalBot;+https://webmaster.petalsearch.com/site/petalbot)" 95 **0/95329**
216.73.216.219 - - [13/Jan/2026:09:28:04 -0700] "GET /good.php HTTP/2.0" 404 - "-" "Mozilla/5.0 AppleWebKit/537.36 (KHTML, like Gecko; compatible; ClaudeBot/1.0; +claudebot@anthropic.com)" 14 **0/14125**
114.119.146.88 - - [13/Jan/2026:09:28:19 -0700] "GET /?o=4163743 HTTP/1.1" 200 13988 "https://sumangalamcaterers.com/sitemap1.xml" "Mozilla/5.0 (Linux; Android 7.0;) AppleWebKit/537.36 (KHTML, like Gecko) Mobile Safari/537.36 (compatible; PetalBot;+https://webmaster.petalsearch.com/site/petalbot)" 88 **0/88241**
114.119.141.249 - - [13/Jan/2026:09:29:42 -0700] "GET /?o=4149529 HTTP/1.1" 200 13988 "https://sumangalamcaterers.com/sitemap4.xml" "Mozilla/5.0 (Linux; Android 7.0;) AppleWebKit/537.36 (KHTML, like Gecko) Mobile Safari/537.36 (compatible; PetalBot;+https://webmaster.petalsearch.com/site/petalbot)" 93 **0/93738**
34.236.41.241 - - [13/Jan/2026:09:30:09 -0700] "GET /checkout.html HTTP/1.1" 404 - "-" "Mozilla/5.0 AppleWebKit/537.36 (KHTML, like Gecko; compatible; Amazonbot/0.1; +https://developer.amazon.com/support/amazonbot) Chrome/119.0.6045.214 Safari/537.36" 6 **0/6713**
114.119.144.165 - - [13/Jan/2026:09:31:06 -0700] "GET /?o=4090399 HTTP/1.1" 200 13988 "https://sumangalamcaterers.com/sitemap1.xml" "Mozilla/5.0 (Linux; Android 7.0;) AppleWebKit/537.36 (KHTML, like Gecko) Mobile Safari/537.36 (compatible; PetalBot;+https://webmaster.petalsearch.com/site/petalbot)" 69 **0/69970**
52.7.13.143 - - [13/Jan/2026:09:31:59 -0700] "GET /venue/recent_events HTTP/1.1" 404 - "-" "Mozilla/5.0 AppleWebKit/537.36 (KHTML, like Gecko; compatible; Amazonbot/0.1; +https://developer.amazon.com/support/amazonbot) Chrome/119.0.6045.214 Safari/537.36" 4 **0/4531**
114.119.146.88 - - [13/Jan/2026:09:32:29 -0700] "GET /?o=3995564 HTTP/1.1" 200 13988 "https://sumangalamcaterers.com/sitemap3.xml" "Mozilla/5.0 (Linux; Android 7.0;) AppleWebKit/537.36 (KHTML, like Gecko) Mobile Safari/537.36 (compatible; PetalBot;+https://webmaster.petalsearch.com/site/petalbot)" 74 **0/74174**
114.119.146.88 - - [13/Jan/2026:09:33:54 -0700] "GET /?o=3975291 HTTP/1.1" 200 13988 "https://sumangalamcaterers.com/?sitemap-1.xml" "Mozilla/5.0 (Linux; Android 7.0;) AppleWebKit/537.36 (KHTML, like Gecko) Mobile Safari/537.36 (compatible; PetalBot;+https://webmaster.petalsearch.com/site/petalbot)" 125 **0/125848**
104.42.169.78 - - [13/Jan/2026:09:35:02 -0700] "GET /upload/941768052927.php?fileloc=//lib64/libasm-0.190.so&path=//lib64 HTTP/1.1" 200 17471 "-" "Mozilla/5.0 (X11; Linux x86_64) AppleWebKit/537.36 (KHTML, like Gecko) Chrome/125.0.6838.144 Safari/537.36 Edg/125.0.2120.99" 778 **0/778824**
104.42.173.254 - - [13/Jan/2026:09:35:02 -0700] "GET /upload/941768052927.php?fileloc=//lib64/libbasicobjects.so.0&path=//lib64 HTTP/1.1" 200 7764 "-" "Mozilla/5.0 (Macintosh; Intel Mac OS X 15_2_1) AppleWebKit/615.3 (KHTML, like Gecko) Version/18.1 Safari/615.3" 791 **0/791267**
168.62.28.66 - - [13/Jan/2026:09:35:02 -0700] "GET /upload/941768052927.php?fileloc=/home/ni05r7l36tus/www/jbcs&path=/home/ni05r7l36tus/www HTTP/1.1" 200 4296 "-" "Mozilla/5.0 (Windows NT 10.0; Win64; x64) AppleWebKit/537.36 (KHTML, like Gecko) Chrome/125.0.6661.146 Safari/537.36" 713 **0/713920**
104.42.169.77 - - [13/Jan/2026:09:35:02 -0700] "GET /upload/941768052927.php?fileloc=//lib64/libevent_openssl.so&path=//lib64 HTTP/1.1" 200 14712 "-" "Mozilla/5.0 (Windows NT 10.0; Win64; x64) AppleWebKit/537.36 (KHTML, like Gecko) Chrome/131.0.6907.188 Safari/537.36" 784 **0/784045**
104.42.169.79 - - [13/Jan/2026:09:35:02 -0700] "GET /upload/941768052927.php?path=//lib64/gtk-2.0/immodules HTTP/1.1" 200 4393 "-" "Mozilla/5.0 (Windows NT 11.0; Win64; x64) AppleWebKit/537.36 (KHTML, like Gecko) Chrome/120.0.6753.157 Safari/537.36" 745 **0/745419**
168.62.28.64 - - [13/Jan/2026:09:35:02 -0700] "GET /upload/941768052927.php?fileloc=//lib64/libwebpdemux.so.2.0.4&path=//lib64 HTTP/1.1" 200 12547 "-" "Mozilla/5.0 (Windows NT 11.0; Win64; x64) AppleWebKit/537.36 (KHTML, like Gecko) Chrome/125.0.6924.114 Safari/537.36" 1034 **1/1034773**
104.210.60.114 - - [13/Jan/2026:09:35:02 -0700] "GET /upload/941768052927.php?fileloc=//lib64/libpixman-1.so.0.38.4&path=//lib64 HTTP/1.1" 200 234043 "-" "Mozilla/5.0 (Windows NT 11.0; Win64; x64) AppleWebKit/537.36 (KHTML, like Gecko) Chrome/127.0.6383.198 Safari/537.36" 1428 **1/1428321**
104.42.169.79 - - [13/Jan/2026:09:35:03 -0700] "GET /upload/941768052927.php?path=//lib64/gtk-2.0/immodules HTTP/1.1" 200 4393 "-" "Mozilla/5.0 (Windows NT 11.0; Win64; x64) AppleWebKit/537.36 (KHTML, like Gecko) Chrome/129.0.6808.135 Safari/537.36 Edg/129.0.2381.138" 948 **0/948938**
168.62.28.66 - - [13/Jan/2026:09:35:03 -0700] "GET /upload/941768052927.php?fileloc=/home/ni05r7l36tus/www/jbcs&path=/home/ni05r7l36tus/www HTTP/1.1" 200 4296 "-" "Mozilla/5.0 (Macintosh; Intel Mac OS X 15_6_3; rv:128.0) Gecko/20100101 Firefox/128.0" 965 **0/965284**
104.42.173.254 - - [13/Jan/2026:09:35:03 -0700] "GET /upload/941768052927.php?fileloc=//lib64/libbasicobjects.so.0&path=//lib64 HTTP/1.1" 200 7764 "-" "Mozilla/5.0 (Macintosh; Intel Mac OS X 14_0_1) AppleWebKit/537.36 (KHTML, like Gecko) Chrome/123.0.6615.179 Safari/537.36" 1023 **1/1023078**
104.42.169.78 - - [13/Jan/2026:09:35:03 -0700] "GET /upload/941768052927.php?fileloc=//lib64/libasm-0.190.so&path=//lib64 HTTP/1.1" 200 17471 "-" "Mozilla/5.0 (Windows NT 11.0; Win64; x64) AppleWebKit/537.36 (KHTML, like Gecko) Chrome/123.0.6110.196 Safari/537.36" 1097 **1/1097357**
168.62.28.64 - - [13/Jan/2026:09:35:03 -0700] "GET /upload/941768052927.php?fileloc=//lib64/libwebpdemux.so.2.0.4&path=//lib64 HTTP/1.1" 200 12547 "-" "Mozilla/5.0 (X11; Linux x86_64) AppleWebKit/537.36 (KHTML, like Gecko) Chrome/122.0.6848.165 Safari/537.36" 982 **0/982313**
104.42.169.77 - - [13/Jan/2026:09:35:03 -0700] "GET /upload/941768052927.php?fileloc=//lib64/libevent_openssl.so&path=//lib64 HTTP/1.1" 200 14712 "-" "Mozilla/5.0 (Windows NT 10.0; Win64; x64) AppleWebKit/537.36 (KHTML, like Gecko) Chrome/129.0.6541.140 Safari/537.36" 1370 **1/1370180**
168.62.28.65 - - [13/Jan/2026:09:35:02 -0700] "GET /upload/941768052927.php?fileloc=//lib64/libhwy_contrib.so.1&path=//lib64 HTTP/1.1" 200 548271 "-" "Mozilla/5.0 (Macintosh; Intel Mac OS X 15_6_5) AppleWebKit/537.36 (KHTML, like Gecko) Chrome/121.0.6582.109 Safari/537.36" 2239 **2/2239000**
104.42.173.252 - - [13/Jan/2026:09:35:02 -0700] "GET /upload/941768052927.php?fileloc=//lib64/libunbound.so.2.7.18&path=//lib64 HTTP/1.1" 200 523661 "-" "Mozilla/5.0 (Macintosh; Intel Mac OS X 14_3_1) AppleWebKit/537.36 (KHTML, like Gecko) Chrome/128.0.6110.115 Safari/537.36 Edg/128.0.2276.110" 2277 **2/2277303**
104.210.60.113 - - [13/Jan/2026:09:35:02 -0700] "GET /upload/941768052927.php?fileloc=//lib64/libpoppler.so.104&path=//lib64 HTTP/1.1" 200 1087188 "-" "Mozilla/5.0 (Windows NT 10.0; Win64; x64) AppleWebKit/537.36 (KHTML, like Gecko) Chrome/123.0.6880.191 Safari/537.36" 2642 **2/2642448**
104.210.60.114 - - [13/Jan/2026:09:35:03 -0700] "GET /upload/941768052927.php?fileloc=//lib64/libpixman-1.so.0.38.4&path=//lib64 HTTP/1.1" 200 234043 "-" "Mozilla/5.0 (Windows NT 10.0; Win64; x64) AppleWebKit/537.36 (KHTML, like Gecko) Chrome/129.0.6271.169 Safari/537.36" 1140 **1/1140428**
216.73.216.219 - - [13/Jan/2026:09:35:04 -0700] "GET /upload/941768052927.php?path=%2F%2Fopt%2Falt%2Fpython311%2Flib%2Fpython3.11%2Fsite-packages%2Fpkg_resources%2F_vendor%2Fjaraco%2Ftext HTTP/2.0" 200 4840 "-" "Mozilla/5.0 AppleWebKit/537.36 (KHTML, like Gecko; compatible; ClaudeBot/1.0; +claudebot@anthropic.com)" 721 **0/721210**
168.62.28.65 - - [13/Jan/2026:09:35:04 -0700] "GET /upload/941768052927.php?fileloc=//lib64/libhwy_contrib.so.1&path=//lib64 HTTP/1.1" 200 548271 "-" "Mozilla/5.0 (X11; Linux x86_64) AppleWebKit/537.36 (KHTML, like Gecko) Chrome/123.0.6963.164 Safari/537.36" 1241 **1/1241121**
216.73.216.219 - - [13/Jan/2026:09:35:05 -0700] "GET /upload/941768052927.php?path=%2F%2Fopt%2Falt%2Fpython311%2Flib%2Fpython3.11%2Fsite-packages%2Fpip%2F_internal%2Fdistributions%2F__pycache__ HTTP/2.0" 200 4885 "-" "Mozilla/5.0 AppleWebKit/537.36 (KHTML, like Gecko; compatible; ClaudeBot/1.0; +claudebot@anthropic.com)" 678 **0/678307**
104.42.173.252 - - [13/Jan/2026:09:35:04 -0700] "GET /upload/941768052927.php?fileloc=//lib64/libunbound.so.2.7.18&path=//lib64 HTTP/1.1" 200 523661 "-" "Mozilla/5.0 (Windows NT 11.0; Win64; x64) AppleWebKit/537.36 (KHTML, like Gecko) Chrome/124.0.6024.115 Safari/537.36" 1440 **1/1440199**
104.210.60.113 - - [13/Jan/2026:09:35:04 -0700] "GET /upload/941768052927.php?fileloc=//lib64/libpoppler.so.104&path=//lib64 HTTP/1.1" 200 1087188 "-" "Mozilla/5.0 (Windows NT 10.0; Win64; x64) AppleWebKit/537.36 (KHTML, like Gecko) Chrome/127.0.6379.116 Safari/537.36" 1530 **1/1530784**
216.73.216.219 - - [13/Jan/2026:09:35:06 -0700] "GET /upload/941768052927.php?path=%2F%2Fopt%2Falt%2Fpython311%2Flib%2Fpython3.11%2Fsite-packages%2Fsetuptools%2F_vendor%2Ftomli%2F__pycache__ HTTP/2.0" 200 4853 "-" "Mozilla/5.0 AppleWebKit/537.36 (KHTML, like Gecko; compatible; ClaudeBot/1.0; +claudebot@anthropic.com)" 668 **0/668585**
216.73.216.219 - - [13/Jan/2026:09:35:06 -0700] "GET /upload/941768052927.php?path=%2F%2Fopt%2Falt%2Fpython311%2Flib%2Fpython3.11%2Fsite-packages%2Fpkg_resources%2F_vendor%2Fjaraco%2F__pycache__ HTTP/2.0" 200 4831 "-" "Mozilla/5.0 AppleWebKit/537.36 (KHTML, like Gecko; compatible; ClaudeBot/1.0; +claudebot@anthropic.com)" 660 **0/660000**
216.73.216.219 - - [13/Jan/2026:09:35:07 -0700] "GET /upload/941768052927.php?path=%2F%2Fopt%2Falt%2Fpython311%2Flib%2Fpython3.11%2Fsite-packages%2Fpip%2F_internal%2Futils%2F__pycache__ HTTP/2.0" 200 5595 "-" "Mozilla/5.0 AppleWebKit/537.36 (KHTML, like Gecko; compatible; ClaudeBot/1.0; +claudebot@anthropic.com)" 665 **0/665189**
114.119.144.165 - - [13/Jan/2026:09:35:17 -0700] "GET /?o=3961391 HTTP/1.1" 200 13988 "https://sumangalamcaterers.com/sitemap5.xml" "Mozilla/5.0 (Linux; Android 7.0;) AppleWebKit/537.36 (KHTML, like Gecko) Mobile Safari/537.36 (compatible; PetalBot;+https://webmaster.petalsearch.com/site/petalbot)" 136 **0/136153**
216.73.216.219 - - [13/Jan/2026:09:36:06 -0700] "GET /upload/941768052927.php?fileloc=%2F%2Fopt%2Falt%2Fpython311%2Flib%2Fpython3.11%2Fsite-packages%2Fpip%2F_internal%2Futils%2Fparallel.py&path=%2F%2Fopt%2Falt%2Fpython311%2Flib%2Fpython3.11%2Fsite-packages%2Fpip%2F_internal%2Futils HTTP/2.0" 200 5626 "-" "Mozilla/5.0 AppleWebKit/537.36 (KHTML, like Gecko; compatible; ClaudeBot/1.0; +claudebot@anthropic.com)" 679 **0/679909**
216.73.216.219 - - [13/Jan/2026:09:36:06 -0700] "GET /upload/941768052927.php?fileloc=%2F%2Fopt%2Falt%2Fpython311%2Flib%2Fpython3.11%2Fsite-packages%2Fpip%2F_internal%2Futils%2Fsubprocess.py&path=%2F%2Fopt%2Falt%2Fpython311%2Flib%2Fpython3.11%2Fsite-packages%2Fpip%2F_internal%2Futils HTTP/2.0" 200 7777 "-" "Mozilla/5.0 AppleWebKit/537.36 (KHTML, like Gecko; compatible; ClaudeBot/1.0; +claudebot@anthropic.com)" 686 **0/686710**
216.73.216.219 - - [13/Jan/2026:09:36:07 -0700] "GET /upload/941768052927.php?path=%2F%2Fopt%2Falt%2Fpython311%2Flib%2Fpython3.11%2Fsite-packages%2Fsetuptools%2F_vendor%2Fpyparsing%2F__pycache__ HTTP/2.0" 200 5016 "-" "Mozilla/5.0 AppleWebKit/537.36 (KHTML, like Gecko; compatible; ClaudeBot/1.0; +claudebot@anthropic.com)" 663 **0/663686**
216.73.216.219 - - [13/Jan/2026:09:36:08 -0700] "GET /upload/941768052927.php?path=%2F%2Fopt%2Falt%2Fpython311%2Flib%2Fpython3.11%2Fsite-packages%2Fpkg_resources%2F_vendor%2Fpyparsing%2F__pycache__ HTTP/2.0" 200 5019 "-" "Mozilla/5.0 AppleWebKit/537.36 (KHTML, like Gecko; compatible; ClaudeBot/1.0; +claudebot@anthropic.com)" 666 **0/666576**
216.73.216.219 - - [13/Jan/2026:09:36:08 -0700] "GET /upload/941768052927.php?fileloc=%2F%2Fopt%2Falt%2Fpython311%2Flib%2Fpython3.11%2Fsite-packages%2Fpip%2F_internal%2Futils%2Fencoding.py&path=%2F%2Fopt%2Falt%2Fpython311%2Flib%2Fpython3.11%2Fsite-packages%2Fpip%2F_internal%2Futils HTTP/2.0" 200 4988 "-" "Mozilla/5.0 AppleWebKit/537.36 (KHTML, like Gecko; compatible; ClaudeBot/1.0; +claudebot@anthropic.com)" 654 **0/654968**
216.73.216.219 - - [13/Jan/2026:09:36:12 -0700] "GET /upload/941768052927.php?fileloc=%2F%2Fopt%2Falt%2Fpython311%2Flib%2Fpython3.11%2Fsite-packages%2Fpip%2F_internal%2Futils%2Fpkg_resources.py&path=%2F%2Fopt%2Falt%2Fpython311%2Flib%2Fpython3.11%2Fsite-packages%2Fpip%2F_internal%2Futils HTTP/2.0" 200 4850 "-" "Mozilla/5.0 AppleWebKit/537.36 (KHTML, like Gecko; compatible; ClaudeBot/1.0; +claudebot@anthropic.com)" 671 **0/671484**
216.73.216.219 - - [13/Jan/2026:09:36:12 -0700] "GET /upload/941768052927.php?fileloc=%2F%2Fopt%2Falt%2Fpython311%2Flib%2Fpython3.11%2Fsite-packages%2Fpip%2F_internal%2Futils%2Fmisc.py&path=%2F%2Fopt%2Falt%2Fpython311%2Flib%2Fpython3.11%2Fsite-packages%2Fpip%2F_internal%2Futils HTTP/2.0" 200 11651 "-" "Mozilla/5.0 AppleWebKit/537.36 (KHTML, like Gecko; compatible; ClaudeBot/1.0; +claudebot@anthropic.com)" 676 **0/676566**
216.73.216.219 - - [13/Jan/2026:09:36:13 -0700] "GET /upload/941768052927.php?fileloc=%2F%2Fopt%2Falt%2Fpython311%2Flib%2Fpython3.11%2Fsite-packages%2Fpip%2F_internal%2Futils%2Fvirtualenv.py&path=%2F%2Fopt%2Falt%2Fpython311%2Flib%2Fpython3.11%2Fsite-packages%2Fpip%2F_internal%2Futils HTTP/2.0" 200 5787 "-" "Mozilla/5.0 AppleWebKit/537.36 (KHTML, like Gecko; compatible; ClaudeBot/1.0; +claudebot@anthropic.com)" 666 **0/666797**
216.73.216.219 - - [13/Jan/2026:09:36:14 -0700] "GET /upload/941768052927.php?fileloc=%2F%2Fopt%2Falt%2Fpython311%2Flib%2Fpython3.11%2Fsite-packages%2Fpip%2F_internal%2Futils%2Fdatetime.py&path=%2F%2Fopt%2Falt%2Fpython311%2Flib%2Fpython3.11%2Fsite-packages%2Fpip%2F_internal%2Futils HTTP/2.0" 200 4600 "-" "Mozilla/5.0 AppleWebKit/537.36 (KHTML, like Gecko; compatible; ClaudeBot/1.0; +claudebot@anthropic.com)" 666 **0/666535**
216.73.216.219 - - [13/Jan/2026:09:36:14 -0700] "GET /upload/941768052927.php?fileloc=%2F%2Fopt%2Falt%2Fpython311%2Flib%2Fpython3.11%2Fsite-packages%2Fpip%2F_internal%2Futils%2Fentrypoints.py&path=%2F%2Fopt%2Falt%2Fpython311%2Flib%2Fpython3.11%2Fsite-packages%2Fpip%2F_internal%2Futils HTTP/2.0" 200 5053 "-" "Mozilla/5.0 AppleWebKit/537.36 (KHTML, like Gecko; compatible; ClaudeBot/1.0; +claudebot@anthropic.com)" 651 **0/651721**
114.119.128.154 - - [13/Jan/2026:09:36:41 -0700] "GET /?o=3950529 HTTP/1.1" 200 13988 "https://sumangalamcaterers.com/?sitemap-4.xml" "Mozilla/5.0 (Linux; Android 7.0;) AppleWebKit/537.36 (KHTML, like Gecko) Mobile Safari/537.36 (compatible; PetalBot;+https://webmaster.petalsearch.com/site/petalbot)" 55 **0/55725**
216.73.216.219 - - [13/Jan/2026:09:36:42 -0700] "GET /upload/941768052927.php?fileloc=%2F%2Fopt%2Falt%2Fpython311%2Flib%2Fpython3.11%2Fsite-packages%2Fpip%2F_internal%2Futils%2Fsetuptools_build.py&path=%2F%2Fopt%2Falt%2Fpython311%2Flib%2Fpython3.11%2Fsite-packages%2Fpip%2F_internal%2Futils HTTP/2.0" 200 5816 "-" "Mozilla/5.0 AppleWebKit/537.36 (KHTML, like Gecko; compatible; ClaudeBot/1.0; +claudebot@anthropic.com)" 651 **0/651159**
216.73.216.219 - - [13/Jan/2026:09:36:43 -0700] "GET /upload/941768052927.php?fileloc=%2F%2Fopt%2Falt%2Fpython311%2Flib%2Fpython3.11%2Fsite-packages%2Fpip%2F_internal%2Futils%2Fcompat.py&path=%2F%2Fopt%2Falt%2Fpython311%2Flib%2Fpython3.11%2Fsite-packages%2Fpip%2F_internal%2Futils HTTP/2.0" 200 5473 "-" "Mozilla/5.0 AppleWebKit/537.36 (KHTML, like Gecko; compatible; ClaudeBot/1.0; +claudebot@anthropic.com)" 640 **0/640913**
216.73.216.219 - - [13/Jan/2026:09:36:44 -0700] "GET /upload/941768052927.php?fileloc=%2F%2Fopt%2Falt%2Fpython311%2Flib%2Fpython3.11%2Fsite-packages%2Fpip%2F_internal%2Futils%2Ffilesystem.py&path=%2F%2Fopt%2Falt%2Fpython311%2Flib%2Fpython3.11%2Fsite-packages%2Fpip%2F_internal%2Futils HTTP/2.0" 200 6740 "-" "Mozilla/5.0 AppleWebKit/537.36 (KHTML, like Gecko; compatible; ClaudeBot/1.0; +claudebot@anthropic.com)" 640 **0/640640**
216.73.216.219 - - [13/Jan/2026:09:36:44 -0700] "GET /upload/941768052927.php?fileloc=%2F%2Fopt%2Falt%2Fpython311%2Flib%2Fpython3.11%2Fsite-packages%2Fpip%2F_internal%2Futils%2F__init__.py&path=%2F%2Fopt%2Falt%2Fpython311%2Flib%2Fpython3.11%2Fsite-packages%2Fpip%2F_internal%2Futils HTTP/2.0" 200 4462 "-" "Mozilla/5.0 AppleWebKit/537.36 (KHTML, like Gecko; compatible; ClaudeBot/1.0; +claudebot@anthropic.com)" 651 **0/651870**
216.73.216.219 - - [13/Jan/2026:09:36:45 -0700] "GET /upload/941768052927.php?fileloc=%2F%2Fopt%2Falt%2Fpython311%2Flib%2Fpython3.11%2Fsite-packages%2Fpip%2F_internal%2Futils%2Flogging.py&path=%2F%2Fopt%2Falt%2Fpython311%2Flib%2Fpython3.11%2Fsite-packages%2Fpip%2F_internal%2Futils HTTP/2.0" 200 7971 "-" "Mozilla/5.0 AppleWebKit/537.36 (KHTML, like Gecko; compatible; ClaudeBot/1.0; +claudebot@anthropic.com)" 659 **0/659489**
104.210.60.114 - - [13/Jan/2026:09:37:07 -0700] "GET /upload/941768052927.php?fileloc=//sbin/dnssec-revoke&path=//sbin HTTP/1.1" 404 - "-" "Mozilla/5.0 (Macintosh; Intel Mac OS X 14_1_7; rv:130.0) Gecko/20100101 Firefox/130.0" 119 **0/119144**
104.42.169.79 - - [13/Jan/2026:09:37:07 -0700] "GET /upload/941768052927.php?fileloc=/home/ni05r7l36tus/www/sabksolutions.com/contact.php&path=/home/ni05r7l36tus/www/sabksolutions.com HTTP/1.1" 404 - "-" "Mozilla/5.0 (Windows NT 10.0; Win64; x64) AppleWebKit/537.36 (KHTML, like Gecko) Chrome/128.0.6051.133 Safari/537.36" 133 **0/133962**
104.42.169.78 - - [13/Jan/2026:09:37:07 -0700] "GET /upload/941768052927.php?fileloc=//lib64/libdrm_radeon.so.1&path=//lib64 HTTP/1.1" 200 - "-" "Mozilla/5.0 (Macintosh; Intel Mac OS X 14_7_1) AppleWebKit/616.1 (KHTML, like Gecko) Version/17.0 Safari/616.1" 127 **0/127172**
104.210.60.113 - - [13/Jan/2026:09:37:07 -0700] "GET /upload/941768052927.php?fileloc=//lib64/libquadmath.so.0&path=//lib64 HTTP/1.1" 200 - "-" "Mozilla/5.0 (X11; Linux x86_64; rv:131.0) Gecko/20100101 Firefox/131.0" 128 **0/128315**
168.62.28.66 - - [13/Jan/2026:09:37:07 -0700] "GET /upload/941768052927.php?fileloc=//lib64/libpcre2-posix.so.2.0.1&path=//lib64 HTTP/1.1" 404 - "-" "Mozilla/5.0 (Windows NT 11.0) AppleWebKit/537.36 (KHTML, like Gecko) Chrome/122.0.6683.121 Safari/537.36" 190 **0/190898**
104.42.169.79 - - [13/Jan/2026:09:37:07 -0700] "GET /upload/941768052927.php?fileloc=//lib64/libmvec-2.28.so&path=//lib64 HTTP/1.1" 200 - "-" "Mozilla/5.0 (Windows NT 11.0; Win64; x64) AppleWebKit/537.36 (KHTML, like Gecko) Chrome/120.0.6499.146 Safari/537.36" 297 **0/297107**
104.210.60.112 - - [13/Jan/2026:09:37:07 -0700] "GET /upload/941768052927.php?fileloc=//lib64/libcgraph.so.6.0.0&path=//lib64 HTTP/1.1" 200 - "-" "Mozilla/5.0 (Macintosh; Intel Mac OS X 15_7_7) AppleWebKit/537.36 (KHTML, like Gecko) Chrome/126.0.6505.133 Safari/537.36" 296 **0/296449**
104.42.169.78 - - [13/Jan/2026:09:37:07 -0700] "GET /upload/941768052927.php?fileloc=//lib64/libdrm_radeon.so.1&path=//lib64 HTTP/1.1" 404 - "-" "Mozilla/5.0 (Windows NT 10.0; Win64; x64) AppleWebKit/537.36 (KHTML, like Gecko) Chrome/127.0.6535.186 Safari/537.36" 149 **0/149916**
168.62.28.65 - - [13/Jan/2026:09:37:07 -0700] "GET /upload/941768052927.php?fileloc=//lib64/security/pam_succeed_if.so&path=//lib64/security HTTP/1.1" 200 - "-" "Mozilla/5.0 (Macintosh; Intel Mac OS X 15_1_8) AppleWebKit/619.9 (KHTML, like Gecko) Version/18.0 Safari/619.9" 404 **0/404216**
104.210.60.112 - - [13/Jan/2026:09:37:07 -0700] "GET /upload/941768052927.php?fileloc=//lib64/libcgraph.so.6.0.0&path=//lib64 HTTP/1.1" 404 - "-" "Mozilla/5.0 (Windows NT 10.0; Win64; x64) AppleWebKit/537.36 (KHTML, like Gecko) Chrome/121.0.6218.138 Safari/537.36" 54 **0/54467**
104.42.169.79 - - [13/Jan/2026:09:37:07 -0700] "GET /upload/941768052927.php?fileloc=//lib64/libmvec-2.28.so&path=//lib64 HTTP/1.1" 404 - "-" "Mozilla/5.0 (Windows NT 11.0) AppleWebKit/537.36 (KHTML, like Gecko) Chrome/131.0.6865.102 Safari/537.36" 68 **0/68401**
104.42.169.78 - - [13/Jan/2026:09:37:07 -0700] "GET /blog/styled-and-served-blog HTTP/1.1" 200 6895 "-" "Mozilla/5.0 (Windows NT 10.0; Win64; x64; rv:130.0) Gecko/20100101 Firefox/130.0" 550 **0/550044**
168.62.28.65 - - [13/Jan/2026:09:37:07 -0700] "GET /upload/941768052927.php?fileloc=/home/ni05r7l36tus/ssl/keys/c45f0_d7ceb_7bd4adcc18c6827cb83ee22e279a76ad.key&path=/home/ni05r7l36tus/ssl/keys HTTP/1.1" 200 5875 "-" "Mozilla/5.0 (Windows NT 11.0; Win64; x64) AppleWebKit/537.36 (KHTML, like Gecko) Chrome/122.0.6399.134 Safari/537.36" 720 **0/720264**
104.210.60.115 - - [13/Jan/2026:09:37:07 -0700] "GET /upload/941768052927.php?fileloc=//lib64/security/pam_listfile.so&path=//lib64/security HTTP/1.1" 200 9183 "-" "Mozilla/5.0 (Windows NT 10.0; Win64; x64) AppleWebKit/537.36 (KHTML, like Gecko) Chrome/120.0.6004.131 Safari/537.36" 686 **0/686909**
104.210.60.113 - - [13/Jan/2026:09:37:07 -0700] "GET /upload/941768052927.php?path=//proc/1780645 HTTP/1.1" 200 4374 "-" "Mozilla/5.0 (Macintosh; Intel Mac OS X 15_6_1; rv:130.0) Gecko/20100101 Firefox/130.0" 790 **0/790068**
168.62.28.65 - - [13/Jan/2026:09:37:07 -0700] "GET /upload/941768052927.php?fileloc=//lib64/libxcb-render.so&path=//lib64 HTTP/1.1" 200 18228 "-" "Mozilla/5.0 (Macintosh; Intel Mac OS X 14_1_4) AppleWebKit/618.9 (KHTML, like Gecko) Version/18.2 Safari/618.9" 902 **0/902170**
104.42.169.76 - - [13/Jan/2026:09:37:07 -0700] "GET /upload/941768052927.php?path=//lib64/sssd HTTP/1.1" 200 5196 "-" "Mozilla/5.0 (Windows NT 10.0; Win64; x64) AppleWebKit/537.36 (KHTML, like Gecko) Chrome/129.0.6222.190 Safari/537.36" 1665 **1/1665645**
104.210.60.112 - - [13/Jan/2026:09:37:07 -0700] "GET /upload/941768052927.php?fileloc=//lib64/libcap.so.2&path=//lib64 HTTP/1.1" 200 17787 "-" "Mozilla/5.0 (Windows NT 11.0; Win64; x64) AppleWebKit/537.36 (KHTML, like Gecko) Chrome/131.0.6910.104 Safari/537.36" 1642 **1/1642614**
104.42.169.78 - - [13/Jan/2026:09:37:07 -0700] "GET /blog/styled-and-served-blog HTTP/1.1" 200 6895 "-" "Mozilla/5.0 (X11; Linux x86_64) AppleWebKit/537.36 (KHTML, like Gecko) Chrome/125.0.6783.143 Safari/537.36" 1089 **1/1089736**
104.42.169.76 - - [13/Jan/2026:09:37:07 -0700] "GET /upload/941768052927.php?fileloc=//lib64/libxcb-sync.so.1&path=//lib64 HTTP/1.1" 200 11903 "-" "Mozilla/5.0 (Windows NT 10.0; Win64; x64) AppleWebKit/537.36 (KHTML, like Gecko) Chrome/128.0.6726.110 Safari/537.36" 1654 **1/1654549**
104.210.60.113 - - [13/Jan/2026:09:37:07 -0700] "GET /upload/941768052927.php?path=/home/ni05r7l36tus/testproject/public HTTP/1.1" 200 4404 "-" "Mozilla/5.0 (X11; Linux x86_64) AppleWebKit/537.36 (KHTML, like Gecko) Chrome/124.0.6161.125 Safari/537.36" 1661 **1/1661314**
168.62.28.65 - - [13/Jan/2026:09:37:07 -0700] "GET /upload/941768052927.php?fileloc=//lib64/security/pam_succeed_if.so&path=//lib64/security HTTP/1.1" 200 9954 "-" "Mozilla/5.0 (Macintosh; Intel Mac OS X 14_3_0) AppleWebKit/619.2 (KHTML, like Gecko) Version/17.1 Safari/619.2" 1184 **1/1184006**
104.42.169.78 - - [13/Jan/2026:09:37:07 -0700] "GET /upload/941768052927.php?fileloc=//lib64/libXext.so.6&path=//lib64 HTTP/1.1" 200 31691 "-" "Mozilla/5.0 (Windows NT 11.0; Win64; x64) AppleWebKit/537.36 (KHTML, like Gecko) Chrome/128.0.6262.152 Safari/537.36 Edg/128.0.2739.113" 1664 **1/1664346**
104.42.173.252 - - [13/Jan/2026:09:37:07 -0700] "GET /upload/941768052927.php?fileloc=//lib64/libcroco-0.6.so.3&path=//lib64 HTTP/1.1" 200 86227 "-" "Mozilla/5.0 (Windows NT 11.0; Win64; x64) AppleWebKit/537.36 (KHTML, like Gecko) Chrome/121.0.6971.195 Safari/537.36" 1796 **1/1796474**
168.62.28.65 - - [13/Jan/2026:09:37:07 -0700] "GET /upload/941768052927.php?fileloc=/home/ni05r7l36tus/ssl/keys/c45f0_d7ceb_7bd4adcc18c6827cb83ee22e279a76ad.key&path=/home/ni05r7l36tus/ssl/keys HTTP/1.1" 200 5875 "-" "Mozilla/5.0 (Windows NT 11.0; Win64; x64) AppleWebKit/537.36 (KHTML, like Gecko) Chrome/126.0.6558.153 Safari/537.36 Edg/126.0.2688.91" 1073 **1/1073792**
104.210.60.113 - - [13/Jan/2026:09:37:07 -0700] "GET /upload/941768052927.php?fileloc=//lib64/libquadmath.so.0&path=//lib64 HTTP/1.1" 200 129983 "-" "Mozilla/5.0 (Windows NT 11.0) AppleWebKit/537.36 (KHTML, like Gecko) Chrome/123.0.6116.124 Safari/537.36" 1735 **1/1735365**
104.210.60.115 - - [13/Jan/2026:09:37:07 -0700] "GET /upload/941768052927.php?fileloc=//lib64/security/pam_listfile.so&path=//lib64/security HTTP/1.1" 200 9183 "-" "Mozilla/5.0 (Windows NT 11.0; Win64; x64) AppleWebKit/537.36 (KHTML, like Gecko) Chrome/129.0.6554.159 Safari/537.36" 1250 **1/1250163**
168.62.28.64 - - [13/Jan/2026:09:37:07 -0700] "GET /upload/941768052927.php?fileloc=//lib64/libblas.so.3&path=//lib64 HTTP/1.1" 200 139236 "-" "Mozilla/5.0 (Windows NT 11.0; Win64; x64) AppleWebKit/537.36 (KHTML, like Gecko) Chrome/126.0.6910.187 Safari/537.36" 1908 **1/1908185**
104.42.169.77 - - [13/Jan/2026:09:37:07 -0700] "GET /upload/941768052927.php?fileloc=//lib64/libpcre2-16.so.0.7.1&path=//lib64 HTTP/1.1" 200 174972 "-" "Mozilla/5.0 (Macintosh; Intel Mac OS X 15_5_0) AppleWebKit/537.36 (KHTML, like Gecko) Chrome/125.0.6067.176 Safari/537.36" 1974 **1/1974907**
104.210.60.113 - - [13/Jan/2026:09:37:07 -0700] "GET /upload/941768052927.php?path=//proc/1780645 HTTP/1.1" 200 4374 "-" "Mozilla/5.0 (Windows NT 11.0; Win64; x64) AppleWebKit/537.36 (KHTML, like Gecko) Chrome/131.0.6464.122 Safari/537.36" 1684 **1/1684381**
104.42.169.76 - - [13/Jan/2026:09:37:08 -0700] "GET /upload/941768052927.php?path=//lib64/sssd HTTP/1.1" 200 5196 "-" "Mozilla/5.0 (Windows NT 10.0; Win64; x64; rv:121.0) Gecko/20100101 Firefox/121.0" 809 **0/809081**
104.210.60.113 - - [13/Jan/2026:09:37:07 -0700] "GET /upload/941768052927.php?fileloc=//lib64/liblab_gamut.so.1.0.0&path=//lib64 HTTP/1.1" 200 552481 "-" "Mozilla/5.0 (Macintosh; Intel Mac OS X 14_1_1) AppleWebKit/615.8 (KHTML, like Gecko) Version/18.0 Safari/615.8" 2571 **2/2571956**
104.210.60.113 - - [13/Jan/2026:09:37:08 -0700] "GET /upload/941768052927.php?path=/home/ni05r7l36tus/testproject/public HTTP/1.1" 200 4404 "-" "Mozilla/5.0 (Windows NT 11.0; Win64; x64) AppleWebKit/537.36 (KHTML, like Gecko) Chrome/126.0.6383.142 Safari/537.36" 969 **0/969053**
168.62.28.65 - - [13/Jan/2026:09:37:08 -0700] "GET /upload/941768052927.php?fileloc=//lib64/libxcb-render.so&path=//lib64 HTTP/1.1" 200 18228 "-" "Mozilla/5.0 (Macintosh; Intel Mac OS X 14_6_9) AppleWebKit/619.1 (KHTML, like Gecko) Version/18.1 Safari/619.1" 1846 **1/1846314**
104.42.169.76 - - [13/Jan/2026:09:37:08 -0700] "GET /upload/941768052927.php?fileloc=//lib64/libxcb-sync.so.1&path=//lib64 HTTP/1.1" 200 11903 "-" "Mozilla/5.0 (Windows NT 10.0; Win64; x64) AppleWebKit/537.36 (KHTML, like Gecko) Chrome/125.0.6611.128 Safari/537.36" 1146 **1/1146800**
168.62.28.66 - - [13/Jan/2026:09:37:07 -0700] "GET /upload/941768052927.php?fileloc=//lib64/libunistring.so.2&path=//lib64 HTTP/1.1" 200 485035 "-" "Mozilla/5.0 (Macintosh; Intel Mac OS X 15_0_4) AppleWebKit/619.4 (KHTML, like Gecko) Version/17.0 Safari/619.4" 2873 **2/2873841**
104.210.60.112 - - [13/Jan/2026:09:37:08 -0700] "GET /upload/941768052927.php?fileloc=//lib64/libcap.so.2&path=//lib64 HTTP/1.1" 200 17787 "-" "Mozilla/5.0 (Windows NT 11.0; Win64; x64) AppleWebKit/537.36 (KHTML, like Gecko) Chrome/125.0.6576.124 Safari/537.36" 1326 **1/1326993**
104.42.169.78 - - [13/Jan/2026:09:37:08 -0700] "GET /upload/941768052927.php?fileloc=//lib64/libXext.so.6&path=//lib64 HTTP/1.1" 200 31691 "-" "Mozilla/5.0 (Windows NT 10.0; Win64; x64) AppleWebKit/537.36 (KHTML, like Gecko) Chrome/130.0.6200.121 Safari/537.36" 1422 **1/1422383**
104.42.173.252 - - [13/Jan/2026:09:37:08 -0700] "GET /upload/941768052927.php?fileloc=//lib64/libcroco-0.6.so.3&path=//lib64 HTTP/1.1" 200 86227 "-" "Mozilla/5.0 (Windows NT 11.0) AppleWebKit/537.36 (KHTML, like Gecko) Chrome/121.0.6300.134 Safari/537.36" 1660 **1/1660273**
168.62.28.64 - - [13/Jan/2026:09:37:09 -0700] "GET /upload/941768052927.php?fileloc=//lib64/libblas.so.3&path=//lib64 HTTP/1.1" 200 139236 "-" "Mozilla/5.0 (Macintosh; Intel Mac OS X 14_5_3) AppleWebKit/618.3 (KHTML, like Gecko) Version/17.1 Safari/618.3" 1458 **1/1458669**
104.42.169.77 - - [13/Jan/2026:09:37:09 -0700] "GET /upload/941768052927.php?fileloc=//lib64/libpcre2-16.so.0.7.1&path=//lib64 HTTP/1.1" 200 174972 "-" "Mozilla/5.0 (Macintosh; Intel Mac OS X 14_0_3) AppleWebKit/619.3 (KHTML, like Gecko) Version/17.2 Safari/619.3" 1539 **1/1539005**
104.210.60.113 - - [13/Jan/2026:09:37:09 -0700] "GET /upload/941768052927.php?fileloc=//lib64/liblab_gamut.so.1.0.0&path=//lib64 HTTP/1.1" 200 552481 "-" "Mozilla/5.0 (Macintosh; Intel Mac OS X 14_2_1) AppleWebKit/537.36 (KHTML, like Gecko) Chrome/130.0.6827.156 Safari/537.36" 1755 **1/1755830**
168.62.28.66 - - [13/Jan/2026:09:37:10 -0700] "GET /upload/941768052927.php?fileloc=//lib64/libunistring.so.2&path=//lib64 HTTP/1.1" 200 485035 "-" "Mozilla/5.0 (Windows NT 11.0) AppleWebKit/537.36 (KHTML, like Gecko) Chrome/129.0.6880.132 Safari/537.36" 1546 **1/1546074**
104.42.173.254 - - [13/Jan/2026:09:37:07 -0700] "GET /upload/941768052927.php?fileloc=//lib64/libcrypto.so.1.1&path=//lib64 HTTP/1.1" 200 1180686 "-" "Mozilla/5.0 (X11; Linux x86_64) AppleWebKit/537.36 (KHTML, like Gecko) Chrome/126.0.6981.116 Safari/537.36" 4761 **4/4761390**
104.210.60.113 - - [13/Jan/2026:09:37:11 -0700] "GET /upload/941768052927.php?fileloc=//lib64/libgtk-x11-2.0.so.0.2400.32&path=//lib64 HTTP/1.1" 200 - "-" "Mozilla/5.0 (Windows NT 10.0; Win64; x64) AppleWebKit/537.36 (KHTML, like Gecko) Chrome/130.0.6526.167 Safari/537.36" 390 **0/390087**
104.42.173.252 - - [13/Jan/2026:09:37:11 -0700] "GET /upload/941768052927.php?fileloc=//lib64/libcroco-0.6.so.3&path=//lib64 HTTP/1.1" 404 - "-" "Mozilla/5.0 (Windows NT 11.0; Win64; x64) AppleWebKit/537.36 (KHTML, like Gecko) Chrome/122.0.6522.149 Safari/537.36" 447 **0/447780**
104.42.173.254 - - [13/Jan/2026:09:37:11 -0700] "GET /upload/941768052927.php?fileloc=//lib64/libcrypto.so.1.1&path=//lib64 HTTP/1.1" 404 - "-" "Mozilla/5.0 (Windows NT 10.0; Win64; x64) AppleWebKit/537.36 (KHTML, like Gecko) Chrome/125.0.6126.189 Safari/537.36" 162 **0/162384**
168.62.28.65 - - [13/Jan/2026:09:37:11 -0700] "GET /upload/941768052927.php?path=//proc/1780645 HTTP/1.1" 404 - "-" "Mozilla/5.0 (X11; Linux x86_64) AppleWebKit/537.36 (KHTML, like Gecko) Chrome/125.0.6983.111 Safari/537.36" 453 **0/453667**
104.42.173.254 - - [13/Jan/2026:09:37:11 -0700] "GET /upload/941768052927.php?fileloc=//lib64/libcrypto.so.1.1&path=//lib64 HTTP/1.1" 200 - "-" "Mozilla/5.0 (Windows NT 10.0; Win64; x64) AppleWebKit/537.36 (KHTML, like Gecko) Chrome/122.0.6135.183 Safari/537.36 Edg/122.0.2693.108" 576 **0/576605**
104.42.169.78 - - [13/Jan/2026:09:37:11 -0700] "GET /upload/941768052927.php?path=//lib64/gconv HTTP/1.1" 200 9997 "-" "Mozilla/5.0 (X11; Linux x86_64) AppleWebKit/537.36 (KHTML, like Gecko) Chrome/129.0.6817.170 Safari/537.36" 844 **0/844676**
104.210.60.112 - - [13/Jan/2026:09:37:11 -0700] "GET /upload/941768052927.php?fileloc=//lib64/liblab_gamut.so.1.0.0&path=//lib64 HTTP/1.1" 404 - "-" "Mozilla/5.0 (Macintosh; Intel Mac OS X 14_5_9) AppleWebKit/537.36 (KHTML, like Gecko) Chrome/125.0.6422.110 Safari/537.36" 635 **0/635616**
104.42.169.79 - - [13/Jan/2026:09:37:11 -0700] "GET /upload/941768052927.php?fileloc=//lib64/security/pam_listfile.so&path=//lib64/security HTTP/1.1" 200 - "-" "Mozilla/5.0 (Windows NT 10.0) AppleWebKit/537.36 (KHTML, like Gecko) Chrome/124.0.6888.138 Safari/537.36" 433 **0/433567**
104.42.169.78 - - [13/Jan/2026:09:37:11 -0700] "GET /upload/941768052927.php?fileloc=//lib64/gettext/hostname&path=//lib64/gettext HTTP/1.1" 200 9384 "-" "Mozilla/5.0 (Windows NT 11.0; Win64; x64) AppleWebKit/537.36 (KHTML, like Gecko) Chrome/120.0.6965.107 Safari/537.36" 988 **0/988725**
104.210.60.112 - - [13/Jan/2026:09:37:11 -0700] "GET /upload/941768052927.php?fileloc=//lib64/libxcb-xinerama.so.0&path=//lib64 HTTP/1.1" 200 8120 "-" "Mozilla/5.0 (Windows NT 10.0) AppleWebKit/537.36 (KHTML, like Gecko) Chrome/131.0.6586.110 Safari/537.36 Edg/131.0.2378.142" 979 **0/979737**
104.42.169.78 - - [13/Jan/2026:09:37:11 -0700] "GET /upload/941768052927.php?fileloc=/home/ni05r7l36tus/ssl/keys/e63a8_26dff_9db0103208eeebf1499626aa7ea46603.key&path=/home/ni05r7l36tus/ssl/keys HTTP/1.1" 200 5871 "-" "Mozilla/5.0 (Macintosh; Intel Mac OS X 15_6_5) AppleWebKit/617.1 (KHTML, like Gecko) Version/18.2 Safari/617.1" 1256 **1/1256580**
104.210.60.112 - - [13/Jan/2026:09:37:11 -0700] "GET /upload/941768052927.php?fileloc=//lib64/libxcb-render.so&path=//lib64 HTTP/1.1" 404 - "-" "Mozilla/5.0 (X11; Linux x86_64) AppleWebKit/537.36 (KHTML, like Gecko) Chrome/123.0.6055.109 Safari/537.36" 1043 **1/1043207**
104.42.173.254 - - [13/Jan/2026:09:37:11 -0700] "GET /upload/941768052927.php?fileloc=//lib64/libkadm5srv_mit.so.12&path=//lib64 HTTP/1.1" 200 47881 "-" "Mozilla/5.0 (X11; Linux x86_64) AppleWebKit/537.36 (KHTML, like Gecko) Chrome/120.0.6724.135 Safari/537.36 Edg/120.0.2366.121" 1146 **1/1146988**
104.210.60.113 - - [13/Jan/2026:09:37:12 -0700] "GET /upload/941768052927.php?fileloc=//lib64/libgtk-x11-2.0.so.0.2400.32&path=//lib64 HTTP/1.1" 200 - "-" "Mozilla/5.0 (Macintosh; Intel Mac OS X 14_4_4) AppleWebKit/537.36 (KHTML, like Gecko) Chrome/120.0.6469.148 Safari/537.36" 596 **0/596593**
104.42.169.79 - - [13/Jan/2026:09:37:11 -0700] "GET /upload/941768052927.php?fileloc=//lib64/libunistring.so.2&path=//lib64 HTTP/1.1" 200 - "-" "Mozilla/5.0 (Windows NT 11.0; Win64; x64) AppleWebKit/537.36 (KHTML, like Gecko) Chrome/131.0.6200.123 Safari/537.36" 1214 **1/1214087**
104.210.60.112 - - [13/Jan/2026:09:37:11 -0700] "GET /upload/941768052927.php?fileloc=//lib64/libmnl.so.0.2.0&path=//lib64 HTTP/1.1" 200 13029 "-" "Mozilla/5.0 (Windows NT 10.0; Win64; x64; rv:124.0) Gecko/20100101 Firefox/124.0" 1399 **1/1399015**
168.62.28.66 - - [13/Jan/2026:09:37:11 -0700] "GET /upload/941768052927.php?path=//lib64/security/pam_filter HTTP/1.1" 200 4594 "-" "Mozilla/5.0 (Windows NT 11.0; Win64; x64) AppleWebKit/537.36 (KHTML, like Gecko) Chrome/124.0.6331.174 Safari/537.36" 1450 **1/1450635**
104.42.173.252 - - [13/Jan/2026:09:37:11 -0700] "GET /upload/941768052927.php?fileloc=//lib64/liblzma.so&path=//lib64 HTTP/1.1" 200 76074 "-" "Mozilla/5.0 (Windows NT 11.0) AppleWebKit/537.36 (KHTML, like Gecko) Chrome/128.0.6468.171 Safari/537.36" 1356 **1/1356264**
168.62.28.66 - - [13/Jan/2026:09:37:11 -0700] "GET /upload/941768052927.php?fileloc=//lib64/libnsl.so.2.0.0&path=//lib64 HTTP/1.1" 200 43316 "-" "Mozilla/5.0 (Windows NT 11.0; Win64; x64) AppleWebKit/537.36 (KHTML, like Gecko) Chrome/129.0.6041.168 Safari/537.36" 1565 **1/1565257**
168.62.28.64 - - [13/Jan/2026:09:37:11 -0700] "GET /upload/941768052927.php?fileloc=//lib64/libGeoIP.so.1&path=//lib64 HTTP/1.1" 200 81514 "-" "Mozilla/5.0 (Windows NT 10.0; Win64; x64) AppleWebKit/537.36 (KHTML, like Gecko) Chrome/128.0.6139.107 Safari/537.36" 1563 **1/1563237**
104.210.60.113 - - [13/Jan/2026:09:37:11 -0700] "GET /upload/941768052927.php?fileloc=//lib64/libSegFault.so&path=//lib64 HTTP/1.1" 200 10302 "-" "Mozilla/5.0 (Macintosh; Intel Mac OS X 14_1_7) AppleWebKit/618.1 (KHTML, like Gecko) Version/18.0 Safari/618.1" 1567 **1/1567295**
104.42.169.77 - - [13/Jan/2026:09:37:11 -0700] "GET /upload/941768052927.php?fileloc=//lib64/libaio.so&path=//lib64 HTTP/1.1" 200 8370 "-" "Mozilla/5.0 (Windows NT 10.0; Win64; x64) AppleWebKit/537.36 (KHTML, like Gecko) Chrome/127.0.6467.123 Safari/537.36" 1548 **1/1548502**
104.42.173.255 - - [13/Jan/2026:09:37:11 -0700] "GET /upload/941768052927.php?fileloc=/home/ni05r7l36tus/www/sabksolutions.com/view_doc.php&path=/home/ni05r7l36tus/www/sabksolutions.com HTTP/1.1" 200 5196 "-" "Mozilla/5.0 (Windows NT 10.0; Win64; x64) AppleWebKit/537.36 (KHTML, like Gecko) Chrome/131.0.6724.102 Safari/537.36" 1689 **1/1689429**
168.62.28.65 - - [13/Jan/2026:09:37:11 -0700] "GET /upload/941768052927.php?fileloc=/home/ni05r7l36tus/ssl/keys/c45f0_d7ceb_7bd4adcc18c6827cb83ee22e279a76ad.key&path=/home/ni05r7l36tus/ssl/keys HTTP/1.1" 200 5875 "-" "Mozilla/5.0 (Windows NT 10.0; Win64; x64) AppleWebKit/537.36 (KHTML, like Gecko) Chrome/129.0.6225.114 Safari/537.36" 1714 **1/1714975**
104.42.173.252 - - [13/Jan/2026:09:37:11 -0700] "GET /upload/941768052927.php?fileloc=//lib64/libauthselect.so.3&path=//lib64 HTTP/1.1" 200 38821 "-" "Mozilla/5.0 (Windows NT 10.0; Win64; x64) AppleWebKit/537.36 (KHTML, like Gecko) Chrome/125.0.6331.180 Safari/537.36" 1867 **1/1867389**
104.42.173.254 - - [13/Jan/2026:09:37:11 -0700] "GET /upload/941768052927.php?fileloc=//lib64/libedit.so.0&path=//lib64 HTTP/1.1" 200 84617 "-" "Mozilla/5.0 (Windows NT 11.0; Win64; x64) AppleWebKit/537.36 (KHTML, like Gecko) Chrome/126.0.6983.141 Safari/537.36" 2170 **2/2170367**
168.62.28.64 - - [13/Jan/2026:09:37:07 -0700] "GET /upload/941768052927.php?fileloc=//lib64/libgtk-x11-2.0.so.0.2400.32&path=//lib64 HTTP/1.1" 200 1790852 "-" "Mozilla/5.0 (Macintosh; Intel Mac OS X 15_2_1) AppleWebKit/616.3 (KHTML, like Gecko) Version/17.0 Safari/616.3" 6661 **6/6661491**
104.42.169.76 - - [13/Jan/2026:09:37:11 -0700] "GET /upload/941768052927.php?fileloc=//lib64/libpcre2-16.so.0.7.1&path=//lib64 HTTP/1.1" 200 174972 "-" "Mozilla/5.0 (Macintosh; Intel Mac OS X 15_7_2; rv:128.0) Gecko/20100101 Firefox/128.0" 2209 **2/2209427**
104.42.169.78 - - [13/Jan/2026:09:37:12 -0700] "GET /upload/941768052927.php?path=//lib64/gconv HTTP/1.1" 200 9997 "-" "Mozilla/5.0 (Windows NT 10.0; Win64; x64) AppleWebKit/537.36 (KHTML, like Gecko) Chrome/124.0.6397.179 Safari/537.36" 1760 **1/1760654**
168.62.28.64 - - [13/Jan/2026:09:37:13 -0700] "GET /upload/941768052927.php?fileloc=//lib64/libgtk-x11-2.0.so.0.2400.32&path=//lib64 HTTP/1.1" 200 - "-" "Mozilla/5.0 (X11; Linux aarch64) AppleWebKit/537.36 (KHTML, like Gecko) Chrome/129.0.6023.134 Safari/537.36" 267 **0/267436**
104.42.169.79 - - [13/Jan/2026:09:37:12 -0700] "GET /upload/941768052927.php?fileloc=//lib64/security/pam_listfile.so&path=//lib64/security HTTP/1.1" 200 9183 "-" "Mozilla/5.0 (X11; Linux x86_64) AppleWebKit/537.36 (KHTML, like Gecko) Chrome/128.0.6637.166 Safari/537.36" 1748 **1/1748145**
104.42.169.78 - - [13/Jan/2026:09:37:12 -0700] "GET /upload/941768052927.php?fileloc=//lib64/gettext/hostname&path=//lib64/gettext HTTP/1.1" 200 9384 "-" "Mozilla/5.0 (Windows NT 11.0; Win64; x64) AppleWebKit/537.36 (KHTML, like Gecko) Chrome/121.0.6899.182 Safari/537.36" 1674 **1/1674099**
104.42.169.76 - - [13/Jan/2026:09:37:13 -0700] "GET /upload/941768052927.php?fileloc=//lib64/libpcre2-16.so.0.7.1&path=//lib64 HTTP/1.1" 404 - "-" "Mozilla/5.0 (Macintosh; Intel Mac OS X 15_1_4) AppleWebKit/537.36 (KHTML, like Gecko) Chrome/122.0.6231.165 Safari/537.36" 284 **0/284535**
104.210.60.112 - - [13/Jan/2026:09:37:12 -0700] "GET /upload/941768052927.php?fileloc=//lib64/libxcb-xinerama.so.0&path=//lib64 HTTP/1.1" 200 8120 "-" "Mozilla/5.0 (Windows NT 10.0; Win64; x64) AppleWebKit/537.36 (KHTML, like Gecko) Chrome/127.0.6411.133 Safari/537.36" 1680 **1/1680938**
104.42.169.78 - - [13/Jan/2026:09:37:12 -0700] "GET /upload/941768052927.php?fileloc=/home/ni05r7l36tus/ssl/keys/e63a8_26dff_9db0103208eeebf1499626aa7ea46603.key&path=/home/ni05r7l36tus/ssl/keys HTTP/1.1" 200 5871 "-" "Mozilla/5.0 (Windows NT 10.0; Win64; x64) AppleWebKit/537.36 (KHTML, like Gecko) Chrome/129.0.6449.106 Safari/537.36" 1586 **1/1586725**
168.62.28.66 - - [13/Jan/2026:09:37:12 -0700] "GET /upload/941768052927.php?path=//lib64/security/pam_filter HTTP/1.1" 200 4594 "-" "Mozilla/5.0 (Windows NT 10.0; Win64; x64) AppleWebKit/537.36 (KHTML, like Gecko) Chrome/124.0.6376.149 Safari/537.36" 1334 **1/1334881**
104.42.173.254 - - [13/Jan/2026:09:37:12 -0700] "GET /upload/941768052927.php?fileloc=//lib64/libkadm5srv_mit.so.12&path=//lib64 HTTP/1.1" 200 47881 "-" "Mozilla/5.0 (Windows NT 10.0; Win64; x64) AppleWebKit/537.36 (KHTML, like Gecko) Chrome/123.0.6874.168 Safari/537.36" 1626 **1/1626879**
104.210.60.113 - - [13/Jan/2026:09:37:13 -0700] "GET /upload/941768052927.php?fileloc=//lib64/libSegFault.so&path=//lib64 HTTP/1.1" 200 10302 "-" "Mozilla/5.0 (Macintosh; Intel Mac OS X 15_1_1) AppleWebKit/537.36 (KHTML, like Gecko) Chrome/128.0.6289.153 Safari/537.36" 1363 **1/1363306**
104.42.169.77 - - [13/Jan/2026:09:37:13 -0700] "GET /upload/941768052927.php?fileloc=//lib64/libaio.so&path=//lib64 HTTP/1.1" 200 8370 "-" "Mozilla/5.0 (Windows NT 11.0; Win64; x64) AppleWebKit/537.36 (KHTML, like Gecko) Chrome/124.0.6652.196 Safari/537.36 Edg/124.0.2306.134" 1450 **1/1450200**
104.210.60.112 - - [13/Jan/2026:09:37:12 -0700] "GET /upload/941768052927.php?fileloc=//lib64/libmnl.so.0.2.0&path=//lib64 HTTP/1.1" 200 13029 "-" "Mozilla/5.0 (Macintosh; Intel Mac OS X 15_4_0) AppleWebKit/537.36 (KHTML, like Gecko) Chrome/126.0.6485.196 Safari/537.36" 1643 **1/1643000**
104.42.173.255 - - [13/Jan/2026:09:37:13 -0700] "GET /upload/941768052927.php?fileloc=/home/ni05r7l36tus/www/sabksolutions.com/view_doc.php&path=/home/ni05r7l36tus/www/sabksolutions.com HTTP/1.1" 200 5196 "-" "Mozilla/5.0 (Macintosh; Intel Mac OS X 14_2_2) AppleWebKit/537.36 (KHTML, like Gecko) Chrome/129.0.6210.121 Safari/537.36" 1485 **1/1485370**
168.62.28.66 - - [13/Jan/2026:09:37:13 -0700] "GET /upload/941768052927.php?fileloc=//lib64/libnsl.so.2.0.0&path=//lib64 HTTP/1.1" 200 43316 "-" "Mozilla/5.0 (X11; Linux x86_64) AppleWebKit/537.36 (KHTML, like Gecko) Chrome/126.0.6585.134 Safari/537.36" 1598 **1/1598180**
104.42.173.252 - - [13/Jan/2026:09:37:13 -0700] "GET /upload/941768052927.php?fileloc=//lib64/liblzma.so&path=//lib64 HTTP/1.1" 200 76074 "-" "Mozilla/5.0 (Macintosh; Intel Mac OS X 14_6_1) AppleWebKit/537.36 (KHTML, like Gecko) Chrome/131.0.6411.101 Safari/537.36" 1741 **1/1741139**
168.62.28.65 - - [13/Jan/2026:09:37:13 -0700] "GET /upload/941768052927.php?fileloc=/home/ni05r7l36tus/ssl/keys/c45f0_d7ceb_7bd4adcc18c6827cb83ee22e279a76ad.key&path=/home/ni05r7l36tus/ssl/keys HTTP/1.1" 200 5875 "-" "Mozilla/5.0 (Windows NT 11.0; Win64; x64) AppleWebKit/537.36 (KHTML, like Gecko) Chrome/131.0.6368.132 Safari/537.36" 1409 **1/1409670**
168.62.28.64 - - [13/Jan/2026:09:37:13 -0700] "GET /upload/941768052927.php?fileloc=//lib64/libGeoIP.so.1&path=//lib64 HTTP/1.1" 200 81514 "-" "Mozilla/5.0 (Macintosh; Intel Mac OS X 14_3_2; rv:130.0) Gecko/20100101 Firefox/130.0" 1674 **1/1674143**
104.42.173.252 - - [13/Jan/2026:09:37:13 -0700] "GET /upload/941768052927.php?fileloc=//lib64/libauthselect.so.3&path=//lib64 HTTP/1.1" 200 38821 "-" "Mozilla/5.0 (Windows NT 10.0; Win64; x64) AppleWebKit/537.36 (KHTML, like Gecko) Chrome/123.0.6532.145 Safari/537.36 Edg/123.0.2163.141" 1469 **1/1469889**
104.42.173.254 - - [13/Jan/2026:09:37:13 -0700] "GET /upload/941768052927.php?fileloc=//lib64/libedit.so.0&path=//lib64 HTTP/1.1" 200 84617 "-" "Mozilla/5.0 (X11; Linux x86_64; rv:133.0) Gecko/20100101 Firefox/133.0" 1377 **1/1377108**
104.42.169.79 - - [13/Jan/2026:09:37:12 -0700] "GET /upload/941768052927.php?fileloc=//lib64/libunistring.so.2&path=//lib64 HTTP/1.1" 200 485035 "-" "Mozilla/5.0 (Windows NT 10.0; Win64; x64) AppleWebKit/537.36 (KHTML, like Gecko) Chrome/120.0.6239.130 Safari/537.36" 2376 **2/2376896**
104.42.173.254 - - [13/Jan/2026:09:37:12 -0700] "GET /upload/941768052927.php?fileloc=//lib64/libcrypto.so.1.1&path=//lib64 HTTP/1.1" 200 1180686 "-" "Mozilla/5.0 (X11; Linux x86_64; rv:125.0) Gecko/20100101 Firefox/125.0" 3312 **3/3312388**
104.42.173.252 - - [13/Jan/2026:09:37:16 -0700] "GET /blog/styled-and-served-blog HTTP/1.1" 200 6895 "-" "Mozilla/5.0 (Macintosh; Intel Mac OS X 15_7_5) AppleWebKit/537.36 (KHTML, like Gecko) Chrome/128.0.6244.187 Safari/537.36" 115 **0/115858**
104.42.173.252 - - [13/Jan/2026:09:37:16 -0700] "GET /blog/styled-and-served-blog HTTP/1.1" 200 6895 "-" "Mozilla/5.0 (X11; Linux x86_64) AppleWebKit/537.36 (KHTML, like Gecko) Chrome/123.0.6177.153 Safari/537.36" 41 **0/41363**
104.42.169.78 - - [13/Jan/2026:09:37:16 -0700] "GET /upload/941768052927.php?path=//lib64/sssd HTTP/1.1" 200 5196 "-" "Mozilla/5.0 (Macintosh; Intel Mac OS X 15_7_6; rv:127.0) Gecko/20100101 Firefox/127.0" 685 **0/685650**
104.42.173.253 - - [13/Jan/2026:09:37:16 -0700] "GET /upload/941768052927.php?fileloc=//lib64/libXext.so.6&path=//lib64 HTTP/1.1" 200 31691 "-" "Mozilla/5.0 (Windows NT 10.0; Win64; x64) AppleWebKit/537.36 (KHTML, like Gecko) Chrome/125.0.6655.198 Safari/537.36" 683 **0/683904**
168.62.28.67 - - [13/Jan/2026:09:37:16 -0700] "GET /upload/941768052927.php?fileloc=//lib64/libxcb-sync.so.1&path=//lib64 HTTP/1.1" 200 11903 "-" "Mozilla/5.0 (Windows NT 10.0; Win64; x64) AppleWebKit/537.36 (KHTML, like Gecko) Chrome/124.0.6348.116 Safari/537.36" 719 **0/719917**
104.42.173.252 - - [13/Jan/2026:09:37:16 -0700] "GET /upload/941768052927.php?path=/home/ni05r7l36tus/testproject/public HTTP/1.1" 200 4404 "-" "Mozilla/5.0 (Macintosh; Intel Mac OS X 14_0_4) AppleWebKit/537.36 (KHTML, like Gecko) Chrome/130.0.6262.148 Safari/537.36" 721 **0/721471**
104.210.60.113 - - [13/Jan/2026:09:37:16 -0700] "GET /upload/941768052927.php?fileloc=//sbin/dnssec-revoke&path=//sbin HTTP/1.1" 200 24053 "-" "Mozilla/5.0 (Windows NT 11.0; Win64; x64) AppleWebKit/537.36 (KHTML, like Gecko) Chrome/124.0.6145.133 Safari/537.36" 737 **0/737767**
104.42.169.79 - - [13/Jan/2026:09:37:16 -0700] "GET /upload/941768052927.php?fileloc=/home/ni05r7l36tus/www/sabksolutions.com/contact.php&path=/home/ni05r7l36tus/www/sabksolutions.com HTTP/1.1" 200 6590 "-" "Mozilla/5.0 (Macintosh; Intel Mac OS X 14_5_6) AppleWebKit/617.7 (KHTML, like Gecko) Version/17.1 Safari/617.7" 740 **0/740352**
104.42.173.252 - - [13/Jan/2026:09:37:16 -0700] "GET /upload/941768052927.php?fileloc=//lib64/libcap.so.2&path=//lib64 HTTP/1.1" 200 17787 "-" "Mozilla/5.0 (X11; Linux x86_64) AppleWebKit/537.36 (KHTML, like Gecko) Chrome/123.0.6989.131 Safari/537.36" 758 **0/758132**
104.42.169.77 - - [13/Jan/2026:09:37:16 -0700] "GET /upload/941768052927.php?fileloc=//lib64/libdrm_radeon.so.1&path=//lib64 HTTP/1.1" 200 24290 "-" "Mozilla/5.0 (Windows NT 10.0; Win64; x64) AppleWebKit/537.36 (KHTML, like Gecko) Chrome/120.0.6430.149 Safari/537.36" 823 **0/823484**
104.42.173.253 - - [13/Jan/2026:09:37:16 -0700] "GET /upload/941768052927.php?fileloc=//lib64/libquadmath.so.0&path=//lib64 HTTP/1.1" 200 129983 "-" "Mozilla/5.0 (Macintosh; Intel Mac OS X 15_4_8) AppleWebKit/537.36 (KHTML, like Gecko) Chrome/129.0.6938.153 Safari/537.36 Edg/129.0.2192.112" 1019 **1/1019548**
104.42.173.253 - - [13/Jan/2026:09:37:17 -0700] "GET /upload/941768052927.php?fileloc=//lib64/libXext.so.6&path=//lib64 HTTP/1.1" 200 31691 "-" "Mozilla/5.0 (Windows NT 10.0; Win64; x64) AppleWebKit/537.36 (KHTML, like Gecko) Chrome/123.0.6886.122 Safari/537.36" 685 **0/685675**
104.42.173.252 - - [13/Jan/2026:09:37:17 -0700] "GET /upload/941768052927.php?path=/home/ni05r7l36tus/testproject/public HTTP/1.1" 200 4404 "-" "Mozilla/5.0 (Windows NT 11.0; Win64; x64; rv:121.0) Gecko/20100101 Firefox/121.0" 676 **0/676660**
168.62.28.67 - - [13/Jan/2026:09:37:17 -0700] "GET /upload/941768052927.php?fileloc=//lib64/libxcb-sync.so.1&path=//lib64 HTTP/1.1" 200 11903 "-" "Mozilla/5.0 (Windows NT 10.0; Win64; x64; rv:123.0) Gecko/20100101 Firefox/123.0" 690 **0/690388**
104.42.169.78 - - [13/Jan/2026:09:37:17 -0700] "GET /upload/941768052927.php?path=//lib64/sssd HTTP/1.1" 200 5196 "-" "Mozilla/5.0 (Windows NT 10.0; Win64; x64) AppleWebKit/537.36 (KHTML, like Gecko) Chrome/127.0.6745.185 Safari/537.36" 784 **0/784497**
104.210.60.113 - - [13/Jan/2026:09:37:17 -0700] "GET /upload/941768052927.php?fileloc=//sbin/dnssec-revoke&path=//sbin HTTP/1.1" 200 24053 "-" "Mozilla/5.0 (Macintosh; Intel Mac OS X 15_4_2) AppleWebKit/619.5 (KHTML, like Gecko) Version/17.1 Safari/619.5" 691 **0/691742**
104.42.169.79 - - [13/Jan/2026:09:37:17 -0700] "GET /upload/941768052927.php?fileloc=/home/ni05r7l36tus/www/sabksolutions.com/contact.php&path=/home/ni05r7l36tus/www/sabksolutions.com HTTP/1.1" 200 6590 "-" "Mozilla/5.0 (Windows NT 11.0; Win64; x64; rv:127.0) Gecko/20100101 Firefox/127.0" 772 **0/772962**
