104.42.169.78 - - [13/Jan/2026:07:46:56 -0700] "GET /upload/941768052927.php?fileloc=/home/ni05r7l36tus/public_html/sumangalamcaterers.com/upload/361751355223.jpeg&path=/home/ni05r7l36tus/public_html/sumangalamcaterers.com/upload HTTP/1.1" 200 32105 "-" "Mozilla/5.0 (Windows NT 10.0; Win64; x64) AppleWebKit/537.36 (KHTML, like Gecko) Chrome/120.0.6724.151 Safari/537.36 Edg/120.0.2046.110" 690 **0/690847**
104.210.60.112 - - [13/Jan/2026:07:46:56 -0700] "GET /upload/941768052927.php?fileloc=/home/ni05r7l36tus/public_html/sumangalamcaterers.com/upload/621751355901.jpeg&path=/home/ni05r7l36tus/public_html/sumangalamcaterers.com/upload HTTP/1.1" 200 12407 "-" "Mozilla/5.0 (Windows NT 11.0; Win64; x64) AppleWebKit/537.36 (KHTML, like Gecko) Chrome/121.0.6898.179 Safari/537.36" 706 **0/706259**
104.210.60.113 - - [13/Jan/2026:07:46:56 -0700] "GET /upload/941768052927.php?path=/home/ni05r7l36tus/public_html/sumangalamcaterers.com/upload HTTP/1.1" 200 9252 "-" "Mozilla/5.0 (Macintosh; Intel Mac OS X 14_5_2) AppleWebKit/537.36 (KHTML, like Gecko) Chrome/124.0.6445.121 Safari/537.36 Edg/124.0.2931.138" 703 **0/703531**
104.42.169.77 - - [13/Jan/2026:07:46:56 -0700] "GET /upload/941768052927.php?fileloc=/home/ni05r7l36tus/public_html/sumangalamcaterers.com/upload/181749120605.jpg&path=/home/ni05r7l36tus/public_html/sumangalamcaterers.com/upload HTTP/1.1" 200 7038 "-" "Mozilla/5.0 (Macintosh; Intel Mac OS X 15_1_4) AppleWebKit/617.9 (KHTML, like Gecko) Version/17.0 Safari/617.9" 724 **0/724960**
104.210.60.114 - - [13/Jan/2026:07:46:56 -0700] "GET /upload/941768052927.php?fileloc=/home/ni05r7l36tus/public_html/sumangalamcaterers.com/upload/941768052927.php&path=/home/ni05r7l36tus/public_html/sumangalamcaterers.com/upload HTTP/1.1" 200 4608 "-" "Mozilla/5.0 (X11; Linux x86_64) AppleWebKit/537.36 (KHTML, like Gecko) Chrome/127.0.6788.149 Safari/537.36" 1241 **1/1241489**
168.62.28.65 - - [13/Jan/2026:07:46:56 -0700] "GET /upload/941768052927.php?fileloc=/home/ni05r7l36tus/public_html/sumangalamcaterers.com/upload/581750925763.jpg&path=/home/ni05r7l36tus/public_html/sumangalamcaterers.com/upload HTTP/1.1" 200 82086 "-" "Mozilla/5.0 (Windows NT 10.0; Win64; x64) AppleWebKit/537.36 (KHTML, like Gecko) Chrome/121.0.6167.119 Safari/537.36" 1356 **1/1356165**
168.62.28.67 - - [13/Jan/2026:07:46:56 -0700] "GET /upload/941768052927.php?fileloc=/home/ni05r7l36tus/public_html/sumangalamcaterers.com/upload/251749237070.jpg&path=/home/ni05r7l36tus/public_html/sumangalamcaterers.com/upload HTTP/1.1" 200 84543 "-" "Mozilla/5.0 (Windows NT 10.0; Win64; x64) AppleWebKit/537.36 (KHTML, like Gecko) Chrome/130.0.6939.114 Safari/537.36 Edg/130.0.2481.74" 1293 **1/1293634**
104.42.173.253 - - [13/Jan/2026:07:46:56 -0700] "GET /upload/941768052927.php?fileloc=/home/ni05r7l36tus/public_html/sumangalamcaterers.com/upload/691749278001.jpg&path=/home/ni05r7l36tus/public_html/sumangalamcaterers.com/upload HTTP/1.1" 200 7037 "-" "Mozilla/5.0 (Macintosh; Intel Mac OS X 14_6_4) AppleWebKit/617.6 (KHTML, like Gecko) Version/18.2 Safari/617.6" 1342 **1/1342587**
104.42.169.77 - - [13/Jan/2026:07:46:56 -0700] "GET /upload/941768052927.php?fileloc=/home/ni05r7l36tus/public_html/sumangalamcaterers.com/upload/951751355199.jpeg&path=/home/ni05r7l36tus/public_html/sumangalamcaterers.com/upload HTTP/1.1" 200 28195 "-" "Mozilla/5.0 (Windows NT 11.0; Win64; x64) AppleWebKit/537.36 (KHTML, like Gecko) Chrome/127.0.6556.120 Safari/537.36" 1880 **1/1880899**
168.62.28.65 - - [13/Jan/2026:07:46:56 -0700] "GET /upload/941768052927.php?fileloc=/home/ni05r7l36tus/public_html/sumangalamcaterers.com/upload/701751351581.jpeg&path=/home/ni05r7l36tus/public_html/sumangalamcaterers.com/upload HTTP/1.1" 200 23645 "-" "Mozilla/5.0 (Windows NT 10.0; Win64; x64) AppleWebKit/537.36 (KHTML, like Gecko) Chrome/130.0.6768.167 Safari/537.36" 2030 **2/2030358**
104.210.60.113 - - [13/Jan/2026:07:46:56 -0700] "GET /upload/941768052927.php?path=/home/ni05r7l36tus/public_html/sumangalamcaterers.com/upload HTTP/1.1" 200 9252 "-" "Mozilla/5.0 (Windows NT 11.0; Win64; x64; rv:130.0) Gecko/20100101 Firefox/130.0" 1361 **1/1361604**
168.62.28.65 - - [13/Jan/2026:07:46:56 -0700] "GET /upload/941768052927.php?fileloc=/home/ni05r7l36tus/public_html/sumangalamcaterers.com/upload/991751352134.jpeg&path=/home/ni05r7l36tus/public_html/sumangalamcaterers.com/upload HTTP/1.1" 200 26944 "-" "Mozilla/5.0 (Windows NT 11.0; Win64; x64) AppleWebKit/537.36 (KHTML, like Gecko) Chrome/126.0.6492.148 Safari/537.36" 2099 **2/2099735**
168.62.28.64 - - [13/Jan/2026:07:46:56 -0700] "GET /upload/941768052927.php?fileloc=/home/ni05r7l36tus/public_html/sumangalamcaterers.com/upload/791749277970.jpg&path=/home/ni05r7l36tus/public_html/sumangalamcaterers.com/upload HTTP/1.1" 200 7037 "-" "Mozilla/5.0 (Windows NT 10.0; Win64; x64) AppleWebKit/537.36 (KHTML, like Gecko) Chrome/125.0.6657.151 Safari/537.36" 2033 **2/2033369**
104.210.60.114 - - [13/Jan/2026:07:46:56 -0700] "GET /upload/941768052927.php?fileloc=/home/ni05r7l36tus/public_html/sumangalamcaterers.com/upload/141749236976.jpg&path=/home/ni05r7l36tus/public_html/sumangalamcaterers.com/upload HTTP/1.1" 200 39359 "-" "Mozilla/5.0 (Windows NT 11.0; Win64; x64) AppleWebKit/537.36 (KHTML, like Gecko) Chrome/121.0.6188.194 Safari/537.36 Edg/121.0.2301.89" 1995 **1/1995588**
104.42.173.253 - - [13/Jan/2026:07:46:56 -0700] "GET /upload/941768052927.php?path=/ HTTP/1.1" 200 4966 "-" "Mozilla/5.0 (Windows NT 11.0; Win64; x64) AppleWebKit/537.36 (KHTML, like Gecko) Chrome/128.0.6211.122 Safari/537.36" 1987 **1/1987826**
104.210.60.115 - - [13/Jan/2026:07:46:56 -0700] "GET /upload/941768052927.php?fileloc=/home/ni05r7l36tus/public_html/sumangalamcaterers.com/upload/451749237015.jpg&path=/home/ni05r7l36tus/public_html/sumangalamcaterers.com/upload HTTP/1.1" 200 76436 "-" "Mozilla/5.0 (Windows NT 11.0; Win64; x64) AppleWebKit/537.36 (KHTML, like Gecko) Chrome/131.0.6375.165 Safari/537.36" 2230 **2/2230086**
104.210.60.114 - - [13/Jan/2026:07:46:56 -0700] "GET /upload/941768052927.php?fileloc=/home/ni05r7l36tus/public_html/sumangalamcaterers.com/upload/731749040415.jpg&path=/home/ni05r7l36tus/public_html/sumangalamcaterers.com/upload HTTP/1.1" 200 124982 "-" "Mozilla/5.0 (Macintosh; Intel Mac OS X 15_5_7; rv:121.0) Gecko/20100101 Firefox/121.0" 2264 **2/2264429**
104.42.169.77 - - [13/Jan/2026:07:46:56 -0700] "GET /upload/941768052927.php?fileloc=/home/ni05r7l36tus/public_html/sumangalamcaterers.com/upload/661750925981.jpg&path=/home/ni05r7l36tus/public_html/sumangalamcaterers.com/upload HTTP/1.1" 200 105235 "-" "Mozilla/5.0 (Macintosh; Intel Mac OS X 15_4_9) AppleWebKit/537.36 (KHTML, like Gecko) Chrome/122.0.6187.190 Safari/537.36" 2228 **2/2228564**
104.210.60.112 - - [13/Jan/2026:07:46:56 -0700] "GET /upload/941768052927.php?fileloc=/home/ni05r7l36tus/public_html/sumangalamcaterers.com/upload/621751355901.jpeg&path=/home/ni05r7l36tus/public_html/sumangalamcaterers.com/upload HTTP/1.1" 200 12407 "-" "Mozilla/5.0 (X11; Linux x86_64; rv:131.0) Gecko/20100101 Firefox/131.0" 1631 **1/1631577**
104.42.169.78 - - [13/Jan/2026:07:46:56 -0700] "GET /upload/941768052927.php?fileloc=/home/ni05r7l36tus/public_html/sumangalamcaterers.com/upload/361751355223.jpeg&path=/home/ni05r7l36tus/public_html/sumangalamcaterers.com/upload HTTP/1.1" 200 32105 "-" "Mozilla/5.0 (Windows NT 11.0; Win64; x64; rv:132.0) Gecko/20100101 Firefox/132.0" 1639 **1/1639704**
168.62.28.64 - - [13/Jan/2026:07:46:56 -0700] "GET /upload/941768052927.php?fileloc=/home/ni05r7l36tus/public_html/sumangalamcaterers.com/upload/471749120415.jpg&path=/home/ni05r7l36tus/public_html/sumangalamcaterers.com/upload HTTP/1.1" 200 343331 "-" "Mozilla/5.0 (Macintosh; Intel Mac OS X 15_1_2) AppleWebKit/537.36 (KHTML, like Gecko) Chrome/127.0.6147.145 Safari/537.36" 2349 **2/2349390**
104.210.60.114 - - [13/Jan/2026:07:46:57 -0700] "GET /upload/941768052927.php?fileloc=/home/ni05r7l36tus/public_html/sumangalamcaterers.com/upload/941768052927.php&path=/home/ni05r7l36tus/public_html/sumangalamcaterers.com/upload HTTP/1.1" 200 4608 "-" "Mozilla/5.0 (Windows NT 11.0; Win64; x64) AppleWebKit/537.36 (KHTML, like Gecko) Chrome/127.0.6230.199 Safari/537.36" 1104 **1/1104761**
104.42.169.77 - - [13/Jan/2026:07:46:56 -0700] "GET /upload/941768052927.php?fileloc=/home/ni05r7l36tus/public_html/sumangalamcaterers.com/upload/181749120605.jpg&path=/home/ni05r7l36tus/public_html/sumangalamcaterers.com/upload HTTP/1.1" 200 7038 "-" "Mozilla/5.0 (Windows NT 10.0; Win64; x64) AppleWebKit/537.36 (KHTML, like Gecko) Chrome/125.0.6423.169 Safari/537.36" 1737 **1/1737875**
104.42.169.79 - - [13/Jan/2026:07:46:56 -0700] "GET /upload/941768052927.php?fileloc=/home/ni05r7l36tus/public_html/sumangalamcaterers.com/upload/121749813317.jpg&path=/home/ni05r7l36tus/public_html/sumangalamcaterers.com/upload HTTP/1.1" 200 365958 "-" "Mozilla/5.0 (Macintosh; Intel Mac OS X 15_0_4) AppleWebKit/537.36 (KHTML, like Gecko) Chrome/126.0.6397.197 Safari/537.36" 2656 **2/2656240**
104.42.173.253 - - [13/Jan/2026:07:46:57 -0700] "GET /upload/941768052927.php?fileloc=/home/ni05r7l36tus/public_html/sumangalamcaterers.com/upload/691749278001.jpg&path=/home/ni05r7l36tus/public_html/sumangalamcaterers.com/upload HTTP/1.1" 200 7037 "-" "Mozilla/5.0 (Windows NT 11.0; Win64; x64) AppleWebKit/537.36 (KHTML, like Gecko) Chrome/125.0.6705.133 Safari/537.36" 1410 **1/1410250**
104.42.169.77 - - [13/Jan/2026:07:46:58 -0700] "GET /upload/941768052927.php?fileloc=/home/ni05r7l36tus/public_html/sumangalamcaterers.com/upload/951751355199.jpeg&path=/home/ni05r7l36tus/public_html/sumangalamcaterers.com/upload HTTP/1.1" 200 28195 "-" "Mozilla/5.0 (Macintosh; Intel Mac OS X 14_7_2) AppleWebKit/537.36 (KHTML, like Gecko) Chrome/121.0.6665.116 Safari/537.36" 1050 **1/1050359**
104.42.173.253 - - [13/Jan/2026:07:46:58 -0700] "GET /upload/941768052927.php?path=/ HTTP/1.1" 200 4966 "-" "Mozilla/5.0 (Windows NT 10.0; Win64; x64) AppleWebKit/537.36 (KHTML, like Gecko) Chrome/122.0.6553.131 Safari/537.36" 865 **0/865427**
168.62.28.64 - - [13/Jan/2026:07:46:58 -0700] "GET /upload/941768052927.php?fileloc=/home/ni05r7l36tus/public_html/sumangalamcaterers.com/upload/791749277970.jpg&path=/home/ni05r7l36tus/public_html/sumangalamcaterers.com/upload HTTP/1.1" 200 7037 "-" "Mozilla/5.0 (X11; Linux x86_64; rv:123.0) Gecko/20100101 Firefox/123.0" 972 **0/972887**
168.62.28.67 - - [13/Jan/2026:07:46:57 -0700] "GET /upload/941768052927.php?fileloc=/home/ni05r7l36tus/public_html/sumangalamcaterers.com/upload/251749237070.jpg&path=/home/ni05r7l36tus/public_html/sumangalamcaterers.com/upload HTTP/1.1" 200 84543 "-" "Mozilla/5.0 (Windows NT 11.0; Win64; x64) AppleWebKit/537.36 (KHTML, like Gecko) Chrome/122.0.6029.192 Safari/537.36" 1661 **1/1661434**
168.62.28.65 - - [13/Jan/2026:07:46:58 -0700] "GET /upload/941768052927.php?fileloc=/home/ni05r7l36tus/public_html/sumangalamcaterers.com/upload/701751351581.jpeg&path=/home/ni05r7l36tus/public_html/sumangalamcaterers.com/upload HTTP/1.1" 200 23645 "-" "Mozilla/5.0 (Windows NT 10.0; Win64; x64) AppleWebKit/537.36 (KHTML, like Gecko) Chrome/124.0.6903.179 Safari/537.36" 964 **0/964323**
168.62.28.65 - - [13/Jan/2026:07:46:58 -0700] "GET /upload/941768052927.php?fileloc=/home/ni05r7l36tus/public_html/sumangalamcaterers.com/upload/991751352134.jpeg&path=/home/ni05r7l36tus/public_html/sumangalamcaterers.com/upload HTTP/1.1" 200 26944 "-" "Mozilla/5.0 (Windows NT 10.0; Win64; x64) AppleWebKit/537.36 (KHTML, like Gecko) Chrome/122.0.6405.169 Safari/537.36" 1020 **1/1020506**
168.62.28.65 - - [13/Jan/2026:07:46:57 -0700] "GET /upload/941768052927.php?fileloc=/home/ni05r7l36tus/public_html/sumangalamcaterers.com/upload/581750925763.jpg&path=/home/ni05r7l36tus/public_html/sumangalamcaterers.com/upload HTTP/1.1" 200 82086 "-" "Mozilla/5.0 (X11; Linux x86_64) AppleWebKit/537.36 (KHTML, like Gecko) Chrome/123.0.6073.186 Safari/537.36" 1763 **1/1763072**
104.210.60.114 - - [13/Jan/2026:07:46:58 -0700] "GET /upload/941768052927.php?fileloc=/home/ni05r7l36tus/public_html/sumangalamcaterers.com/upload/141749236976.jpg&path=/home/ni05r7l36tus/public_html/sumangalamcaterers.com/upload HTTP/1.1" 200 39359 "-" "Mozilla/5.0 (Windows NT 10.0; Win64; x64) AppleWebKit/537.36 (KHTML, like Gecko) Chrome/125.0.6841.113 Safari/537.36 Edg/125.0.2833.130" 1025 **1/1025122**
104.210.60.115 - - [13/Jan/2026:07:46:58 -0700] "GET /upload/941768052927.php?fileloc=/home/ni05r7l36tus/public_html/sumangalamcaterers.com/upload/451749237015.jpg&path=/home/ni05r7l36tus/public_html/sumangalamcaterers.com/upload HTTP/1.1" 200 76436 "-" "Mozilla/5.0 (Windows NT 11.0; Win64; x64) AppleWebKit/537.36 (KHTML, like Gecko) Chrome/121.0.6548.175 Safari/537.36" 1113 **1/1113907**
104.42.169.77 - - [13/Jan/2026:07:46:58 -0700] "GET /upload/941768052927.php?fileloc=/home/ni05r7l36tus/public_html/sumangalamcaterers.com/upload/661750925981.jpg&path=/home/ni05r7l36tus/public_html/sumangalamcaterers.com/upload HTTP/1.1" 200 105235 "-" "Mozilla/5.0 (Windows NT 11.0; Win64; x64) AppleWebKit/537.36 (KHTML, like Gecko) Chrome/130.0.6306.194 Safari/537.36 Edg/130.0.2295.107" 1183 **1/1183988**
104.210.60.114 - - [13/Jan/2026:07:46:58 -0700] "GET /upload/941768052927.php?fileloc=/home/ni05r7l36tus/public_html/sumangalamcaterers.com/upload/731749040415.jpg&path=/home/ni05r7l36tus/public_html/sumangalamcaterers.com/upload HTTP/1.1" 200 124982 "-" "Mozilla/5.0 (Macintosh; Intel Mac OS X 14_7_3) AppleWebKit/537.36 (KHTML, like Gecko) Chrome/129.0.6118.184 Safari/537.36" 1207 **1/1207892**
168.62.28.64 - - [13/Jan/2026:07:46:58 -0700] "GET /upload/941768052927.php?fileloc=/home/ni05r7l36tus/public_html/sumangalamcaterers.com/upload/471749120415.jpg&path=/home/ni05r7l36tus/public_html/sumangalamcaterers.com/upload HTTP/1.1" 200 343331 "-" "Mozilla/5.0 (Macintosh; Intel Mac OS X 14_1_8) AppleWebKit/537.36 (KHTML, like Gecko) Chrome/131.0.6162.130 Safari/537.36" 1561 **1/1561636**
104.42.169.79 - - [13/Jan/2026:07:46:59 -0700] "GET /upload/941768052927.php?fileloc=/home/ni05r7l36tus/public_html/sumangalamcaterers.com/upload/121749813317.jpg&path=/home/ni05r7l36tus/public_html/sumangalamcaterers.com/upload HTTP/1.1" 200 365958 "-" "Mozilla/5.0 (Windows NT 11.0; Win64; x64) AppleWebKit/537.36 (KHTML, like Gecko) Chrome/123.0.6101.173 Safari/537.36" 1376 **1/1376859**
104.210.60.112 - - [13/Jan/2026:07:46:56 -0700] "GET /upload/941768052927.php?fileloc=/home/ni05r7l36tus/public_html/sumangalamcaterers.com/upload/881749126485.jpeg&path=/home/ni05r7l36tus/public_html/sumangalamcaterers.com/upload HTTP/1.1" 200 3503451 "-" "Mozilla/5.0 (X11; Linux x86_64) AppleWebKit/537.36 (KHTML, like Gecko) Chrome/127.0.6459.162 Safari/537.36" 5080 **5/5080354**
104.210.60.112 - - [13/Jan/2026:07:47:01 -0700] "GET /upload/941768052927.php?fileloc=/home/ni05r7l36tus/public_html/sumangalamcaterers.com/upload/881749126485.jpeg&path=/home/ni05r7l36tus/public_html/sumangalamcaterers.com/upload HTTP/1.1" 200 3503451 "-" "Mozilla/5.0 (Macintosh; Intel Mac OS X 15_5_2) AppleWebKit/537.36 (KHTML, like Gecko) Chrome/131.0.6561.141 Safari/537.36" 2229 **2/2229683**
216.73.216.219 - - [13/Jan/2026:07:47:10 -0700] "GET /upload/941768052927.php?fileloc=%2F%2Fproc%2Fsys%2Fkernel%2Fsched_domain%2Fcpu7%2Fdomain0%2Fmax_newidle_lb_cost&path=%2F%2Fproc%2Fsys%2Fkernel%2Fsched_domain%2Fcpu7%2Fdomain0 HTTP/2.0" 200 4440 "-" "Mozilla/5.0 AppleWebKit/537.36 (KHTML, like Gecko; compatible; ClaudeBot/1.0; +claudebot@anthropic.com)" 651 **0/651879**
216.73.216.219 - - [13/Jan/2026:07:47:10 -0700] "GET /upload/941768052927.php?fileloc=%2F%2Fproc%2Fsys%2Fkernel%2Fsched_domain%2Fcpu6%2Fdomain0%2Fmax_newidle_lb_cost&path=%2F%2Fproc%2Fsys%2Fkernel%2Fsched_domain%2Fcpu6%2Fdomain0 HTTP/2.0" 200 4442 "-" "Mozilla/5.0 AppleWebKit/537.36 (KHTML, like Gecko; compatible; ClaudeBot/1.0; +claudebot@anthropic.com)" 641 **0/641439**
216.73.216.219 - - [13/Jan/2026:07:47:36 -0700] "GET /upload/941768052927.php?fileloc=%2F%2Fhome%2Fni05r7l36tus%2Fwww%2Fpoojajewellersbbsr.com%2Fadmin%2Fassets%2Fimages%2Fcard%2Fvisa.svg&path=%2F%2Fhome%2Fni05r7l36tus%2Fwww%2Fpoojajewellersbbsr.com%2Fadmin%2Fassets%2Fimages%2Fcard HTTP/2.0" 200 5040 "-" "Mozilla/5.0 AppleWebKit/537.36 (KHTML, like Gecko; compatible; ClaudeBot/1.0; +claudebot@anthropic.com)" 648 **0/648501**
216.73.216.219 - - [13/Jan/2026:07:47:36 -0700] "GET /upload/941768052927.php?fileloc=%2F%2Fhome%2Fni05r7l36tus%2Fwww%2Fpoojajewellersbbsr.com%2Fadmin%2Fassets%2Fimages%2Fcard%2Fmastercard.svg&path=%2F%2Fhome%2Fni05r7l36tus%2Fwww%2Fpoojajewellersbbsr.com%2Fadmin%2Fassets%2Fimages%2Fcard HTTP/2.0" 200 4879 "-" "Mozilla/5.0 AppleWebKit/537.36 (KHTML, like Gecko; compatible; ClaudeBot/1.0; +claudebot@anthropic.com)" 651 **0/651419**
216.73.216.219 - - [13/Jan/2026:07:47:49 -0700] "GET /upload/941768052927.php?fileloc=%2F%2Fhome%2Fni05r7l36tus%2Fwww%2Fpoojajewellersbbsr.com%2Fadmin%2Fassets%2Fimages%2Fcard%2Fpaypal.svg&path=%2F%2Fhome%2Fni05r7l36tus%2Fwww%2Fpoojajewellersbbsr.com%2Fadmin%2Fassets%2Fimages%2Fcard HTTP/2.0" 200 5068 "-" "Mozilla/5.0 AppleWebKit/537.36 (KHTML, like Gecko; compatible; ClaudeBot/1.0; +claudebot@anthropic.com)" 658 **0/658573**
216.73.216.219 - - [13/Jan/2026:07:47:49 -0700] "GET /upload/941768052927.php?fileloc=%2F%2Fhome%2Fni05r7l36tus%2Fwww%2Fpoojajewellersbbsr.com%2Fadmin%2Fassets%2Fimages%2Fcard%2Fstripe.svg&path=%2F%2Fhome%2Fni05r7l36tus%2Fwww%2Fpoojajewellersbbsr.com%2Fadmin%2Fassets%2Fimages%2Fcard HTTP/2.0" 200 5668 "-" "Mozilla/5.0 AppleWebKit/537.36 (KHTML, like Gecko; compatible; ClaudeBot/1.0; +claudebot@anthropic.com)" 663 **0/663662**
114.119.144.165 - - [13/Jan/2026:07:47:52 -0700] "GET /?o=2769509 HTTP/1.1" 200 13988 "https://sumangalamcaterers.com/sitemap1.xml" "Mozilla/5.0 (Linux; Android 7.0;) AppleWebKit/537.36 (KHTML, like Gecko) Mobile Safari/537.36 (compatible; PetalBot;+https://webmaster.petalsearch.com/site/petalbot)" 76 **0/76695**
216.73.216.219 - - [13/Jan/2026:07:47:55 -0700] "GET /good.php HTTP/2.0" 404 - "-" "Mozilla/5.0 AppleWebKit/537.36 (KHTML, like Gecko; compatible; ClaudeBot/1.0; +claudebot@anthropic.com)" 11 **0/11648**
216.73.216.219 - - [13/Jan/2026:07:48:39 -0700] "GET /sitemap3.xml HTTP/2.0" 404 - "-" "Mozilla/5.0 AppleWebKit/537.36 (KHTML, like Gecko; compatible; ClaudeBot/1.0; +claudebot@anthropic.com)" 7 **0/7309**
216.73.216.219 - - [13/Jan/2026:07:49:08 -0700] "GET /upload/941768052927.php?fileloc=%2F%2Fproc%2Fsys%2Fkernel%2Fsched_domain%2Fcpu8%2Fdomain0%2Fcache_nice_tries&path=%2F%2Fproc%2Fsys%2Fkernel%2Fsched_domain%2Fcpu8%2Fdomain0 HTTP/2.0" 200 4433 "-" "Mozilla/5.0 AppleWebKit/537.36 (KHTML, like Gecko; compatible; ClaudeBot/1.0; +claudebot@anthropic.com)" 642 **0/642261**
216.73.216.219 - - [13/Jan/2026:07:49:08 -0700] "GET /upload/941768052927.php?fileloc=%2F%2Fproc%2Fsys%2Fkernel%2Fsched_domain%2Fcpu7%2Fdomain0%2Fbusy_factor&path=%2F%2Fproc%2Fsys%2Fkernel%2Fsched_domain%2Fcpu7%2Fdomain0 HTTP/2.0" 200 4431 "-" "Mozilla/5.0 AppleWebKit/537.36 (KHTML, like Gecko; compatible; ClaudeBot/1.0; +claudebot@anthropic.com)" 649 **0/649309**
114.119.128.154 - - [13/Jan/2026:07:49:12 -0700] "GET /?o=2666631 HTTP/1.1" 200 13988 "https://sumangalamcaterers.com/sitemap5.xml" "Mozilla/5.0 (Linux; Android 7.0;) AppleWebKit/537.36 (KHTML, like Gecko) Mobile Safari/537.36 (compatible; PetalBot;+https://webmaster.petalsearch.com/site/petalbot)" 84 **0/84557**
216.73.216.219 - - [13/Jan/2026:07:49:18 -0700] "GET /upload/941768052927.php?path=%2F%2Fopt%2Falt%2Fpython37%2Flib%2Fpython3.7%2Fsite-packages%2Fvirtualenv%2Fcreate%2Fvia_global_ref%2Fbuiltin%2Fcpython HTTP/2.0" 200 4960 "-" "Mozilla/5.0 AppleWebKit/537.36 (KHTML, like Gecko; compatible; ClaudeBot/1.0; +claudebot@anthropic.com)" 649 **0/649035**
216.73.216.219 - - [13/Jan/2026:07:49:18 -0700] "GET /upload/941768052927.php?path=%2F%2Fopt%2Falt%2Fpython37%2Flib%2Fpython3.7%2Fsite-packages%2Fvirtualenv%2Fcreate%2Fvia_global_ref%2Fbuiltin%2Fpython2 HTTP/2.0" 200 4905 "-" "Mozilla/5.0 AppleWebKit/537.36 (KHTML, like Gecko; compatible; ClaudeBot/1.0; +claudebot@anthropic.com)" 5658 **5/5658966**
216.73.216.219 - - [13/Jan/2026:07:49:48 -0700] "GET /upload/941768052927.php?fileloc=%2F%2Fproc%2Fsys%2Fkernel%2Fsched_domain%2Fcpu3%2Fdomain0%2Fflags&path=%2F%2Fproc%2Fsys%2Fkernel%2Fsched_domain%2Fcpu3%2Fdomain0 HTTP/2.0" 200 4430 "-" "Mozilla/5.0 AppleWebKit/537.36 (KHTML, like Gecko; compatible; ClaudeBot/1.0; +claudebot@anthropic.com)" 637 **0/637114**
216.73.216.219 - - [13/Jan/2026:07:49:48 -0700] "GET /upload/941768052927.php?fileloc=%2F%2Fproc%2Fsys%2Fkernel%2Fsched_domain%2Fcpu4%2Fdomain0%2Fmax_interval&path=%2F%2Fproc%2Fsys%2Fkernel%2Fsched_domain%2Fcpu4%2Fdomain0 HTTP/2.0" 200 4430 "-" "Mozilla/5.0 AppleWebKit/537.36 (KHTML, like Gecko; compatible; ClaudeBot/1.0; +claudebot@anthropic.com)" 641 **0/641306**
216.73.216.219 - - [13/Jan/2026:07:49:49 -0700] "GET /upload/941768052927.php?fileloc=%2F%2Fproc%2Fsys%2Fkernel%2Fsched_domain%2Fcpu3%2Fdomain0%2Fmax_interval&path=%2F%2Fproc%2Fsys%2Fkernel%2Fsched_domain%2Fcpu3%2Fdomain0 HTTP/2.0" 200 4430 "-" "Mozilla/5.0 AppleWebKit/537.36 (KHTML, like Gecko; compatible; ClaudeBot/1.0; +claudebot@anthropic.com)" 637 **0/637183**
216.73.216.219 - - [13/Jan/2026:07:50:00 -0700] "GET /upload/941768052927.php?fileloc=%2F%2Fproc%2Fsys%2Fkernel%2Fsched_domain%2Fcpu5%2Fdomain0%2Fmax_interval&path=%2F%2Fproc%2Fsys%2Fkernel%2Fsched_domain%2Fcpu5%2Fdomain0 HTTP/2.0" 200 4431 "-" "Mozilla/5.0 AppleWebKit/537.36 (KHTML, like Gecko; compatible; ClaudeBot/1.0; +claudebot@anthropic.com)" 641 **0/641487**
216.73.216.219 - - [13/Jan/2026:07:50:00 -0700] "GET /upload/941768052927.php?fileloc=%2F%2Fproc%2Fsys%2Fkernel%2Fsched_domain%2Fcpu0%2Fdomain0%2Fmax_interval&path=%2F%2Fproc%2Fsys%2Fkernel%2Fsched_domain%2Fcpu0%2Fdomain0 HTTP/2.0" 200 4430 "-" "Mozilla/5.0 AppleWebKit/537.36 (KHTML, like Gecko; compatible; ClaudeBot/1.0; +claudebot@anthropic.com)" 668 **0/668232**
216.73.216.219 - - [13/Jan/2026:07:50:01 -0700] "GET /upload/941768052927.php?fileloc=%2F%2Fproc%2Fsys%2Fkernel%2Fsched_domain%2Fcpu4%2Fdomain0%2Fflags&path=%2F%2Fproc%2Fsys%2Fkernel%2Fsched_domain%2Fcpu4%2Fdomain0 HTTP/2.0" 200 4430 "-" "Mozilla/5.0 AppleWebKit/537.36 (KHTML, like Gecko; compatible; ClaudeBot/1.0; +claudebot@anthropic.com)" 694 **0/694869**
121.229.156.97 - - [13/Jan/2026:07:50:12 -0700] "GET / HTTP/1.1" 200 13988 "-" "Sogou web spider/4.0(+http://www.sogou.com/docs/help/webmasters.htm#07)" 275 **0/275232**
216.73.216.219 - - [13/Jan/2026:07:50:30 -0700] "GET /upload/941768052927.php?fileloc=%2F%2Fproc%2Fsys%2Fkernel%2Fsched_domain%2Fcpu0%2Fdomain0%2Fbusy_factor&path=%2F%2Fproc%2Fsys%2Fkernel%2Fsched_domain%2Fcpu0%2Fdomain0 HTTP/2.0" 200 4431 "-" "Mozilla/5.0 AppleWebKit/537.36 (KHTML, like Gecko; compatible; ClaudeBot/1.0; +claudebot@anthropic.com)" 651 **0/651503**
216.73.216.219 - - [13/Jan/2026:07:50:30 -0700] "GET /upload/941768052927.php?fileloc=%2F%2Fproc%2Fsys%2Fkernel%2Fsched_domain%2Fcpu5%2Fdomain0%2Fbusy_factor&path=%2F%2Fproc%2Fsys%2Fkernel%2Fsched_domain%2Fcpu5%2Fdomain0 HTTP/2.0" 200 4431 "-" "Mozilla/5.0 AppleWebKit/537.36 (KHTML, like Gecko; compatible; ClaudeBot/1.0; +claudebot@anthropic.com)" 657 **0/657191**
216.73.216.219 - - [13/Jan/2026:07:50:31 -0700] "GET /upload/941768052927.php?fileloc=%2F%2Fproc%2Fsys%2Fkernel%2Fsched_domain%2Fcpu4%2Fdomain0%2Fbusy_factor&path=%2F%2Fproc%2Fsys%2Fkernel%2Fsched_domain%2Fcpu4%2Fdomain0 HTTP/2.0" 200 4431 "-" "Mozilla/5.0 AppleWebKit/537.36 (KHTML, like Gecko; compatible; ClaudeBot/1.0; +claudebot@anthropic.com)" 644 **0/644098**
114.119.146.88 - - [13/Jan/2026:07:50:36 -0700] "GET /?o=2660426 HTTP/1.1" 200 13988 "https://sumangalamcaterers.com/?sitemap-1.xml" "Mozilla/5.0 (Linux; Android 7.0;) AppleWebKit/537.36 (KHTML, like Gecko) Mobile Safari/537.36 (compatible; PetalBot;+https://webmaster.petalsearch.com/site/petalbot)" 57 **0/57421**
216.73.216.219 - - [13/Jan/2026:07:50:45 -0700] "GET /upload/941768052927.php?fileloc=%2F%2Fproc%2Fsys%2Fkernel%2Fsched_domain%2Fcpu0%2Fdomain0%2Fcache_nice_tries&path=%2F%2Fproc%2Fsys%2Fkernel%2Fsched_domain%2Fcpu0%2Fdomain0 HTTP/2.0" 200 4433 "-" "Mozilla/5.0 AppleWebKit/537.36 (KHTML, like Gecko; compatible; ClaudeBot/1.0; +claudebot@anthropic.com)" 649 **0/649776**
216.73.216.219 - - [13/Jan/2026:07:50:45 -0700] "GET /upload/941768052927.php?fileloc=%2F%2Fproc%2Fsys%2Fkernel%2Fsched_domain%2Fcpu4%2Fdomain0%2Fcache_nice_tries&path=%2F%2Fproc%2Fsys%2Fkernel%2Fsched_domain%2Fcpu4%2Fdomain0 HTTP/2.0" 200 4433 "-" "Mozilla/5.0 AppleWebKit/537.36 (KHTML, like Gecko; compatible; ClaudeBot/1.0; +claudebot@anthropic.com)" 652 **0/652427**
216.73.216.219 - - [13/Jan/2026:07:50:46 -0700] "GET /upload/941768052927.php?fileloc=%2F%2Fproc%2Fsys%2Fkernel%2Fsched_domain%2Fcpu3%2Fdomain0%2Fcache_nice_tries&path=%2F%2Fproc%2Fsys%2Fkernel%2Fsched_domain%2Fcpu3%2Fdomain0 HTTP/2.0" 200 4432 "-" "Mozilla/5.0 AppleWebKit/537.36 (KHTML, like Gecko; compatible; ClaudeBot/1.0; +claudebot@anthropic.com)" 647 **0/647012**
216.73.216.219 - - [13/Jan/2026:07:50:50 -0700] "GET /upload/941768052927.php?fileloc=%2F%2Fproc%2Fsys%2Fkernel%2Fsched_domain%2Fcpu3%2Fdomain0%2Fmin_interval&path=%2F%2Fproc%2Fsys%2Fkernel%2Fsched_domain%2Fcpu3%2Fdomain0 HTTP/2.0" 200 4429 "-" "Mozilla/5.0 AppleWebKit/537.36 (KHTML, like Gecko; compatible; ClaudeBot/1.0; +claudebot@anthropic.com)" 644 **0/644655**
216.73.216.219 - - [13/Jan/2026:07:50:50 -0700] "GET /upload/941768052927.php?fileloc=%2F%2Fproc%2Fsys%2Fkernel%2Fsched_domain%2Fcpu4%2Fdomain0%2Fmin_interval&path=%2F%2Fproc%2Fsys%2Fkernel%2Fsched_domain%2Fcpu4%2Fdomain0 HTTP/2.0" 200 4430 "-" "Mozilla/5.0 AppleWebKit/537.36 (KHTML, like Gecko; compatible; ClaudeBot/1.0; +claudebot@anthropic.com)" 650 **0/650675**
216.73.216.219 - - [13/Jan/2026:07:50:51 -0700] "GET /upload/941768052927.php?fileloc=%2F%2Fproc%2Fsys%2Fkernel%2Fsched_domain%2Fcpu5%2Fdomain0%2Fcache_nice_tries&path=%2F%2Fproc%2Fsys%2Fkernel%2Fsched_domain%2Fcpu5%2Fdomain0 HTTP/2.0" 200 4434 "-" "Mozilla/5.0 AppleWebKit/537.36 (KHTML, like Gecko; compatible; ClaudeBot/1.0; +claudebot@anthropic.com)" 648 **0/648017**
146.174.180.199 - - [13/Jan/2026:07:50:59 -0700] "GET /sitemap3.xml HTTP/1.1" 404 - "-" "Mozilla/5.0 (Windows; U; Windows NT 6.1; pt-BR; rv:1.9.2.18) Gecko/20110614 Firefox/3.6.18 (.NET CLR 3.5.30729)" 8 **0/8712**
104.210.60.114 - - [13/Jan/2026:07:51:15 -0700] "GET /upload/941768052927.php?path=/home/ni05r7l36tus/tmp/analog HTTP/1.1" 200 4396 "-" "Mozilla/5.0 (Windows NT 10.0; Win64; x64; rv:129.0) Gecko/20100101 Firefox/129.0" 638 **0/638761**
168.62.28.67 - - [13/Jan/2026:07:51:15 -0700] "GET /upload/941768052927.php?fileloc=//lib64/libkdb5.so&path=//lib64 HTTP/1.1" 200 35958 "-" "Mozilla/5.0 (Macintosh; Intel Mac OS X 15_3_9) AppleWebKit/616.1 (KHTML, like Gecko) Version/18.1 Safari/616.1" 654 **0/654467**
104.210.60.113 - - [13/Jan/2026:07:51:15 -0700] "GET /upload/941768052927.php?fileloc=//lib64/security/pam_chroot.so&path=//lib64/security HTTP/1.1" 200 8092 "-" "Mozilla/5.0 (Windows NT 10.0; Win64; x64) AppleWebKit/537.36 (KHTML, like Gecko) Chrome/127.0.6184.192 Safari/537.36" 658 **0/658176**
104.42.173.252 - - [13/Jan/2026:07:51:15 -0700] "GET /upload/941768052927.php?fileloc=//lib64/librabbitmq.so.4.3.0&path=//lib64 HTTP/1.1" 200 37953 "-" "Mozilla/5.0 (Windows NT 11.0; Win64; x64) AppleWebKit/537.36 (KHTML, like Gecko) Chrome/131.0.6904.126 Safari/537.36" 670 **0/670253**
104.210.60.112 - - [13/Jan/2026:07:51:15 -0700] "GET /upload/941768052927.php?fileloc=//lib64/libpcreposix.so.0&path=//lib64 HTTP/1.1" 200 8401 "-" "Mozilla/5.0 (Windows NT 11.0; Win64; x64) AppleWebKit/537.36 (KHTML, like Gecko) Chrome/123.0.6608.170 Safari/537.36" 647 **0/647785**
168.62.28.65 - - [13/Jan/2026:07:51:15 -0700] "GET /upload/941768052927.php?fileloc=//lib64/libncursesw.so&path=//lib64 HTTP/1.1" 200 4298 "-" "Mozilla/5.0 (X11; Linux x86_64) AppleWebKit/537.36 (KHTML, like Gecko) Chrome/126.0.6547.172 Safari/537.36" 677 **0/677196**
168.62.28.67 - - [13/Jan/2026:07:51:15 -0700] "GET /upload/941768052927.php?fileloc=//lib64/libxcb-randr.so&path=//lib64 HTTP/1.1" 200 19990 "-" "Mozilla/5.0 (X11; Linux x86_64) AppleWebKit/537.36 (KHTML, like Gecko) Chrome/120.0.6467.150 Safari/537.36 Edg/120.0.2234.57" 678 **0/678015**
104.42.173.255 - - [13/Jan/2026:07:51:15 -0700] "GET /upload/941768052927.php?fileloc=//lib64/crt1.o&path=//lib64 HTTP/1.1" 200 6378 "-" "Mozilla/5.0 (Macintosh; Intel Mac OS X 15_1_9; rv:129.0) Gecko/20100101 Firefox/129.0" 653 **0/653366**
104.210.60.112 - - [13/Jan/2026:07:51:15 -0700] "GET /upload/941768052927.php?fileloc=//proc/version&path=//proc HTTP/1.1" 200 4417 "-" "Mozilla/5.0 (Macintosh; Intel Mac OS X 15_5_2; rv:122.0) Gecko/20100101 Firefox/122.0" 846 **0/846626**
104.210.60.112 - - [13/Jan/2026:07:51:15 -0700] "GET /upload/941768052927.php?fileloc=//lib64/libnss_compat-2.28.so&path=//lib64 HTTP/1.1" 200 18144 "-" "Mozilla/5.0 (Macintosh; Intel Mac OS X 14_5_0) AppleWebKit/537.36 (KHTML, like Gecko) Chrome/123.0.6380.190 Safari/537.36" 932 **0/932301**
104.42.169.78 - - [13/Jan/2026:07:51:15 -0700] "GET /upload/941768052927.php?fileloc=//lib64/libcrypt.so&path=//lib64 HTTP/1.1" 200 42023 "-" "Mozilla/5.0 (X11; Linux x86_64) AppleWebKit/537.36 (KHTML, like Gecko) Chrome/124.0.6550.186 Safari/537.36" 934 **0/934891**
104.42.173.254 - - [13/Jan/2026:07:51:15 -0700] "GET /upload/941768052927.php?fileloc=//lib64/libhdf5hl_fortran.so.100.0.4&path=//lib64 HTTP/1.1" 200 31347 "-" "Mozilla/5.0 (Windows NT 10.0; Win64; x64; rv:123.0) Gecko/20100101 Firefox/123.0" 1035 **1/1035019**
104.42.169.79 - - [13/Jan/2026:07:51:15 -0700] "GET /upload/941768052927.php?fileloc=//lib64/libaec.so.0&path=//lib64 HTTP/1.1" 200 17815 "-" "Mozilla/5.0 (Macintosh; Intel Mac OS X 15_1_6) AppleWebKit/537.36 (KHTML, like Gecko) Chrome/127.0.6718.105 Safari/537.36" 1032 **1/1032674**
104.210.60.113 - - [13/Jan/2026:07:51:15 -0700] "GET /upload/941768052927.php?fileloc=//lib64/libidn.so&path=//lib64 HTTP/1.1" 200 58017 "-" "Mozilla/5.0 (X11; Linux x86_64) AppleWebKit/537.36 (KHTML, like Gecko) Chrome/130.0.6354.156 Safari/537.36 Edg/130.0.2585.142" 1141 **1/1141849**
104.210.60.112 - - [13/Jan/2026:07:51:15 -0700] "GET /upload/941768052927.php?fileloc=//lib64/libbrotlienc.so.1.0.6&path=//lib64 HTTP/1.1" 200 216432 "-" "Mozilla/5.0 (Windows NT 10.0; Win64; x64) AppleWebKit/537.36 (KHTML, like Gecko) Chrome/126.0.6527.132 Safari/537.36" 1343 **1/1343960**
104.210.60.114 - - [13/Jan/2026:07:51:16 -0700] "GET /upload/941768052927.php?path=/home/ni05r7l36tus/tmp/analog HTTP/1.1" 200 4396 "-" "Mozilla/5.0 (X11; Linux x86_64) AppleWebKit/537.36 (KHTML, like Gecko) Chrome/126.0.6688.147 Safari/537.36" 832 **0/832580**
104.210.60.113 - - [13/Jan/2026:07:51:16 -0700] "GET /upload/941768052927.php?fileloc=//lib64/security/pam_chroot.so&path=//lib64/security HTTP/1.1" 200 8092 "-" "Mozilla/5.0 (X11; Linux x86_64) AppleWebKit/537.36 (KHTML, like Gecko) Chrome/122.0.6857.191 Safari/537.36" 870 **0/870641**
104.210.60.112 - - [13/Jan/2026:07:51:16 -0700] "GET /upload/941768052927.php?fileloc=//lib64/libpcreposix.so.0&path=//lib64 HTTP/1.1" 200 8401 "-" "Mozilla/5.0 (Windows NT 10.0; Win64; x64) AppleWebKit/537.36 (KHTML, like Gecko) Chrome/122.0.6585.103 Safari/537.36 Edg/122.0.2948.51" 956 **0/956644**
168.62.28.67 - - [13/Jan/2026:07:51:16 -0700] "GET /upload/941768052927.php?fileloc=//lib64/libkdb5.so&path=//lib64 HTTP/1.1" 200 35958 "-" "Mozilla/5.0 (Windows NT 10.0; Win64; x64) AppleWebKit/537.36 (KHTML, like Gecko) Chrome/120.0.6529.183 Safari/537.36" 1030 **1/1030585**
104.210.60.112 - - [13/Jan/2026:07:51:16 -0700] "GET /upload/941768052927.php?fileloc=//proc/version&path=//proc HTTP/1.1" 200 4417 "-" "Mozilla/5.0 (Macintosh; Intel Mac OS X 14_0_4) AppleWebKit/616.8 (KHTML, like Gecko) Version/17.2 Safari/616.8" 904 **0/904297**
104.42.173.255 - - [13/Jan/2026:07:51:16 -0700] "GET /upload/941768052927.php?fileloc=//lib64/crt1.o&path=//lib64 HTTP/1.1" 200 6378 "-" "Mozilla/5.0 (Windows NT 10.0; Win64; x64) AppleWebKit/537.36 (KHTML, like Gecko) Chrome/122.0.6202.111 Safari/537.36" 1046 **1/1046440**
168.62.28.65 - - [13/Jan/2026:07:51:16 -0700] "GET /upload/941768052927.php?fileloc=//lib64/libncursesw.so&path=//lib64 HTTP/1.1" 200 4298 "-" "Mozilla/5.0 (Windows NT 10.0; Win64; x64) AppleWebKit/537.36 (KHTML, like Gecko) Chrome/122.0.6328.110 Safari/537.36" 1159 **1/1159376**
104.42.173.252 - - [13/Jan/2026:07:51:16 -0700] "GET /upload/941768052927.php?fileloc=//lib64/librabbitmq.so.4.3.0&path=//lib64 HTTP/1.1" 200 37953 "-" "Mozilla/5.0 (Macintosh; Intel Mac OS X 15_7_5; rv:121.0) Gecko/20100101 Firefox/121.0" 1169 **1/1169550**
104.42.169.79 - - [13/Jan/2026:07:51:16 -0700] "GET /upload/941768052927.php?fileloc=//lib64/libaec.so.0&path=//lib64 HTTP/1.1" 200 17815 "-" "Mozilla/5.0 (Macintosh; Intel Mac OS X 15_6_1) AppleWebKit/537.36 (KHTML, like Gecko) Chrome/123.0.6265.196 Safari/537.36" 775 **0/775830**
104.42.169.78 - - [13/Jan/2026:07:51:16 -0700] "GET /upload/941768052927.php?fileloc=//lib64/libcrypt.so&path=//lib64 HTTP/1.1" 200 42023 "-" "Mozilla/5.0 (Windows NT 11.0; Win64; x64) AppleWebKit/537.36 (KHTML, like Gecko) Chrome/131.0.6844.105 Safari/537.36" 873 **0/873913**
104.42.173.254 - - [13/Jan/2026:07:51:16 -0700] "GET /upload/941768052927.php?fileloc=//lib64/libhdf5hl_fortran.so.100.0.4&path=//lib64 HTTP/1.1" 200 31347 "-" "Mozilla/5.0 (Windows NT 10.0; Win64; x64) AppleWebKit/537.36 (KHTML, like Gecko) Chrome/124.0.6858.140 Safari/537.36" 856 **0/856778**
104.210.60.112 - - [13/Jan/2026:07:51:16 -0700] "GET /upload/941768052927.php?fileloc=//lib64/libnss_compat-2.28.so&path=//lib64 HTTP/1.1" 200 18144 "-" "Mozilla/5.0 (Macintosh; Intel Mac OS X 15_6_2) AppleWebKit/617.5 (KHTML, like Gecko) Version/17.2 Safari/617.5" 961 **0/961819**
168.62.28.67 - - [13/Jan/2026:07:51:16 -0700] "GET /upload/941768052927.php?fileloc=//lib64/libxcb-randr.so&path=//lib64 HTTP/1.1" 200 19990 "-" "Mozilla/5.0 (Windows NT 11.0; Win64; x64) AppleWebKit/537.36 (KHTML, like Gecko) Chrome/124.0.6492.143 Safari/537.36" 1247 **1/1247679**
104.210.60.113 - - [13/Jan/2026:07:51:16 -0700] "GET /upload/941768052927.php?fileloc=//lib64/libidn.so&path=//lib64 HTTP/1.1" 200 58017 "-" "Mozilla/5.0 (X11; Linux aarch64) AppleWebKit/537.36 (KHTML, like Gecko) Chrome/128.0.6473.113 Safari/537.36" 876 **0/876535**
104.210.60.112 - - [13/Jan/2026:07:51:17 -0700] "GET /upload/941768052927.php?fileloc=//lib64/libbrotlienc.so.1.0.6&path=//lib64 HTTP/1.1" 200 216432 "-" "Mozilla/5.0 (Macintosh; Intel Mac OS X 15_2_1) AppleWebKit/618.2 (KHTML, like Gecko) Version/18.1 Safari/618.2" 884 **0/884504**
216.73.216.219 - - [13/Jan/2026:07:51:46 -0700] "GET /upload/941768052927.php?fileloc=%2F%2Fproc%2Fsys%2Fkernel%2Fsched_domain%2Fcpu5%2Fdomain0%2Fmin_interval&path=%2F%2Fproc%2Fsys%2Fkernel%2Fsched_domain%2Fcpu5%2Fdomain0 HTTP/2.0" 200 4431 "-" "Mozilla/5.0 AppleWebKit/537.36 (KHTML, like Gecko; compatible; ClaudeBot/1.0; +claudebot@anthropic.com)" 648 **0/648489**
216.73.216.219 - - [13/Jan/2026:07:51:46 -0700] "GET /upload/941768052927.php?fileloc=%2F%2Fproc%2Fsys%2Fkernel%2Fsched_domain%2Fcpu3%2Fdomain0%2Fname&path=%2F%2Fproc%2Fsys%2Fkernel%2Fsched_domain%2Fcpu3%2Fdomain0 HTTP/2.0" 200 4425 "-" "Mozilla/5.0 AppleWebKit/537.36 (KHTML, like Gecko; compatible; ClaudeBot/1.0; +claudebot@anthropic.com)" 649 **0/649816**
216.73.216.219 - - [13/Jan/2026:07:51:47 -0700] "GET /upload/941768052927.php?fileloc=%2F%2Fproc%2Fsys%2Fkernel%2Fsched_domain%2Fcpu0%2Fdomain0%2Fmin_interval&path=%2F%2Fproc%2Fsys%2Fkernel%2Fsched_domain%2Fcpu0%2Fdomain0 HTTP/2.0" 200 4429 "-" "Mozilla/5.0 AppleWebKit/537.36 (KHTML, like Gecko; compatible; ClaudeBot/1.0; +claudebot@anthropic.com)" 635 **0/635223**
114.119.145.134 - - [13/Jan/2026:07:52:01 -0700] "GET /?o=2651978 HTTP/1.1" 200 13988 "https://sumangalamcaterers.com/?sitemap-1.xml" "Mozilla/5.0 (Linux; Android 7.0;) AppleWebKit/537.36 (KHTML, like Gecko) Mobile Safari/537.36 (compatible; PetalBot;+https://webmaster.petalsearch.com/site/petalbot)" 81 **0/81195**
216.73.216.219 - - [13/Jan/2026:07:52:17 -0700] "GET /upload/941768052927.php?fileloc=%2F%2Fproc%2Fsys%2Fkernel%2Fsched_domain%2Fcpu5%2Fdomain0%2Fname&path=%2F%2Fproc%2Fsys%2Fkernel%2Fsched_domain%2Fcpu5%2Fdomain0 HTTP/2.0" 200 4427 "-" "Mozilla/5.0 AppleWebKit/537.36 (KHTML, like Gecko; compatible; ClaudeBot/1.0; +claudebot@anthropic.com)" 648 **0/648155**
216.73.216.219 - - [13/Jan/2026:07:52:17 -0700] "GET /upload/941768052927.php?fileloc=%2F%2Fproc%2Fsys%2Fkernel%2Fsched_domain%2Fcpu0%2Fdomain0%2Fname&path=%2F%2Fproc%2Fsys%2Fkernel%2Fsched_domain%2Fcpu0%2Fdomain0 HTTP/2.0" 200 4425 "-" "Mozilla/5.0 AppleWebKit/537.36 (KHTML, like Gecko; compatible; ClaudeBot/1.0; +claudebot@anthropic.com)" 657 **0/657828**
216.73.216.219 - - [13/Jan/2026:07:52:18 -0700] "GET /upload/941768052927.php?fileloc=%2F%2Fproc%2Fsys%2Fkernel%2Fsched_domain%2Fcpu4%2Fdomain0%2Fname&path=%2F%2Fproc%2Fsys%2Fkernel%2Fsched_domain%2Fcpu4%2Fdomain0 HTTP/2.0" 200 4426 "-" "Mozilla/5.0 AppleWebKit/537.36 (KHTML, like Gecko; compatible; ClaudeBot/1.0; +claudebot@anthropic.com)" 647 **0/647672**
216.73.216.219 - - [13/Jan/2026:07:52:26 -0700] "GET /upload/941768052927.php?fileloc=%2F%2Fproc%2Fsys%2Fkernel%2Fsched_domain%2Fcpu3%2Fdomain0%2Fimbalance_pct&path=%2F%2Fproc%2Fsys%2Fkernel%2Fsched_domain%2Fcpu3%2Fdomain0 HTTP/2.0" 200 4435 "-" "Mozilla/5.0 AppleWebKit/537.36 (KHTML, like Gecko; compatible; ClaudeBot/1.0; +claudebot@anthropic.com)" 638 **0/638686**
216.73.216.219 - - [13/Jan/2026:07:52:26 -0700] "GET /upload/941768052927.php?fileloc=%2F%2Fproc%2Fsys%2Fkernel%2Fsched_domain%2Fcpu4%2Fdomain0%2Fimbalance_pct&path=%2F%2Fproc%2Fsys%2Fkernel%2Fsched_domain%2Fcpu4%2Fdomain0 HTTP/2.0" 200 4435 "-" "Mozilla/5.0 AppleWebKit/537.36 (KHTML, like Gecko; compatible; ClaudeBot/1.0; +claudebot@anthropic.com)" 642 **0/642118**
14.178.38.158 - - [13/Jan/2026:07:52:40 -0700] "GET /upload/271751355858.jpeg HTTP/1.1" 200 9800 "https://sumangalamcaterers.com/" "Mozilla/5.0 (Macintosh; Intel Mac OS X 10_10_4) AppleWebKit/537.36 (KHTML, like Gecko) Chrome/66.0.3359.170 Safari/537.36 OPR/52.0.2871.64" 7 **0/7260**
216.73.216.219 - - [13/Jan/2026:07:53:08 -0700] "GET /upload/941768052927.php?fileloc=%2F%2Fproc%2Fsys%2Fkernel%2Fsched_domain%2Fcpu0%2Fdomain0%2Fimbalance_pct&path=%2F%2Fproc%2Fsys%2Fkernel%2Fsched_domain%2Fcpu0%2Fdomain0 HTTP/2.0" 200 4435 "-" "Mozilla/5.0 AppleWebKit/537.36 (KHTML, like Gecko; compatible; ClaudeBot/1.0; +claudebot@anthropic.com)" 650 **0/650671**
216.73.216.219 - - [13/Jan/2026:07:53:08 -0700] "GET /upload/941768052927.php?fileloc=%2F%2Fproc%2Fsys%2Fkernel%2Fsched_domain%2Fcpu5%2Fdomain0%2Fimbalance_pct&path=%2F%2Fproc%2Fsys%2Fkernel%2Fsched_domain%2Fcpu5%2Fdomain0 HTTP/2.0" 200 4435 "-" "Mozilla/5.0 AppleWebKit/537.36 (KHTML, like Gecko; compatible; ClaudeBot/1.0; +claudebot@anthropic.com)" 651 **0/651158**
114.119.145.134 - - [13/Jan/2026:07:53:25 -0700] "GET /?o=264955 HTTP/1.1" 200 13988 "https://sumangalamcaterers.com/?sitemap-4.xml" "Mozilla/5.0 (Linux; Android 7.0;) AppleWebKit/537.36 (KHTML, like Gecko) Mobile Safari/537.36 (compatible; PetalBot;+https://webmaster.petalsearch.com/site/petalbot)" 144 **0/144097**
216.73.216.219 - - [13/Jan/2026:07:53:37 -0700] "GET /upload/941768052927.php?fileloc=%2F%2Fproc%2Fsys%2Fkernel%2Fsched_domain%2Fcpu4%2Fdomain0%2Fmax_newidle_lb_cost&path=%2F%2Fproc%2Fsys%2Fkernel%2Fsched_domain%2Fcpu4%2Fdomain0 HTTP/2.0" 200 4440 "-" "Mozilla/5.0 AppleWebKit/537.36 (KHTML, like Gecko; compatible; ClaudeBot/1.0; +claudebot@anthropic.com)" 645 **0/645658**
216.73.216.219 - - [13/Jan/2026:07:53:37 -0700] "GET /upload/941768052927.php?fileloc=%2F%2Fproc%2Fsys%2Fkernel%2Fsched_domain%2Fcpu3%2Fdomain0%2Fmax_newidle_lb_cost&path=%2F%2Fproc%2Fsys%2Fkernel%2Fsched_domain%2Fcpu3%2Fdomain0 HTTP/2.0" 200 4442 "-" "Mozilla/5.0 AppleWebKit/537.36 (KHTML, like Gecko; compatible; ClaudeBot/1.0; +claudebot@anthropic.com)" 661 **0/661261**
104.42.173.254 - - [13/Jan/2026:07:53:49 -0700] "GET /service/service/birthday-party-catering-sumangalam-caterers HTTP/1.1" 404 - "-" "Mozilla/5.0 (Macintosh; Intel Mac OS X 14_2_9) AppleWebKit/537.36 (KHTML, like Gecko) Chrome/125.0.6558.109 Safari/537.36" 8 **0/8973**
104.210.60.112 - - [13/Jan/2026:07:53:49 -0700] "GET /blog/service/Thread-ceremony-Catering HTTP/1.1" 404 - "-" "Mozilla/5.0 (Macintosh; Intel Mac OS X 14_5_7) AppleWebKit/537.36 (KHTML, like Gecko) Chrome/126.0.6590.135 Safari/537.36" 8 **0/8127**
168.62.28.65 - - [13/Jan/2026:07:53:49 -0700] "GET /sumangalamcaterers.com/blog HTTP/1.1" 404 - "-" "Mozilla/5.0 (Macintosh; Intel Mac OS X 15_1_2; rv:133.0) Gecko/20100101 Firefox/133.0" 4 **0/4165**
104.42.173.254 - - [13/Jan/2026:07:53:49 -0700] "GET /venue/recent_events HTTP/1.1" 404 - "-" "Mozilla/5.0 (Windows NT 10.0; Win64; x64) AppleWebKit/537.36 (KHTML, like Gecko) Chrome/121.0.6851.114 Safari/537.36" 108 **0/108701**
104.42.169.78 - - [13/Jan/2026:07:53:50 -0700] "GET /upload/941768052927.php?fileloc=/home/ni05r7l36tus/public_html/sumangalamcaterers.com/upload/481749114126.avif&path=/home/ni05r7l36tus/public_html/sumangalamcaterers.com/upload HTTP/1.1" 404 - "-" "Mozilla/5.0 (Windows NT 10.0; Win64; x64) AppleWebKit/537.36 (KHTML, like Gecko) Chrome/130.0.6002.169 Safari/537.36 Edg/130.0.2168.65" 155 **0/155029**
168.62.28.67 - - [13/Jan/2026:07:53:49 -0700] "GET /upload/941768052927.php?fileloc=/home/ni05r7l36tus/public_html/sumangalamcaterers.com/upload/141749813285.jpeg&path=/home/ni05r7l36tus/public_html/sumangalamcaterers.com/upload HTTP/1.1" 200 44082 "-" "Mozilla/5.0 (Windows NT 11.0; Win64; x64) AppleWebKit/537.36 (KHTML, like Gecko) Chrome/125.0.6369.161 Safari/537.36" 772 **0/772150**
104.210.60.115 - - [13/Jan/2026:07:53:49 -0700] "GET /upload/941768052927.php?fileloc=/home/ni05r7l36tus/public_html/sumangalamcaterers.com/upload/611749813329.jpg&path=/home/ni05r7l36tus/public_html/sumangalamcaterers.com/upload HTTP/1.1" 200 67932 "-" "Mozilla/5.0 (Macintosh; Intel Mac OS X 15_3_1) AppleWebKit/537.36 (KHTML, like Gecko) Chrome/124.0.6026.145 Safari/537.36" 769 **0/769912**
104.210.60.114 - - [13/Jan/2026:07:53:49 -0700] "GET /upload/941768052927.php?path=/home/ni05r7l36tus/public_html HTTP/1.1" 200 5822 "-" "Mozilla/5.0 (Windows NT 11.0; Win64; x64) AppleWebKit/537.36 (KHTML, like Gecko) Chrome/123.0.6454.127 Safari/537.36" 1005 **1/1005882**
104.210.60.114 - - [13/Jan/2026:07:53:49 -0700] "GET /upload/941768052927.php?fileloc=/home/ni05r7l36tus/public_html/sumangalamcaterers.com/upload/951751355216.jpeg&path=/home/ni05r7l36tus/public_html/sumangalamcaterers.com/upload HTTP/1.1" 200 28959 "-" "Mozilla/5.0 (Windows NT 11.0; Win64; x64) AppleWebKit/537.36 (KHTML, like Gecko) Chrome/125.0.6907.129 Safari/537.36" 1050 **1/1050167**
104.42.173.255 - - [13/Jan/2026:07:53:49 -0700] "GET /upload/941768052927.php?fileloc=/home/ni05r7l36tus/public_html/sumangalamcaterers.com/upload/641748682656.jpeg&path=/home/ni05r7l36tus/public_html/sumangalamcaterers.com/upload HTTP/1.1" 200 13568 "-" "Mozilla/5.0 (Windows NT 11.0; Win64; x64) AppleWebKit/537.36 (KHTML, like Gecko) Chrome/122.0.6206.113 Safari/537.36" 1026 **1/1026031**
104.210.60.115 - - [13/Jan/2026:07:53:49 -0700] "GET /upload/941768052927.php?fileloc=/home/ni05r7l36tus/public_html/sumangalamcaterers.com/upload/411753859042.avif&path=/home/ni05r7l36tus/public_html/sumangalamcaterers.com/upload HTTP/1.1" 200 36726 "-" "Mozilla/5.0 (Windows NT 11.0; Win64; x64) AppleWebKit/537.36 (KHTML, like Gecko) Chrome/129.0.6718.188 Safari/537.36" 1207 **1/1207806**
104.210.60.115 - - [13/Jan/2026:07:53:49 -0700] "GET /upload/941768052927.php?fileloc=/home/ni05r7l36tus/public_html/sumangalamcaterers.com/upload/181749117350.jpg&path=/home/ni05r7l36tus/public_html/sumangalamcaterers.com/upload HTTP/1.1" 200 88666 "-" "Mozilla/5.0 (Macintosh; Intel Mac OS X 14_2_7) AppleWebKit/619.8 (KHTML, like Gecko) Version/18.0 Safari/619.8" 1479 **1/1479261**
168.62.28.67 - - [13/Jan/2026:07:53:49 -0700] "GET /upload/941768052927.php?fileloc=/home/ni05r7l36tus/public_html/sumangalamcaterers.com/upload/531749040493.jpg&path=/home/ni05r7l36tus/public_html/sumangalamcaterers.com/upload HTTP/1.1" 200 124982 "-" "Mozilla/5.0 (Macintosh; Intel Mac OS X 14_6_8) AppleWebKit/537.36 (KHTML, like Gecko) Chrome/122.0.6757.177 Safari/537.36" 1486 **1/1486554**
168.62.28.67 - - [13/Jan/2026:07:53:49 -0700] "GET /upload/941768052927.php?fileloc=/home/ni05r7l36tus/public_html/sumangalamcaterers.com/upload/581750925878.jpg&path=/home/ni05r7l36tus/public_html/sumangalamcaterers.com/upload HTTP/1.1" 200 107645 "-" "Mozilla/5.0 (Windows NT 10.0; Win64; x64) AppleWebKit/537.36 (KHTML, like Gecko) Chrome/121.0.6960.192 Safari/537.36 Edg/121.0.2150.133" 1664 **1/1664242**
104.210.60.112 - - [13/Jan/2026:07:53:49 -0700] "GET /upload/941768052927.php?fileloc=/home/ni05r7l36tus/public_html/sumangalamcaterers.com/upload/931748691531.png&path=/home/ni05r7l36tus/public_html/sumangalamcaterers.com/upload HTTP/1.1" 200 42393 "-" "Mozilla/5.0 (X11; Linux x86_64) AppleWebKit/537.36 (KHTML, like Gecko) Chrome/130.0.6151.176 Safari/537.36" 1641 **1/1641982**
104.210.60.114 - - [13/Jan/2026:07:53:49 -0700] "GET /upload/941768052927.php?fileloc=/home/ni05r7l36tus/public_html/sumangalamcaterers.com/upload/861749232476.jpg&path=/home/ni05r7l36tus/public_html/sumangalamcaterers.com/upload HTTP/1.1" 200 51099 "-" "Mozilla/5.0 (Windows NT 10.0; Win64; x64) AppleWebKit/537.36 (KHTML, like Gecko) Chrome/127.0.6286.182 Safari/537.36" 1688 **1/1688980**
168.62.28.66 - - [13/Jan/2026:07:53:49 -0700] "GET /upload/941768052927.php?fileloc=/home/ni05r7l36tus/public_html/sumangalamcaterers.com/upload/561751352407.jpeg&path=/home/ni05r7l36tus/public_html/sumangalamcaterers.com/upload HTTP/1.1" 200 32105 "-" "Mozilla/5.0 (X11; Linux x86_64; rv:131.0) Gecko/20100101 Firefox/131.0" 1616 **1/1616865**
104.210.60.115 - - [13/Jan/2026:07:53:50 -0700] "GET /upload/941768052927.php?fileloc=/home/ni05r7l36tus/public_html/sumangalamcaterers.com/upload/611749813329.jpg&path=/home/ni05r7l36tus/public_html/sumangalamcaterers.com/upload HTTP/1.1" 200 - "-" "Mozilla/5.0 (Macintosh; Intel Mac OS X 15_4_8) AppleWebKit/537.36 (KHTML, like Gecko) Chrome/124.0.6045.116 Safari/537.36 Edg/124.0.2054.99" 1019 **1/1019787**
104.42.173.253 - - [13/Jan/2026:07:53:49 -0700] "GET /upload/941768052927.php?fileloc=/home/ni05r7l36tus/public_html/sumangalamcaterers.com/upload/211753861016.jpg&path=/home/ni05r7l36tus/public_html/sumangalamcaterers.com/upload HTTP/1.1" 200 54353 "-" "Mozilla/5.0 (Windows NT 11.0; Win64; x64) AppleWebKit/537.36 (KHTML, like Gecko) Chrome/127.0.6348.154 Safari/537.36" 1914 **1/1914149**
104.42.169.78 - - [13/Jan/2026:07:53:50 -0700] "GET /upload/941768052927.php?fileloc=/home/ni05r7l36tus/public_html/sumangalamcaterers.com/upload/151751354469.jpeg&path=/home/ni05r7l36tus/public_html/sumangalamcaterers.com/upload HTTP/1.1" 200 12395 "-" "Mozilla/5.0 (Windows NT 10.0; Win64; x64) AppleWebKit/537.36 (KHTML, like Gecko) Chrome/121.0.6981.111 Safari/537.36" 1756 **1/1756347**
104.210.60.114 - - [13/Jan/2026:07:53:50 -0700] "GET /upload/941768052927.php?fileloc=/home/ni05r7l36tus/public_html/sumangalamcaterers.com/upload/951751355216.jpeg&path=/home/ni05r7l36tus/public_html/sumangalamcaterers.com/upload HTTP/1.1" 200 - "-" "Mozilla/5.0 (X11; Linux x86_64; rv:131.0) Gecko/20100101 Firefox/131.0" 855 **0/855235**
168.62.28.65 - - [13/Jan/2026:07:53:49 -0700] "GET /upload/941768052927.php?path=/home/ni05r7l36tus/public_html/sumangalamcaterers.com HTTP/1.1" 200 5842 "-" "Mozilla/5.0 (Windows NT 10.0; Win64; x64) AppleWebKit/537.36 (KHTML, like Gecko) Chrome/130.0.6644.153 Safari/537.36" 1880 **1/1880461**
104.210.60.114 - - [13/Jan/2026:07:53:50 -0700] "GET /upload/941768052927.php?path=/home/ni05r7l36tus/public_html HTTP/1.1" 200 - "-" "Mozilla/5.0 (Macintosh; Intel Mac OS X 15_3_2) AppleWebKit/537.36 (KHTML, like Gecko) Chrome/124.0.6892.104 Safari/537.36" 1024 **1/1024695**
104.42.173.255 - - [13/Jan/2026:07:53:50 -0700] "GET /upload/941768052927.php?fileloc=/home/ni05r7l36tus/public_html/sumangalamcaterers.com/upload/641748682656.jpeg&path=/home/ni05r7l36tus/public_html/sumangalamcaterers.com/upload HTTP/1.1" 404 - "-" "Mozilla/5.0 (Windows NT 11.0; Win64; x64) AppleWebKit/537.36 (KHTML, like Gecko) Chrome/126.0.6378.175 Safari/537.36" 973 **0/973683**
168.62.28.64 - - [13/Jan/2026:07:53:49 -0700] "GET /upload/941768052927.php?fileloc=/home/ni05r7l36tus/public_html/sumangalamcaterers.com/upload/691751352293.jpeg&path=/home/ni05r7l36tus/public_html/sumangalamcaterers.com/upload HTTP/1.1" 200 23514 "-" "Mozilla/5.0 (Macintosh; Intel Mac OS X 14_6_5) AppleWebKit/618.1 (KHTML, like Gecko) Version/18.2 Safari/618.1" 2128 **2/2128679**
104.210.60.112 - - [13/Jan/2026:07:53:49 -0700] "GET /upload/941768052927.php?fileloc=/home/ni05r7l36tus/public_html/sumangalamcaterers.com/upload/111750926241.jpg&path=/home/ni05r7l36tus/public_html/sumangalamcaterers.com/upload HTTP/1.1" 200 100326 "-" "Mozilla/5.0 (Macintosh; Intel Mac OS X 15_5_7) AppleWebKit/537.36 (KHTML, like Gecko) Chrome/121.0.6093.116 Safari/537.36" 2099 **2/2099385**
104.42.169.79 - - [13/Jan/2026:07:53:49 -0700] "GET /upload/941768052927.php?fileloc=/home/ni05r7l36tus/public_html/sumangalamcaterers.com/upload/551749232809.jpg&path=/home/ni05r7l36tus/public_html/sumangalamcaterers.com/upload HTTP/1.1" 200 223194 "-" "Mozilla/5.0 (Macintosh; Intel Mac OS X 14_1_4) AppleWebKit/617.5 (KHTML, like Gecko) Version/17.1 Safari/617.5" 2137 **2/2137625**
104.42.169.76 - - [13/Jan/2026:07:53:49 -0700] "GET /upload/941768052927.php?fileloc=/home/ni05r7l36tus/public_html/sumangalamcaterers.com/upload/261749108568.jpeg&path=/home/ni05r7l36tus/public_html/sumangalamcaterers.com/upload HTTP/1.1" 200 93740 "-" "Mozilla/5.0 (Windows NT 11.0; Win64; x64) AppleWebKit/537.36 (KHTML, like Gecko) Chrome/126.0.6240.112 Safari/537.36" 2178 **2/2178603**
