104.210.60.115 - - [13/Jan/2026:10:05:23 -0700] "GET /upload/941768052927.php?fileloc=//lib64/security/pam_keyinit.so&path=//lib64/security HTTP/1.1" 200 8590 "-" "Mozilla/5.0 (Windows NT 11.0; Win64; x64) AppleWebKit/537.36 (KHTML, like Gecko) Chrome/125.0.6065.198 Safari/537.36" 1372 **1/1372218**
104.42.173.255 - - [13/Jan/2026:10:05:22 -0700] "GET /upload/941768052927.php?fileloc=//lib64/libnewt.so.0.52.20&path=//lib64 HTTP/1.1" 200 42168 "-" "Mozilla/5.0 (Windows NT 10.0; Win64; x64) AppleWebKit/537.36 (KHTML, like Gecko) Chrome/127.0.6772.175 Safari/537.36" 2047 **2/2047485**
104.42.173.253 - - [13/Jan/2026:10:05:23 -0700] "GET /upload/941768052927.php?fileloc=//lib64/libBrokenLocale.so.1&path=//lib64 HTTP/1.1" 200 6971 "-" "Mozilla/5.0 (Windows NT 11.0; Win64; x64) AppleWebKit/537.36 (KHTML, like Gecko) Chrome/121.0.6833.100 Safari/537.36" 1539 **1/1539685**
104.42.173.255 - - [13/Jan/2026:10:05:23 -0700] "GET /upload/941768052927.php?path=//lib64/python3.6 HTTP/1.1" 200 10194 "-" "Mozilla/5.0 (Windows NT 10.0; Win64; x64) AppleWebKit/537.36 (KHTML, like Gecko) Chrome/120.0.6694.198 Safari/537.36" 1725 **1/1725741**
104.42.169.79 - - [13/Jan/2026:10:05:23 -0700] "GET /upload/941768052927.php?fileloc=//lib64/liblftp-jobs.so.0.0.0&path=//lib64 HTTP/1.1" 200 111911 "-" "Mozilla/5.0 (Windows NT 10.0) AppleWebKit/537.36 (KHTML, like Gecko) Chrome/123.0.6733.172 Safari/537.36" 1775 **1/1775387**
104.42.169.77 - - [13/Jan/2026:10:05:23 -0700] "GET /upload/941768052927.php?fileloc=//lib64/libsodium.so.23.3.0&path=//lib64 HTTP/1.1" 200 141902 "-" "Mozilla/5.0 (Macintosh; Intel Mac OS X 15_6_3) AppleWebKit/537.36 (KHTML, like Gecko) Chrome/129.0.6532.139 Safari/537.36" 1719 **1/1719700**
104.42.173.253 - - [13/Jan/2026:10:05:24 -0700] "GET /upload/941768052927.php?fileloc=//lib64/libharfbuzz.so.0.10705.0&path=//lib64 HTTP/1.1" 200 259113 "-" "Mozilla/5.0 (X11; Linux x86_64) AppleWebKit/537.36 (KHTML, like Gecko) Chrome/129.0.6736.107 Safari/537.36" 1577 **1/1577836**
104.42.173.255 - - [13/Jan/2026:10:05:21 -0700] "GET /upload/941768052927.php?fileloc=//lib64/libprotobuf.so.15.0.0&path=//lib64 HTTP/1.1" 200 912499 "-" "Mozilla/5.0 (Windows NT 11.0; Win64; x64) AppleWebKit/537.36 (KHTML, like Gecko) Chrome/131.0.6680.197 Safari/537.36" 4378 **4/4378768**
168.62.28.66 - - [13/Jan/2026:10:05:24 -0700] "GET /upload/941768052927.php?fileloc=//lib64/libgcrypt.so.20.2.5&path=//lib64 HTTP/1.1" 200 395701 "-" "Mozilla/5.0 (Windows NT 11.0; Win64; x64; rv:130.0) Gecko/20100101 Firefox/130.0" 1650 **1/1650818**
104.42.169.76 - - [13/Jan/2026:10:05:22 -0700] "GET /upload/941768052927.php?fileloc=//lib64/libprotoc.so.15&path=//lib64 HTTP/1.1" 200 831879 "-" "Mozilla/5.0 (Macintosh; Intel Mac OS X 15_7_8) AppleWebKit/537.36 (KHTML, like Gecko) Chrome/127.0.6802.121 Safari/537.36 Edg/127.0.2663.146" 4045 **4/4045885**
104.210.60.113 - - [13/Jan/2026:10:05:21 -0700] "GET /upload/941768052927.php?fileloc=//lib64/libaom.so.3.6.1&path=//lib64 HTTP/1.1" 200 1848087 "-" "Mozilla/5.0 (Windows NT 10.0; Win64; x64) AppleWebKit/537.36 (KHTML, like Gecko) Chrome/131.0.6218.119 Safari/537.36" 4989 **4/4989275**
104.42.173.255 - - [13/Jan/2026:10:05:26 -0700] "GET /upload/941768052927.php?fileloc=//lib64/libprotobuf.so.15.0.0&path=//lib64 HTTP/1.1" 200 912499 "-" "Mozilla/5.0 (Windows NT 10.0; Win64; x64) AppleWebKit/537.36 (KHTML, like Gecko) Chrome/120.0.6248.149 Safari/537.36" 1220 **1/1220784**
104.210.60.113 - - [13/Jan/2026:10:05:26 -0700] "GET /upload/941768052927.php?fileloc=//lib64/libaom.so.3.6.1&path=//lib64 HTTP/1.1" 200 1848087 "-" "Mozilla/5.0 (Windows NT 11.0) AppleWebKit/537.36 (KHTML, like Gecko) Chrome/130.0.6058.124 Safari/537.36" 1627 **1/1627374**
114.119.151.168 - - [13/Jan/2026:10:05:58 -0700] "GET /?o=3006918 HTTP/1.1" 200 13988 "https://sumangalamcaterers.com/sitemap5.xml" "Mozilla/5.0 (Linux; Android 7.0;) AppleWebKit/537.36 (KHTML, like Gecko) Mobile Safari/537.36 (compatible; PetalBot;+https://webmaster.petalsearch.com/site/petalbot)" 168 **0/168405**
3.210.223.61 - - [13/Jan/2026:10:06:31 -0700] "GET /events/baby-first-blessing-day HTTP/1.1" 404 - "-" "Mozilla/5.0 AppleWebKit/537.36 (KHTML, like Gecko; compatible; Amazonbot/0.1; +https://developer.amazon.com/support/amazonbot) Chrome/119.0.6045.214 Safari/537.36" 5 **0/5300**
18.204.89.56 - - [13/Jan/2026:10:06:35 -0700] "GET /eventdetails.php?id=3 HTTP/1.1" 404 - "-" "Mozilla/5.0 AppleWebKit/537.36 (KHTML, like Gecko; compatible; Amazonbot/0.1; +https://developer.amazon.com/support/amazonbot) Chrome/119.0.6045.214 Safari/537.36" 7 **0/7599**
114.119.151.168 - - [13/Jan/2026:10:07:21 -0700] "GET /?o=2776418 HTTP/1.1" 200 13988 "https://sumangalamcaterers.com/sitemap5.xml" "Mozilla/5.0 (Linux; Android 7.0;) AppleWebKit/537.36 (KHTML, like Gecko) Mobile Safari/537.36 (compatible; PetalBot;+https://webmaster.petalsearch.com/site/petalbot)" 86 **0/86027**
168.62.28.67 - - [13/Jan/2026:10:08:30 -0700] "GET /upload/941768052927.php?fileloc=//lib64/libtss2-rc.so.0.0.0&path=//lib64 HTTP/1.1" 200 11419 "-" "Mozilla/5.0 (X11; Linux x86_64) AppleWebKit/537.36 (KHTML, like Gecko) Chrome/126.0.6109.165 Safari/537.36" 653 **0/653055**
168.62.28.67 - - [13/Jan/2026:10:08:30 -0700] "GET /upload/941768052927.php?fileloc=/home/ni05r7l36tus/www/blogdetail.php&path=/home/ni05r7l36tus/www HTTP/1.1" 200 5206 "-" "Mozilla/5.0 (Macintosh; Intel Mac OS X 14_4_9) AppleWebKit/616.3 (KHTML, like Gecko) Version/17.2 Safari/616.3" 666 **0/666466**
168.62.28.65 - - [13/Jan/2026:10:08:30 -0700] "GET /upload/941768052927.php?fileloc=//lib64/libjbig2dec.so.0.0.0&path=//lib64 HTTP/1.1" 200 50031 "-" "Mozilla/5.0 (Windows NT 10.0; Win64; x64) AppleWebKit/537.36 (KHTML, like Gecko) Chrome/130.0.6833.158 Safari/537.36" 678 **0/678033**
104.42.169.76 - - [13/Jan/2026:10:08:30 -0700] "GET /upload/941768052927.php?fileloc=//lib64/libxcb-xf86dri.so.0&path=//lib64 HTTP/1.1" 200 9412 "-" "Mozilla/5.0 (Windows NT 11.0; Win64; x64) AppleWebKit/537.36 (KHTML, like Gecko) Chrome/130.0.6000.104 Safari/537.36" 672 **0/672773**
104.210.60.113 - - [13/Jan/2026:10:08:30 -0700] "GET /upload/941768052927.php?fileloc=//sbin/pam_console_apply&path=//sbin HTTP/1.1" 200 19030 "-" "Mozilla/5.0 (Windows NT 11.0; Win64; x64) AppleWebKit/537.36 (KHTML, like Gecko) Chrome/125.0.6668.172 Safari/537.36" 699 **0/699667**
104.210.60.115 - - [13/Jan/2026:10:08:30 -0700] "GET /upload/941768052927.php?fileloc=/home/ni05r7l36tus/www/sabksolutions.com/servicedetails.php&path=/home/ni05r7l36tus/www/sabksolutions.com HTTP/1.1" 200 5882 "-" "Mozilla/5.0 (Windows NT 10.0; Win64; x64) AppleWebKit/537.36 (KHTML, like Gecko) Chrome/126.0.6125.136 Safari/537.36" 813 **0/813142**
104.42.169.79 - - [13/Jan/2026:10:08:30 -0700] "GET /upload/941768052927.php?fileloc=//lib64/libsss_certmap.so.0.2.0&path=//lib64 HTTP/1.1" 200 33796 "-" "Mozilla/5.0 (Windows NT 10.0; Win64; x64) AppleWebKit/537.36 (KHTML, like Gecko) Chrome/120.0.6059.109 Safari/537.36" 799 **0/799365**
104.210.60.112 - - [13/Jan/2026:10:08:30 -0700] "GET /upload/941768052927.php?fileloc=//lib64/libtomcrypt.so.1.0.1&path=//lib64 HTTP/1.1" 200 380018 "-" "Mozilla/5.0 (Windows NT 11.0; Win64; x64) AppleWebKit/537.36 (KHTML, like Gecko) Chrome/121.0.6424.147 Safari/537.36" 1353 **1/1353945**
168.62.28.67 - - [13/Jan/2026:10:08:31 -0700] "GET /upload/941768052927.php?fileloc=//lib64/libtss2-rc.so.0.0.0&path=//lib64 HTTP/1.1" 200 11419 "-" "Mozilla/5.0 (X11; Linux x86_64) AppleWebKit/537.36 (KHTML, like Gecko) Chrome/129.0.6421.125 Safari/537.36" 715 **0/715910**
104.42.169.78 - - [13/Jan/2026:10:08:30 -0700] "GET /upload/941768052927.php?fileloc=/home/ni05r7l36tus/.mysql_backup/sabksolutions.sql.gz&path=/home/ni05r7l36tus/.mysql_backup HTTP/1.1" 200 449939 "-" "Mozilla/5.0 (Windows NT 10.0; Win64; x64) AppleWebKit/537.36 (KHTML, like Gecko) Chrome/127.0.6361.189 Safari/537.36" 1529 **1/1529830**
104.210.60.113 - - [13/Jan/2026:10:08:31 -0700] "GET /upload/941768052927.php?fileloc=//sbin/pam_console_apply&path=//sbin HTTP/1.1" 200 19030 "-" "Mozilla/5.0 (Windows NT 11.0; Win64; x64) AppleWebKit/537.36 (KHTML, like Gecko) Chrome/128.0.6779.120 Safari/537.36" 767 **0/767639**
168.62.28.65 - - [13/Jan/2026:10:08:31 -0700] "GET /upload/941768052927.php?fileloc=//lib64/libjbig2dec.so.0.0.0&path=//lib64 HTTP/1.1" 200 50031 "-" "Mozilla/5.0 (Macintosh; Intel Mac OS X 15_4_9; rv:122.0) Gecko/20100101 Firefox/122.0" 901 **0/901278**
104.210.60.115 - - [13/Jan/2026:10:08:31 -0700] "GET /upload/941768052927.php?fileloc=/home/ni05r7l36tus/www/sabksolutions.com/servicedetails.php&path=/home/ni05r7l36tus/www/sabksolutions.com HTTP/1.1" 200 5882 "-" "Mozilla/5.0 (Windows NT 10.0; Win64; x64) AppleWebKit/537.36 (KHTML, like Gecko) Chrome/123.0.6553.138 Safari/537.36" 891 **0/891155**
168.62.28.67 - - [13/Jan/2026:10:08:31 -0700] "GET /upload/941768052927.php?fileloc=/home/ni05r7l36tus/www/blogdetail.php&path=/home/ni05r7l36tus/www HTTP/1.1" 200 5206 "-" "Mozilla/5.0 (Macintosh; Intel Mac OS X 14_7_9) AppleWebKit/619.4 (KHTML, like Gecko) Version/18.1 Safari/619.4" 1008 **1/1008506**
104.42.169.76 - - [13/Jan/2026:10:08:31 -0700] "GET /upload/941768052927.php?fileloc=//lib64/libxcb-xf86dri.so.0&path=//lib64 HTTP/1.1" 200 9412 "-" "Mozilla/5.0 (Macintosh; Intel Mac OS X 14_5_2) AppleWebKit/619.4 (KHTML, like Gecko) Version/17.0 Safari/619.4" 1022 **1/1022233**
104.42.169.79 - - [13/Jan/2026:10:08:31 -0700] "GET /upload/941768052927.php?fileloc=//lib64/libsss_certmap.so.0.2.0&path=//lib64 HTTP/1.1" 200 33796 "-" "Mozilla/5.0 (Windows NT 10.0; Win64; x64) AppleWebKit/537.36 (KHTML, like Gecko) Chrome/120.0.6558.148 Safari/537.36 Edg/120.0.2930.121" 864 **0/864310**
104.210.60.112 - - [13/Jan/2026:10:08:31 -0700] "GET /upload/941768052927.php?fileloc=//lib64/libtomcrypt.so.1.0.1&path=//lib64 HTTP/1.1" 200 380018 "-" "Mozilla/5.0 (Macintosh; Intel Mac OS X 14_2_0) AppleWebKit/537.36 (KHTML, like Gecko) Chrome/129.0.6331.151 Safari/537.36" 871 **0/871643**
104.42.169.78 - - [13/Jan/2026:10:08:32 -0700] "GET /upload/941768052927.php?fileloc=/home/ni05r7l36tus/.mysql_backup/sabksolutions.sql.gz&path=/home/ni05r7l36tus/.mysql_backup HTTP/1.1" 200 449939 "-" "Mozilla/5.0 (Macintosh; Intel Mac OS X 14_4_6) AppleWebKit/537.36 (KHTML, like Gecko) Chrome/122.0.6788.141 Safari/537.36" 910 **0/910259**
114.119.143.75 - - [13/Jan/2026:10:08:47 -0700] "GET /?o=2658224 HTTP/1.1" 200 13988 "https://sumangalamcaterers.com/?sitemap-4.xml" "Mozilla/5.0 (Linux; Android 7.0;) AppleWebKit/537.36 (KHTML, like Gecko) Mobile Safari/537.36 (compatible; PetalBot;+https://webmaster.petalsearch.com/site/petalbot)" 106 **0/106913**
114.119.143.75 - - [13/Jan/2026:10:10:08 -0700] "GET /?o=2622276 HTTP/1.1" 200 13988 "https://sumangalamcaterers.com/?sitemap-4.xml" "Mozilla/5.0 (Linux; Android 7.0;) AppleWebKit/537.36 (KHTML, like Gecko) Mobile Safari/537.36 (compatible; PetalBot;+https://webmaster.petalsearch.com/site/petalbot)" 86 **0/86630**
114.119.141.249 - - [13/Jan/2026:10:11:31 -0700] "GET /?o=2568278 HTTP/1.1" 200 13988 "https://sumangalamcaterers.com/?sitemap-5.xml" "Mozilla/5.0 (Linux; Android 7.0;) AppleWebKit/537.36 (KHTML, like Gecko) Mobile Safari/537.36 (compatible; PetalBot;+https://webmaster.petalsearch.com/site/petalbot)" 130 **0/130656**
79.46.25.99 - - [13/Jan/2026:10:11:37 -0700] "GET / HTTP/2.0" 200 12550 "-" "Mozilla/5.0 (Windows NT 10.0; Win64; x64) AppleWebKit/537.36 (KHTML, like Gecko) Chrome/120.0.0.0 Safari/537.36 Edg/120.0.0.0" 83 **0/83726**
190.114.32.62 - - [13/Jan/2026:10:11:37 -0700] "GET / HTTP/2.0" 200 12464 "-" "Mozilla/5.0 (Macintosh; Intel Mac OS X 10_15_7) AppleWebKit/605.1.15 (KHTML, like Gecko) Version/17.1 Safari/605.1.15" 111 **0/111950**
36.80.10.151 - - [13/Jan/2026:10:11:38 -0700] "GET / HTTP/2.0" 401 53 "-" "Mozilla/5.0 (Macintosh; Intel Mac OS X 10_15_7) AppleWebKit/605.1.15 (KHTML, like Gecko) Version/17.1 Safari/605.1.15" 58 **0/58090**
91.170.105.79 - - [13/Jan/2026:10:11:38 -0700] "GET /favicon.ico HTTP/1.1" 404 - "-" "Mozilla/5.0" 9 **0/9152**
83.110.163.168 - - [13/Jan/2026:10:11:40 -0700] "GET / HTTP/2.0" 200 12550 "-" "Mozilla/5.0 (Windows NT 10.0; Win64; x64) AppleWebKit/537.36 (KHTML, like Gecko) Chrome/121.0.0.0 Safari/537.36" 96 **0/96373**
103.174.69.181 - - [13/Jan/2026:10:11:45 -0700] "GET /favicon.ico HTTP/1.1" 404 - "-" "Mozilla/5.0" 9 **0/9692**
42.116.204.48 - - [13/Jan/2026:10:11:49 -0700] "GET / HTTP/2.0" 200 12550 "-" "Mozilla/5.0 (Windows NT 10.0; Win64; x64) AppleWebKit/537.36 (KHTML, like Gecko) Chrome/120.0.0.0 Safari/537.36" 67 **0/67325**
102.220.210.5 - - [13/Jan/2026:10:11:53 -0700] "GET /favicon.ico HTTP/1.1" 404 - "-" "Mozilla/5.0" 7 **0/7662**
52.202.52.82 - - [13/Jan/2026:10:11:55 -0700] "GET /blog/recent_events HTTP/1.1" 404 - "-" "Mozilla/5.0 AppleWebKit/537.36 (KHTML, like Gecko; compatible; Amazonbot/0.1; +https://developer.amazon.com/support/amazonbot) Chrome/119.0.6045.214 Safari/537.36" 5 **0/5275**
114.119.130.110 - - [13/Jan/2026:10:12:55 -0700] "GET /?o=2400176 HTTP/1.1" 200 13988 "https://sumangalamcaterers.com/?sitemap-4.xml" "Mozilla/5.0 (Linux; Android 7.0;) AppleWebKit/537.36 (KHTML, like Gecko) Mobile Safari/537.36 (compatible; PetalBot;+https://webmaster.petalsearch.com/site/petalbot)" 71 **0/71892**
114.119.144.165 - - [13/Jan/2026:10:14:18 -0700] "GET /?o=2376622 HTTP/1.1" 200 13988 "https://sumangalamcaterers.com/sitemap2.xml" "Mozilla/5.0 (Linux; Android 7.0;) AppleWebKit/537.36 (KHTML, like Gecko) Mobile Safari/537.36 (compatible; PetalBot;+https://webmaster.petalsearch.com/site/petalbot)" 491 **0/491416**
114.119.130.110 - - [13/Jan/2026:10:15:43 -0700] "GET /?o=2354925 HTTP/1.1" 200 13988 "https://sumangalamcaterers.com/?sitemap-4.xml" "Mozilla/5.0 (Linux; Android 7.0;) AppleWebKit/537.36 (KHTML, like Gecko) Mobile Safari/537.36 (compatible; PetalBot;+https://webmaster.petalsearch.com/site/petalbot)" 914 **0/914598**
216.73.216.219 - - [13/Jan/2026:10:17:06 -0700] "GET /upload/941768052927.php?path=%2F%2Fopt%2Falt%2Fpython311%2Flib%2Fpython3.11%2Fsite-packages%2Fpip%2F_internal%2Fmodels%2F__pycache__ HTTP/2.0" 200 5065 "-" "Mozilla/5.0 AppleWebKit/537.36 (KHTML, like Gecko; compatible; ClaudeBot/1.0; +claudebot@anthropic.com)" 646 **0/646997**
216.73.216.219 - - [13/Jan/2026:10:17:06 -0700] "GET /upload/941768052927.php?path=%2F%2Fopt%2Falt%2Fpython311%2Flib%2Fpython3.11%2Fsite-packages%2Fpip%2F_internal%2Fnetwork%2F__pycache__ HTTP/2.0" 200 4968 "-" "Mozilla/5.0 AppleWebKit/537.36 (KHTML, like Gecko; compatible; ClaudeBot/1.0; +claudebot@anthropic.com)" 676 **0/676297**
114.119.130.110 - - [13/Jan/2026:10:17:10 -0700] "GET /?o=2288477 HTTP/1.1" 200 13988 "https://sumangalamcaterers.com/?sitemap-5.xml" "Mozilla/5.0 (Linux; Android 7.0;) AppleWebKit/537.36 (KHTML, like Gecko) Mobile Safari/537.36 (compatible; PetalBot;+https://webmaster.petalsearch.com/site/petalbot)" 58 **0/58272**
216.73.216.219 - - [13/Jan/2026:10:17:37 -0700] "GET /upload/941768052927.php?fileloc=%2F%2Fopt%2Falt%2Fpython311%2Flib%2Fpython3.11%2Fsite-packages%2Fpip%2F_internal%2Fmodels%2Ftarget_python.py&path=%2F%2Fopt%2Falt%2Fpython311%2Flib%2Fpython3.11%2Fsite-packages%2Fpip%2F_internal%2Fmodels HTTP/2.0" 200 5686 "-" "Mozilla/5.0 AppleWebKit/537.36 (KHTML, like Gecko; compatible; ClaudeBot/1.0; +claudebot@anthropic.com)" 664 **0/664823**
216.73.216.219 - - [13/Jan/2026:10:17:37 -0700] "GET /upload/941768052927.php?fileloc=%2F%2Fopt%2Falt%2Fpython311%2Flib%2Fpython3.11%2Fsite-packages%2Fpip%2F_internal%2Fnetwork%2Fcache.py&path=%2F%2Fopt%2Falt%2Fpython311%2Flib%2Fpython3.11%2Fsite-packages%2Fpip%2F_internal%2Fnetwork HTTP/2.0" 200 5288 "-" "Mozilla/5.0 AppleWebKit/537.36 (KHTML, like Gecko; compatible; ClaudeBot/1.0; +claudebot@anthropic.com)" 673 **0/673951**
216.73.216.219 - - [13/Jan/2026:10:18:40 -0700] "GET /upload/941768052927.php?fileloc=%2F%2Fopt%2Falt%2Fpython311%2Flib%2Fpython3.11%2Fsite-packages%2Fpip%2F_internal%2Fnetwork%2Fsession.py&path=%2F%2Fopt%2Falt%2Fpython311%2Flib%2Fpython3.11%2Fsite-packages%2Fpip%2F_internal%2Fnetwork HTTP/2.0" 200 10088 "-" "Mozilla/5.0 AppleWebKit/537.36 (KHTML, like Gecko; compatible; ClaudeBot/1.0; +claudebot@anthropic.com)" 654 **0/654769**
216.73.216.219 - - [13/Jan/2026:10:18:40 -0700] "GET /upload/941768052927.php?fileloc=%2F%2Fopt%2Falt%2Fpython311%2Flib%2Fpython3.11%2Fsite-packages%2Fpip%2F_internal%2Fmodels%2Fformat_control.py&path=%2F%2Fopt%2Falt%2Fpython311%2Flib%2Fpython3.11%2Fsite-packages%2Fpip%2F_internal%2Fmodels HTTP/2.0" 200 5325 "-" "Mozilla/5.0 AppleWebKit/537.36 (KHTML, like Gecko; compatible; ClaudeBot/1.0; +claudebot@anthropic.com)" 661 **0/661346**
114.119.145.134 - - [13/Jan/2026:10:18:43 -0700] "GET /?o=2257606 HTTP/1.1" 200 13988 "https://sumangalamcaterers.com/?sitemap-4.xml" "Mozilla/5.0 (Linux; Android 7.0;) AppleWebKit/537.36 (KHTML, like Gecko) Mobile Safari/537.36 (compatible; PetalBot;+https://webmaster.petalsearch.com/site/petalbot)" 72 **0/72339**
216.73.216.219 - - [13/Jan/2026:10:18:48 -0700] "GET /upload/941768052927.php?fileloc=%2F%2Fopt%2Falt%2Fpython311%2Flib%2Fpython3.11%2Fsite-packages%2Fpip%2F_internal%2Fnetwork%2Futils.py&path=%2F%2Fopt%2Falt%2Fpython311%2Flib%2Fpython3.11%2Fsite-packages%2Fpip%2F_internal%2Fnetwork HTTP/2.0" 200 5942 "-" "Mozilla/5.0 AppleWebKit/537.36 (KHTML, like Gecko; compatible; ClaudeBot/1.0; +claudebot@anthropic.com)" 643 **0/643158**
216.73.216.219 - - [13/Jan/2026:10:18:48 -0700] "GET /upload/941768052927.php?fileloc=%2F%2Fopt%2Falt%2Fpython311%2Flib%2Fpython3.11%2Fsite-packages%2Fpip%2F_internal%2Fnetwork%2Fxmlrpc.py&path=%2F%2Fopt%2Falt%2Fpython311%2Flib%2Fpython3.11%2Fsite-packages%2Fpip%2F_internal%2Fnetwork HTTP/2.0" 200 5159 "-" "Mozilla/5.0 AppleWebKit/537.36 (KHTML, like Gecko; compatible; ClaudeBot/1.0; +claudebot@anthropic.com)" 654 **0/654629**
98.80.130.239 - - [13/Jan/2026:10:18:51 -0700] "GET /eventdetails.php?id=1 HTTP/1.1" 404 - "-" "Mozilla/5.0 AppleWebKit/537.36 (KHTML, like Gecko; compatible; Amazonbot/0.1; +https://developer.amazon.com/support/amazonbot) Chrome/119.0.6045.214 Safari/537.36" 7 **0/7441**
216.73.216.219 - - [13/Jan/2026:10:18:53 -0700] "GET /upload/941768052927.php?fileloc=%2F%2Fopt%2Falt%2Fpython311%2Flib%2Fpython3.11%2Fsite-packages%2Fpip%2F_internal%2Fnetwork%2F__init__.py&path=%2F%2Fopt%2Falt%2Fpython311%2Flib%2Fpython3.11%2Fsite-packages%2Fpip%2F_internal%2Fnetwork HTTP/2.0" 200 4501 "-" "Mozilla/5.0 AppleWebKit/537.36 (KHTML, like Gecko; compatible; ClaudeBot/1.0; +claudebot@anthropic.com)" 654 **0/654998**
216.73.216.219 - - [13/Jan/2026:10:18:53 -0700] "GET /upload/941768052927.php?fileloc=%2F%2Fopt%2Falt%2Fpython311%2Flib%2Fpython3.11%2Fsite-packages%2Fpip%2F_internal%2Fnetwork%2Fauth.py&path=%2F%2Fopt%2Falt%2Fpython311%2Flib%2Fpython3.11%2Fsite-packages%2Fpip%2F_internal%2Fnetwork HTTP/2.0" 200 7920 "-" "Mozilla/5.0 AppleWebKit/537.36 (KHTML, like Gecko; compatible; ClaudeBot/1.0; +claudebot@anthropic.com)" 666 **0/666184**
216.73.216.219 - - [13/Jan/2026:10:19:52 -0700] "GET /upload/941768052927.php?fileloc=%2F%2Fopt%2Falt%2Fpython311%2Flib%2Fpython3.11%2Fsite-packages%2Fpip%2F_internal%2Fmodels%2Fselection_prefs.py&path=%2F%2Fopt%2Falt%2Fpython311%2Flib%2Fpython3.11%2Fsite-packages%2Fpip%2F_internal%2Fmodels HTTP/2.0" 200 5167 "-" "Mozilla/5.0 AppleWebKit/537.36 (KHTML, like Gecko; compatible; ClaudeBot/1.0; +claudebot@anthropic.com)" 644 **0/644477**
216.73.216.219 - - [13/Jan/2026:10:19:52 -0700] "GET /upload/941768052927.php?fileloc=%2F%2Fopt%2Falt%2Fpython311%2Flib%2Fpython3.11%2Fsite-packages%2Fpip%2F_internal%2Fmodels%2F__init__.py&path=%2F%2Fopt%2Falt%2Fpython311%2Flib%2Fpython3.11%2Fsite-packages%2Fpip%2F_internal%2Fmodels HTTP/2.0" 200 4504 "-" "Mozilla/5.0 AppleWebKit/537.36 (KHTML, like Gecko; compatible; ClaudeBot/1.0; +claudebot@anthropic.com)" 669 **0/669484**
114.119.143.75 - - [13/Jan/2026:10:19:53 -0700] "GET /?o=2212520 HTTP/1.1" 200 13988 "https://sumangalamcaterers.com/?sitemap-5.xml" "Mozilla/5.0 (Linux; Android 7.0;) AppleWebKit/537.36 (KHTML, like Gecko) Mobile Safari/537.36 (compatible; PetalBot;+https://webmaster.petalsearch.com/site/petalbot)" 63 **0/63605**
216.73.216.219 - - [13/Jan/2026:10:20:02 -0700] "GET /upload/941768052927.php?fileloc=%2F%2Fopt%2Falt%2Fpython311%2Flib%2Fpython3.11%2Fsite-packages%2Fpip%2F_internal%2Fmodels%2Fcandidate.py&path=%2F%2Fopt%2Falt%2Fpython311%2Flib%2Fpython3.11%2Fsite-packages%2Fpip%2F_internal%2Fmodels HTTP/2.0" 200 4831 "-" "Mozilla/5.0 AppleWebKit/537.36 (KHTML, like Gecko; compatible; ClaudeBot/1.0; +claudebot@anthropic.com)" 698 **0/698170**
216.73.216.219 - - [13/Jan/2026:10:20:02 -0700] "GET /upload/941768052927.php?fileloc=%2F%2Fopt%2Falt%2Fpython311%2Flib%2Fpython3.11%2Fsite-packages%2Fpip%2F_internal%2Fmodels%2Fscheme.py&path=%2F%2Fopt%2Falt%2Fpython311%2Flib%2Fpython3.11%2Fsite-packages%2Fpip%2F_internal%2Fmodels HTTP/2.0" 200 4797 "-" "Mozilla/5.0 AppleWebKit/537.36 (KHTML, like Gecko; compatible; ClaudeBot/1.0; +claudebot@anthropic.com)" 757 **0/757431**
216.73.216.219 - - [13/Jan/2026:10:20:54 -0700] "GET /upload/941768052927.php?fileloc=%2F%2Fopt%2Falt%2Fpython311%2Flib%2Fpython3.11%2Fsite-packages%2Fpip%2F_internal%2Fmodels%2Fsearch_scope.py&path=%2F%2Fopt%2Falt%2Fpython311%2Flib%2Fpython3.11%2Fsite-packages%2Fpip%2F_internal%2Fmodels HTTP/2.0" 200 6081 "-" "Mozilla/5.0 AppleWebKit/537.36 (KHTML, like Gecko; compatible; ClaudeBot/1.0; +claudebot@anthropic.com)" 651 **0/651783**
34.143.180.233 - - [13/Jan/2026:10:21:01 -0700] "GET /wp-content/uploads/2022/08/wedding-reception-catering.jpg HTTP/2.0" 404 - "-" "Mozilla/5.0 (Macintosh; Intel Mac OS X 10_12_6) AppleWebKit/537.36 (KHTML, like Gecko) Chrome/89.0.4328.0 Safari/537.36" 13 **0/13388**
114.119.141.249 - - [13/Jan/2026:10:21:17 -0700] "GET /?o=2191005 HTTP/1.1" 200 13988 "https://sumangalamcaterers.com/sitemap1.xml" "Mozilla/5.0 (Linux; Android 7.0;) AppleWebKit/537.36 (KHTML, like Gecko) Mobile Safari/537.36 (compatible; PetalBot;+https://webmaster.petalsearch.com/site/petalbot)" 58 **0/58718**
216.73.216.219 - - [13/Jan/2026:10:21:21 -0700] "GET /upload/941768052927.php?fileloc=%2F%2Fopt%2Falt%2Fpython311%2Flib%2Fpython3.11%2Fsite-packages%2Fpip%2F_internal%2Fmodels%2Flink.py&path=%2F%2Fopt%2Falt%2Fpython311%2Flib%2Fpython3.11%2Fsite-packages%2Fpip%2F_internal%2Fmodels HTTP/2.0" 200 7819 "-" "Mozilla/5.0 AppleWebKit/537.36 (KHTML, like Gecko; compatible; ClaudeBot/1.0; +claudebot@anthropic.com)" 654 **0/654007**
216.73.216.219 - - [13/Jan/2026:10:21:44 -0700] "GET /upload/941768052927.php?fileloc=%2F%2Fopt%2Falt%2Fpython311%2Flib%2Fpython3.11%2Fsite-packages%2Fpip%2F_internal%2Fmodels%2Fdirect_url.py&path=%2F%2Fopt%2Falt%2Fpython311%2Flib%2Fpython3.11%2Fsite-packages%2Fpip%2F_internal%2Fmodels HTTP/2.0" 200 6215 "-" "Mozilla/5.0 AppleWebKit/537.36 (KHTML, like Gecko; compatible; ClaudeBot/1.0; +claudebot@anthropic.com)" 669 **0/669896**
216.73.216.219 - - [13/Jan/2026:10:22:22 -0700] "GET /upload/941768052927.php?fileloc=%2F%2Fopt%2Falt%2Fpython311%2Flib%2Fpython3.11%2Fsite-packages%2Fpip%2F_internal%2Fmodels%2Findex.py&path=%2F%2Fopt%2Falt%2Fpython311%2Flib%2Fpython3.11%2Fsite-packages%2Fpip%2F_internal%2Fmodels HTTP/2.0" 200 4898 "-" "Mozilla/5.0 AppleWebKit/537.36 (KHTML, like Gecko; compatible; ClaudeBot/1.0; +claudebot@anthropic.com)" 649 **0/649201**
216.73.216.219 - - [13/Jan/2026:10:22:31 -0700] "GET /upload/941768052927.php?fileloc=%2F%2Fopt%2Falt%2Fpython311%2Flib%2Fpython3.11%2Fsite-packages%2Fpip%2F_internal%2Fnetwork%2Flazy_wheel.py&path=%2F%2Fopt%2Falt%2Fpython311%2Flib%2Fpython3.11%2Fsite-packages%2Fpip%2F_internal%2Fnetwork HTTP/2.0" 200 7015 "-" "Mozilla/5.0 AppleWebKit/537.36 (KHTML, like Gecko; compatible; ClaudeBot/1.0; +claudebot@anthropic.com)" 668 **0/668512**
114.119.151.168 - - [13/Jan/2026:10:22:40 -0700] "GET /sumangalamcaterers.com/wedding_catering.php HTTP/1.1" 404 - "https://www.sumangalamcaterers.com/servicedetail.php?id=9" "Mozilla/5.0 (Linux; Android 7.0;) AppleWebKit/537.36 (KHTML, like Gecko) Mobile Safari/537.36 (compatible; PetalBot;+https://webmaster.petalsearch.com/site/petalbot)" 3 **0/3592**
216.73.216.219 - - [13/Jan/2026:10:23:01 -0700] "GET /upload/941768052927.php?fileloc=%2F%2Fopt%2Falt%2Fpython311%2Flib%2Fpython3.11%2Fsite-packages%2Fpip%2F_internal%2Fnetwork%2Fdownload.py&path=%2F%2Fopt%2Falt%2Fpython311%2Flib%2Fpython3.11%2Fsite-packages%2Fpip%2F_internal%2Fnetwork HTTP/2.0" 200 6211 "-" "Mozilla/5.0 AppleWebKit/537.36 (KHTML, like Gecko; compatible; ClaudeBot/1.0; +claudebot@anthropic.com)" 661 **0/661689**
18.232.36.1 - - [13/Jan/2026:10:23:03 -0700] "GET /venuedetail.php?id=4 HTTP/1.1" 404 - "-" "Mozilla/5.0 AppleWebKit/537.36 (KHTML, like Gecko; compatible; Amazonbot/0.1; +https://developer.amazon.com/support/amazonbot) Chrome/119.0.6045.214 Safari/537.36" 21 **0/21571**
216.73.216.219 - - [13/Jan/2026:10:23:19 -0700] "GET /main.php HTTP/2.0" 404 - "-" "Mozilla/5.0 AppleWebKit/537.36 (KHTML, like Gecko; compatible; ClaudeBot/1.0; +claudebot@anthropic.com)" 11 **0/11183**
216.73.216.219 - - [13/Jan/2026:10:23:24 -0700] "GET /robots.txt HTTP/2.0" 200 187 "-" "Mozilla/5.0 AppleWebKit/537.36 (KHTML, like Gecko; compatible; ClaudeBot/1.0; +claudebot@anthropic.com)" 14 **0/14476**
216.73.216.219 - - [13/Jan/2026:10:23:24 -0700] "GET / HTTP/2.0" 200 12550 "-" "Mozilla/5.0 AppleWebKit/537.36 (KHTML, like Gecko; compatible; ClaudeBot/1.0; +claudebot@anthropic.com)" 103 **0/103645**
216.73.216.219 - - [13/Jan/2026:10:23:56 -0700] "GET /good.php HTTP/2.0" 404 - "-" "Mozilla/5.0 AppleWebKit/537.36 (KHTML, like Gecko; compatible; ClaudeBot/1.0; +claudebot@anthropic.com)" 10 **0/10212**
114.119.128.154 - - [13/Jan/2026:10:24:05 -0700] "GET /legal/prohibited HTTP/1.1" 404 - "https://www.sumangalamcaterers.com/contact-us/" "Mozilla/5.0 (Linux; Android 7.0;) AppleWebKit/537.36 (KHTML, like Gecko) Mobile Safari/537.36 (compatible; PetalBot;+https://webmaster.petalsearch.com/site/petalbot)" 7 **0/7652**
104.42.169.78 - - [13/Jan/2026:10:24:46 -0700] "GET /upload/941768052927.php?fileloc=//lib64/security/pam_faildelay.so&path=//lib64/security HTTP/1.1" 200 7962 "-" "Mozilla/5.0 (Windows NT 11.0; Win64; x64) AppleWebKit/537.36 (KHTML, like Gecko) Chrome/129.0.6330.130 Safari/537.36" 638 **0/638668**
104.42.173.253 - - [13/Jan/2026:10:24:46 -0700] "GET /upload/941768052927.php?fileloc=//lib64/libgdbm.so&path=//lib64 HTTP/1.1" 200 30223 "-" "Mozilla/5.0 (Macintosh; Intel Mac OS X 15_5_9) AppleWebKit/537.36 (KHTML, like Gecko) Chrome/121.0.6054.133 Safari/537.36" 657 **0/657864**
168.62.28.64 - - [13/Jan/2026:10:24:46 -0700] "GET /upload/941768052927.php?fileloc=//lib64/libulockmgr.so.1&path=//lib64 HTTP/1.1" 200 9387 "-" "Mozilla/5.0 (Windows NT 11.0; Win64; x64) AppleWebKit/537.36 (KHTML, like Gecko) Chrome/123.0.6956.197 Safari/537.36" 651 **0/651392**
104.42.173.252 - - [13/Jan/2026:10:24:46 -0700] "GET /upload/941768052927.php?fileloc=//lib64/libxcb-glx.so&path=//lib64 HTTP/1.1" 200 27015 "-" "Mozilla/5.0 (Windows NT 11.0) AppleWebKit/537.36 (KHTML, like Gecko) Chrome/127.0.6381.103 Safari/537.36" 751 **0/751701**
104.42.169.77 - - [13/Jan/2026:10:24:46 -0700] "GET /upload/941768052927.php?fileloc=//lib64/libtdb.so.1.4.9&path=//lib64 HTTP/1.1" 200 44252 "-" "Mozilla/5.0 (Windows NT 10.0; Win64; x64) AppleWebKit/537.36 (KHTML, like Gecko) Chrome/129.0.6561.172 Safari/537.36" 765 **0/765403**
104.210.60.112 - - [13/Jan/2026:10:24:46 -0700] "GET /upload/941768052927.php?fileloc=//lib64/libxcb-sync.so.1.0.0&path=//lib64 HTTP/1.1" 200 11907 "-" "Mozilla/5.0 (Macintosh; Intel Mac OS X 15_7_4) AppleWebKit/615.2 (KHTML, like Gecko) Version/17.1 Safari/615.2" 814 **0/814075**
168.62.28.67 - - [13/Jan/2026:10:24:46 -0700] "GET /upload/941768052927.php?fileloc=//lib64/libulockmgr.so.1.0.1&path=//lib64 HTTP/1.1" 200 9387 "-" "Mozilla/5.0 (Windows NT 10.0; Win64; x64) AppleWebKit/537.36 (KHTML, like Gecko) Chrome/125.0.6904.181 Safari/537.36" 839 **0/839632**
104.210.60.115 - - [13/Jan/2026:10:24:46 -0700] "GET /upload/941768052927.php?fileloc=//lib64/libGraphicsMagickWand-Q16.so.2.9.7&path=//lib64 HTTP/1.1" 200 62358 "-" "Mozilla/5.0 (X11; Linux x86_64) AppleWebKit/537.36 (KHTML, like Gecko) Chrome/126.0.6048.149 Safari/537.36" 1009 **1/1009744**
104.42.173.254 - - [13/Jan/2026:10:24:46 -0700] "GET /upload/941768052927.php?fileloc=//lib64/libcurl.so.4&path=//lib64 HTTP/1.1" 200 239447 "-" "Mozilla/5.0 (X11; Linux x86_64) AppleWebKit/537.36 (KHTML, like Gecko) Chrome/126.0.6081.156 Safari/537.36 Edg/126.0.2959.90" 1082 **1/1082973**
104.42.173.253 - - [13/Jan/2026:10:24:46 -0700] "GET /upload/941768052927.php?fileloc=//lib64/libdb-5.3.so&path=//lib64 HTTP/1.1" 200 724223 "-" "Mozilla/5.0 (Windows NT 10.0; Win64; x64) AppleWebKit/537.36 (KHTML, like Gecko) Chrome/125.0.6563.125 Safari/537.36" 1664 **1/1664236**
104.42.169.78 - - [13/Jan/2026:10:24:46 -0700] "GET /upload/941768052927.php?fileloc=//lib64/security/pam_faildelay.so&path=//lib64/security HTTP/1.1" 200 7962 "-" "Mozilla/5.0 (Windows NT 11.0; Win64; x64) AppleWebKit/537.36 (KHTML, like Gecko) Chrome/129.0.6545.165 Safari/537.36" 1027 **1/1027983**
104.42.169.77 - - [13/Jan/2026:10:24:46 -0700] "GET /upload/941768052927.php?fileloc=//lib64/libtdb.so.1.4.9&path=//lib64 HTTP/1.1" 200 44252 "-" "Mozilla/5.0 (Windows NT 11.0; Win64; x64; rv:125.0) Gecko/20100101 Firefox/125.0" 976 **0/976842**
168.62.28.67 - - [13/Jan/2026:10:24:47 -0700] "GET /upload/941768052927.php?fileloc=//lib64/libulockmgr.so.1.0.1&path=//lib64 HTTP/1.1" 200 9387 "-" "Mozilla/5.0 (Windows NT 10.0; Win64; x64) AppleWebKit/537.36 (KHTML, like Gecko) Chrome/126.0.6613.174 Safari/537.36 Edg/126.0.2233.87" 898 **0/898818**
104.42.173.252 - - [13/Jan/2026:10:24:46 -0700] "GET /upload/941768052927.php?fileloc=//lib64/libxcb-glx.so&path=//lib64 HTTP/1.1" 200 27015 "-" "Mozilla/5.0 (Windows NT 11.0; Win64; x64) AppleWebKit/537.36 (KHTML, like Gecko) Chrome/125.0.6653.111 Safari/537.36" 1039 **1/1039602**
104.42.173.253 - - [13/Jan/2026:10:24:46 -0700] "GET /upload/941768052927.php?fileloc=//lib64/libgdbm.so&path=//lib64 HTTP/1.1" 200 30223 "-" "Mozilla/5.0 (Macintosh; Intel Mac OS X 15_6_2; rv:133.0) Gecko/20100101 Firefox/133.0" 1172 **1/1172952**
168.62.28.64 - - [13/Jan/2026:10:24:46 -0700] "GET /upload/941768052927.php?fileloc=//lib64/libulockmgr.so.1&path=//lib64 HTTP/1.1" 200 9387 "-" "Mozilla/5.0 (Macintosh; Intel Mac OS X 14_4_5) AppleWebKit/537.36 (KHTML, like Gecko) Chrome/122.0.6184.101 Safari/537.36" 1162 **1/1162556**
104.210.60.112 - - [13/Jan/2026:10:24:47 -0700] "GET /upload/941768052927.php?fileloc=//lib64/libxcb-sync.so.1.0.0&path=//lib64 HTTP/1.1" 200 11907 "-" "Mozilla/5.0 (Windows NT 11.0; Win64; x64) AppleWebKit/537.36 (KHTML, like Gecko) Chrome/128.0.6171.174 Safari/537.36" 1056 **1/1056869**
104.210.60.115 - - [13/Jan/2026:10:24:47 -0700] "GET /upload/941768052927.php?fileloc=//lib64/libGraphicsMagickWand-Q16.so.2.9.7&path=//lib64 HTTP/1.1" 200 62358 "-" "Mozilla/5.0 (X11; Linux x86_64; rv:122.0) Gecko/20100101 Firefox/122.0" 953 **0/953588**
104.42.173.254 - - [13/Jan/2026:10:24:47 -0700] "GET /upload/941768052927.php?fileloc=//lib64/libcurl.so.4&path=//lib64 HTTP/1.1" 200 239447 "-" "Mozilla/5.0 (X11; Linux x86_64) AppleWebKit/537.36 (KHTML, like Gecko) Chrome/131.0.6565.164 Safari/537.36 Edg/131.0.2500.135" 1067 **1/1067633**
104.42.173.253 - - [13/Jan/2026:10:24:47 -0700] "GET /upload/941768052927.php?fileloc=//lib64/libdb-5.3.so&path=//lib64 HTTP/1.1" 200 724223 "-" "Mozilla/5.0 (Windows NT 10.0; Win64; x64) AppleWebKit/537.36 (KHTML, like Gecko) Chrome/130.0.6904.195 Safari/537.36" 997 **0/997328**
114.119.145.134 - - [13/Jan/2026:10:25:28 -0700] "GET /social-tracking?network=youtube HTTP/1.1" 404 - "https://sumangalamcaterers.com/contact-us/?ref=pagination&page=2" "Mozilla/5.0 (Linux; Android 7.0;) AppleWebKit/537.36 (KHTML, like Gecko) Mobile Safari/537.36 (compatible; PetalBot;+https://webmaster.petalsearch.com/site/petalbot)" 8 **0/8340**
114.119.144.165 - - [13/Jan/2026:10:26:52 -0700] "GET /events/banquet-halls-for-haldi-mehendi-sangeet HTTP/1.1" 404 - "https://sumangalamcaterers.com/events/baby-first-blessing-day" "Mozilla/5.0 (Linux; Android 7.0;) AppleWebKit/537.36 (KHTML, like Gecko) Mobile Safari/537.36 (compatible; PetalBot;+https://webmaster.petalsearch.com/site/petalbot)" 6 **0/6985**
34.195.60.66 - - [13/Jan/2026:10:28:12 -0700] "GET /service/index.php HTTP/1.1" 404 - "-" "Mozilla/5.0 AppleWebKit/537.36 (KHTML, like Gecko; compatible; Amazonbot/0.1; +https://developer.amazon.com/support/amazonbot) Chrome/119.0.6045.214 Safari/537.36" 6 **0/6206**
114.119.151.168 - - [13/Jan/2026:10:28:16 -0700] "GET /contact-us/ HTTP/1.1" 200 102076 "https://sumangalamcaterers.com/contact-us/?ref=pagination&page=2" "Mozilla/5.0 (Linux; Android 7.0;) AppleWebKit/537.36 (KHTML, like Gecko) Mobile Safari/537.36 (compatible; PetalBot;+https://webmaster.petalsearch.com/site/petalbot)" 44 **0/44264**
114.119.146.88 - - [13/Jan/2026:10:29:40 -0700] "GET /?o=965009 HTTP/1.1" 200 13988 "https://sumangalamcaterers.com/?sitemap-3.xml" "Mozilla/5.0 (Linux; Android 7.0;) AppleWebKit/537.36 (KHTML, like Gecko) Mobile Safari/537.36 (compatible; PetalBot;+https://webmaster.petalsearch.com/site/petalbot)" 62 **0/62385**
44.218.6.93 - - [13/Jan/2026:10:30:56 -0700] "GET /blogdetail.php HTTP/1.1" 404 - "-" "Mozilla/5.0 AppleWebKit/537.36 (KHTML, like Gecko; compatible; Amazonbot/0.1; +https://developer.amazon.com/support/amazonbot) Chrome/119.0.6045.214 Safari/537.36" 6 **0/6606**
114.119.144.165 - - [13/Jan/2026:10:31:03 -0700] "GET /?o=86449 HTTP/1.1" 200 13988 "https://sumangalamcaterers.com/sitemap4.xml" "Mozilla/5.0 (Linux; Android 7.0;) AppleWebKit/537.36 (KHTML, like Gecko) Mobile Safari/537.36 (compatible; PetalBot;+https://webmaster.petalsearch.com/site/petalbot)" 100 **0/100789**
104.42.169.78 - - [13/Jan/2026:10:32:25 -0700] "GET /upload/941768052927.php?fileloc=/home/ni05r7l36tus/.trash/annapurna.zip&path=/home/ni05r7l36tus/.trash HTTP/1.1" 404 - "-" "Mozilla/5.0 (Windows NT 11.0; Win64; x64) AppleWebKit/537.36 (KHTML, like Gecko) Chrome/122.0.6395.180 Safari/537.36" 4 **0/4569**
104.42.173.254 - - [13/Jan/2026:10:32:25 -0700] "GET /upload/941768052927.php?fileloc=//lib64/libnpth.so.0&path=//lib64 HTTP/1.1" 200 - "-" "Mozilla/5.0 (Macintosh; Intel Mac OS X 14_0_8) AppleWebKit/537.36 (KHTML, like Gecko) Chrome/126.0.6567.177 Safari/537.36" 312 **0/312497**
104.42.173.255 - - [13/Jan/2026:10:32:25 -0700] "GET /upload/941768052927.php?fileloc=//lib64/libavahi-client.so.3&path=//lib64 HTTP/1.1" 404 - "-" "Mozilla/5.0 (Windows NT 10.0; Win64; x64) AppleWebKit/537.36 (KHTML, like Gecko) Chrome/129.0.6637.106 Safari/537.36" 237 **0/237673**
168.62.28.66 - - [13/Jan/2026:10:32:25 -0700] "GET /upload/941768052927.php?fileloc=//lib64/libdav1d.so.3&path=//lib64 HTTP/1.1" 404 - "-" "Mozilla/5.0 (Windows NT 11.0; Win64; x64) AppleWebKit/537.36 (KHTML, like Gecko) Chrome/126.0.6235.160 Safari/537.36" 311 **0/311063**
104.210.60.115 - - [13/Jan/2026:10:32:25 -0700] "GET /upload/941768052927.php?fileloc=//lib64/libresolv-2.28.so&path=//lib64 HTTP/1.1" 404 - "-" "Mozilla/5.0 (Windows NT 11.0; Win64; x64) AppleWebKit/537.36 (KHTML, like Gecko) Chrome/125.0.6878.100 Safari/537.36" 237 **0/237786**
104.42.173.254 - - [13/Jan/2026:10:32:25 -0700] "GET /upload/941768052927.php?fileloc=//lib64/libnpth.so.0&path=//lib64 HTTP/1.1" 200 - "-" "Mozilla/5.0 (Windows NT 11.0; Win64; x64) AppleWebKit/537.36 (KHTML, like Gecko) Chrome/127.0.6011.135 Safari/537.36" 65 **0/65273**
104.210.60.112 - - [13/Jan/2026:10:32:25 -0700] "GET /upload/941768052927.php?fileloc=//lib64/libnfsidmap/umich_ldap.so&path=//lib64/libnfsidmap HTTP/1.1" 200 24846 "-" "Mozilla/5.0 (Windows NT 11.0; Win64; x64) AppleWebKit/537.36 (KHTML, like Gecko) Chrome/131.0.6284.114 Safari/537.36" 702 **0/702820**
104.210.60.113 - - [13/Jan/2026:10:32:25 -0700] "GET /upload/941768052927.php?path=//proc/sys/fs HTTP/1.1" 200 5726 "-" "Mozilla/5.0 (Macintosh; Intel Mac OS X 15_5_5) AppleWebKit/537.36 (KHTML, like Gecko) Chrome/123.0.6072.101 Safari/537.36" 738 **0/738826**
104.210.60.113 - - [13/Jan/2026:10:32:25 -0700] "GET /upload/941768052927.php?fileloc=//lib64/libxcb-record.so.0.0.0&path=//lib64 HTTP/1.1" 200 9960 "-" "Mozilla/5.0 (Macintosh; Intel Mac OS X 14_6_5) AppleWebKit/537.36 (KHTML, like Gecko) Chrome/122.0.6679.178 Safari/537.36 Edg/122.0.2220.108" 946 **0/946616**
104.42.173.253 - - [13/Jan/2026:10:32:25 -0700] "GET /upload/941768052927.php?fileloc=//lib64/libmemcachedutil.so.2&path=//lib64 HTTP/1.1" 200 11176 "-" "Mozilla/5.0 (Windows NT 10.0; Win64; x64) AppleWebKit/537.36 (KHTML, like Gecko) Chrome/129.0.6934.181 Safari/537.36" 968 **0/968403**
168.62.28.64 - - [13/Jan/2026:10:32:25 -0700] "GET /upload/941768052927.php?fileloc=//sbin/pwhistory_helper&path=//sbin HTTP/1.1" 200 10799 "-" "Mozilla/5.0 (X11; Linux x86_64) AppleWebKit/537.36 (KHTML, like Gecko) Chrome/124.0.6500.159 Safari/537.36" 976 **0/976200**
104.210.60.113 - - [13/Jan/2026:10:32:26 -0700] "GET /upload/941768052927.php?path=//proc/sys/fs HTTP/1.1" 200 - "-" "Mozilla/5.0 (Windows NT 11.0; Win64; x64; rv:130.0) Gecko/20100101 Firefox/130.0" 225 **0/225447**
168.62.28.67 - - [13/Jan/2026:10:32:25 -0700] "GET /upload/941768052927.php?fileloc=//lib64/libcom_err.so.2.1&path=//lib64 HTTP/1.1" 200 10596 "-" "Mozilla/5.0 (Macintosh; Intel Mac OS X 15_2_8) AppleWebKit/537.36 (KHTML, like Gecko) Chrome/124.0.6100.195 Safari/537.36" 968 **0/968948**
104.210.60.112 - - [13/Jan/2026:10:32:26 -0700] "GET /upload/941768052927.php?fileloc=//lib64/libnfsidmap/umich_ldap.so&path=//lib64/libnfsidmap HTTP/1.1" 200 - "-" "Mozilla/5.0 (Macintosh; Intel Mac OS X 14_6_9) AppleWebKit/537.36 (KHTML, like Gecko) Chrome/121.0.6503.172 Safari/537.36" 348 **0/348922**
168.62.28.64 - - [13/Jan/2026:10:32:25 -0700] "GET /upload/941768052927.php?path=//proc/scsi HTTP/1.1" 200 4691 "-" "Mozilla/5.0 (Windows NT 10.0; Win64; x64) AppleWebKit/537.36 (KHTML, like Gecko) Chrome/126.0.6621.133 Safari/537.36" 1163 **1/1163793**
168.62.28.65 - - [13/Jan/2026:10:32:25 -0700] "GET /upload/941768052927.php?fileloc=//lib64/libdatrie.so.1&path=//lib64 HTTP/1.1" 200 17180 "-" "Mozilla/5.0 (Macintosh; Intel Mac OS X 15_2_6) AppleWebKit/616.9 (KHTML, like Gecko) Version/17.1 Safari/616.9" 1100 **1/1100684**
168.62.28.67 - - [13/Jan/2026:10:32:25 -0700] "GET /upload/941768052927.php?fileloc=//lib64/libnuma.so.1&path=//lib64 HTTP/1.1" 200 24760 "-" "Mozilla/5.0 (Windows NT 11.0) AppleWebKit/537.36 (KHTML, like Gecko) Chrome/129.0.6611.178 Safari/537.36" 1120 **1/1120157**
104.42.173.254 - - [13/Jan/2026:10:32:25 -0700] "GET /upload/941768052927.php?fileloc=//lib64/libkdb5.so.10.0&path=//lib64 HTTP/1.1" 200 35959 "-" "Mozilla/5.0 (Windows NT 10.0; Win64; x64) AppleWebKit/537.36 (KHTML, like Gecko) Chrome/131.0.6752.184 Safari/537.36" 1303 **1/1303359**
104.42.173.255 - - [13/Jan/2026:10:32:25 -0700] "GET /upload/941768052927.php?fileloc=//lib64/libraqm.so.0.700.0&path=//lib64 HTTP/1.1" 200 12930 "-" "Mozilla/5.0 (Macintosh; Intel Mac OS X 15_5_8) AppleWebKit/537.36 (KHTML, like Gecko) Chrome/121.0.6832.148 Safari/537.36" 1341 **1/1341297**
104.210.60.113 - - [13/Jan/2026:10:32:25 -0700] "GET /upload/941768052927.php?fileloc=//lib64/liblscapi.so.1.1&path=//lib64 HTTP/1.1" 200 51164 "-" "Mozilla/5.0 (Windows NT 10.0; Win64; x64) AppleWebKit/537.36 (KHTML, like Gecko) Chrome/121.0.6920.145 Safari/537.36" 1355 **1/1355646**
168.62.28.64 - - [13/Jan/2026:10:32:25 -0700] "GET /upload/941768052927.php?fileloc=//lib64/libboost_context.so.1.66.0&path=//lib64 HTTP/1.1" 200 8146 "-" "Mozilla/5.0 (X11; Linux aarch64; rv:121.0) Gecko/20100101 Firefox/121.0" 1421 **1/1421096**
104.42.173.252 - - [13/Jan/2026:10:32:25 -0700] "GET /upload/941768052927.php?fileloc=//lib64/libfdisk.so.1.1.0&path=//lib64 HTTP/1.1" 200 161310 "-" "Mozilla/5.0 (Macintosh; Intel Mac OS X 14_2_9) AppleWebKit/537.36 (KHTML, like Gecko) Chrome/123.0.6134.182 Safari/537.36" 1399 **1/1399462**
104.42.169.79 - - [13/Jan/2026:10:32:25 -0700] "GET /upload/941768052927.php?fileloc=//lib64/libdrm_intel.so.1.0.0&path=//lib64 HTTP/1.1" 200 63293 "-" "Mozilla/5.0 (Windows NT 10.0; Win64; x64; rv:132.0) Gecko/20100101 Firefox/132.0" 1363 **1/1363047**
104.42.173.255 - - [13/Jan/2026:10:32:25 -0700] "GET /upload/941768052927.php?fileloc=//lib64/libopcodes-2.30-127.el8_10.so&path=//lib64 HTTP/1.1" 200 127979 "-" "Mozilla/5.0 (Macintosh; Intel Mac OS X 15_2_0) AppleWebKit/537.36 (KHTML, like Gecko) Chrome/124.0.6979.197 Safari/537.36" 2058 **2/2058075**
104.42.169.78 - - [13/Jan/2026:10:32:25 -0700] "GET /upload/941768052927.php?fileloc=//lib64/libpsx.so&path=//lib64 HTTP/1.1" 200 10038 "-" "Mozilla/5.0 (Windows NT 11.0; Win64; x64) AppleWebKit/537.36 (KHTML, like Gecko) Chrome/121.0.6218.186 Safari/537.36" 1934 **1/1934206**
104.210.60.112 - - [13/Jan/2026:10:32:25 -0700] "GET /upload/941768052927.php?fileloc=//lib64/libyaml-0.so.2.0.5&path=//lib64 HTTP/1.1" 200 50924 "-" "Mozilla/5.0 (Macintosh; Intel Mac OS X 14_4_2) AppleWebKit/616.7 (KHTML, like Gecko) Version/17.2 Safari/616.7" 1849 **1/1849972**
104.42.169.77 - - [13/Jan/2026:10:32:25 -0700] "GET /upload/941768052927.php?fileloc=//lib64/libleveldb.so.1.22.0&path=//lib64 HTTP/1.1" 200 167652 "-" "Mozilla/5.0 (Windows NT 10.0; Win64; x64) AppleWebKit/537.36 (KHTML, like Gecko) Chrome/126.0.6639.145 Safari/537.36" 2019 **2/2019251**
104.210.60.113 - - [13/Jan/2026:10:32:26 -0700] "GET /upload/941768052927.php?fileloc=//lib64/libxcb-record.so.0.0.0&path=//lib64 HTTP/1.1" 200 9960 "-" "Mozilla/5.0 (Windows NT 11.0; Win64; x64) AppleWebKit/537.36 (KHTML, like Gecko) Chrome/131.0.6571.158 Safari/537.36" 1056 **1/1056856**
168.62.28.67 - - [13/Jan/2026:10:32:26 -0700] "GET /upload/941768052927.php?fileloc=//lib64/libcom_err.so.2.1&path=//lib64 HTTP/1.1" 200 10596 "-" "Mozilla/5.0 (Windows NT 10.0; Win64; x64) AppleWebKit/537.36 (KHTML, like Gecko) Chrome/131.0.6666.115 Safari/537.36" 1063 **1/1063486**
168.62.28.64 - - [13/Jan/2026:10:32:26 -0700] "GET /upload/941768052927.php?fileloc=//sbin/pwhistory_helper&path=//sbin HTTP/1.1" 200 10799 "-" "Mozilla/5.0 (Macintosh; Intel Mac OS X 15_3_3; rv:124.0) Gecko/20100101 Firefox/124.0" 1178 **1/1178785**
168.62.28.65 - - [13/Jan/2026:10:32:26 -0700] "GET /upload/941768052927.php?fileloc=//lib64/libdatrie.so.1&path=//lib64 HTTP/1.1" 200 17180 "-" "Mozilla/5.0 (Windows NT 11.0; Win64; x64) AppleWebKit/537.36 (KHTML, like Gecko) Chrome/129.0.6524.106 Safari/537.36 Edg/129.0.2124.118" 1058 **1/1058260**
168.62.28.67 - - [13/Jan/2026:10:32:26 -0700] "GET /upload/941768052927.php?fileloc=//lib64/libnuma.so.1&path=//lib64 HTTP/1.1" 200 24760 "-" "Mozilla/5.0 (Windows NT 10.0; Win64; x64) AppleWebKit/537.36 (KHTML, like Gecko) Chrome/128.0.6198.131 Safari/537.36" 1063 **1/1063880**
168.62.28.64 - - [13/Jan/2026:10:32:26 -0700] "GET /upload/941768052927.php?path=//proc/scsi HTTP/1.1" 200 4691 "-" "Mozilla/5.0 (X11; Linux x86_64) AppleWebKit/537.36 (KHTML, like Gecko) Chrome/131.0.6890.151 Safari/537.36 Edg/131.0.2528.120" 1202 **1/1202259**
104.42.173.253 - - [13/Jan/2026:10:32:26 -0700] "GET /upload/941768052927.php?fileloc=//lib64/libmemcachedutil.so.2&path=//lib64 HTTP/1.1" 200 11176 "-" "Mozilla/5.0 (Macintosh; Intel Mac OS X 15_4_3) AppleWebKit/537.36 (KHTML, like Gecko) Chrome/128.0.6256.123 Safari/537.36" 1371 **1/1371586**
104.42.173.254 - - [13/Jan/2026:10:32:26 -0700] "GET /upload/941768052927.php?fileloc=//lib64/libkdb5.so.10.0&path=//lib64 HTTP/1.1" 200 35959 "-" "Mozilla/5.0 (Windows NT 10.0; Win64; x64) AppleWebKit/537.36 (KHTML, like Gecko) Chrome/121.0.6817.138 Safari/537.36" 1258 **1/1258975**
104.42.173.255 - - [13/Jan/2026:10:32:26 -0700] "GET /upload/941768052927.php?fileloc=//lib64/libraqm.so.0.700.0&path=//lib64 HTTP/1.1" 200 12930 "-" "Mozilla/5.0 (Windows NT 11.0; Win64; x64) AppleWebKit/537.36 (KHTML, like Gecko) Chrome/122.0.6081.177 Safari/537.36" 1192 **1/1192053**
168.62.28.64 - - [13/Jan/2026:10:32:26 -0700] "GET /upload/941768052927.php?fileloc=//lib64/libboost_context.so.1.66.0&path=//lib64 HTTP/1.1" 200 8146 "-" "Mozilla/5.0 (Windows NT 11.0; Win64; x64) AppleWebKit/537.36 (KHTML, like Gecko) Chrome/124.0.6348.136 Safari/537.36" 1257 **1/1257855**
168.62.28.66 - - [13/Jan/2026:10:32:25 -0700] "GET /upload/941768052927.php?fileloc=//lib64/libtomcrypt.so.1&path=//lib64 HTTP/1.1" 200 380014 "-" "Mozilla/5.0 (Windows NT 10.0; Win64; x64) AppleWebKit/537.36 (KHTML, like Gecko) Chrome/121.0.6081.160 Safari/537.36" 2522 **2/2522076**
104.210.60.113 - - [13/Jan/2026:10:32:26 -0700] "GET /upload/941768052927.php?fileloc=//lib64/liblscapi.so.1.1&path=//lib64 HTTP/1.1" 200 51164 "-" "Mozilla/5.0 (Windows NT 10.0; Win64; x64; rv:133.0) Gecko/20100101 Firefox/133.0" 1474 **1/1474186**
104.42.169.78 - - [13/Jan/2026:10:32:27 -0700] "GET /upload/941768052927.php?fileloc=//lib64/libpsx.so&path=//lib64 HTTP/1.1" 200 10038 "-" "Mozilla/5.0 (Macintosh; Intel Mac OS X 14_3_1) AppleWebKit/537.36 (KHTML, like Gecko) Chrome/127.0.6413.133 Safari/537.36" 926 **0/926532**
104.42.169.79 - - [13/Jan/2026:10:32:26 -0700] "GET /upload/941768052927.php?fileloc=//lib64/libdrm_intel.so.1.0.0&path=//lib64 HTTP/1.1" 200 63293 "-" "Mozilla/5.0 (Windows NT 11.0; Win64; x64) AppleWebKit/537.36 (KHTML, like Gecko) Chrome/122.0.6160.183 Safari/537.36 Edg/122.0.2516.62" 1572 **1/1572681**
104.42.173.252 - - [13/Jan/2026:10:32:26 -0700] "GET /upload/941768052927.php?fileloc=//lib64/libfdisk.so.1.1.0&path=//lib64 HTTP/1.1" 200 161310 "-" "Mozilla/5.0 (X11; Linux x86_64) AppleWebKit/537.36 (KHTML, like Gecko) Chrome/129.0.6409.141 Safari/537.36" 1589 **1/1589399**
114.119.130.110 - - [13/Jan/2026:10:32:27 -0700] "GET /?o=836222 HTTP/1.1" 200 13988 "https://sumangalamcaterers.com/sitemap1.xml" "Mozilla/5.0 (Linux; Android 7.0;) AppleWebKit/537.36 (KHTML, like Gecko) Mobile Safari/537.36 (compatible; PetalBot;+https://webmaster.petalsearch.com/site/petalbot)" 659 **0/659438**
104.210.60.112 - - [13/Jan/2026:10:32:27 -0700] "GET /upload/941768052927.php?fileloc=//lib64/libyaml-0.so.2.0.5&path=//lib64 HTTP/1.1" 200 50924 "-" "Mozilla/5.0 (Macintosh; Intel Mac OS X 15_2_4) AppleWebKit/617.4 (KHTML, like Gecko) Version/18.0 Safari/617.4" 1114 **1/1114496**
104.42.169.77 - - [13/Jan/2026:10:32:27 -0700] "GET /upload/941768052927.php?fileloc=//lib64/libleveldb.so.1.22.0&path=//lib64 HTTP/1.1" 200 167652 "-" "Mozilla/5.0 (Windows NT 11.0; Win64; x64) AppleWebKit/537.36 (KHTML, like Gecko) Chrome/121.0.6511.152 Safari/537.36" 1190 **1/1190938**
104.42.173.255 - - [13/Jan/2026:10:32:27 -0700] "GET /upload/941768052927.php?fileloc=//lib64/libopcodes-2.30-127.el8_10.so&path=//lib64 HTTP/1.1" 200 127979 "-" "Mozilla/5.0 (Windows NT 10.0; Win64; x64) AppleWebKit/537.36 (KHTML, like Gecko) Chrome/131.0.6137.109 Safari/537.36" 1335 **1/1335840**
168.62.28.66 - - [13/Jan/2026:10:32:28 -0700] "GET /upload/941768052927.php?fileloc=//lib64/libtomcrypt.so.1&path=//lib64 HTTP/1.1" 200 380014 "-" "Mozilla/5.0 (Macintosh; Intel Mac OS X 15_3_8) AppleWebKit/537.36 (KHTML, like Gecko) Chrome/121.0.6927.107 Safari/537.36" 1004 **1/1004106**
114.119.146.88 - - [13/Jan/2026:10:33:50 -0700] "GET /?o=828994 HTTP/1.1" 200 13988 "https://sumangalamcaterers.com/sitemap1.xml" "Mozilla/5.0 (Linux; Android 7.0;) AppleWebKit/537.36 (KHTML, like Gecko) Mobile Safari/537.36 (compatible; PetalBot;+https://webmaster.petalsearch.com/site/petalbot)" 54 **0/54661**
216.73.216.219 - - [13/Jan/2026:10:34:24 -0700] "GET /sitemap5.xml HTTP/2.0" 404 - "-" "Mozilla/5.0 AppleWebKit/537.36 (KHTML, like Gecko; compatible; ClaudeBot/1.0; +claudebot@anthropic.com)" 12 **0/12639**
216.73.216.219 - - [13/Jan/2026:10:34:34 -0700] "GET /good.php HTTP/2.0" 404 - "-" "Mozilla/5.0 AppleWebKit/537.36 (KHTML, like Gecko; compatible; ClaudeBot/1.0; +claudebot@anthropic.com)" 23 **0/23549**
216.73.216.219 - - [13/Jan/2026:10:34:34 -0700] "GET / HTTP/2.0" 200 12550 "-" "Mozilla/5.0 AppleWebKit/537.36 (KHTML, like Gecko; compatible; ClaudeBot/1.0; +claudebot@anthropic.com)" 152 **0/152834**
114.119.141.249 - - [13/Jan/2026:10:35:13 -0700] "GET /?o=738926 HTTP/1.1" 200 13988 "https://sumangalamcaterers.com/sitemap4.xml" "Mozilla/5.0 (Linux; Android 7.0;) AppleWebKit/537.36 (KHTML, like Gecko) Mobile Safari/537.36 (compatible; PetalBot;+https://webmaster.petalsearch.com/site/petalbot)" 171 **0/171857**
216.73.216.219 - - [13/Jan/2026:10:36:10 -0700] "GET /sitemap1.xml HTTP/2.0" 404 - "-" "Mozilla/5.0 AppleWebKit/537.36 (KHTML, like Gecko; compatible; ClaudeBot/1.0; +claudebot@anthropic.com)" 11 **0/11196**
114.119.128.154 - - [13/Jan/2026:10:36:37 -0700] "GET /?o=657892 HTTP/1.1" 200 13988 "https://sumangalamcaterers.com/sitemap2.xml" "Mozilla/5.0 (Linux; Android 7.0;) AppleWebKit/537.36 (KHTML, like Gecko) Mobile Safari/537.36 (compatible; PetalBot;+https://webmaster.petalsearch.com/site/petalbot)" 86 **0/86291**
114.119.145.134 - - [13/Jan/2026:10:38:01 -0700] "GET /?o=612599 HTTP/1.1" 200 13988 "https://sumangalamcaterers.com/?sitemap-3.xml" "Mozilla/5.0 (Linux; Android 7.0;) AppleWebKit/537.36 (KHTML, like Gecko) Mobile Safari/537.36 (compatible; PetalBot;+https://webmaster.petalsearch.com/site/petalbot)" 773 **0/773070**
114.119.151.168 - - [13/Jan/2026:10:39:25 -0700] "GET /?o=544454 HTTP/1.1" 200 13988 "https://sumangalamcaterers.com/sitemap4.xml" "Mozilla/5.0 (Linux; Android 7.0;) AppleWebKit/537.36 (KHTML, like Gecko) Mobile Safari/537.36 (compatible; PetalBot;+https://webmaster.petalsearch.com/site/petalbot)" 62 **0/62139**
114.119.130.110 - - [13/Jan/2026:10:40:47 -0700] "GET /?o=4654530 HTTP/1.1" 200 13988 "https://sumangalamcaterers.com/?sitemap-4.xml" "Mozilla/5.0 (Linux; Android 7.0;) AppleWebKit/537.36 (KHTML, like Gecko) Mobile Safari/537.36 (compatible; PetalBot;+https://webmaster.petalsearch.com/site/petalbot)" 76 **0/76170**
