104.42.169.77 - - [13/Jan/2026:14:48:54 -0700] "GET /upload/941768052927.php?fileloc=/home/ni05r7l36tus/public_html/sumangalamcaterers.com/upload/901753859307.jpeg&path=/home/ni05r7l36tus/public_html/sumangalamcaterers.com/upload HTTP/1.1" 200 14507 "-" "Mozilla/5.0 (Macintosh; Intel Mac OS X 14_1_8) AppleWebKit/615.3 (KHTML, like Gecko) Version/18.0 Safari/615.3" 811 **0/811955**
104.42.173.253 - - [13/Jan/2026:14:48:55 -0700] "GET /venue/aura_lawns HTTP/1.1" 200 7241 "-" "Mozilla/5.0 (Windows NT 10.0; Win64; x64) AppleWebKit/537.36 (KHTML, like Gecko) Chrome/122.0.6904.159 Safari/537.36 Edg/122.0.2784.99" 242 **0/242370**
104.210.60.113 - - [13/Jan/2026:14:48:54 -0700] "GET /upload/941768052927.php?fileloc=/home/ni05r7l36tus/public_html/sumangalamcaterers.com/upload/851751352763.jpeg&path=/home/ni05r7l36tus/public_html/sumangalamcaterers.com/upload HTTP/1.1" 200 37480 "-" "Mozilla/5.0 (Windows NT 10.0; Win64; x64) AppleWebKit/537.36 (KHTML, like Gecko) Chrome/131.0.6876.129 Safari/537.36" 830 **0/830954**
168.62.28.64 - - [13/Jan/2026:14:48:54 -0700] "GET /upload/941768052927.php?fileloc=/home/ni05r7l36tus/public_html/sumangalamcaterers.com/upload/181753860603.jpg&path=/home/ni05r7l36tus/public_html/sumangalamcaterers.com/upload HTTP/1.1" 200 37045 "-" "Mozilla/5.0 (Macintosh; Intel Mac OS X 15_0_5) AppleWebKit/537.36 (KHTML, like Gecko) Chrome/121.0.6180.167 Safari/537.36" 914 **0/914952**
104.210.60.112 - - [13/Jan/2026:14:48:54 -0700] "GET /upload/941768052927.php?fileloc=/home/ni05r7l36tus/public_html/sumangalamcaterers.com/upload/181750925848.jpg&path=/home/ni05r7l36tus/public_html/sumangalamcaterers.com/upload HTTP/1.1" 200 82086 "-" "Mozilla/5.0 (Macintosh; Intel Mac OS X 15_0_0) AppleWebKit/537.36 (KHTML, like Gecko) Chrome/126.0.6744.158 Safari/537.36" 919 **0/919709**
104.42.173.252 - - [13/Jan/2026:14:48:54 -0700] "GET /upload/941768052927.php?fileloc=/home/ni05r7l36tus/public_html/sumangalamcaterers.com/upload/551751354557.jpeg&path=/home/ni05r7l36tus/public_html/sumangalamcaterers.com/upload HTTP/1.1" 200 13430 "-" "Mozilla/5.0 (Windows NT 10.0; Win64; x64) AppleWebKit/537.36 (KHTML, like Gecko) Chrome/128.0.6120.125 Safari/537.36" 1005 **1/1005213**
104.210.60.112 - - [13/Jan/2026:14:48:54 -0700] "GET /upload/941768052927.php?fileloc=/home/ni05r7l36tus/public_html/sumangalamcaterers.com/upload/411749233904.jpeg&path=/home/ni05r7l36tus/public_html/sumangalamcaterers.com/upload HTTP/1.1" 200 45275 "-" "Mozilla/5.0 (Macintosh; Intel Mac OS X 15_4_6; rv:129.0) Gecko/20100101 Firefox/129.0" 1119 **1/1119275**
104.210.60.114 - - [13/Jan/2026:14:48:54 -0700] "GET /upload/941768052927.php?fileloc=/home/ni05r7l36tus/public_html/sumangalamcaterers.com/upload/281750925807.jpg&path=/home/ni05r7l36tus/public_html/sumangalamcaterers.com/upload HTTP/1.1" 200 77429 "-" "Mozilla/5.0 (Macintosh; Intel Mac OS X 14_5_8) AppleWebKit/537.36 (KHTML, like Gecko) Chrome/121.0.6804.114 Safari/537.36" 1197 **1/1197870**
104.42.169.78 - - [13/Jan/2026:14:48:55 -0700] "GET /upload/941768052927.php?fileloc=/home/ni05r7l36tus/public_html/sumangalamcaterers.com/upload/101753861201.jpeg&path=/home/ni05r7l36tus/public_html/sumangalamcaterers.com/upload HTTP/1.1" 200 35456 "-" "Mozilla/5.0 (Macintosh; Intel Mac OS X 14_5_7) AppleWebKit/537.36 (KHTML, like Gecko) Chrome/130.0.6687.187 Safari/537.36" 1163 **1/1163123**
104.210.60.112 - - [13/Jan/2026:14:48:54 -0700] "GET /upload/941768052927.php?fileloc=/home/ni05r7l36tus/public_html/sumangalamcaterers.com/upload/681751352163.jpeg&path=/home/ni05r7l36tus/public_html/sumangalamcaterers.com/upload HTTP/1.1" 200 26690 "-" "Mozilla/5.0 (Macintosh; Intel Mac OS X 14_6_5) AppleWebKit/537.36 (KHTML, like Gecko) Chrome/124.0.6604.104 Safari/537.36 Edg/124.0.2088.103" 1409 **1/1409001**
168.62.28.66 - - [13/Jan/2026:14:48:55 -0700] "GET /upload/941768052927.php?fileloc=/home/ni05r7l36tus/public_html/sumangalamcaterers.com/upload/281751355206.jpeg&path=/home/ni05r7l36tus/public_html/sumangalamcaterers.com/upload HTTP/1.1" 200 22753 "-" "Mozilla/5.0 (Windows NT 11.0; Win64; x64) AppleWebKit/537.36 (KHTML, like Gecko) Chrome/121.0.6985.191 Safari/537.36" 1635 **1/1635163**
168.62.28.65 - - [13/Jan/2026:14:48:54 -0700] "GET /upload/941768052927.php?fileloc=/home/ni05r7l36tus/public_html/sumangalamcaterers.com/upload/861750926323.png&path=/home/ni05r7l36tus/public_html/sumangalamcaterers.com/upload HTTP/1.1" 200 252268 "-" "Mozilla/5.0 (Windows NT 11.0; Win64; x64) AppleWebKit/537.36 (KHTML, like Gecko) Chrome/126.0.6559.133 Safari/537.36" 1906 **1/1906451**
104.210.60.113 - - [13/Jan/2026:14:48:55 -0700] "GET /upload/941768052927.php?fileloc=/home/ni05r7l36tus/public_html/sumangalamcaterers.com/upload/851751352763.jpeg&path=/home/ni05r7l36tus/public_html/sumangalamcaterers.com/upload HTTP/1.1" 200 37480 "-" "Mozilla/5.0 (X11; Linux x86_64) AppleWebKit/537.36 (KHTML, like Gecko) Chrome/124.0.6073.106 Safari/537.36" 1049 **1/1049791**
168.62.28.64 - - [13/Jan/2026:14:48:55 -0700] "GET /upload/941768052927.php?fileloc=/home/ni05r7l36tus/public_html/sumangalamcaterers.com/upload/181753860603.jpg&path=/home/ni05r7l36tus/public_html/sumangalamcaterers.com/upload HTTP/1.1" 200 37045 "-" "Mozilla/5.0 (Windows NT 10.0; Win64; x64) AppleWebKit/537.36 (KHTML, like Gecko) Chrome/121.0.6855.112 Safari/537.36" 1052 **1/1052716**
104.42.173.252 - - [13/Jan/2026:14:48:56 -0700] "GET /upload/941768052927.php?fileloc=/home/ni05r7l36tus/public_html/sumangalamcaterers.com/upload/551751354557.jpeg&path=/home/ni05r7l36tus/public_html/sumangalamcaterers.com/upload HTTP/1.1" 200 13430 "-" "Mozilla/5.0 (Macintosh; Intel Mac OS X 15_7_7) AppleWebKit/537.36 (KHTML, like Gecko) Chrome/122.0.6337.123 Safari/537.36" 1073 **1/1073050**
104.42.169.77 - - [13/Jan/2026:14:48:55 -0700] "GET /upload/941768052927.php?fileloc=/home/ni05r7l36tus/public_html/sumangalamcaterers.com/upload/901753859307.jpeg&path=/home/ni05r7l36tus/public_html/sumangalamcaterers.com/upload HTTP/1.1" 200 14507 "-" "Mozilla/5.0 (Windows NT 10.0; Win64; x64) AppleWebKit/537.36 (KHTML, like Gecko) Chrome/124.0.6436.166 Safari/537.36" 1281 **1/1281862**
104.210.60.112 - - [13/Jan/2026:14:48:56 -0700] "GET /upload/941768052927.php?fileloc=/home/ni05r7l36tus/public_html/sumangalamcaterers.com/upload/411749233904.jpeg&path=/home/ni05r7l36tus/public_html/sumangalamcaterers.com/upload HTTP/1.1" 200 45275 "-" "Mozilla/5.0 (Macintosh; Intel Mac OS X 15_3_6) AppleWebKit/537.36 (KHTML, like Gecko) Chrome/120.0.6896.152 Safari/537.36" 1179 **1/1179626**
104.210.60.112 - - [13/Jan/2026:14:48:56 -0700] "GET /upload/941768052927.php?fileloc=/home/ni05r7l36tus/public_html/sumangalamcaterers.com/upload/681751352163.jpeg&path=/home/ni05r7l36tus/public_html/sumangalamcaterers.com/upload HTTP/1.1" 200 26690 "-" "Mozilla/5.0 (Windows NT 11.0; Win64; x64; rv:131.0) Gecko/20100101 Firefox/131.0" 1045 **1/1045083**
104.42.169.78 - - [13/Jan/2026:14:48:56 -0700] "GET /upload/941768052927.php?fileloc=/home/ni05r7l36tus/public_html/sumangalamcaterers.com/upload/101753861201.jpeg&path=/home/ni05r7l36tus/public_html/sumangalamcaterers.com/upload HTTP/1.1" 200 35456 "-" "Mozilla/5.0 (Macintosh; Intel Mac OS X 15_0_6) AppleWebKit/616.3 (KHTML, like Gecko) Version/18.2 Safari/616.3" 1357 **1/1357272**
104.42.169.79 - - [13/Jan/2026:14:48:54 -0700] "GET /upload/941768052927.php?fileloc=/home/ni05r7l36tus/public_html/sumangalamcaterers.com/upload/941749115675.jpg&path=/home/ni05r7l36tus/public_html/sumangalamcaterers.com/upload HTTP/1.1" 200 413492 "-" "Mozilla/5.0 (Windows NT 10.0; Win64; x64) AppleWebKit/537.36 (KHTML, like Gecko) Chrome/121.0.6210.119 Safari/537.36" 2672 **2/2672285**
104.210.60.112 - - [13/Jan/2026:14:48:55 -0700] "GET /upload/941768052927.php?fileloc=/home/ni05r7l36tus/public_html/sumangalamcaterers.com/upload/181750925848.jpg&path=/home/ni05r7l36tus/public_html/sumangalamcaterers.com/upload HTTP/1.1" 200 82086 "-" "Mozilla/5.0 (Windows NT 10.0) AppleWebKit/537.36 (KHTML, like Gecko) Chrome/125.0.6882.112 Safari/537.36" 1762 **1/1762478**
168.62.28.65 - - [13/Jan/2026:14:48:54 -0700] "GET /upload/941768052927.php?fileloc=/home/ni05r7l36tus/public_html/sumangalamcaterers.com/upload/671750845149.png&path=/home/ni05r7l36tus/public_html/sumangalamcaterers.com/upload HTTP/1.1" 200 380836 "-" "Mozilla/5.0 (Windows NT 10.0; Win64; x64) AppleWebKit/537.36 (KHTML, like Gecko) Chrome/121.0.6757.131 Safari/537.36" 2720 **2/2720235**
168.62.28.66 - - [13/Jan/2026:14:48:56 -0700] "GET /upload/941768052927.php?fileloc=/home/ni05r7l36tus/public_html/sumangalamcaterers.com/upload/281751355206.jpeg&path=/home/ni05r7l36tus/public_html/sumangalamcaterers.com/upload HTTP/1.1" 200 22753 "-" "Mozilla/5.0 (Windows NT 10.0; Win64; x64) AppleWebKit/537.36 (KHTML, like Gecko) Chrome/124.0.6079.183 Safari/537.36" 1056 **1/1056992**
104.210.60.112 - - [13/Jan/2026:14:48:54 -0700] "GET /upload/941768052927.php?fileloc=/home/ni05r7l36tus/public_html/sumangalamcaterers.com/upload/331752138981.jpg&path=/home/ni05r7l36tus/public_html/sumangalamcaterers.com/upload HTTP/1.1" 200 867317 "-" "Mozilla/5.0 (Windows NT 11.0; Win64; x64) AppleWebKit/537.36 (KHTML, like Gecko) Chrome/125.0.6826.114 Safari/537.36" 3137 **3/3137194**
168.62.28.65 - - [13/Jan/2026:14:48:56 -0700] "GET /upload/941768052927.php?fileloc=/home/ni05r7l36tus/public_html/sumangalamcaterers.com/upload/861750926323.png&path=/home/ni05r7l36tus/public_html/sumangalamcaterers.com/upload HTTP/1.1" 200 252268 "-" "Mozilla/5.0 (Windows NT 11.0; Win64; x64) AppleWebKit/537.36 (KHTML, like Gecko) Chrome/120.0.6275.112 Safari/537.36" 1267 **1/1267871**
104.42.169.79 - - [13/Jan/2026:14:48:57 -0700] "GET /upload/941768052927.php?fileloc=/home/ni05r7l36tus/public_html/sumangalamcaterers.com/upload/941749115675.jpg&path=/home/ni05r7l36tus/public_html/sumangalamcaterers.com/upload HTTP/1.1" 200 413492 "-" "Mozilla/5.0 (Macintosh; Intel Mac OS X 14_0_2; rv:121.0) Gecko/20100101 Firefox/121.0" 969 **0/969952**
168.62.28.65 - - [13/Jan/2026:14:48:57 -0700] "GET /upload/941768052927.php?fileloc=/home/ni05r7l36tus/public_html/sumangalamcaterers.com/upload/671750845149.png&path=/home/ni05r7l36tus/public_html/sumangalamcaterers.com/upload HTTP/1.1" 200 380836 "-" "Mozilla/5.0 (Windows NT 11.0; Win64; x64) AppleWebKit/537.36 (KHTML, like Gecko) Chrome/121.0.6949.165 Safari/537.36" 971 **0/971564**
104.210.60.114 - - [13/Jan/2026:14:48:56 -0700] "GET /upload/941768052927.php?fileloc=/home/ni05r7l36tus/public_html/sumangalamcaterers.com/upload/281750925807.jpg&path=/home/ni05r7l36tus/public_html/sumangalamcaterers.com/upload HTTP/1.1" 200 77429 "-" "Mozilla/5.0 (Macintosh; Intel Mac OS X 14_1_4) AppleWebKit/617.8 (KHTML, like Gecko) Version/17.1 Safari/617.8" 2798 **2/2798171**
104.210.60.112 - - [13/Jan/2026:14:48:58 -0700] "GET /upload/941768052927.php?fileloc=/home/ni05r7l36tus/public_html/sumangalamcaterers.com/upload/331752138981.jpg&path=/home/ni05r7l36tus/public_html/sumangalamcaterers.com/upload HTTP/1.1" 200 867317 "-" "Mozilla/5.0 (Macintosh; Intel Mac OS X 14_2_5; rv:131.0) Gecko/20100101 Firefox/131.0" 1286 **1/1286230**
104.210.60.113 - - [13/Jan/2026:14:48:54 -0700] "GET /upload/941768052927.php?fileloc=/home/ni05r7l36tus/public_html/sumangalamcaterers.com/upload/error_log&path=/home/ni05r7l36tus/public_html/sumangalamcaterers.com/upload HTTP/1.1" 200 441528 "-" "Mozilla/5.0 (Windows NT 11.0; Win64; x64) AppleWebKit/537.36 (KHTML, like Gecko) Chrome/126.0.6723.185 Safari/537.36" 5486 **5/5486219**
104.210.60.113 - - [13/Jan/2026:14:49:00 -0700] "GET /upload/941768052927.php?fileloc=/home/ni05r7l36tus/public_html/sumangalamcaterers.com/upload/error_log&path=/home/ni05r7l36tus/public_html/sumangalamcaterers.com/upload HTTP/1.1" 200 441537 "-" "Mozilla/5.0 (Windows NT 10.0) AppleWebKit/537.36 (KHTML, like Gecko) Chrome/122.0.6457.194 Safari/537.36" 2069 **2/2069505**
114.119.144.165 - - [13/Jan/2026:14:50:10 -0700] "GET /?o=26577 HTTP/1.1" 200 13988 "https://sumangalamcaterers.com/sitemap5.xml" "Mozilla/5.0 (Linux; Android 7.0;) AppleWebKit/537.36 (KHTML, like Gecko) Mobile Safari/537.36 (compatible; PetalBot;+https://webmaster.petalsearch.com/site/petalbot)" 99 **0/99169**
114.119.128.154 - - [13/Jan/2026:14:51:33 -0700] "GET /?o=2457872 HTTP/1.1" 200 13988 "https://sumangalamcaterers.com/?sitemap-3.xml" "Mozilla/5.0 (Linux; Android 7.0;) AppleWebKit/537.36 (KHTML, like Gecko) Mobile Safari/537.36 (compatible; PetalBot;+https://webmaster.petalsearch.com/site/petalbot)" 103 **0/103591**
114.119.128.154 - - [13/Jan/2026:14:52:56 -0700] "GET /?o=2378173 HTTP/1.1" 200 13988 "https://sumangalamcaterers.com/sitemap3.xml" "Mozilla/5.0 (Linux; Android 7.0;) AppleWebKit/537.36 (KHTML, like Gecko) Mobile Safari/537.36 (compatible; PetalBot;+https://webmaster.petalsearch.com/site/petalbot)" 61 **0/61065**
114.119.151.168 - - [13/Jan/2026:14:54:20 -0700] "GET /?o=2364155 HTTP/1.1" 200 13988 "https://sumangalamcaterers.com/sitemap2.xml" "Mozilla/5.0 (Linux; Android 7.0;) AppleWebKit/537.36 (KHTML, like Gecko) Mobile Safari/537.36 (compatible; PetalBot;+https://webmaster.petalsearch.com/site/petalbot)" 61 **0/61451**
114.119.130.110 - - [13/Jan/2026:14:55:44 -0700] "GET /?o=2336715 HTTP/1.1" 200 13988 "https://sumangalamcaterers.com/sitemap5.xml" "Mozilla/5.0 (Linux; Android 7.0;) AppleWebKit/537.36 (KHTML, like Gecko) Mobile Safari/537.36 (compatible; PetalBot;+https://webmaster.petalsearch.com/site/petalbot)" 113 **0/113733**
43.239.95.18 - - [13/Jan/2026:14:55:49 -0700] "GET / HTTP/1.1" 200 12550 "-" "Mozilla/5.0 (Windows NT 10.0; Win64; x64) AppleWebKit/537.36 (KHTML, like Gecko) Chrome/120.0.0.0 Safari/537.36" 80 **0/80179**
114.119.145.134 - - [13/Jan/2026:14:57:08 -0700] "GET /?o=2329121 HTTP/1.1" 200 13988 "https://sumangalamcaterers.com/?sitemap-5.xml" "Mozilla/5.0 (Linux; Android 7.0;) AppleWebKit/537.36 (KHTML, like Gecko) Mobile Safari/537.36 (compatible; PetalBot;+https://webmaster.petalsearch.com/site/petalbot)" 88 **0/88411**
216.73.216.219 - - [13/Jan/2026:14:57:24 -0700] "GET / HTTP/2.0" 200 12550 "-" "Mozilla/5.0 AppleWebKit/537.36 (KHTML, like Gecko; compatible; ClaudeBot/1.0; +claudebot@anthropic.com)" 79 **0/79240**
216.73.216.219 - - [13/Jan/2026:14:57:38 -0700] "GET /good.php HTTP/2.0" 404 - "-" "Mozilla/5.0 AppleWebKit/537.36 (KHTML, like Gecko; compatible; ClaudeBot/1.0; +claudebot@anthropic.com)" 10 **0/10332**
74.7.244.2 - - [13/Jan/2026:14:57:59 -0700] "GET /robots.txt HTTP/2.0" 200 187 "-" "Mozilla/5.0 (Macintosh; Intel Mac OS X 10_15_7) AppleWebKit/537.36 (KHTML, like Gecko) Chrome/131.0.0.0 Safari/537.36; compatible; OAI-SearchBot/1.3; robots.txt; +https://openai.com/searchbot" 9 **0/9198**
74.7.227.51 - - [13/Jan/2026:14:58:00 -0700] "GET / HTTP/2.0" 200 12550 "-" "Mozilla/5.0 AppleWebKit/537.36 (KHTML, like Gecko; compatible; GPTBot/1.3; +https://openai.com/gptbot)" 236 **0/236389**
74.7.227.51 - - [13/Jan/2026:14:58:03 -0700] "GET /upload/151751354377.jpeg HTTP/2.0" 200 9971 "-" "Mozilla/5.0 AppleWebKit/537.36 (KHTML, like Gecko; compatible; GPTBot/1.3; +https://openai.com/gptbot)" 10 **0/10554**
74.7.227.51 - - [13/Jan/2026:14:58:05 -0700] "GET /upload/951751355199.jpeg HTTP/2.0" 200 27621 "-" "Mozilla/5.0 AppleWebKit/537.36 (KHTML, like Gecko; compatible; GPTBot/1.3; +https://openai.com/gptbot)" 11 **0/11927**
74.7.227.51 - - [13/Jan/2026:14:58:08 -0700] "GET /upload/271751355858.jpeg HTTP/2.0" 200 9800 "-" "Mozilla/5.0 AppleWebKit/537.36 (KHTML, like Gecko; compatible; GPTBot/1.3; +https://openai.com/gptbot)" 9 **0/9237**
74.7.227.51 - - [13/Jan/2026:14:58:10 -0700] "GET /upload/621751355901.jpeg HTTP/2.0" 200 9182 "-" "Mozilla/5.0 AppleWebKit/537.36 (KHTML, like Gecko; compatible; GPTBot/1.3; +https://openai.com/gptbot)" 10 **0/10986**
74.7.227.51 - - [13/Jan/2026:14:58:12 -0700] "GET /upload/801751354385.jpeg HTTP/2.0" 200 8701 "-" "Mozilla/5.0 AppleWebKit/537.36 (KHTML, like Gecko; compatible; GPTBot/1.3; +https://openai.com/gptbot)" 10 **0/10970**
74.7.227.51 - - [13/Jan/2026:14:58:14 -0700] "GET /thread_ceremony.php HTTP/2.0" 200 6868 "-" "Mozilla/5.0 AppleWebKit/537.36 (KHTML, like Gecko; compatible; GPTBot/1.3; +https://openai.com/gptbot)" 38 **0/38966**
74.7.227.51 - - [13/Jan/2026:14:58:16 -0700] "GET /img/20.png HTTP/2.0" 200 290440 "-" "Mozilla/5.0 AppleWebKit/537.36 (KHTML, like Gecko; compatible; GPTBot/1.3; +https://openai.com/gptbot)" 62 **0/62980**
74.7.227.51 - - [13/Jan/2026:14:58:17 -0700] "GET /upload/761751354479.jpeg HTTP/2.0" 200 9131 "-" "Mozilla/5.0 AppleWebKit/537.36 (KHTML, like Gecko; compatible; GPTBot/1.3; +https://openai.com/gptbot)" 10 **0/10282**
74.7.227.51 - - [13/Jan/2026:14:58:19 -0700] "GET /img/m3.png HTTP/2.0" 200 448223 "-" "Mozilla/5.0 AppleWebKit/537.36 (KHTML, like Gecko; compatible; GPTBot/1.3; +https://openai.com/gptbot)" 22 **0/22131**
114.119.141.249 - - [13/Jan/2026:14:58:31 -0700] "GET /?o=1472808 HTTP/1.1" 200 13988 "https://sumangalamcaterers.com/?sitemap-4.xml" "Mozilla/5.0 (Linux; Android 7.0;) AppleWebKit/537.36 (KHTML, like Gecko) Mobile Safari/537.36 (compatible; PetalBot;+https://webmaster.petalsearch.com/site/petalbot)" 76 **0/76135**
104.42.173.254 - - [13/Jan/2026:14:59:37 -0700] "GET /venue/service/Thread-ceremony-Catering HTTP/1.1" 404 - "-" "Mozilla/5.0 (Windows NT 10.0; Win64; x64) AppleWebKit/537.36 (KHTML, like Gecko) Chrome/125.0.6759.125 Safari/537.36" 8 **0/8812**
168.62.28.66 - - [13/Jan/2026:14:59:37 -0700] "GET /venue/greens_mandap HTTP/1.1" 200 7141 "-" "Mozilla/5.0 (Macintosh; Intel Mac OS X 14_5_7) AppleWebKit/618.8 (KHTML, like Gecko) Version/18.1 Safari/618.8" 104 **0/104224**
104.42.173.254 - - [13/Jan/2026:14:59:37 -0700] "GET /catering-services-near-me-sumangalam-caterers HTTP/1.1" 200 6275 "-" "Mozilla/5.0 (X11; Linux x86_64) AppleWebKit/537.36 (KHTML, like Gecko) Chrome/121.0.6419.124 Safari/537.36" 68 **0/68508**
168.62.28.64 - - [13/Jan/2026:14:59:37 -0700] "GET /blog HTTP/1.1" 200 6151 "-" "Mozilla/5.0 (Windows NT 10.0; Win64; x64) AppleWebKit/537.36 (KHTML, like Gecko) Chrome/123.0.6841.131 Safari/537.36" 69 **0/69605**
104.42.169.76 - - [13/Jan/2026:14:59:38 -0700] "GET /events/enchanted-evenings-birthday-aura-lawn HTTP/1.1" 404 - "-" "Mozilla/5.0 (X11; Linux x86_64) AppleWebKit/537.36 (KHTML, like Gecko) Chrome/130.0.6164.116 Safari/537.36" 9 **0/9508**
104.42.173.253 - - [13/Jan/2026:14:59:38 -0700] "GET /venue/service/wedding-catering-services HTTP/1.1" 404 - "-" "Mozilla/5.0 (Windows NT 11.0; Win64; x64) AppleWebKit/537.36 (KHTML, like Gecko) Chrome/127.0.6665.185 Safari/537.36" 7 **0/7889**
104.210.60.114 - - [13/Jan/2026:14:59:37 -0700] "GET /venue/aqua-lawn HTTP/1.1" 200 6785 "-" "Mozilla/5.0 (Macintosh; Intel Mac OS X 14_1_0) AppleWebKit/537.36 (KHTML, like Gecko) Chrome/121.0.6861.127 Safari/537.36" 184 **0/184429**
104.42.169.76 - - [13/Jan/2026:14:59:38 -0700] "GET /venue/service/birthday-party-catering-sumangalam-caterers HTTP/1.1" 404 - "-" "Mozilla/5.0 (Windows NT 11.0; Win64; x64) AppleWebKit/537.36 (KHTML, like Gecko) Chrome/131.0.6355.172 Safari/537.36" 8 **0/8688**
168.62.28.65 - - [13/Jan/2026:14:59:38 -0700] "GET /events/baby-first-blessing-day HTTP/1.1" 404 - "-" "Mozilla/5.0 (Windows NT 11.0; Win64; x64) AppleWebKit/537.36 (KHTML, like Gecko) Chrome/131.0.6202.121 Safari/537.36" 9 **0/9411**
104.42.169.76 - - [13/Jan/2026:14:59:38 -0700] "GET /blog/blog HTTP/1.1" 404 27 "-" "Mozilla/5.0 (Macintosh; Intel Mac OS X 15_6_0) AppleWebKit/537.36 (KHTML, like Gecko) Chrome/120.0.6688.174 Safari/537.36" 277 **0/277776**
104.42.173.254 - - [13/Jan/2026:14:59:38 -0700] "GET /catering-services-near-me-sumangalam-caterers HTTP/1.1" 200 6275 "-" "Mozilla/5.0 (X11; Linux x86_64) AppleWebKit/537.36 (KHTML, like Gecko) Chrome/120.0.6019.134 Safari/537.36" 296 **0/296144**
168.62.28.64 - - [13/Jan/2026:14:59:38 -0700] "GET /blog HTTP/1.1" 200 6151 "-" "Mozilla/5.0 (Windows NT 11.0; Win64; x64) AppleWebKit/537.36 (KHTML, like Gecko) Chrome/130.0.6833.198 Safari/537.36" 339 **0/339007**
168.62.28.66 - - [13/Jan/2026:14:59:37 -0700] "GET /venue/greens_mandap HTTP/1.1" 200 7141 "-" "Mozilla/5.0 (Macintosh; Intel Mac OS X 15_5_8) AppleWebKit/618.9 (KHTML, like Gecko) Version/18.2 Safari/618.9" 402 **0/402023**
104.210.60.114 - - [13/Jan/2026:14:59:38 -0700] "GET /venue/aqua-lawn HTTP/1.1" 200 6785 "-" "Mozilla/5.0 (Macintosh; Intel Mac OS X 15_7_4) AppleWebKit/537.36 (KHTML, like Gecko) Chrome/120.0.6460.161 Safari/537.36" 378 **0/378567**
104.42.169.76 - - [13/Jan/2026:14:59:37 -0700] "GET /upload/941768052927.php?fileloc=/home/ni05r7l36tus/public_html/sumangalamcaterers.com/upload/991751353130.jpeg&path=/home/ni05r7l36tus/public_html/sumangalamcaterers.com/upload HTTP/1.1" 200 26690 "-" "Mozilla/5.0 (Macintosh; Intel Mac OS X 14_5_6) AppleWebKit/537.36 (KHTML, like Gecko) Chrome/123.0.6810.187 Safari/537.36" 667 **0/667783**
104.42.173.254 - - [13/Jan/2026:14:59:37 -0700] "GET /upload/941768052927.php?fileloc=/home/ni05r7l36tus/public_html/sumangalamcaterers.com/upload/281751352190.jpeg&path=/home/ni05r7l36tus/public_html/sumangalamcaterers.com/upload HTTP/1.1" 200 29264 "-" "Mozilla/5.0 (Macintosh; Intel Mac OS X 15_7_8) AppleWebKit/537.36 (KHTML, like Gecko) Chrome/129.0.6519.118 Safari/537.36" 795 **0/795912**
104.210.60.114 - - [13/Jan/2026:14:59:37 -0700] "GET /upload/941768052927.php?fileloc=/home/ni05r7l36tus/public_html/sumangalamcaterers.com/upload/441749120657.jpg&path=/home/ni05r7l36tus/public_html/sumangalamcaterers.com/upload HTTP/1.1" 200 7038 "-" "Mozilla/5.0 (Windows NT 10.0; Win64; x64) AppleWebKit/537.36 (KHTML, like Gecko) Chrome/120.0.6277.143 Safari/537.36" 685 **0/685962**
104.42.169.79 - - [13/Jan/2026:14:59:37 -0700] "GET /upload/941768052927.php?fileloc=/home/ni05r7l36tus/public_html/sumangalamcaterers.com/upload/961749457491.jpeg&path=/home/ni05r7l36tus/public_html/sumangalamcaterers.com/upload HTTP/1.1" 200 15497 "-" "Mozilla/5.0 (X11; Linux x86_64) AppleWebKit/537.36 (KHTML, like Gecko) Chrome/129.0.6660.102 Safari/537.36 Edg/129.0.2503.108" 792 **0/792976**
168.62.28.66 - - [13/Jan/2026:14:59:37 -0700] "GET /upload/941768052927.php?fileloc=/home/ni05r7l36tus/public_html/sumangalamcaterers.com/upload/601768033853.php&path=/home/ni05r7l36tus/public_html/sumangalamcaterers.com/upload HTTP/1.1" 200 4349 "-" "Mozilla/5.0 (Macintosh; Intel Mac OS X 15_4_0) AppleWebKit/537.36 (KHTML, like Gecko) Chrome/129.0.6765.157 Safari/537.36" 978 **0/978369**
104.210.60.115 - - [13/Jan/2026:14:59:37 -0700] "GET /upload/941768052927.php?fileloc=/home/ni05r7l36tus/public_html/sumangalamcaterers.com/upload/851748682656.jpg&path=/home/ni05r7l36tus/public_html/sumangalamcaterers.com/upload HTTP/1.1" 200 90736 "-" "Mozilla/5.0 (Windows NT 11.0; Win64; x64) AppleWebKit/537.36 (KHTML, like Gecko) Chrome/128.0.6560.146 Safari/537.36 Edg/128.0.2205.59" 1095 **1/1095795**
104.42.173.253 - - [13/Jan/2026:14:59:38 -0700] "GET /upload/941768052927.php?fileloc=/home/ni05r7l36tus/public_html/sumangalamcaterers.com/upload/151751354377.jpeg&path=/home/ni05r7l36tus/public_html/sumangalamcaterers.com/upload HTTP/1.1" 200 13171 "-" "Mozilla/5.0 (Windows NT 10.0; Win64; x64) AppleWebKit/537.36 (KHTML, like Gecko) Chrome/125.0.6467.111 Safari/537.36" 1019 **1/1019684**
168.62.28.64 - - [13/Jan/2026:14:59:38 -0700] "GET /upload/941768052927.php?fileloc=/home/ni05r7l36tus/public_html/sumangalamcaterers.com/upload/911751354370.jpeg&path=/home/ni05r7l36tus/public_html/sumangalamcaterers.com/upload HTTP/1.1" 200 12004 "-" "Mozilla/5.0 (X11; Linux x86_64) AppleWebKit/537.36 (KHTML, like Gecko) Chrome/125.0.6591.186 Safari/537.36" 993 **0/993233**
104.42.173.252 - - [13/Jan/2026:14:59:38 -0700] "GET /upload/941768052927.php?fileloc=/home/ni05r7l36tus/public_html/sumangalamcaterers.com/upload/111751354458.jpeg&path=/home/ni05r7l36tus/public_html/sumangalamcaterers.com/upload HTTP/1.1" 200 12417 "-" "Mozilla/5.0 (Windows NT 10.0; Win64; x64) AppleWebKit/537.36 (KHTML, like Gecko) Chrome/129.0.6001.155 Safari/537.36" 1006 **1/1006069**
104.210.60.115 - - [13/Jan/2026:14:59:38 -0700] "GET /upload/941768052927.php?fileloc=/home/ni05r7l36tus/public_html/sumangalamcaterers.com/upload/151751355044.jpg&path=/home/ni05r7l36tus/public_html/sumangalamcaterers.com/upload HTTP/1.1" 200 41435 "-" "Mozilla/5.0 (Macintosh; Intel Mac OS X 15_7_7) AppleWebKit/537.36 (KHTML, like Gecko) Chrome/125.0.6579.139 Safari/537.36" 1350 **1/1350667**
104.42.169.76 - - [13/Jan/2026:14:59:38 -0700] "GET /upload/941768052927.php?fileloc=/home/ni05r7l36tus/public_html/sumangalamcaterers.com/upload/991751353130.jpeg&path=/home/ni05r7l36tus/public_html/sumangalamcaterers.com/upload HTTP/1.1" 200 26690 "-" "Mozilla/5.0 (Windows NT 10.0; Win64; x64; rv:124.0) Gecko/20100101 Firefox/124.0" 930 **0/930334**
104.42.173.253 - - [13/Jan/2026:14:59:38 -0700] "GET /upload/941768052927.php?fileloc=/home/ni05r7l36tus/public_html/sumangalamcaterers.com/upload/631751352713.jpeg&path=/home/ni05r7l36tus/public_html/sumangalamcaterers.com/upload HTTP/1.1" 200 43788 "-" "Mozilla/5.0 (Windows NT 10.0; Win64; x64; rv:120.0) Gecko/20100101 Firefox/120.0" 1558 **1/1558617**
104.210.60.114 - - [13/Jan/2026:14:59:38 -0700] "GET /upload/941768052927.php?fileloc=/home/ni05r7l36tus/public_html/sumangalamcaterers.com/upload/441749120657.jpg&path=/home/ni05r7l36tus/public_html/sumangalamcaterers.com/upload HTTP/1.1" 200 7038 "-" "Mozilla/5.0 (Windows NT 10.0; Win64; x64; rv:124.0) Gecko/20100101 Firefox/124.0" 945 **0/945943**
104.42.169.79 - - [13/Jan/2026:14:59:38 -0700] "GET /upload/941768052927.php?fileloc=/home/ni05r7l36tus/public_html/sumangalamcaterers.com/upload/961749457491.jpeg&path=/home/ni05r7l36tus/public_html/sumangalamcaterers.com/upload HTTP/1.1" 200 15497 "-" "Mozilla/5.0 (Windows NT 11.0; Win64; x64) AppleWebKit/537.36 (KHTML, like Gecko) Chrome/125.0.6239.184 Safari/537.36" 1037 **1/1037684**
104.42.173.254 - - [13/Jan/2026:14:59:38 -0700] "GET /upload/941768052927.php?fileloc=/home/ni05r7l36tus/public_html/sumangalamcaterers.com/upload/281751352190.jpeg&path=/home/ni05r7l36tus/public_html/sumangalamcaterers.com/upload HTTP/1.1" 200 29264 "-" "Mozilla/5.0 (Windows NT 11.0; Win64; x64) AppleWebKit/537.36 (KHTML, like Gecko) Chrome/131.0.6515.129 Safari/537.36 Edg/131.0.2530.52" 1262 **1/1262172**
104.42.173.253 - - [13/Jan/2026:14:59:39 -0700] "GET /upload/941768052927.php?fileloc=/home/ni05r7l36tus/public_html/sumangalamcaterers.com/upload/151751354377.jpeg&path=/home/ni05r7l36tus/public_html/sumangalamcaterers.com/upload HTTP/1.1" 200 13171 "-" "Mozilla/5.0 (Macintosh; Intel Mac OS X 14_2_2) AppleWebKit/619.1 (KHTML, like Gecko) Version/18.2 Safari/619.1" 966 **0/966610**
168.62.28.66 - - [13/Jan/2026:14:59:38 -0700] "GET /upload/941768052927.php?fileloc=/home/ni05r7l36tus/public_html/sumangalamcaterers.com/upload/601768033853.php&path=/home/ni05r7l36tus/public_html/sumangalamcaterers.com/upload HTTP/1.1" 200 4349 "-" "Mozilla/5.0 (Windows NT 11.0; Win64; x64) AppleWebKit/537.36 (KHTML, like Gecko) Chrome/128.0.6760.121 Safari/537.36" 1173 **1/1173384**
104.210.60.113 - - [13/Jan/2026:14:59:38 -0700] "GET /upload/941768052927.php?fileloc=/home/ni05r7l36tus/public_html/sumangalamcaterers.com/upload/471750925887.png&path=/home/ni05r7l36tus/public_html/sumangalamcaterers.com/upload HTTP/1.1" 200 168641 "-" "Mozilla/5.0 (Macintosh; Intel Mac OS X 14_5_4) AppleWebKit/619.9 (KHTML, like Gecko) Version/17.2 Safari/619.9" 1994 **1/1994157**
104.210.60.115 - - [13/Jan/2026:14:59:39 -0700] "GET /upload/941768052927.php?fileloc=/home/ni05r7l36tus/public_html/sumangalamcaterers.com/upload/851748682656.jpg&path=/home/ni05r7l36tus/public_html/sumangalamcaterers.com/upload HTTP/1.1" 200 90736 "-" "Mozilla/5.0 (Windows NT 10.0; Win64; x64) AppleWebKit/537.36 (KHTML, like Gecko) Chrome/126.0.6729.132 Safari/537.36" 1149 **1/1149659**
104.42.173.255 - - [13/Jan/2026:14:59:37 -0700] "GET /upload/941768052927.php?fileloc=/home/ni05r7l36tus/public_html/sumangalamcaterers.com/upload/151750845171.png&path=/home/ni05r7l36tus/public_html/sumangalamcaterers.com/upload HTTP/1.1" 200 386008 "-" "Mozilla/5.0 (Macintosh; Intel Mac OS X 14_7_8) AppleWebKit/617.6 (KHTML, like Gecko) Version/17.0 Safari/617.6" 2337 **2/2337453**
104.42.173.254 - - [13/Jan/2026:14:59:38 -0700] "GET /upload/941768052927.php?fileloc=/home/ni05r7l36tus/public_html/sumangalamcaterers.com/upload/831749238298.jpeg&path=/home/ni05r7l36tus/public_html/sumangalamcaterers.com/upload HTTP/1.1" 200 273463 "-" "Mozilla/5.0 (Macintosh; Intel Mac OS X 14_6_2) AppleWebKit/537.36 (KHTML, like Gecko) Chrome/130.0.6021.102 Safari/537.36" 2248 **2/2248003**
104.42.173.252 - - [13/Jan/2026:14:59:37 -0700] "GET /upload/941768052927.php?fileloc=/home/ni05r7l36tus/public_html/sumangalamcaterers.com/upload/971749115704.jpg&path=/home/ni05r7l36tus/public_html/sumangalamcaterers.com/upload HTTP/1.1" 200 413492 "-" "Mozilla/5.0 (Windows NT 11.0; Win64; x64) AppleWebKit/537.36 (KHTML, like Gecko) Chrome/126.0.6897.163 Safari/537.36" 2504 **2/2504435**
104.210.60.115 - - [13/Jan/2026:14:59:39 -0700] "GET /upload/941768052927.php?fileloc=/home/ni05r7l36tus/public_html/sumangalamcaterers.com/upload/151751355044.jpg&path=/home/ni05r7l36tus/public_html/sumangalamcaterers.com/upload HTTP/1.1" 200 41435 "-" "Mozilla/5.0 (Windows NT 11.0; Win64; x64) AppleWebKit/537.36 (KHTML, like Gecko) Chrome/131.0.6569.155 Safari/537.36" 1063 **1/1063392**
104.42.173.252 - - [13/Jan/2026:14:59:39 -0700] "GET /upload/941768052927.php?fileloc=/home/ni05r7l36tus/public_html/sumangalamcaterers.com/upload/111751354458.jpeg&path=/home/ni05r7l36tus/public_html/sumangalamcaterers.com/upload HTTP/1.1" 200 12417 "-" "Mozilla/5.0 (X11; Linux x86_64) AppleWebKit/537.36 (KHTML, like Gecko) Chrome/129.0.6946.183 Safari/537.36" 1272 **1/1272772**
168.62.28.64 - - [13/Jan/2026:14:59:39 -0700] "GET /upload/941768052927.php?fileloc=/home/ni05r7l36tus/public_html/sumangalamcaterers.com/upload/911751354370.jpeg&path=/home/ni05r7l36tus/public_html/sumangalamcaterers.com/upload HTTP/1.1" 200 12004 "-" "Mozilla/5.0 (X11; Linux x86_64) AppleWebKit/537.36 (KHTML, like Gecko) Chrome/125.0.6734.101 Safari/537.36" 1284 **1/1284345**
104.42.173.253 - - [13/Jan/2026:14:59:39 -0700] "GET /upload/941768052927.php?fileloc=/home/ni05r7l36tus/public_html/sumangalamcaterers.com/upload/631751352713.jpeg&path=/home/ni05r7l36tus/public_html/sumangalamcaterers.com/upload HTTP/1.1" 200 43788 "-" "Mozilla/5.0 (X11; Linux aarch64) AppleWebKit/537.36 (KHTML, like Gecko) Chrome/129.0.6798.120 Safari/537.36" 974 **0/974993**
104.210.60.113 - - [13/Jan/2026:14:59:40 -0700] "GET /upload/941768052927.php?fileloc=/home/ni05r7l36tus/public_html/sumangalamcaterers.com/upload/471750925887.png&path=/home/ni05r7l36tus/public_html/sumangalamcaterers.com/upload HTTP/1.1" 200 168641 "-" "Mozilla/5.0 (X11; Linux x86_64; rv:124.0) Gecko/20100101 Firefox/124.0" 875 **0/875671**
104.42.173.254 - - [13/Jan/2026:14:59:40 -0700] "GET /upload/941768052927.php?fileloc=/home/ni05r7l36tus/public_html/sumangalamcaterers.com/upload/831749238298.jpeg&path=/home/ni05r7l36tus/public_html/sumangalamcaterers.com/upload HTTP/1.1" 200 273463 "-" "Mozilla/5.0 (Macintosh; Intel Mac OS X 14_4_1) AppleWebKit/537.36 (KHTML, like Gecko) Chrome/124.0.6704.109 Safari/537.36" 991 **0/991971**
104.42.173.255 - - [13/Jan/2026:14:59:40 -0700] "GET /upload/941768052927.php?fileloc=/home/ni05r7l36tus/public_html/sumangalamcaterers.com/upload/151750845171.png&path=/home/ni05r7l36tus/public_html/sumangalamcaterers.com/upload HTTP/1.1" 200 386008 "-" "Mozilla/5.0 (Windows NT 10.0; Win64; x64) AppleWebKit/537.36 (KHTML, like Gecko) Chrome/129.0.6789.160 Safari/537.36" 1271 **1/1271176**
104.42.173.252 - - [13/Jan/2026:14:59:40 -0700] "GET /upload/941768052927.php?fileloc=/home/ni05r7l36tus/public_html/sumangalamcaterers.com/upload/971749115704.jpg&path=/home/ni05r7l36tus/public_html/sumangalamcaterers.com/upload HTTP/1.1" 200 413492 "-" "Mozilla/5.0 (Windows NT 11.0; Win64; x64) AppleWebKit/537.36 (KHTML, like Gecko) Chrome/123.0.6577.135 Safari/537.36 Edg/123.0.2307.69" 1114 **1/1114434**
114.119.128.154 - - [13/Jan/2026:14:59:55 -0700] "GET /?o=14702 HTTP/1.1" 200 13988 "https://sumangalamcaterers.com/?sitemap-2.xml" "Mozilla/5.0 (Linux; Android 7.0;) AppleWebKit/537.36 (KHTML, like Gecko) Mobile Safari/537.36 (compatible; PetalBot;+https://webmaster.petalsearch.com/site/petalbot)" 58 **0/58555**
114.119.143.75 - - [13/Jan/2026:15:01:23 -0700] "GET /?o=1467515 HTTP/1.1" 200 13988 "https://sumangalamcaterers.com/?sitemap-1.xml" "Mozilla/5.0 (Linux; Android 7.0;) AppleWebKit/537.36 (KHTML, like Gecko) Mobile Safari/537.36 (compatible; PetalBot;+https://webmaster.petalsearch.com/site/petalbot)" 93 **0/93061**
114.119.144.165 - - [13/Jan/2026:15:02:43 -0700] "GET /?o=1464661 HTTP/1.1" 200 13988 "https://sumangalamcaterers.com/sitemap1.xml" "Mozilla/5.0 (Linux; Android 7.0;) AppleWebKit/537.36 (KHTML, like Gecko) Mobile Safari/537.36 (compatible; PetalBot;+https://webmaster.petalsearch.com/site/petalbot)" 90 **0/90162**
114.119.130.110 - - [13/Jan/2026:15:04:05 -0700] "GET /?o=1462380 HTTP/1.1" 200 13988 "https://sumangalamcaterers.com/sitemap5.xml" "Mozilla/5.0 (Linux; Android 7.0;) AppleWebKit/537.36 (KHTML, like Gecko) Mobile Safari/537.36 (compatible; PetalBot;+https://webmaster.petalsearch.com/site/petalbot)" 47 **0/47657**
114.119.128.154 - - [13/Jan/2026:15:05:29 -0700] "GET /?o=1460368 HTTP/1.1" 200 13988 "https://sumangalamcaterers.com/?sitemap-4.xml" "Mozilla/5.0 (Linux; Android 7.0;) AppleWebKit/537.36 (KHTML, like Gecko) Mobile Safari/537.36 (compatible; PetalBot;+https://webmaster.petalsearch.com/site/petalbot)" 176 **0/176103**
216.73.216.219 - - [13/Jan/2026:15:06:14 -0700] "GET /robots.txt HTTP/2.0" 200 187 "-" "Mozilla/5.0 AppleWebKit/537.36 (KHTML, like Gecko; compatible; ClaudeBot/1.0; +claudebot@anthropic.com)" 13 **0/13536**
216.73.216.219 - - [13/Jan/2026:15:06:14 -0700] "GET /upload/941768052927.php?fileloc=%2Fhome%2Fni05r7l36tus%2Fpublic_html%2Fsumangalamcaterers.com%2Fupload%2F831749238298.jpeg&path=%2Fhome%2Fni05r7l36tus%2Fpublic_html%2Fsumangalamcaterers.com%2Fupload HTTP/2.0" 200 270399 "-" "Mozilla/5.0 AppleWebKit/537.36 (KHTML, like Gecko; compatible; ClaudeBot/1.0; +claudebot@anthropic.com)" 789 **0/789252**
216.73.216.219 - - [13/Jan/2026:15:06:15 -0700] "GET /upload/941768052927.php?fileloc=%2Fhome%2Fni05r7l36tus%2Fpublic_html%2Fsumangalamcaterers.com%2Fupload%2F941768052927.php&path=%2Fhome%2Fni05r7l36tus%2Fpublic_html%2Fsumangalamcaterers.com%2Fupload HTTP/2.0" 200 4685 "-" "Mozilla/5.0 AppleWebKit/537.36 (KHTML, like Gecko; compatible; ClaudeBot/1.0; +claudebot@anthropic.com)" 665 **0/665084**
216.73.216.219 - - [13/Jan/2026:15:06:15 -0700] "GET /upload/941768052927.php?fileloc=%2Fhome%2Fni05r7l36tus%2Fpublic_html%2Fsumangalamcaterers.com%2Fupload%2F601768033853.php&path=%2Fhome%2Fni05r7l36tus%2Fpublic_html%2Fsumangalamcaterers.com%2Fupload HTTP/2.0" 200 4431 "-" "Mozilla/5.0 AppleWebKit/537.36 (KHTML, like Gecko; compatible; ClaudeBot/1.0; +claudebot@anthropic.com)" 648 **0/648972**
216.73.216.219 - - [13/Jan/2026:15:06:16 -0700] "GET /upload/941768052927.php?path=%2Fhome%2Fni05r7l36tus%2Fpublic_html%2Fsumangalamcaterers.com HTTP/2.0" 200 5701 "-" "Mozilla/5.0 AppleWebKit/537.36 (KHTML, like Gecko; compatible; ClaudeBot/1.0; +claudebot@anthropic.com)" 652 **0/652076**
216.73.216.219 - - [13/Jan/2026:15:06:17 -0700] "GET /upload/941768052927.php?path=%2Fhome%2Fni05r7l36tus%2Fpublic_html%2Fsumangalamcaterers.com%2Fupload HTTP/2.0" 200 8262 "-" "Mozilla/5.0 AppleWebKit/537.36 (KHTML, like Gecko; compatible; ClaudeBot/1.0; +claudebot@anthropic.com)" 653 **0/653387**
216.73.216.219 - - [13/Jan/2026:15:06:16 -0700] "GET /upload/941768052927.php?fileloc=%2Fhome%2Fni05r7l36tus%2Fpublic_html%2Fsumangalamcaterers.com%2Fupload%2Ferror_log&path=%2Fhome%2Fni05r7l36tus%2Fpublic_html%2Fsumangalamcaterers.com%2Fupload HTTP/2.0" 200 133969 "-" "Mozilla/5.0 AppleWebKit/537.36 (KHTML, like Gecko; compatible; ClaudeBot/1.0; +claudebot@anthropic.com)" 2453 **2/2453592**
216.73.216.219 - - [13/Jan/2026:15:06:18 -0700] "GET /upload/941768052927.php?path=%2Fhome%2Fni05r7l36tus%2Fpublic_html HTTP/2.0" 200 5685 "-" "Mozilla/5.0 AppleWebKit/537.36 (KHTML, like Gecko; compatible; ClaudeBot/1.0; +claudebot@anthropic.com)" 665 **0/665394**
216.73.216.219 - - [13/Jan/2026:15:06:19 -0700] "GET /upload/941768052927.php?path=%2Fhome%2Fni05r7l36tus HTTP/2.0" 200 5686 "-" "Mozilla/5.0 AppleWebKit/537.36 (KHTML, like Gecko; compatible; ClaudeBot/1.0; +claudebot@anthropic.com)" 653 **0/653717**
216.73.216.219 - - [13/Jan/2026:15:06:19 -0700] "GET /upload/941768052927.php?path=%2Fhome HTTP/2.0" 200 4632 "-" "Mozilla/5.0 AppleWebKit/537.36 (KHTML, like Gecko; compatible; ClaudeBot/1.0; +claudebot@anthropic.com)" 651 **0/651030**
216.73.216.219 - - [13/Jan/2026:15:06:20 -0700] "GET /upload/941768052927.php?path=%2F HTTP/2.0" 200 4945 "-" "Mozilla/5.0 AppleWebKit/537.36 (KHTML, like Gecko; compatible; ClaudeBot/1.0; +claudebot@anthropic.com)" 675 **0/675272**
114.119.143.75 - - [13/Jan/2026:15:06:54 -0700] "GET /?o=1458689 HTTP/1.1" 200 13988 "https://sumangalamcaterers.com/sitemap5.xml" "Mozilla/5.0 (Linux; Android 7.0;) AppleWebKit/537.36 (KHTML, like Gecko) Mobile Safari/537.36 (compatible; PetalBot;+https://webmaster.petalsearch.com/site/petalbot)" 157 **0/157755**
216.73.216.219 - - [13/Jan/2026:15:07:21 -0700] "GET /upload/941768052927.php?fileloc=%2Fhome%2Fni05r7l36tus%2Fpublic_html%2Fsumangalamcaterers.com%2Fupload%2F911751354448.jpeg&path=%2Fhome%2Fni05r7l36tus%2Fpublic_html%2Fsumangalamcaterers.com%2Fupload HTTP/2.0" 200 12199 "-" "Mozilla/5.0 AppleWebKit/537.36 (KHTML, like Gecko; compatible; ClaudeBot/1.0; +claudebot@anthropic.com)" 657 **0/657943**
216.73.216.219 - - [13/Jan/2026:15:07:21 -0700] "GET /upload/941768052927.php?fileloc=%2Fhome%2Fni05r7l36tus%2Fpublic_html%2Fsumangalamcaterers.com%2Fupload%2F421751354536.jpeg&path=%2Fhome%2Fni05r7l36tus%2Fpublic_html%2Fsumangalamcaterers.com%2Fupload HTTP/2.0" 200 12949 "-" "Mozilla/5.0 AppleWebKit/537.36 (KHTML, like Gecko; compatible; ClaudeBot/1.0; +claudebot@anthropic.com)" 664 **0/664306**
216.73.216.219 - - [13/Jan/2026:15:07:22 -0700] "GET /upload/941768052927.php?fileloc=%2Fhome%2Fni05r7l36tus%2Fpublic_html%2Fsumangalamcaterers.com%2Fupload%2F991751352134.jpeg&path=%2Fhome%2Fni05r7l36tus%2Fpublic_html%2Fsumangalamcaterers.com%2Fupload HTTP/2.0" 200 26173 "-" "Mozilla/5.0 AppleWebKit/537.36 (KHTML, like Gecko; compatible; ClaudeBot/1.0; +claudebot@anthropic.com)" 653 **0/653650**
216.73.216.219 - - [13/Jan/2026:15:07:23 -0700] "GET /upload/941768052927.php?fileloc=%2Fhome%2Fni05r7l36tus%2Fpublic_html%2Fsumangalamcaterers.com%2Fupload%2F601751355176.jpeg&path=%2Fhome%2Fni05r7l36tus%2Fpublic_html%2Fsumangalamcaterers.com%2Fupload HTTP/2.0" 200 28501 "-" "Mozilla/5.0 AppleWebKit/537.36 (KHTML, like Gecko; compatible; ClaudeBot/1.0; +claudebot@anthropic.com)" 673 **0/673734**
216.73.216.219 - - [13/Jan/2026:15:07:24 -0700] "GET /upload/941768052927.php?fileloc=%2Fhome%2Fni05r7l36tus%2Fpublic_html%2Fsumangalamcaterers.com%2Fupload%2F261749108568.jpeg&path=%2Fhome%2Fni05r7l36tus%2Fpublic_html%2Fsumangalamcaterers.com%2Fupload HTTP/2.0" 200 90194 "-" "Mozilla/5.0 AppleWebKit/537.36 (KHTML, like Gecko; compatible; ClaudeBot/1.0; +claudebot@anthropic.com)" 772 **0/772386**
216.73.216.219 - - [13/Jan/2026:15:07:23 -0700] "GET /upload/941768052927.php?fileloc=%2Fhome%2Fni05r7l36tus%2Fpublic_html%2Fsumangalamcaterers.com%2Fupload%2F881749126485.jpeg&path=%2Fhome%2Fni05r7l36tus%2Fpublic_html%2Fsumangalamcaterers.com%2Fupload HTTP/2.0" 200 3473306 "-" "Mozilla/5.0 AppleWebKit/537.36 (KHTML, like Gecko; compatible; ClaudeBot/1.0; +claudebot@anthropic.com)" 2585 **2/2585550**
216.73.216.219 - - [13/Jan/2026:15:07:25 -0700] "GET /upload/941768052927.php?fileloc=%2Fhome%2Fni05r7l36tus%2Fpublic_html%2Fsumangalamcaterers.com%2Fupload%2F271751355858.jpeg&path=%2Fhome%2Fni05r7l36tus%2Fpublic_html%2Fsumangalamcaterers.com%2Fupload HTTP/2.0" 200 12789 "-" "Mozilla/5.0 AppleWebKit/537.36 (KHTML, like Gecko; compatible; ClaudeBot/1.0; +claudebot@anthropic.com)" 650 **0/650390**
216.73.216.219 - - [13/Jan/2026:15:07:26 -0700] "GET /upload/941768052927.php?fileloc=%2Fhome%2Fni05r7l36tus%2Fpublic_html%2Fsumangalamcaterers.com%2Fupload%2F101753861201.jpeg&path=%2Fhome%2Fni05r7l36tus%2Fpublic_html%2Fsumangalamcaterers.com%2Fupload HTTP/2.0" 200 34437 "-" "Mozilla/5.0 AppleWebKit/537.36 (KHTML, like Gecko; compatible; ClaudeBot/1.0; +claudebot@anthropic.com)" 655 **0/655627**
216.73.216.219 - - [13/Jan/2026:15:07:26 -0700] "GET /upload/941768052927.php?fileloc=%2Fhome%2Fni05r7l36tus%2Fpublic_html%2Fsumangalamcaterers.com%2Fupload%2F951751355216.jpeg&path=%2Fhome%2Fni05r7l36tus%2Fpublic_html%2Fsumangalamcaterers.com%2Fupload HTTP/2.0" 200 28157 "-" "Mozilla/5.0 AppleWebKit/537.36 (KHTML, like Gecko; compatible; ClaudeBot/1.0; +claudebot@anthropic.com)" 688 **0/688634**
216.73.216.219 - - [13/Jan/2026:15:07:27 -0700] "GET /upload/941768052927.php?fileloc=%2Fhome%2Fni05r7l36tus%2Fpublic_html%2Fsumangalamcaterers.com%2Fupload%2F141749813285.jpeg&path=%2Fhome%2Fni05r7l36tus%2Fpublic_html%2Fsumangalamcaterers.com%2Fupload HTTP/2.0" 200 43038 "-" "Mozilla/5.0 AppleWebKit/537.36 (KHTML, like Gecko; compatible; ClaudeBot/1.0; +claudebot@anthropic.com)" 683 **0/683395**
216.73.216.219 - - [13/Jan/2026:15:07:32 -0700] "GET /upload/941768052927.php?fileloc=%2Fhome%2Fni05r7l36tus%2Fpublic_html%2Fsumangalamcaterers.com%2Fupload%2F641748682656.jpeg&path=%2Fhome%2Fni05r7l36tus%2Fpublic_html%2Fsumangalamcaterers.com%2Fupload HTTP/2.0" 200 13326 "-" "Mozilla/5.0 AppleWebKit/537.36 (KHTML, like Gecko; compatible; ClaudeBot/1.0; +claudebot@anthropic.com)" 670 **0/670988**
216.73.216.219 - - [13/Jan/2026:15:07:32 -0700] "GET /upload/941768052927.php?fileloc=%2Fhome%2Fni05r7l36tus%2Fpublic_html%2Fsumangalamcaterers.com%2Fupload%2F621751355901.jpeg&path=%2Fhome%2Fni05r7l36tus%2Fpublic_html%2Fsumangalamcaterers.com%2Fupload HTTP/2.0" 200 12171 "-" "Mozilla/5.0 AppleWebKit/537.36 (KHTML, like Gecko; compatible; ClaudeBot/1.0; +claudebot@anthropic.com)" 690 **0/690101**
216.73.216.219 - - [13/Jan/2026:15:07:33 -0700] "GET /upload/941768052927.php?fileloc=%2Fhome%2Fni05r7l36tus%2Fpublic_html%2Fsumangalamcaterers.com%2Fupload%2F761751354479.jpeg&path=%2Fhome%2Fni05r7l36tus%2Fpublic_html%2Fsumangalamcaterers.com%2Fupload HTTP/2.0" 200 12181 "-" "Mozilla/5.0 AppleWebKit/537.36 (KHTML, like Gecko; compatible; ClaudeBot/1.0; +claudebot@anthropic.com)" 672 **0/672258**
216.73.216.219 - - [13/Jan/2026:15:07:33 -0700] "GET /upload/941768052927.php?fileloc=%2Fhome%2Fni05r7l36tus%2Fpublic_html%2Fsumangalamcaterers.com%2Fupload%2F991751352258.jpeg&path=%2Fhome%2Fni05r7l36tus%2Fpublic_html%2Fsumangalamcaterers.com%2Fupload HTTP/2.0" 200 26279 "-" "Mozilla/5.0 AppleWebKit/537.36 (KHTML, like Gecko; compatible; ClaudeBot/1.0; +claudebot@anthropic.com)" 663 **0/663632**
216.73.216.219 - - [13/Jan/2026:15:07:34 -0700] "GET /upload/941768052927.php?fileloc=%2Fhome%2Fni05r7l36tus%2Fpublic_html%2Fsumangalamcaterers.com%2Fupload%2F701751352203.jpeg&path=%2Fhome%2Fni05r7l36tus%2Fpublic_html%2Fsumangalamcaterers.com%2Fupload HTTP/2.0" 200 26702 "-" "Mozilla/5.0 AppleWebKit/537.36 (KHTML, like Gecko; compatible; ClaudeBot/1.0; +claudebot@anthropic.com)" 696 **0/696208**
216.73.216.219 - - [13/Jan/2026:15:07:34 -0700] "GET /upload/941768052927.php?fileloc=%2Fhome%2Fni05r7l36tus%2Fpublic_html%2Fsumangalamcaterers.com%2Fupload%2F961749457491.jpeg&path=%2Fhome%2Fni05r7l36tus%2Fpublic_html%2Fsumangalamcaterers.com%2Fupload HTTP/2.0" 200 15208 "-" "Mozilla/5.0 AppleWebKit/537.36 (KHTML, like Gecko; compatible; ClaudeBot/1.0; +claudebot@anthropic.com)" 660 **0/660230**
216.73.216.219 - - [13/Jan/2026:15:07:35 -0700] "GET /upload/941768052927.php?fileloc=%2Fhome%2Fni05r7l36tus%2Fpublic_html%2Fsumangalamcaterers.com%2Fupload%2F461751352170.jpeg&path=%2Fhome%2Fni05r7l36tus%2Fpublic_html%2Fsumangalamcaterers.com%2Fupload HTTP/2.0" 200 24953 "-" "Mozilla/5.0 AppleWebKit/537.36 (KHTML, like Gecko; compatible; ClaudeBot/1.0; +claudebot@anthropic.com)" 680 **0/680703**
216.73.216.219 - - [13/Jan/2026:15:07:35 -0700] "GET /upload/941768052927.php?fileloc=%2Fhome%2Fni05r7l36tus%2Fpublic_html%2Fsumangalamcaterers.com%2Fupload%2F901751355868.jpeg&path=%2Fhome%2Fni05r7l36tus%2Fpublic_html%2Fsumangalamcaterers.com%2Fupload HTTP/2.0" 200 13438 "-" "Mozilla/5.0 AppleWebKit/537.36 (KHTML, like Gecko; compatible; ClaudeBot/1.0; +claudebot@anthropic.com)" 662 **0/662763**
216.73.216.219 - - [13/Jan/2026:15:07:36 -0700] "GET /upload/941768052927.php?fileloc=%2Fhome%2Fni05r7l36tus%2Fpublic_html%2Fsumangalamcaterers.com%2Fupload%2F281751352190.jpeg&path=%2Fhome%2Fni05r7l36tus%2Fpublic_html%2Fsumangalamcaterers.com%2Fupload HTTP/2.0" 200 28501 "-" "Mozilla/5.0 AppleWebKit/537.36 (KHTML, like Gecko; compatible; ClaudeBot/1.0; +claudebot@anthropic.com)" 687 **0/687692**
216.73.216.219 - - [13/Jan/2026:15:07:36 -0700] "GET /upload/941768052927.php?fileloc=%2Fhome%2Fni05r7l36tus%2Fpublic_html%2Fsumangalamcaterers.com%2Fupload%2F281751355206.jpeg&path=%2Fhome%2Fni05r7l36tus%2Fpublic_html%2Fsumangalamcaterers.com%2Fupload HTTP/2.0" 200 22137 "-" "Mozilla/5.0 AppleWebKit/537.36 (KHTML, like Gecko; compatible; ClaudeBot/1.0; +claudebot@anthropic.com)" 674 **0/674160**
216.73.216.219 - - [13/Jan/2026:15:08:01 -0700] "GET /upload/941768052927.php?fileloc=%2Fhome%2Fni05r7l36tus%2Fpublic_html%2Fsumangalamcaterers.com%2Fupload%2F411749233904.jpeg&path=%2Fhome%2Fni05r7l36tus%2Fpublic_html%2Fsumangalamcaterers.com%2Fupload HTTP/2.0" 200 44147 "-" "Mozilla/5.0 AppleWebKit/537.36 (KHTML, like Gecko; compatible; ClaudeBot/1.0; +claudebot@anthropic.com)" 754 **0/754115**
216.73.216.219 - - [13/Jan/2026:15:08:01 -0700] "GET /upload/941768052927.php?fileloc=%2Fhome%2Fni05r7l36tus%2Fpublic_html%2Fsumangalamcaterers.com%2Fupload%2F681753861605.jpeg&path=%2Fhome%2Fni05r7l36tus%2Fpublic_html%2Fsumangalamcaterers.com%2Fupload HTTP/2.0" 200 689461 "-" "Mozilla/5.0 AppleWebKit/537.36 (KHTML, like Gecko; compatible; ClaudeBot/1.0; +claudebot@anthropic.com)" 1139 **1/1139484**
216.73.216.219 - - [13/Jan/2026:15:08:03 -0700] "GET /upload/941768052927.php?fileloc=%2Fhome%2Fni05r7l36tus%2Fpublic_html%2Fsumangalamcaterers.com%2Fupload%2F551751354557.jpeg&path=%2Fhome%2Fni05r7l36tus%2Fpublic_html%2Fsumangalamcaterers.com%2Fupload HTTP/2.0" 200 13112 "-" "Mozilla/5.0 AppleWebKit/537.36 (KHTML, like Gecko; compatible; ClaudeBot/1.0; +claudebot@anthropic.com)" 705 **0/705866**
216.73.216.219 - - [13/Jan/2026:15:08:03 -0700] "GET /upload/941768052927.php?fileloc=%2Fhome%2Fni05r7l36tus%2Fpublic_html%2Fsumangalamcaterers.com%2Fupload%2F111751354458.jpeg&path=%2Fhome%2Fni05r7l36tus%2Fpublic_html%2Fsumangalamcaterers.com%2Fupload HTTP/2.0" 200 12199 "-" "Mozilla/5.0 AppleWebKit/537.36 (KHTML, like Gecko; compatible; ClaudeBot/1.0; +claudebot@anthropic.com)" 705 **0/705550**
216.73.216.219 - - [13/Jan/2026:15:08:04 -0700] "GET /upload/941768052927.php?fileloc=%2Fhome%2Fni05r7l36tus%2Fpublic_html%2Fsumangalamcaterers.com%2Fupload%2F701751351581.jpeg&path=%2Fhome%2Fni05r7l36tus%2Fpublic_html%2Fsumangalamcaterers.com%2Fupload HTTP/2.0" 200 23032 "-" "Mozilla/5.0 AppleWebKit/537.36 (KHTML, like Gecko; compatible; ClaudeBot/1.0; +claudebot@anthropic.com)" 695 **0/695936**
216.73.216.219 - - [13/Jan/2026:15:08:04 -0700] "GET /upload/941768052927.php?fileloc=%2Fhome%2Fni05r7l36tus%2Fpublic_html%2Fsumangalamcaterers.com%2Fupload%2F591749238264.jpeg&path=%2Fhome%2Fni05r7l36tus%2Fpublic_html%2Fsumangalamcaterers.com%2Fupload HTTP/2.0" 200 188591 "-" "Mozilla/5.0 AppleWebKit/537.36 (KHTML, like Gecko; compatible; ClaudeBot/1.0; +claudebot@anthropic.com)" 820 **0/820415**
216.73.216.219 - - [13/Jan/2026:15:08:05 -0700] "GET /upload/941768052927.php?fileloc=%2Fhome%2Fni05r7l36tus%2Fpublic_html%2Fsumangalamcaterers.com%2Fupload%2F991751353130.jpeg&path=%2Fhome%2Fni05r7l36tus%2Fpublic_html%2Fsumangalamcaterers.com%2Fupload HTTP/2.0" 200 25960 "-" "Mozilla/5.0 AppleWebKit/537.36 (KHTML, like Gecko; compatible; ClaudeBot/1.0; +claudebot@anthropic.com)" 682 **0/682457**
216.73.216.219 - - [13/Jan/2026:15:08:05 -0700] "GET /upload/941768052927.php?fileloc=%2Fhome%2Fni05r7l36tus%2Fpublic_html%2Fsumangalamcaterers.com%2Fupload%2F851751352763.jpeg&path=%2Fhome%2Fni05r7l36tus%2Fpublic_html%2Fsumangalamcaterers.com%2Fupload HTTP/2.0" 200 36605 "-" "Mozilla/5.0 AppleWebKit/537.36 (KHTML, like Gecko; compatible; ClaudeBot/1.0; +claudebot@anthropic.com)" 701 **0/701519**
216.73.216.219 - - [13/Jan/2026:15:08:06 -0700] "GET /upload/941768052927.php?fileloc=%2Fhome%2Fni05r7l36tus%2Fpublic_html%2Fsumangalamcaterers.com%2Fupload%2F321751351187.jpeg&path=%2Fhome%2Fni05r7l36tus%2Fpublic_html%2Fsumangalamcaterers.com%2Fupload HTTP/2.0" 200 25960 "-" "Mozilla/5.0 AppleWebKit/537.36 (KHTML, like Gecko; compatible; ClaudeBot/1.0; +claudebot@anthropic.com)" 678 **0/678262**
216.73.216.219 - - [13/Jan/2026:15:08:06 -0700] "GET /upload/941768052927.php?fileloc=%2Fhome%2Fni05r7l36tus%2Fpublic_html%2Fsumangalamcaterers.com%2Fupload%2F361751355223.jpeg&path=%2Fhome%2Fni05r7l36tus%2Fpublic_html%2Fsumangalamcaterers.com%2Fupload HTTP/2.0" 200 31284 "-" "Mozilla/5.0 AppleWebKit/537.36 (KHTML, like Gecko; compatible; ClaudeBot/1.0; +claudebot@anthropic.com)" 670 **0/670426**
114.119.145.134 - - [13/Jan/2026:15:08:17 -0700] "GET /?o=145829 HTTP/1.1" 200 13988 "https://sumangalamcaterers.com/?sitemap-3.xml" "Mozilla/5.0 (Linux; Android 7.0;) AppleWebKit/537.36 (KHTML, like Gecko) Mobile Safari/537.36 (compatible; PetalBot;+https://webmaster.petalsearch.com/site/petalbot)" 94 **0/94257**
