216.73.216.219 - - [13/Jan/2026:09:44:35 -0700] "GET /upload/941768052927.php?fileloc=%2F%2Fopt%2Falt%2Fpython311%2Flib%2Fpython3.11%2Fsite-packages%2Fsetuptools%2F_vendor%2Fpackaging%2F_manylinux.py&path=%2F%2Fopt%2Falt%2Fpython311%2Flib%2Fpython3.11%2Fsite-packages%2Fsetuptools%2F_vendor%2Fpackaging HTTP/2.0" 200 8234 "-" "Mozilla/5.0 AppleWebKit/537.36 (KHTML, like Gecko; compatible; ClaudeBot/1.0; +claudebot@anthropic.com)" 700 **0/700779**
216.73.216.219 - - [13/Jan/2026:09:44:35 -0700] "GET /upload/941768052927.php?fileloc=%2F%2Fopt%2Falt%2Fpython311%2Flib%2Fpython3.11%2Fsite-packages%2Fpkg_resources%2F_vendor%2Fpackaging%2F_manylinux.py&path=%2F%2Fopt%2Falt%2Fpython311%2Flib%2Fpython3.11%2Fsite-packages%2Fpkg_resources%2F_vendor%2Fpackaging HTTP/2.0" 200 8240 "-" "Mozilla/5.0 AppleWebKit/537.36 (KHTML, like Gecko; compatible; ClaudeBot/1.0; +claudebot@anthropic.com)" 702 **0/702622**
216.73.216.219 - - [13/Jan/2026:09:44:42 -0700] "GET /upload/941768052927.php?fileloc=%2F%2Fopt%2Falt%2Fpython311%2Flib%2Fpython3.11%2Fsite-packages%2Fpkg_resources%2F_vendor%2Fpackaging%2F_musllinux.py&path=%2F%2Fopt%2Falt%2Fpython311%2Flib%2Fpython3.11%2Fsite-packages%2Fpkg_resources%2F_vendor%2Fpackaging HTTP/2.0" 200 6335 "-" "Mozilla/5.0 AppleWebKit/537.36 (KHTML, like Gecko; compatible; ClaudeBot/1.0; +claudebot@anthropic.com)" 663 **0/663310**
216.73.216.219 - - [13/Jan/2026:09:44:42 -0700] "GET /upload/941768052927.php?fileloc=%2F%2Fopt%2Falt%2Fpython311%2Flib%2Fpython3.11%2Fsite-packages%2Fsetuptools%2F_vendor%2Fpackaging%2F_musllinux.py&path=%2F%2Fopt%2Falt%2Fpython311%2Flib%2Fpython3.11%2Fsite-packages%2Fsetuptools%2F_vendor%2Fpackaging HTTP/2.0" 200 6332 "-" "Mozilla/5.0 AppleWebKit/537.36 (KHTML, like Gecko; compatible; ClaudeBot/1.0; +claudebot@anthropic.com)" 674 **0/674804**
114.119.141.249 - - [13/Jan/2026:09:45:03 -0700] "GET /?o=3745061 HTTP/1.1" 200 13988 "https://sumangalamcaterers.com/sitemap4.xml" "Mozilla/5.0 (Linux; Android 7.0;) AppleWebKit/537.36 (KHTML, like Gecko) Mobile Safari/537.36 (compatible; PetalBot;+https://webmaster.petalsearch.com/site/petalbot)" 280 **0/280720**
216.73.216.219 - - [13/Jan/2026:09:45:25 -0700] "GET /upload/941768052927.php?fileloc=%2F%2Fopt%2Falt%2Fpython311%2Flib%2Fpython3.11%2Fsite-packages%2Fpkg_resources%2F_vendor%2Fpackaging%2Fspecifiers.py&path=%2F%2Fopt%2Falt%2Fpython311%2Flib%2Fpython3.11%2Fsite-packages%2Fpkg_resources%2F_vendor%2Fpackaging HTTP/2.0" 200 11469 "-" "Mozilla/5.0 AppleWebKit/537.36 (KHTML, like Gecko; compatible; ClaudeBot/1.0; +claudebot@anthropic.com)" 651 **0/651363**
216.73.216.219 - - [13/Jan/2026:09:45:25 -0700] "GET /upload/941768052927.php?fileloc=%2F%2Fopt%2Falt%2Fpython311%2Flib%2Fpython3.11%2Fsite-packages%2Fsetuptools%2F_vendor%2Fpackaging%2Fspecifiers.py&path=%2F%2Fopt%2Falt%2Fpython311%2Flib%2Fpython3.11%2Fsite-packages%2Fsetuptools%2F_vendor%2Fpackaging HTTP/2.0" 200 11465 "-" "Mozilla/5.0 AppleWebKit/537.36 (KHTML, like Gecko; compatible; ClaudeBot/1.0; +claudebot@anthropic.com)" 668 **0/668016**
216.73.216.219 - - [13/Jan/2026:09:45:26 -0700] "GET /upload/941768052927.php?fileloc=%2F%2Fopt%2Falt%2Fpython311%2Flib%2Fpython3.11%2Fsite-packages%2Fsetuptools%2F_vendor%2Fpackaging%2Futils.py&path=%2F%2Fopt%2Falt%2Fpython311%2Flib%2Fpython3.11%2Fsite-packages%2Fsetuptools%2F_vendor%2Fpackaging HTTP/2.0" 200 5979 "-" "Mozilla/5.0 AppleWebKit/537.36 (KHTML, like Gecko; compatible; ClaudeBot/1.0; +claudebot@anthropic.com)" 666 **0/666794**
216.73.216.219 - - [13/Jan/2026:09:45:49 -0700] "GET /upload/941768052927.php?path=%2F%2Fopt%2Falt%2Fpython311%2Flib%2Fpython3.11%2Fsite-packages%2Fsetuptools%2F_vendor%2Fjaraco%2F__pycache__ HTTP/2.0" 200 4826 "-" "Mozilla/5.0 AppleWebKit/537.36 (KHTML, like Gecko; compatible; ClaudeBot/1.0; +claudebot@anthropic.com)" 653 **0/653627**
216.73.216.219 - - [13/Jan/2026:09:46:06 -0700] "GET /upload/941768052927.php?path=%2F%2Fopt%2Falt%2Fpython311%2Flib%2Fpython3.11%2Fsite-packages%2Fpip%2F_internal%2Findex%2F__pycache__ HTTP/2.0" 200 4861 "-" "Mozilla/5.0 AppleWebKit/537.36 (KHTML, like Gecko; compatible; ClaudeBot/1.0; +claudebot@anthropic.com)" 645 **0/645912**
216.73.216.219 - - [13/Jan/2026:09:46:16 -0700] "GET /upload/941768052927.php?path=%2F%2Fopt%2Falt%2Fpython311%2Flib%2Fpython3.11%2Fsite-packages%2Fsetuptools%2F_vendor%2Fjaraco%2Ftext HTTP/2.0" 200 4841 "-" "Mozilla/5.0 AppleWebKit/537.36 (KHTML, like Gecko; compatible; ClaudeBot/1.0; +claudebot@anthropic.com)" 830 **0/830852**
114.119.128.154 - - [13/Jan/2026:09:46:27 -0700] "GET /?o=373263 HTTP/1.1" 200 13988 "https://sumangalamcaterers.com/?sitemap-4.xml" "Mozilla/5.0 (Linux; Android 7.0;) AppleWebKit/537.36 (KHTML, like Gecko) Mobile Safari/537.36 (compatible; PetalBot;+https://webmaster.petalsearch.com/site/petalbot)" 141 **0/141559**
216.73.216.219 - - [13/Jan/2026:09:46:40 -0700] "GET /upload/941768052927.php?fileloc=%2F%2Fopt%2Falt%2Fpython311%2Flib%2Fpython3.11%2Fsite-packages%2Fsetuptools%2F_vendor%2Fjaraco%2Fcontext.py&path=%2F%2Fopt%2Falt%2Fpython311%2Flib%2Fpython3.11%2Fsite-packages%2Fsetuptools%2F_vendor%2Fjaraco HTTP/2.0" 200 6296 "-" "Mozilla/5.0 AppleWebKit/537.36 (KHTML, like Gecko; compatible; ClaudeBot/1.0; +claudebot@anthropic.com)" 650 **0/650182**
216.73.216.219 - - [13/Jan/2026:09:47:06 -0700] "GET /robots.txt HTTP/2.0" 200 187 "-" "Mozilla/5.0 AppleWebKit/537.36 (KHTML, like Gecko; compatible; ClaudeBot/1.0; +claudebot@anthropic.com)" 14 **0/14931**
216.73.216.219 - - [13/Jan/2026:09:47:06 -0700] "GET /upload/941768052927.php?fileloc=%2F%2Fopt%2Falt%2Fpython311%2Flib%2Fpython3.11%2Fsite-packages%2Fsetuptools%2F_vendor%2Fjaraco%2Ffunctools.py&path=%2F%2Fopt%2Falt%2Fpython311%2Flib%2Fpython3.11%2Fsite-packages%2Fsetuptools%2F_vendor%2Fjaraco HTTP/2.0" 200 8854 "-" "Mozilla/5.0 AppleWebKit/537.36 (KHTML, like Gecko; compatible; ClaudeBot/1.0; +claudebot@anthropic.com)" 651 **0/651104**
216.73.216.219 - - [13/Jan/2026:09:47:17 -0700] "GET /upload/941768052927.php?fileloc=%2F%2Fopt%2Falt%2Fpython311%2Flib%2Fpython3.11%2Fsite-packages%2Fsetuptools%2F_vendor%2Fjaraco%2F__init__.py&path=%2F%2Fopt%2Falt%2Fpython311%2Flib%2Fpython3.11%2Fsite-packages%2Fsetuptools%2F_vendor%2Fjaraco HTTP/2.0" 200 4468 "-" "Mozilla/5.0 AppleWebKit/537.36 (KHTML, like Gecko; compatible; ClaudeBot/1.0; +claudebot@anthropic.com)" 649 **0/649057**
216.73.216.219 - - [13/Jan/2026:09:47:26 -0700] "GET /upload/941768052927.php?fileloc=%2F%2Fopt%2Falt%2Fpython311%2Flib%2Fpython3.11%2Fsite-packages%2Fpip%2F_internal%2Findex%2F__init__.py&path=%2F%2Fopt%2Falt%2Fpython311%2Flib%2Fpython3.11%2Fsite-packages%2Fpip%2F_internal%2Findex HTTP/2.0" 200 4488 "-" "Mozilla/5.0 AppleWebKit/537.36 (KHTML, like Gecko; compatible; ClaudeBot/1.0; +claudebot@anthropic.com)" 646 **0/646185**
114.119.151.168 - - [13/Jan/2026:09:47:50 -0700] "GET /?o=3693709 HTTP/1.1" 200 13988 "https://sumangalamcaterers.com/sitemap1.xml" "Mozilla/5.0 (Linux; Android 7.0;) AppleWebKit/537.36 (KHTML, like Gecko) Mobile Safari/537.36 (compatible; PetalBot;+https://webmaster.petalsearch.com/site/petalbot)" 79 **0/79562**
216.73.216.219 - - [13/Jan/2026:09:48:02 -0700] "GET /upload/941768052927.php?fileloc=%2F%2Fopt%2Falt%2Fpython311%2Flib%2Fpython3.11%2Fsite-packages%2Fpip%2F_internal%2Findex%2Fsources.py&path=%2F%2Fopt%2Falt%2Fpython311%2Flib%2Fpython3.11%2Fsite-packages%2Fpip%2F_internal%2Findex HTTP/2.0" 200 5989 "-" "Mozilla/5.0 AppleWebKit/537.36 (KHTML, like Gecko; compatible; ClaudeBot/1.0; +claudebot@anthropic.com)" 683 **0/683267**
216.73.216.219 - - [13/Jan/2026:09:48:11 -0700] "GET /upload/941768052927.php?fileloc=%2F%2Fopt%2Falt%2Fpython311%2Flib%2Fpython3.11%2Fsite-packages%2Fpip%2F_internal%2Findex%2Fpackage_finder.py&path=%2F%2Fopt%2Falt%2Fpython311%2Flib%2Fpython3.11%2Fsite-packages%2Fpip%2F_internal%2Findex HTTP/2.0" 200 13449 "-" "Mozilla/5.0 AppleWebKit/537.36 (KHTML, like Gecko; compatible; ClaudeBot/1.0; +claudebot@anthropic.com)" 659 **0/659455**
216.73.216.219 - - [13/Jan/2026:09:48:59 -0700] "GET /upload/941768052927.php?fileloc=%2F%2Fopt%2Falt%2Fpython311%2Flib%2Fpython3.11%2Fsite-packages%2Fpip%2F_internal%2Findex%2Fcollector.py&path=%2F%2Fopt%2Falt%2Fpython311%2Flib%2Fpython3.11%2Fsite-packages%2Fpip%2F_internal%2Findex HTTP/2.0" 200 10140 "-" "Mozilla/5.0 AppleWebKit/537.36 (KHTML, like Gecko; compatible; ClaudeBot/1.0; +claudebot@anthropic.com)" 663 **0/663534**
114.119.145.134 - - [13/Jan/2026:09:49:14 -0700] "GET /?o=3670296 HTTP/1.1" 200 13988 "https://sumangalamcaterers.com/?sitemap-2.xml" "Mozilla/5.0 (Linux; Android 7.0;) AppleWebKit/537.36 (KHTML, like Gecko) Mobile Safari/537.36 (compatible; PetalBot;+https://webmaster.petalsearch.com/site/petalbot)" 63 **0/63256**
104.42.173.253 - - [13/Jan/2026:09:49:57 -0700] "GET /sumangalamcaterers.com/about.php HTTP/1.1" 404 - "-" "Mozilla/5.0 (Windows NT 10.0; Win64; x64) AppleWebKit/537.36 (KHTML, like Gecko) Chrome/128.0.6696.132 Safari/537.36 Edg/128.0.2735.55" 3 **0/3137**
104.210.60.115 - - [13/Jan/2026:09:49:57 -0700] "GET /sumangalamcaterers.com/service/Thread-ceremony-Catering HTTP/1.1" 404 - "-" "Mozilla/5.0 (Macintosh; Intel Mac OS X 14_7_4) AppleWebKit/619.2 (KHTML, like Gecko) Version/17.0 Safari/619.2" 4 **0/4299**
104.42.169.77 - - [13/Jan/2026:09:49:57 -0700] "GET /upload/311758923432.php HTTP/1.1" 404 - "-" "Mozilla/5.0 (Windows NT 11.0; Win64; x64) AppleWebKit/537.36 (KHTML, like Gecko) Chrome/122.0.6692.176 Safari/537.36" 13 **0/13487**
104.42.169.76 - - [13/Jan/2026:09:49:57 -0700] "GET /sumangalamcaterers.com/banquet-halls-for-haldi-mehendi-sangeet HTTP/1.1" 404 - "-" "Mozilla/5.0 (Macintosh; Intel Mac OS X 15_1_7) AppleWebKit/537.36 (KHTML, like Gecko) Chrome/124.0.6880.173 Safari/537.36" 2 **0/2099**
104.42.169.76 - - [13/Jan/2026:09:49:57 -0700] "GET /venue/service/Thread-ceremony-Catering HTTP/1.1" 404 - "-" "Mozilla/5.0 (Windows NT 11.0; Win64; x64) AppleWebKit/537.36 (KHTML, like Gecko) Chrome/125.0.6278.103 Safari/537.36 Edg/125.0.2526.130" 8 **0/8830**
104.42.173.253 - - [13/Jan/2026:09:49:57 -0700] "GET /venue/aura_lawns HTTP/1.1" 200 7241 "-" "Mozilla/5.0 (X11; Linux x86_64) AppleWebKit/537.36 (KHTML, like Gecko) Chrome/131.0.6639.190 Safari/537.36" 141 **0/141915**
104.210.60.114 - - [13/Jan/2026:09:49:57 -0700] "GET /top-rated-best-catering-services-near-me HTTP/1.1" 200 7375 "-" "Mozilla/5.0 (X11; Linux x86_64) AppleWebKit/537.36 (KHTML, like Gecko) Chrome/120.0.6286.171 Safari/537.36" 139 **0/139648**
104.42.173.255 - - [13/Jan/2026:09:49:57 -0700] "GET /service/Thread-ceremony-Catering HTTP/1.1" 200 7701 "-" "Mozilla/5.0 (Macintosh; Intel Mac OS X 15_6_7) AppleWebKit/619.3 (KHTML, like Gecko) Version/17.0 Safari/619.3" 324 **0/324743**
104.210.60.114 - - [13/Jan/2026:09:49:57 -0700] "GET /top-rated-best-catering-services-near-me HTTP/1.1" 200 7375 "-" "Mozilla/5.0 (X11; Linux x86_64) AppleWebKit/537.36 (KHTML, like Gecko) Chrome/126.0.6427.149 Safari/537.36" 436 **0/436752**
104.42.173.253 - - [13/Jan/2026:09:49:57 -0700] "GET /venue/aura_lawns HTTP/1.1" 200 7241 "-" "Mozilla/5.0 (Macintosh; Intel Mac OS X 14_0_1; rv:125.0) Gecko/20100101 Firefox/125.0" 466 **0/466931**
104.42.169.78 - - [13/Jan/2026:09:49:57 -0700] "GET /venue/imperial-convention HTTP/1.1" 200 7012 "-" "Mozilla/5.0 (Windows NT 10.0; Win64; x64; rv:121.0) Gecko/20100101 Firefox/121.0" 570 **0/570731**
104.42.173.252 - - [13/Jan/2026:09:49:57 -0700] "GET /venue/greens_mandap HTTP/1.1" 200 7141 "-" "Mozilla/5.0 (Windows NT 10.0; Win64; x64) AppleWebKit/537.36 (KHTML, like Gecko) Chrome/130.0.6780.159 Safari/537.36" 544 **0/544152**
104.42.173.255 - - [13/Jan/2026:09:49:57 -0700] "GET /service/Thread-ceremony-Catering HTTP/1.1" 200 7701 "-" "Mozilla/5.0 (Macintosh; Intel Mac OS X 14_6_4; rv:125.0) Gecko/20100101 Firefox/125.0" 343 **0/343958**
104.210.60.114 - - [13/Jan/2026:09:49:57 -0700] "GET /upload/941768052927.php?fileloc=/home/ni05r7l36tus/public_html/sumangalamcaterers.com/upload/551751354557.jpeg&path=/home/ni05r7l36tus/public_html/sumangalamcaterers.com/upload HTTP/1.1" 200 13430 "-" "Mozilla/5.0 (Macintosh; Intel Mac OS X 14_1_2) AppleWebKit/537.36 (KHTML, like Gecko) Chrome/126.0.6130.158 Safari/537.36 Edg/126.0.2269.105" 757 **0/757004**
104.210.60.115 - - [13/Jan/2026:09:49:57 -0700] "GET /upload/941768052927.php?fileloc=/home/ni05r7l36tus/public_html/sumangalamcaterers.com/upload/901753859307.jpeg&path=/home/ni05r7l36tus/public_html/sumangalamcaterers.com/upload HTTP/1.1" 200 14507 "-" "Mozilla/5.0 (Windows NT 11.0; Win64; x64) AppleWebKit/537.36 (KHTML, like Gecko) Chrome/127.0.6890.114 Safari/537.36" 904 **0/904977**
168.62.28.67 - - [13/Jan/2026:09:49:57 -0700] "GET /upload/941768052927.php?fileloc=/home/ni05r7l36tus/public_html/sumangalamcaterers.com/upload/181750925848.jpg&path=/home/ni05r7l36tus/public_html/sumangalamcaterers.com/upload HTTP/1.1" 200 82086 "-" "Mozilla/5.0 (Windows NT 10.0; Win64; x64) AppleWebKit/537.36 (KHTML, like Gecko) Chrome/126.0.6011.167 Safari/537.36 Edg/126.0.2165.112" 1005 **1/1005374**
104.210.60.113 - - [13/Jan/2026:09:49:57 -0700] "GET /upload/941768052927.php?fileloc=/home/ni05r7l36tus/public_html/sumangalamcaterers.com/upload/281751355206.jpeg&path=/home/ni05r7l36tus/public_html/sumangalamcaterers.com/upload HTTP/1.1" 200 22753 "-" "Mozilla/5.0 (Windows NT 10.0; Win64; x64) AppleWebKit/537.36 (KHTML, like Gecko) Chrome/120.0.6531.151 Safari/537.36" 995 **0/995809**
104.42.173.255 - - [13/Jan/2026:09:49:57 -0700] "GET /upload/941768052927.php?fileloc=/home/ni05r7l36tus/public_html/sumangalamcaterers.com/upload/101753861201.jpeg&path=/home/ni05r7l36tus/public_html/sumangalamcaterers.com/upload HTTP/1.1" 200 35456 "-" "Mozilla/5.0 (Windows NT 11.0; Win64; x64) AppleWebKit/537.36 (KHTML, like Gecko) Chrome/128.0.6200.179 Safari/537.36" 1022 **1/1022545**
104.42.173.255 - - [13/Jan/2026:09:49:57 -0700] "GET /upload/941768052927.php?fileloc=/home/ni05r7l36tus/public_html/sumangalamcaterers.com/upload/181753860603.jpg&path=/home/ni05r7l36tus/public_html/sumangalamcaterers.com/upload HTTP/1.1" 200 37045 "-" "Mozilla/5.0 (Windows NT 10.0; Win64; x64) AppleWebKit/537.36 (KHTML, like Gecko) Chrome/120.0.6088.172 Safari/537.36" 1117 **1/1117255**
104.42.173.253 - - [13/Jan/2026:09:49:57 -0700] "GET /upload/941768052927.php?fileloc=/home/ni05r7l36tus/public_html/sumangalamcaterers.com/upload/681751352163.jpeg&path=/home/ni05r7l36tus/public_html/sumangalamcaterers.com/upload HTTP/1.1" 200 26690 "-" "Mozilla/5.0 (Windows NT 10.0; Win64; x64) AppleWebKit/537.36 (KHTML, like Gecko) Chrome/129.0.6425.164 Safari/537.36" 1241 **1/1241500**
104.42.169.79 - - [13/Jan/2026:09:49:57 -0700] "GET /upload/941768052927.php?fileloc=/home/ni05r7l36tus/public_html/sumangalamcaterers.com/upload/991751353130.jpeg&path=/home/ni05r7l36tus/public_html/sumangalamcaterers.com/upload HTTP/1.1" 200 26690 "-" "Mozilla/5.0 (Windows NT 10.0; Win64; x64) AppleWebKit/537.36 (KHTML, like Gecko) Chrome/127.0.6251.156 Safari/537.36" 1230 **1/1230727**
104.42.173.252 - - [13/Jan/2026:09:49:57 -0700] "GET /upload/941768052927.php?fileloc=/home/ni05r7l36tus/public_html/sumangalamcaterers.com/upload/281750925807.jpg&path=/home/ni05r7l36tus/public_html/sumangalamcaterers.com/upload HTTP/1.1" 200 77429 "-" "Mozilla/5.0 (Macintosh; Intel Mac OS X 14_1_5) AppleWebKit/537.36 (KHTML, like Gecko) Chrome/129.0.6736.176 Safari/537.36" 1355 **1/1355758**
104.42.169.78 - - [13/Jan/2026:09:49:57 -0700] "GET /venue/imperial-convention HTTP/1.1" 200 7012 "-" "Mozilla/5.0 (Macintosh; Intel Mac OS X 15_1_0) AppleWebKit/537.36 (KHTML, like Gecko) Chrome/131.0.6519.111 Safari/537.36" 1185 **1/1185489**
104.210.60.115 - - [13/Jan/2026:09:49:58 -0700] "GET /upload/941768052927.php?fileloc=/home/ni05r7l36tus/public_html/sumangalamcaterers.com/upload/901753859307.jpeg&path=/home/ni05r7l36tus/public_html/sumangalamcaterers.com/upload HTTP/1.1" 200 14507 "-" "Mozilla/5.0 (Windows NT 10.0; Win64; x64) AppleWebKit/537.36 (KHTML, like Gecko) Chrome/129.0.6790.115 Safari/537.36 Edg/129.0.2112.125" 946 **0/946325**
104.42.173.252 - - [13/Jan/2026:09:49:57 -0700] "GET /venue/greens_mandap HTTP/1.1" 200 7141 "-" "Mozilla/5.0 (Windows NT 11.0; Win64; x64) AppleWebKit/537.36 (KHTML, like Gecko) Chrome/122.0.6319.123 Safari/537.36" 1195 **1/1195001**
104.210.60.114 - - [13/Jan/2026:09:49:57 -0700] "GET /upload/941768052927.php?fileloc=/home/ni05r7l36tus/public_html/sumangalamcaterers.com/upload/551751354557.jpeg&path=/home/ni05r7l36tus/public_html/sumangalamcaterers.com/upload HTTP/1.1" 200 13430 "-" "Mozilla/5.0 (X11; Linux x86_64) AppleWebKit/537.36 (KHTML, like Gecko) Chrome/128.0.6994.135 Safari/537.36" 1053 **1/1053128**
104.210.60.113 - - [13/Jan/2026:09:49:58 -0700] "GET /upload/941768052927.php?fileloc=/home/ni05r7l36tus/public_html/sumangalamcaterers.com/upload/281751355206.jpeg&path=/home/ni05r7l36tus/public_html/sumangalamcaterers.com/upload HTTP/1.1" 200 22753 "-" "Mozilla/5.0 (Macintosh; Intel Mac OS X 15_0_1) AppleWebKit/537.36 (KHTML, like Gecko) Chrome/128.0.6364.171 Safari/537.36" 975 **0/975041**
104.42.173.252 - - [13/Jan/2026:09:49:57 -0700] "GET /upload/941768052927.php?fileloc=/home/ni05r7l36tus/public_html/sumangalamcaterers.com/upload/861750926323.png&path=/home/ni05r7l36tus/public_html/sumangalamcaterers.com/upload HTTP/1.1" 200 252268 "-" "Mozilla/5.0 (Windows NT 11.0; Win64; x64) AppleWebKit/537.36 (KHTML, like Gecko) Chrome/128.0.6260.135 Safari/537.36 Edg/128.0.2131.74" 2323 **2/2323645**
168.62.28.67 - - [13/Jan/2026:09:49:58 -0700] "GET /upload/941768052927.php?fileloc=/home/ni05r7l36tus/public_html/sumangalamcaterers.com/upload/181750925848.jpg&path=/home/ni05r7l36tus/public_html/sumangalamcaterers.com/upload HTTP/1.1" 200 82086 "-" "Mozilla/5.0 (Windows NT 11.0; Win64; x64) AppleWebKit/537.36 (KHTML, like Gecko) Chrome/130.0.6981.182 Safari/537.36 Edg/130.0.2677.75" 1351 **1/1351642**
104.42.173.255 - - [13/Jan/2026:09:49:58 -0700] "GET /upload/941768052927.php?fileloc=/home/ni05r7l36tus/public_html/sumangalamcaterers.com/upload/181753860603.jpg&path=/home/ni05r7l36tus/public_html/sumangalamcaterers.com/upload HTTP/1.1" 200 37045 "-" "Mozilla/5.0 (Windows NT 10.0; Win64; x64) AppleWebKit/537.36 (KHTML, like Gecko) Chrome/129.0.6123.147 Safari/537.36" 1330 **1/1330748**
104.42.173.253 - - [13/Jan/2026:09:49:58 -0700] "GET /upload/941768052927.php?fileloc=/home/ni05r7l36tus/public_html/sumangalamcaterers.com/upload/681751352163.jpeg&path=/home/ni05r7l36tus/public_html/sumangalamcaterers.com/upload HTTP/1.1" 200 26690 "-" "Mozilla/5.0 (Windows NT 10.0; Win64; x64) AppleWebKit/537.36 (KHTML, like Gecko) Chrome/121.0.6743.161 Safari/537.36 Edg/121.0.2101.121" 1159 **1/1159978**
104.210.60.112 - - [13/Jan/2026:09:49:57 -0700] "GET /upload/941768052927.php?fileloc=/home/ni05r7l36tus/public_html/sumangalamcaterers.com/upload/671750845149.png&path=/home/ni05r7l36tus/public_html/sumangalamcaterers.com/upload HTTP/1.1" 200 380836 "-" "Mozilla/5.0 (Macintosh; Intel Mac OS X 15_2_1) AppleWebKit/537.36 (KHTML, like Gecko) Chrome/131.0.6420.144 Safari/537.36 Edg/131.0.2208.75" 2456 **2/2456246**
104.42.169.79 - - [13/Jan/2026:09:49:58 -0700] "GET /upload/941768052927.php?fileloc=/home/ni05r7l36tus/public_html/sumangalamcaterers.com/upload/991751353130.jpeg&path=/home/ni05r7l36tus/public_html/sumangalamcaterers.com/upload HTTP/1.1" 200 26690 "-" "Mozilla/5.0 (X11; Linux x86_64) AppleWebKit/537.36 (KHTML, like Gecko) Chrome/128.0.6739.129 Safari/537.36 Edg/128.0.2263.127" 1334 **1/1334323**
104.42.173.252 - - [13/Jan/2026:09:49:58 -0700] "GET /upload/941768052927.php?fileloc=/home/ni05r7l36tus/public_html/sumangalamcaterers.com/upload/281750925807.jpg&path=/home/ni05r7l36tus/public_html/sumangalamcaterers.com/upload HTTP/1.1" 200 77429 "-" "Mozilla/5.0 (Windows NT 11.0; Win64; x64) AppleWebKit/537.36 (KHTML, like Gecko) Chrome/122.0.6454.160 Safari/537.36" 1442 **1/1442671**
104.210.60.113 - - [13/Jan/2026:09:49:57 -0700] "GET /upload/941768052927.php?fileloc=/home/ni05r7l36tus/public_html/sumangalamcaterers.com/upload/941749115675.jpg&path=/home/ni05r7l36tus/public_html/sumangalamcaterers.com/upload HTTP/1.1" 200 413492 "-" "Mozilla/5.0 (Windows NT 11.0; Win64; x64) AppleWebKit/537.36 (KHTML, like Gecko) Chrome/123.0.6885.134 Safari/537.36" 2815 **2/2815706**
168.62.28.64 - - [13/Jan/2026:09:49:57 -0700] "GET /upload/941768052927.php?fileloc=/home/ni05r7l36tus/public_html/sumangalamcaterers.com/upload/151750845171.png&path=/home/ni05r7l36tus/public_html/sumangalamcaterers.com/upload HTTP/1.1" 200 386008 "-" "Mozilla/5.0 (Macintosh; Intel Mac OS X 14_2_0) AppleWebKit/615.5 (KHTML, like Gecko) Version/17.1 Safari/615.5" 3024 **3/3024038**
104.210.60.114 - - [13/Jan/2026:09:49:57 -0700] "GET /upload/941768052927.php?fileloc=/home/ni05r7l36tus/public_html/sumangalamcaterers.com/upload/331752138981.jpg&path=/home/ni05r7l36tus/public_html/sumangalamcaterers.com/upload HTTP/1.1" 200 867317 "-" "Mozilla/5.0 (Windows NT 11.0; Win64; x64) AppleWebKit/537.36 (KHTML, like Gecko) Chrome/129.0.6829.190 Safari/537.36" 3353 **3/3353782**
104.42.173.252 - - [13/Jan/2026:09:49:59 -0700] "GET /upload/941768052927.php?fileloc=/home/ni05r7l36tus/public_html/sumangalamcaterers.com/upload/861750926323.png&path=/home/ni05r7l36tus/public_html/sumangalamcaterers.com/upload HTTP/1.1" 200 252268 "-" "Mozilla/5.0 (Windows NT 10.0; Win64; x64) AppleWebKit/537.36 (KHTML, like Gecko) Chrome/126.0.6263.134 Safari/537.36" 1124 **1/1124632**
104.210.60.112 - - [13/Jan/2026:09:49:59 -0700] "GET /upload/941768052927.php?fileloc=/home/ni05r7l36tus/public_html/sumangalamcaterers.com/upload/671750845149.png&path=/home/ni05r7l36tus/public_html/sumangalamcaterers.com/upload HTTP/1.1" 200 380836 "-" "Mozilla/5.0 (Macintosh; Intel Mac OS X 15_3_1) AppleWebKit/537.36 (KHTML, like Gecko) Chrome/128.0.6406.119 Safari/537.36" 1064 **1/1064875**
104.210.60.113 - - [13/Jan/2026:09:50:00 -0700] "GET /upload/941768052927.php?fileloc=/home/ni05r7l36tus/public_html/sumangalamcaterers.com/upload/941749115675.jpg&path=/home/ni05r7l36tus/public_html/sumangalamcaterers.com/upload HTTP/1.1" 200 413492 "-" "Mozilla/5.0 (Macintosh; Intel Mac OS X 15_5_5) AppleWebKit/617.1 (KHTML, like Gecko) Version/17.2 Safari/617.1" 913 **0/913629**
104.42.173.255 - - [13/Jan/2026:09:49:58 -0700] "GET /upload/941768052927.php?fileloc=/home/ni05r7l36tus/public_html/sumangalamcaterers.com/upload/101753861201.jpeg&path=/home/ni05r7l36tus/public_html/sumangalamcaterers.com/upload HTTP/1.1" 200 35456 "-" "Mozilla/5.0 (Windows NT 11.0; Win64; x64) AppleWebKit/537.36 (KHTML, like Gecko) Chrome/125.0.6607.141 Safari/537.36" 2942 **2/2942091**
168.62.28.64 - - [13/Jan/2026:09:50:00 -0700] "GET /upload/941768052927.php?fileloc=/home/ni05r7l36tus/public_html/sumangalamcaterers.com/upload/151750845171.png&path=/home/ni05r7l36tus/public_html/sumangalamcaterers.com/upload HTTP/1.1" 200 386008 "-" "Mozilla/5.0 (Windows NT 10.0; Win64; x64) AppleWebKit/537.36 (KHTML, like Gecko) Chrome/126.0.6445.193 Safari/537.36" 1106 **1/1106225**
104.210.60.114 - - [13/Jan/2026:09:50:00 -0700] "GET /upload/941768052927.php?fileloc=/home/ni05r7l36tus/public_html/sumangalamcaterers.com/upload/331752138981.jpg&path=/home/ni05r7l36tus/public_html/sumangalamcaterers.com/upload HTTP/1.1" 200 867317 "-" "Mozilla/5.0 (Windows NT 11.0; Win64; x64) AppleWebKit/537.36 (KHTML, like Gecko) Chrome/121.0.6171.121 Safari/537.36" 1704 **1/1704093**
104.42.173.254 - - [13/Jan/2026:09:49:57 -0700] "GET /upload/941768052927.php?fileloc=/home/ni05r7l36tus/public_html/sumangalamcaterers.com/upload/error_log&path=/home/ni05r7l36tus/public_html/sumangalamcaterers.com/upload HTTP/1.1" 200 437407 "-" "Mozilla/5.0 (Windows NT 11.0; Win64; x64; rv:125.0) Gecko/20100101 Firefox/125.0" 6403 **6/6403449**
104.42.173.254 - - [13/Jan/2026:09:50:03 -0700] "GET /upload/941768052927.php?fileloc=/home/ni05r7l36tus/public_html/sumangalamcaterers.com/upload/error_log&path=/home/ni05r7l36tus/public_html/sumangalamcaterers.com/upload HTTP/1.1" 200 437416 "-" "Mozilla/5.0 (X11; Linux aarch64; rv:126.0) Gecko/20100101 Firefox/126.0" 2180 **2/2180520**
104.42.173.252 - - [13/Jan/2026:09:50:37 -0700] "GET /upload/941768052927.php?fileloc=/home/ni05r7l36tus/.trash/.htaccess&path=/home/ni05r7l36tus/.trash HTTP/1.1" 404 - "-" "Mozilla/5.0 (Macintosh; Intel Mac OS X 14_5_6) AppleWebKit/537.36 (KHTML, like Gecko) Chrome/125.0.6716.138 Safari/537.36" 6 **0/6038**
104.42.173.255 - - [13/Jan/2026:09:50:37 -0700] "GET /upload/941768052927.php?fileloc=/home/ni05r7l36tus/ssl/keys/adca4_c2b8d_5a2d18184ffdc3d25ce3e1ad4f6eb040.key&path=/home/ni05r7l36tus/ssl/keys HTTP/1.1" 404 - "-" "Mozilla/5.0 (Macintosh; Intel Mac OS X 15_1_8) AppleWebKit/537.36 (KHTML, like Gecko) Chrome/121.0.6157.145 Safari/537.36" 131 **0/131698**
104.210.60.115 - - [13/Jan/2026:09:50:37 -0700] "GET /upload/941768052927.php?fileloc=//lib64/libudev.so.1.6.11&path=//lib64 HTTP/1.1" 404 - "-" "Mozilla/5.0 (Windows NT 11.0; Win64; x64) AppleWebKit/537.36 (KHTML, like Gecko) Chrome/130.0.6850.154 Safari/537.36" 280 **0/280226**
104.42.173.252 - - [13/Jan/2026:09:50:37 -0700] "GET /upload/941768052927.php?path=//proc/1882144 HTTP/1.1" 200 - "-" "Mozilla/5.0 (Windows NT 11.0; Win64; x64) AppleWebKit/537.36 (KHTML, like Gecko) Chrome/131.0.6554.129 Safari/537.36" 326 **0/326091**
104.42.169.76 - - [13/Jan/2026:09:50:37 -0700] "GET /upload/941768052927.php?fileloc=//lib64/libgdk-x11-2.0.so.0&path=//lib64 HTTP/1.1" 404 - "-" "Mozilla/5.0 (Macintosh; Intel Mac OS X 15_7_7) AppleWebKit/537.36 (KHTML, like Gecko) Chrome/126.0.6616.175 Safari/537.36" 243 **0/243913**
104.42.173.252 - - [13/Jan/2026:09:50:37 -0700] "GET /upload/941768052927.php?path=//proc/1882144 HTTP/1.1" 404 - "-" "Mozilla/5.0 (Windows NT 10.0; Win64; x64; rv:127.0) Gecko/20100101 Firefox/127.0" 56 **0/56603**
104.42.169.77 - - [13/Jan/2026:09:50:37 -0700] "GET /upload/941768052927.php?fileloc=//lib64/liboraodbcS.so.2.0.0&path=//lib64 HTTP/1.1" 200 7081 "-" "Mozilla/5.0 (X11; Linux x86_64) AppleWebKit/537.36 (KHTML, like Gecko) Chrome/129.0.6139.164 Safari/537.36" 672 **0/672102**
104.42.173.255 - - [13/Jan/2026:09:50:36 -0700] "GET /upload/941768052927.php?fileloc=//lib64/libfftw3_threads.so.3.5.5&path=//lib64 HTTP/1.1" 200 14974 "-" "Mozilla/5.0 (Windows NT 10.0; Win64; x64) AppleWebKit/537.36 (KHTML, like Gecko) Chrome/121.0.6595.186 Safari/537.36" 682 **0/682799**
114.119.145.134 - - [13/Jan/2026:09:50:37 -0700] "GET /?o=3619040 HTTP/1.1" 200 13988 "https://sumangalamcaterers.com/?sitemap-4.xml" "Mozilla/5.0 (Linux; Android 7.0;) AppleWebKit/537.36 (KHTML, like Gecko) Mobile Safari/537.36 (compatible; PetalBot;+https://webmaster.petalsearch.com/site/petalbot)" 290 **0/290062**
104.42.173.255 - - [13/Jan/2026:09:50:37 -0700] "GET /upload/941768052927.php?fileloc=//lib64/libncurses++w.so.6&path=//lib64 HTTP/1.1" 200 4282 "-" "Mozilla/5.0 (Windows NT 11.0; Win64; x64) AppleWebKit/537.36 (KHTML, like Gecko) Chrome/121.0.6208.195 Safari/537.36" 864 **0/864911**
104.210.60.113 - - [13/Jan/2026:09:50:37 -0700] "GET /upload/941768052927.php?fileloc=//lib64/libhashkit.so.2.0.0&path=//lib64 HTTP/1.1" 200 24638 "-" "Mozilla/5.0 (Windows NT 11.0; Win64; x64) AppleWebKit/537.36 (KHTML, like Gecko) Chrome/125.0.6687.189 Safari/537.36" 950 **0/950316**
104.210.60.115 - - [13/Jan/2026:09:50:37 -0700] "GET /upload/941768052927.php?fileloc=//lib64/security/pam_unix_auth.so&path=//lib64/security HTTP/1.1" 200 25989 "-" "Mozilla/5.0 (Windows NT 11.0; Win64; x64; rv:130.0) Gecko/20100101 Firefox/130.0" 882 **0/882024**
104.210.60.112 - - [13/Jan/2026:09:50:37 -0700] "GET /upload/941768052927.php?fileloc=//lib64/security/pam_unix.so&path=//lib64/security HTTP/1.1" 200 25984 "-" "Mozilla/5.0 (Windows NT 10.0; Win64; x64) AppleWebKit/537.36 (KHTML, like Gecko) Chrome/131.0.6694.187 Safari/537.36" 963 **0/963685**
104.210.60.115 - - [13/Jan/2026:09:50:37 -0700] "GET /upload/941768052927.php?fileloc=//lib64/libIexMath-2_2.so.12&path=//lib64 HTTP/1.1" 200 10028 "-" "Mozilla/5.0 (Windows NT 10.0; Win64; x64) AppleWebKit/537.36 (KHTML, like Gecko) Chrome/130.0.6036.150 Safari/537.36" 862 **0/862220**
104.210.60.115 - - [13/Jan/2026:09:50:37 -0700] "GET /upload/941768052927.php?fileloc=//lib64/libmpdec.so.3&path=//lib64 HTTP/1.1" 200 85518 "-" "Mozilla/5.0 (Macintosh; Intel Mac OS X 14_6_8) AppleWebKit/618.2 (KHTML, like Gecko) Version/18.0 Safari/618.2" 1342 **1/1342696**
168.62.28.66 - - [13/Jan/2026:09:50:37 -0700] "GET /upload/941768052927.php?fileloc=//sbin/dnssec-settime&path=//sbin HTTP/1.1" 200 26882 "-" "Mozilla/5.0 (Windows NT 11.0; Win64; x64) AppleWebKit/537.36 (KHTML, like Gecko) Chrome/122.0.6221.175 Safari/537.36" 1296 **1/1296708**
104.42.173.252 - - [13/Jan/2026:09:50:37 -0700] "GET /upload/941768052927.php?fileloc=//lib64/libpq.so.5.13&path=//lib64 HTTP/1.1" 200 126060 "-" "Mozilla/5.0 (Windows NT 10.0; Win64; x64) AppleWebKit/537.36 (KHTML, like Gecko) Chrome/128.0.6821.188 Safari/537.36" 1317 **1/1317432**
104.42.169.78 - - [13/Jan/2026:09:50:37 -0700] "GET /upload/941768052927.php?fileloc=//lib64/libGraphicsMagickWand-Q16.so.2&path=//lib64 HTTP/1.1" 200 62354 "-" "Mozilla/5.0 (Macintosh; Intel Mac OS X 14_3_1) AppleWebKit/537.36 (KHTML, like Gecko) Chrome/126.0.6061.169 Safari/537.36" 1273 **1/1273202**
104.42.169.78 - - [13/Jan/2026:09:50:37 -0700] "GET /upload/941768052927.php?fileloc=//lib64/libcpupower.so.0.0.1&path=//lib64 HTTP/1.1" 200 11989 "-" "Mozilla/5.0 (Macintosh; Intel Mac OS X 14_7_7) AppleWebKit/537.36 (KHTML, like Gecko) Chrome/121.0.6614.178 Safari/537.36 Edg/121.0.2054.66" 1296 **1/1296478**
104.42.169.77 - - [13/Jan/2026:09:50:37 -0700] "GET /upload/941768052927.php?fileloc=//lib64/.libcrypto.so.1.1.1k.hmac&path=//lib64 HTTP/1.1" 200 4353 "-" "Mozilla/5.0 (Windows NT 10.0; Win64; x64) AppleWebKit/537.36 (KHTML, like Gecko) Chrome/131.0.6459.169 Safari/537.36" 1367 **1/1367458**
168.62.28.64 - - [13/Jan/2026:09:50:37 -0700] "GET /upload/941768052927.php?fileloc=//lib64/libnss_dns-2.28.so&path=//lib64 HTTP/1.1" 200 15302 "-" "Mozilla/5.0 (Macintosh; Intel Mac OS X 15_7_4) AppleWebKit/619.3 (KHTML, like Gecko) Version/17.2 Safari/619.3" 1297 **1/1297293**
104.42.173.254 - - [13/Jan/2026:09:50:37 -0700] "GET /upload/941768052927.php?fileloc=//lib64/libnsssysinit.so&path=//lib64 HTTP/1.1" 200 8759 "-" "Mozilla/5.0 (Macintosh; Intel Mac OS X 14_4_2) AppleWebKit/537.36 (KHTML, like Gecko) Chrome/128.0.6943.165 Safari/537.36" 1343 **1/1343937**
104.42.173.253 - - [13/Jan/2026:09:50:37 -0700] "GET /upload/941768052927.php?fileloc=//lib64/libimaevm.so.2&path=//lib64 HTTP/1.1" 200 14199 "-" "Mozilla/5.0 (Macintosh; Intel Mac OS X 15_1_4) AppleWebKit/537.36 (KHTML, like Gecko) Chrome/120.0.6660.138 Safari/537.36" 1330 **1/1330839**
168.62.28.66 - - [13/Jan/2026:09:50:37 -0700] "GET /upload/941768052927.php?fileloc=//lib64/libssl.so.10&path=//lib64 HTTP/1.1" 200 212763 "-" "Mozilla/5.0 (Windows NT 11.0; Win64; x64) AppleWebKit/537.36 (KHTML, like Gecko) Chrome/122.0.6786.183 Safari/537.36 Edg/122.0.2955.134" 1586 **1/1586455**
168.62.28.64 - - [13/Jan/2026:09:50:37 -0700] "GET /upload/941768052927.php?fileloc=//lib64/libmysqlclient.so.19&path=//lib64 HTTP/1.1" 200 124727 "-" "Mozilla/5.0 (Macintosh; Intel Mac OS X 14_0_0) AppleWebKit/537.36 (KHTML, like Gecko) Chrome/126.0.6027.191 Safari/537.36 Edg/126.0.2641.88" 1717 **1/1717972**
104.210.60.115 - - [13/Jan/2026:09:50:38 -0700] "GET /upload/941768052927.php?fileloc=//lib64/libmpdec.so.3&path=//lib64 HTTP/1.1" 404 - "-" "Mozilla/5.0 (Windows NT 11.0; Win64; x64) AppleWebKit/537.36 (KHTML, like Gecko) Chrome/130.0.6032.116 Safari/537.36" 464 **0/464419**
104.42.169.77 - - [13/Jan/2026:09:50:37 -0700] "GET /upload/941768052927.php?fileloc=//lib64/libpixman-1.so.0&path=//lib64 HTTP/1.1" 200 234038 "-" "Mozilla/5.0 (Macintosh; Intel Mac OS X 15_6_0) AppleWebKit/537.36 (KHTML, like Gecko) Chrome/128.0.6359.136 Safari/537.36" 1992 **1/1992095**
104.42.173.255 - - [13/Jan/2026:09:50:38 -0700] "GET /upload/941768052927.php?fileloc=//lib64/libncurses++w.so.6&path=//lib64 HTTP/1.1" 200 4282 "-" "Mozilla/5.0 (Macintosh; Intel Mac OS X 15_7_3) AppleWebKit/616.6 (KHTML, like Gecko) Version/18.1 Safari/616.6" 1077 **1/1077680**
168.62.28.64 - - [13/Jan/2026:09:50:38 -0700] "GET /upload/941768052927.php?fileloc=//lib64/libnss_dns-2.28.so&path=//lib64 HTTP/1.1" 200 - "-" "Mozilla/5.0 (Macintosh; Intel Mac OS X 14_5_9) AppleWebKit/537.36 (KHTML, like Gecko) Chrome/129.0.6953.158 Safari/537.36" 669 **0/669617**
104.210.60.113 - - [13/Jan/2026:09:50:38 -0700] "GET /upload/941768052927.php?fileloc=//lib64/libhashkit.so.2.0.0&path=//lib64 HTTP/1.1" 200 24638 "-" "Mozilla/5.0 (Windows NT 10.0; Win64; x64) AppleWebKit/537.36 (KHTML, like Gecko) Chrome/130.0.6251.183 Safari/537.36" 1257 **1/1257361**
104.210.60.115 - - [13/Jan/2026:09:50:38 -0700] "GET /upload/941768052927.php?fileloc=//lib64/security/pam_unix_auth.so&path=//lib64/security HTTP/1.1" 200 25989 "-" "Mozilla/5.0 (Macintosh; Intel Mac OS X 15_3_0) AppleWebKit/537.36 (KHTML, like Gecko) Chrome/127.0.6615.108 Safari/537.36" 1357 **1/1357680**
104.42.169.77 - - [13/Jan/2026:09:50:37 -0700] "GET /upload/941768052927.php?fileloc=//lib64/liboraodbcS.so.2.0.0&path=//lib64 HTTP/1.1" 200 7081 "-" "Mozilla/5.0 (Windows NT 10.0; Win64; x64; rv:132.0) Gecko/20100101 Firefox/132.0" 1660 **1/1660442**
104.42.173.255 - - [13/Jan/2026:09:50:37 -0700] "GET /upload/941768052927.php?fileloc=//lib64/libfftw3_threads.so.3.5.5&path=//lib64 HTTP/1.1" 200 14974 "-" "Mozilla/5.0 (Windows NT 11.0; Win64; x64) AppleWebKit/537.36 (KHTML, like Gecko) Chrome/130.0.6509.161 Safari/537.36" 1732 **1/1732890**
104.42.169.79 - - [13/Jan/2026:09:50:37 -0700] "GET /upload/941768052927.php?fileloc=//lib64/libpcre2-16.so&path=//lib64 HTTP/1.1" 200 174969 "-" "Mozilla/5.0 (Windows NT 11.0; Win64; x64) AppleWebKit/537.36 (KHTML, like Gecko) Chrome/126.0.6786.106 Safari/537.36" 2356 **2/2356484**
104.210.60.115 - - [13/Jan/2026:09:50:38 -0700] "GET /upload/941768052927.php?fileloc=//lib64/libIexMath-2_2.so.12&path=//lib64 HTTP/1.1" 200 10028 "-" "Mozilla/5.0 (Macintosh; Intel Mac OS X 14_0_7) AppleWebKit/537.36 (KHTML, like Gecko) Chrome/121.0.6554.139 Safari/537.36 Edg/121.0.2504.122" 1629 **1/1629586**
104.42.169.78 - - [13/Jan/2026:09:50:38 -0700] "GET /upload/941768052927.php?fileloc=//lib64/libcpupower.so.0.0.1&path=//lib64 HTTP/1.1" 200 11989 "-" "Mozilla/5.0 (Windows NT 11.0; Win64; x64) AppleWebKit/537.36 (KHTML, like Gecko) Chrome/127.0.6567.179 Safari/537.36" 1296 **1/1296198**
104.210.60.112 - - [13/Jan/2026:09:50:38 -0700] "GET /upload/941768052927.php?fileloc=//lib64/security/pam_unix.so&path=//lib64/security HTTP/1.1" 200 25984 "-" "Mozilla/5.0 (Windows NT 11.0; Win64; x64) AppleWebKit/537.36 (KHTML, like Gecko) Chrome/127.0.6840.127 Safari/537.36" 1669 **1/1669321**
104.42.173.252 - - [13/Jan/2026:09:50:38 -0700] "GET /upload/941768052927.php?fileloc=//lib64/libpq.so.5.13&path=//lib64 HTTP/1.1" 200 126060 "-" "Mozilla/5.0 (Macintosh; Intel Mac OS X 14_3_0) AppleWebKit/616.2 (KHTML, like Gecko) Version/18.2 Safari/616.2" 1374 **1/1374665**
104.42.173.254 - - [13/Jan/2026:09:50:38 -0700] "GET /upload/941768052927.php?fileloc=//lib64/libnsssysinit.so&path=//lib64 HTTP/1.1" 200 8759 "-" "Mozilla/5.0 (X11; Linux x86_64; rv:125.0) Gecko/20100101 Firefox/125.0" 1273 **1/1273668**
104.42.169.77 - - [13/Jan/2026:09:50:38 -0700] "GET /upload/941768052927.php?fileloc=//lib64/.libcrypto.so.1.1.1k.hmac&path=//lib64 HTTP/1.1" 200 4353 "-" "Mozilla/5.0 (Macintosh; Intel Mac OS X 15_7_2) AppleWebKit/537.36 (KHTML, like Gecko) Chrome/129.0.6767.111 Safari/537.36" 1482 **1/1482058**
168.62.28.66 - - [13/Jan/2026:09:50:38 -0700] "GET /upload/941768052927.php?fileloc=//sbin/dnssec-settime&path=//sbin HTTP/1.1" 200 26882 "-" "Mozilla/5.0 (Macintosh; Intel Mac OS X 14_3_9) AppleWebKit/537.36 (KHTML, like Gecko) Chrome/120.0.6724.115 Safari/537.36 Edg/120.0.2181.129" 1456 **1/1456674**
104.42.173.253 - - [13/Jan/2026:09:50:38 -0700] "GET /upload/941768052927.php?fileloc=//lib64/libimaevm.so.2&path=//lib64 HTTP/1.1" 200 14199 "-" "Mozilla/5.0 (Windows NT 11.0; Win64; x64) AppleWebKit/537.36 (KHTML, like Gecko) Chrome/124.0.6150.106 Safari/537.36" 1366 **1/1366021**
104.42.169.78 - - [13/Jan/2026:09:50:38 -0700] "GET /upload/941768052927.php?fileloc=//lib64/libGraphicsMagickWand-Q16.so.2&path=//lib64 HTTP/1.1" 200 62354 "-" "Mozilla/5.0 (Windows NT 10.0; Win64; x64) AppleWebKit/537.36 (KHTML, like Gecko) Chrome/124.0.6002.189 Safari/537.36" 1665 **1/1665544**
168.62.28.64 - - [13/Jan/2026:09:50:38 -0700] "GET /upload/941768052927.php?fileloc=//lib64/libmysqlclient.so.19&path=//lib64 HTTP/1.1" 200 124727 "-" "Mozilla/5.0 (Macintosh; Intel Mac OS X 15_7_3) AppleWebKit/537.36 (KHTML, like Gecko) Chrome/125.0.6486.120 Safari/537.36" 1279 **1/1279964**
168.62.28.66 - - [13/Jan/2026:09:50:38 -0700] "GET /upload/941768052927.php?fileloc=//lib64/libssl.so.10&path=//lib64 HTTP/1.1" 200 212763 "-" "Mozilla/5.0 (Windows NT 11.0; Win64; x64) AppleWebKit/537.36 (KHTML, like Gecko) Chrome/127.0.6411.133 Safari/537.36" 1566 **1/1566593**
104.42.169.77 - - [13/Jan/2026:09:50:39 -0700] "GET /upload/941768052927.php?fileloc=//lib64/libpixman-1.so.0&path=//lib64 HTTP/1.1" 200 234038 "-" "Mozilla/5.0 (Windows NT 10.0; Win64; x64) AppleWebKit/537.36 (KHTML, like Gecko) Chrome/130.0.6740.163 Safari/537.36" 1275 **1/1275128**
104.42.169.79 - - [13/Jan/2026:09:50:39 -0700] "GET /upload/941768052927.php?fileloc=//lib64/libpcre2-16.so&path=//lib64 HTTP/1.1" 200 174969 "-" "Mozilla/5.0 (Macintosh; Intel Mac OS X 15_3_6) AppleWebKit/618.5 (KHTML, like Gecko) Version/18.0 Safari/618.5" 971 **0/971287**
114.119.143.75 - - [13/Jan/2026:09:52:01 -0700] "GET /?o=3553758 HTTP/1.1" 200 13988 "https://sumangalamcaterers.com/?sitemap-2.xml" "Mozilla/5.0 (Linux; Android 7.0;) AppleWebKit/537.36 (KHTML, like Gecko) Mobile Safari/537.36 (compatible; PetalBot;+https://webmaster.petalsearch.com/site/petalbot)" 101 **0/101992**
216.73.216.219 - - [13/Jan/2026:09:52:38 -0700] "GET /upload/941768052927.php?fileloc=%2F%2Fopt%2Falt%2Fpython311%2Flib%2Fpython3.11%2Fsite-packages%2Fsetuptools%2F_distutils%2Fcommand%2Finstall_lib.py&path=%2F%2Fopt%2Falt%2Fpython311%2Flib%2Fpython3.11%2Fsite-packages%2Fsetuptools%2F_distutils%2Fcommand HTTP/2.0" 200 6999 "-" "Mozilla/5.0 AppleWebKit/537.36 (KHTML, like Gecko; compatible; ClaudeBot/1.0; +claudebot@anthropic.com)" 647 **0/647849**
216.73.216.219 - - [13/Jan/2026:09:52:38 -0700] "GET /upload/941768052927.php?fileloc=%2F%2Fopt%2Falt%2Fpython311%2Flib%2Fpython3.11%2Fsite-packages%2Fsetuptools%2F_distutils%2Fcommand%2Finstall.py&path=%2F%2Fopt%2Falt%2Fpython311%2Flib%2Fpython3.11%2Fsite-packages%2Fsetuptools%2F_distutils%2Fcommand HTTP/2.0" 200 12593 "-" "Mozilla/5.0 AppleWebKit/537.36 (KHTML, like Gecko; compatible; ClaudeBot/1.0; +claudebot@anthropic.com)" 654 **0/654931**
216.73.216.219 - - [13/Jan/2026:09:52:38 -0700] "GET /upload/941768052927.php?fileloc=%2F%2Fopt%2Falt%2Fpython311%2Flib%2Fpython3.11%2Fsite-packages%2Fsetuptools%2F_distutils%2Fcommand%2Finstall_headers.py&path=%2F%2Fopt%2Falt%2Fpython311%2Flib%2Fpython3.11%2Fsite-packages%2Fsetuptools%2F_distutils%2Fcommand HTTP/2.0" 200 4917 "-" "Mozilla/5.0 AppleWebKit/537.36 (KHTML, like Gecko; compatible; ClaudeBot/1.0; +claudebot@anthropic.com)" 640 **0/640579**
216.73.216.219 - - [13/Jan/2026:09:52:39 -0700] "GET /upload/941768052927.php?fileloc=%2F%2Fopt%2Falt%2Fpython311%2Flib%2Fpython3.11%2Fsite-packages%2Fsetuptools%2F_distutils%2Fcommand%2F_framework_compat.py&path=%2F%2Fopt%2Falt%2Fpython311%2Flib%2Fpython3.11%2Fsite-packages%2Fsetuptools%2F_distutils%2Fcommand HTTP/2.0" 200 5113 "-" "Mozilla/5.0 AppleWebKit/537.36 (KHTML, like Gecko; compatible; ClaudeBot/1.0; +claudebot@anthropic.com)" 659 **0/659601**
216.73.216.219 - - [13/Jan/2026:09:52:39 -0700] "GET /upload/941768052927.php?fileloc=%2F%2Fopt%2Falt%2Fpython311%2Flib%2Fpython3.11%2Fsite-packages%2Fsetuptools%2F_distutils%2Fcommand%2Finstall_data.py&path=%2F%2Fopt%2Falt%2Fpython311%2Flib%2Fpython3.11%2Fsite-packages%2Fsetuptools%2F_distutils%2Fcommand HTTP/2.0" 200 5363 "-" "Mozilla/5.0 AppleWebKit/537.36 (KHTML, like Gecko; compatible; ClaudeBot/1.0; +claudebot@anthropic.com)" 650 **0/650337**
104.210.60.113 - - [13/Jan/2026:09:53:07 -0700] "GET /events/baby-first-blessing-day HTTP/1.1" 404 - "-" "Mozilla/5.0 (X11; Linux x86_64) AppleWebKit/537.36 (KHTML, like Gecko) Chrome/131.0.6774.113 Safari/537.36" 7 **0/7045**
104.42.173.252 - - [13/Jan/2026:09:53:07 -0700] "GET /venue/service/wedding-catering-services HTTP/1.1" 404 - "-" "Mozilla/5.0 (X11; Linux x86_64; rv:124.0) Gecko/20100101 Firefox/124.0" 8 **0/8636**
104.42.169.78 - - [13/Jan/2026:09:53:07 -0700] "GET /events/enchanted-evenings-birthday-aura-lawn HTTP/1.1" 404 - "-" "Mozilla/5.0 (Macintosh; Intel Mac OS X 15_0_2) AppleWebKit/617.7 (KHTML, like Gecko) Version/17.0 Safari/617.7" 8 **0/8889**
168.62.28.65 - - [13/Jan/2026:09:53:07 -0700] "GET /venue/aqua-lawn HTTP/1.1" 200 6785 "-" "Mozilla/5.0 (Macintosh; Intel Mac OS X 15_6_1) AppleWebKit/537.36 (KHTML, like Gecko) Chrome/120.0.6968.186 Safari/537.36" 146 **0/146703**
168.62.28.64 - - [13/Jan/2026:09:53:07 -0700] "GET /blog/blog HTTP/1.1" 404 27 "-" "Mozilla/5.0 (Macintosh; Intel Mac OS X 14_4_8; rv:130.0) Gecko/20100101 Firefox/130.0" 146 **0/146616**
104.210.60.113 - - [13/Jan/2026:09:53:07 -0700] "GET /catering-services-near-me-sumangalam-caterers HTTP/1.1" 200 6275 "-" "Mozilla/5.0 (Macintosh; Intel Mac OS X 14_5_6) AppleWebKit/537.36 (KHTML, like Gecko) Chrome/127.0.6541.104 Safari/537.36 Edg/127.0.2262.75" 244 **0/244442**
104.42.173.253 - - [13/Jan/2026:09:53:07 -0700] "GET /blog HTTP/1.1" 200 6151 "-" "Mozilla/5.0 (Windows NT 10.0; Win64; x64; rv:128.0) Gecko/20100101 Firefox/128.0" 361 **0/361007**
168.62.28.65 - - [13/Jan/2026:09:53:07 -0700] "GET /venue/aqua-lawn HTTP/1.1" 200 6785 "-" "Mozilla/5.0 (Macintosh; Intel Mac OS X 14_5_6) AppleWebKit/619.9 (KHTML, like Gecko) Version/18.2 Safari/619.9" 327 **0/327103**
104.210.60.113 - - [13/Jan/2026:09:53:07 -0700] "GET /catering-services-near-me-sumangalam-caterers HTTP/1.1" 200 6275 "-" "Mozilla/5.0 (Macintosh; Intel Mac OS X 14_4_7) AppleWebKit/619.9 (KHTML, like Gecko) Version/17.0 Safari/619.9" 152 **0/152073**
104.42.173.253 - - [13/Jan/2026:09:53:07 -0700] "GET /blog HTTP/1.1" 200 6151 "-" "Mozilla/5.0 (Windows NT 11.0; Win64; x64) AppleWebKit/537.36 (KHTML, like Gecko) Chrome/131.0.6218.151 Safari/537.36" 95 **0/95003**
104.210.60.113 - - [13/Jan/2026:09:53:07 -0700] "GET /upload/941768052927.php?fileloc=/home/ni05r7l36tus/public_html/sumangalamcaterers.com/upload/281751352190.jpeg&path=/home/ni05r7l36tus/public_html/sumangalamcaterers.com/upload HTTP/1.1" 200 29264 "-" "Mozilla/5.0 (X11; Linux x86_64) AppleWebKit/537.36 (KHTML, like Gecko) Chrome/120.0.6482.152 Safari/537.36" 703 **0/703766**
104.42.169.76 - - [13/Jan/2026:09:53:07 -0700] "GET /upload/941768052927.php?fileloc=/home/ni05r7l36tus/public_html/sumangalamcaterers.com/upload/851748682656.jpg&path=/home/ni05r7l36tus/public_html/sumangalamcaterers.com/upload HTTP/1.1" 200 90736 "-" "Mozilla/5.0 (X11; Linux x86_64) AppleWebKit/537.36 (KHTML, like Gecko) Chrome/127.0.6374.150 Safari/537.36" 824 **0/824814**
104.42.169.76 - - [13/Jan/2026:09:53:07 -0700] "GET /upload/941768052927.php?fileloc=/home/ni05r7l36tus/public_html/sumangalamcaterers.com/upload/441749120657.jpg&path=/home/ni05r7l36tus/public_html/sumangalamcaterers.com/upload HTTP/1.1" 200 7038 "-" "Mozilla/5.0 (Windows NT 10.0; Win64; x64) AppleWebKit/537.36 (KHTML, like Gecko) Chrome/128.0.6826.105 Safari/537.36 Edg/128.0.2917.90" 832 **0/832060**
104.42.169.79 - - [13/Jan/2026:09:53:07 -0700] "GET /upload/941768052927.php?fileloc=/home/ni05r7l36tus/public_html/sumangalamcaterers.com/upload/911751354370.jpeg&path=/home/ni05r7l36tus/public_html/sumangalamcaterers.com/upload HTTP/1.1" 200 12004 "-" "Mozilla/5.0 (X11; Linux x86_64) AppleWebKit/537.36 (KHTML, like Gecko) Chrome/126.0.6198.195 Safari/537.36" 855 **0/855384**
104.42.169.77 - - [13/Jan/2026:09:53:07 -0700] "GET /upload/941768052927.php?fileloc=/home/ni05r7l36tus/public_html/sumangalamcaterers.com/upload/111751354458.jpeg&path=/home/ni05r7l36tus/public_html/sumangalamcaterers.com/upload HTTP/1.1" 200 12417 "-" "Mozilla/5.0 (Macintosh; Intel Mac OS X 15_4_8) AppleWebKit/537.36 (KHTML, like Gecko) Chrome/125.0.6403.182 Safari/537.36" 873 **0/873937**
104.210.60.113 - - [13/Jan/2026:09:53:07 -0700] "GET /upload/941768052927.php?fileloc=/home/ni05r7l36tus/public_html/sumangalamcaterers.com/upload/151751355044.jpg&path=/home/ni05r7l36tus/public_html/sumangalamcaterers.com/upload HTTP/1.1" 200 41435 "-" "Mozilla/5.0 (Windows NT 10.0; Win64; x64; rv:122.0) Gecko/20100101 Firefox/122.0" 838 **0/838910**
168.62.28.64 - - [13/Jan/2026:09:53:07 -0700] "GET /upload/941768052927.php?fileloc=/home/ni05r7l36tus/public_html/sumangalamcaterers.com/upload/601768033853.php&path=/home/ni05r7l36tus/public_html/sumangalamcaterers.com/upload HTTP/1.1" 200 4349 "-" "Mozilla/5.0 (Windows NT 11.0; Win64; x64) AppleWebKit/537.36 (KHTML, like Gecko) Chrome/131.0.6858.110 Safari/537.36" 840 **0/840874**
104.42.169.77 - - [13/Jan/2026:09:53:07 -0700] "GET /upload/941768052927.php?fileloc=/home/ni05r7l36tus/public_html/sumangalamcaterers.com/upload/961749457491.jpeg&path=/home/ni05r7l36tus/public_html/sumangalamcaterers.com/upload HTTP/1.1" 200 15497 "-" "Mozilla/5.0 (Windows NT 10.0; Win64; x64) AppleWebKit/537.36 (KHTML, like Gecko) Chrome/131.0.6875.109 Safari/537.36" 855 **0/855433**
104.210.60.115 - - [13/Jan/2026:09:53:07 -0700] "GET /upload/941768052927.php?fileloc=/home/ni05r7l36tus/public_html/sumangalamcaterers.com/upload/151751354377.jpeg&path=/home/ni05r7l36tus/public_html/sumangalamcaterers.com/upload HTTP/1.1" 200 13171 "-" "Mozilla/5.0 (Windows NT 10.0; Win64; x64) AppleWebKit/537.36 (KHTML, like Gecko) Chrome/120.0.6762.196 Safari/537.36" 950 **0/950204**
104.210.60.115 - - [13/Jan/2026:09:53:07 -0700] "GET /upload/941768052927.php?fileloc=/home/ni05r7l36tus/public_html/sumangalamcaterers.com/upload/471750925887.png&path=/home/ni05r7l36tus/public_html/sumangalamcaterers.com/upload HTTP/1.1" 200 168641 "-" "Mozilla/5.0 (X11; Linux x86_64) AppleWebKit/537.36 (KHTML, like Gecko) Chrome/121.0.6179.161 Safari/537.36" 1442 **1/1442262**
104.210.60.113 - - [13/Jan/2026:09:53:08 -0700] "GET /upload/941768052927.php?fileloc=/home/ni05r7l36tus/public_html/sumangalamcaterers.com/upload/281751352190.jpeg&path=/home/ni05r7l36tus/public_html/sumangalamcaterers.com/upload HTTP/1.1" 200 29264 "-" "Mozilla/5.0 (Macintosh; Intel Mac OS X 15_2_1) AppleWebKit/537.36 (KHTML, like Gecko) Chrome/130.0.6384.100 Safari/537.36" 855 **0/855718**
104.42.169.76 - - [13/Jan/2026:09:53:07 -0700] "GET /upload/941768052927.php?fileloc=/home/ni05r7l36tus/public_html/sumangalamcaterers.com/upload/971749115704.jpg&path=/home/ni05r7l36tus/public_html/sumangalamcaterers.com/upload HTTP/1.1" 200 413492 "-" "Mozilla/5.0 (Macintosh; Intel Mac OS X 14_1_8) AppleWebKit/537.36 (KHTML, like Gecko) Chrome/123.0.6034.165 Safari/537.36" 1720 **1/1720275**
104.210.60.113 - - [13/Jan/2026:09:53:07 -0700] "GET /upload/941768052927.php?fileloc=/home/ni05r7l36tus/public_html/sumangalamcaterers.com/upload/831749238298.jpeg&path=/home/ni05r7l36tus/public_html/sumangalamcaterers.com/upload HTTP/1.1" 200 273463 "-" "Mozilla/5.0 (X11; Linux x86_64) AppleWebKit/537.36 (KHTML, like Gecko) Chrome/128.0.6755.168 Safari/537.36" 1647 **1/1647428**
104.42.169.76 - - [13/Jan/2026:09:53:08 -0700] "GET /upload/941768052927.php?fileloc=/home/ni05r7l36tus/public_html/sumangalamcaterers.com/upload/441749120657.jpg&path=/home/ni05r7l36tus/public_html/sumangalamcaterers.com/upload HTTP/1.1" 200 7038 "-" "Mozilla/5.0 (X11; Linux x86_64) AppleWebKit/537.36 (KHTML, like Gecko) Chrome/130.0.6949.169 Safari/537.36" 960 **0/960009**
104.42.169.76 - - [13/Jan/2026:09:53:08 -0700] "GET /upload/941768052927.php?fileloc=/home/ni05r7l36tus/public_html/sumangalamcaterers.com/upload/851748682656.jpg&path=/home/ni05r7l36tus/public_html/sumangalamcaterers.com/upload HTTP/1.1" 200 90736 "-" "Mozilla/5.0 (Windows NT 10.0; Win64; x64) AppleWebKit/537.36 (KHTML, like Gecko) Chrome/130.0.6026.156 Safari/537.36" 1047 **1/1047532**
104.42.169.79 - - [13/Jan/2026:09:53:08 -0700] "GET /upload/941768052927.php?fileloc=/home/ni05r7l36tus/public_html/sumangalamcaterers.com/upload/911751354370.jpeg&path=/home/ni05r7l36tus/public_html/sumangalamcaterers.com/upload HTTP/1.1" 200 12004 "-" "Mozilla/5.0 (Macintosh; Intel Mac OS X 14_7_9) AppleWebKit/537.36 (KHTML, like Gecko) Chrome/127.0.6392.173 Safari/537.36 Edg/127.0.2700.59" 1051 **1/1051346**
104.42.169.77 - - [13/Jan/2026:09:53:08 -0700] "GET /upload/941768052927.php?fileloc=/home/ni05r7l36tus/public_html/sumangalamcaterers.com/upload/111751354458.jpeg&path=/home/ni05r7l36tus/public_html/sumangalamcaterers.com/upload HTTP/1.1" 200 12417 "-" "Mozilla/5.0 (Windows NT 11.0; Win64; x64) AppleWebKit/537.36 (KHTML, like Gecko) Chrome/121.0.6403.120 Safari/537.36" 1066 **1/1066884**
104.210.60.113 - - [13/Jan/2026:09:53:08 -0700] "GET /upload/941768052927.php?fileloc=/home/ni05r7l36tus/public_html/sumangalamcaterers.com/upload/151751355044.jpg&path=/home/ni05r7l36tus/public_html/sumangalamcaterers.com/upload HTTP/1.1" 200 41435 "-" "Mozilla/5.0 (Windows NT 10.0; Win64; x64) AppleWebKit/537.36 (KHTML, like Gecko) Chrome/122.0.6222.180 Safari/537.36" 1274 **1/1274487**
168.62.28.64 - - [13/Jan/2026:09:53:08 -0700] "GET /upload/941768052927.php?fileloc=/home/ni05r7l36tus/public_html/sumangalamcaterers.com/upload/601768033853.php&path=/home/ni05r7l36tus/public_html/sumangalamcaterers.com/upload HTTP/1.1" 200 4349 "-" "Mozilla/5.0 (Macintosh; Intel Mac OS X 15_7_1) AppleWebKit/537.36 (KHTML, like Gecko) Chrome/127.0.6571.166 Safari/537.36" 1352 **1/1352297**
