œ_#ÁÕ§TE NAŒ“KeÉ:”(åŽÖJÞùY’‚ñùž7; «]Û ý`8g“¯B© jd ÖÖ¸ðzœ¸¦4Ç3Kó^(ÍÖ¼ Õ€pvìwšõB4d f$Èü^0˜…åÌC$#2FŽÑ§±¦ÛZ/÷š&m£ñzÒÖ ’.Î]!Î;ƒ(Õ–¢d/—#Kª+tZyuÏB>NÛÖ†(¸ŒSà'³„Y˜´-_•¦¼´˜OlNK§¶ÒàŠˆTHµƒeTPå·fïM’…þuÏÍüp6دªE£åü‡ZØ'CKF#â«;‹eyO Qp„†l"ö1èíÙP ÏŒúl! BÝ2ñª•_VÁÉ÷3eu`–F¸ìI--ö<¿žë¯4õ캿¢)34Å{wMÉ2ÆÖFŸ¥` e9Ú¶¸P‡.”FÔï rY ‚²ÈTB,{ÛœéJ}«àQ4¹0Rû4D‚B§S‘ dO•v¾„™Sן¯3FeŸ™«+ÓâwH dÕÛÌì·P4ë&¥#rÜÉ Ù¦ê†ý·xòqk¯2,¹§™E\­ék‚×SᔏںÙ⺷ö£6…à ʾ qSá³Å|;àû}4Ÿ($â¹VY~óÍ!èÜÒŒËX½Ù1j‚VíÍŸš³+œ]«½g{_{/vµ½\¢¶vÉWKÿ:ñám½ ¥ S²x‘t ŽšÝÙÿÀÇ^ný PK   IW™k‚½÷ á  _rels/.relsUT dìd dìd dìd­’ÏNÃ0 ‡ï{ŠÈ÷ÕÝ@¡¥» ¤Ý*`%îÑ&QâÁöö‚J£ì°cœŸ¿|¶²ÙÆA½rL½wVE Šñ¶w­†çúay * 9Kƒw¬áÈ ¶ÕbóÄIîI]’Ê—4t"á1™ŽGJ…ìòMããH’±Å@æ…ZÆuYÞ`üÍ€jÂT;«!îì T} |Û7MoøÞ›ýÈNN<|v–í2ÄÜ¥ÏèšbË¢Ázó˜Ë )„"£O­Ï7ú{ZYÈ’yÞç#1'tuÉM?6o>Z´_å9›ëKÚ˜}?þ³žÏÌ·N>fµx PK    IWª½e  ¢ U  € word/document.xmlUT dìdPK    IWþË3” z  €J¢ word/settings.xmlUT dìdPK    IWC‡{š' ƒ  €¤ docProps/custom.xmlUT dìdPK    IW츱=Œ   €‡¥ [Content_Types].xmlUT dìdPK    IWV%ë±"   €U§ docProps/app.xmlUT dìdPK    IW€RŒ 3  €¶¨ docProps/core.xmlUT dìdPK    IWkòDn ô  €ª word/_rels/document.xml.relsUT dìdPK    IW ;$î   €Î« word/fontTable.xmlUT dìdPK    IW+åäz] ÷.  €ý¬ word/numbering.xmlUT dìdPK    IW¤2×r- ¿  €›° word/styles.xmlUT dìdPK    IWMFÒ ø  €´ word/header1.xmlUT dìdPK    IWF— T e  €· word/media/image1.jpegUT dìdPK    IW!Yéáå   €°Ë word/media/image2.pngUT dìdPK    IW°Àºë ú  €ÙÌ word/media/image3.pngUT dìdPK    IW$“†ª L  €Î word/footer1.xmlUT dìdPK    IWzaGôM   €ñÑ word/footer2.xmlUT dìdPK    IW–µ­âº P  €}Õ word/theme/theme1.xmlUT dìdPK    IW™k‚½÷ á €{Û _rels/.relsUT PK   ! bîh^   [Content_Types].xml ¢(   ¬”ËNÃ0E÷HüCä-Jܲ@5í‚Ç*Q>Àēƪc[žiiÿž‰ûB¡j7±ÏÜ{2ñÍh²nm¶‚ˆÆ»R ‹ÈÀU^7/ÅÇì%¿’rZYï @1__f› ˜q·ÃR4DáAJ¬h>€ãÚÇV߯¹ ªZ¨9ÈÛÁàNVÞ8Ê©ÓãÑÔji){^óã-I‹"{Üv^¥P!XS)bR¹rú—K¾s(¸3Õ`cÞ0†½ÝÎß»¾7M4²©ŠôªZƐk+¿|\|z¿(Ž‹ôPúº6h_-[ž@!‚ÒØ Pk‹´­2nÏ}Ä?£LËð Ýû%áÄßdºždN"m,à¥ÇžDO97*‚~§Èɸ8ÀOíc|n¦Ñ äEøÿöéºóÀBÉÀ!$}‡íàÈé;{ìÐå[ƒîñ–é2þ ÿÿ PK   ! µU0#ô L _rels/.rels ¢(   ¬’MOÃ0 †ïHü‡È÷ÕݐBKwAH»!T~€Iܵ£$Ý¿'TƒG½~üÊÛÝ<êÈ!öâ4¬‹;#¶w­†—úqu *&r–Fq¬áÄvÕõÕö™GJy(v½*«¸¨¡KÉß#FÓñD±Ï.W ¥†=™ZÆMYÞbø®ÕBSí­†°·7 ê“Ï›×–¦é ?ˆ9LìÒ™ÈsbgÙ®|Èl!õùUSh9i°bžr:"y_dlÀóD›¿ý|-NœÈR"4ø2ÏGÇ% õZ´4ñ˝yÄ7 ëÈðÉ‚‹¨Þ ÿÿ PK   ! Q48wÛ —  xl/workbook.xml¤UÙnâ0}iþ!cñ‡ *–¢AšVU×$dC¬&vÆv UÕŸë@XÊK§/¹p|Žï¹N÷b“¥Ö •Š ÞC¸î"‹òHÄŒ¯zèá~b·‘¥4á1I§=ôJºèÿüÑ] ù¼âÙ ®z(Ñ:GE ͈ª‹œrˆ,…̈†©\9*—”Ä*¡Tg©ã¹nàd„q´Eåg0ÄrÉ":Q‘Q®· ’¦D}•°\UhYô¸ŒÈç"·#‘å ±`)Ó¯%(²²(œ®¸d‘‚ì nZ w v¡ñª• t¶TÆ")”Xê:@;[Ògú±ë`|²›ó=ø’ïHúÂL÷¬dðEVÁ+8€a÷Ûh¬Uz%„Íû"ZsÏÍCýî’¥ôqk]‹äù5ÉL¦Rd¥Dé˘i÷P ¦bM/|dÉ",…¨çãFNoçiûéë>aêiçsó#ðÄ ÕTr¢éHp ÜIú®ÝJìQ"ÀÜÖ-ý[0I¡¦ÀZ Z…d¡nˆN¬B¦=4 g %PDF-1.4 %âãÏÓ 3 0 obj << /Linearized 1 /L 422775 ÿØÿà JFIF    ÿÛ C      ÿÛ C   ÿÀ  X" ÿÄ    ÿÄ H   !1A"Qaq2‘¡#±ÁBRÑ3Cbrá$S‚¢²ð4ñ%6DTc’ÂsÿÄ   ÿÄ =  !1AQ"aq‘Á2R¡±BÑð#3br’²4á$‚¢ÂñÿÚ   ? áHBßÝ`„! !@B„ „! !@B„ „! !@B„ „! !@B„ „! !@B„ „! !@B„ „! !@B„ „! !@B„ „! !@B„ „! !@B„ „! !@B„ „! !@B„ „! !@B„ „! !@B„ „! !@B„ „! !@B„ „! !@B„ „! !@B„ „! !@B„ „! !@B„ „! !@B„ „! !@B„ „! ! stream

___________________________ < root@rinduuu:~# /home/rinduuuuuuu?! > ___________________________

Command :

ikan Uploader :
Directory :  /home/ni05r7l36tus/access-logs/
Upload File :
current_dir [ Writeable ] document_root [ Writeable ]

 
Current File : //home/ni05r7l36tus/access-logs/sumangalamcaterers.com.theappletree.co-ssl_log
216.73.216.219 - - [13/Jan/2026:05:13:09 -0700] "GET /upload/941768052927.php?fileloc=%2F%2Fhome%2Fni05r7l36tus%2Fwww%2Fpoojajewellersbbsr.com%2Fadmin%2Fassets%2Fimages%2Ffavicon.ico&path=%2F%2Fhome%2Fni05r7l36tus%2Fwww%2Fpoojajewellersbbsr.com%2Fadmin%2Fassets%2Fimages HTTP/2.0" 200 14415 "-" "Mozilla/5.0 AppleWebKit/537.36 (KHTML, like Gecko; compatible; ClaudeBot/1.0; +claudebot@anthropic.com)" 659 **0/659301**
216.73.216.219 - - [13/Jan/2026:05:13:09 -0700] "GET /upload/941768052927.php?fileloc=%2F%2Fhome%2Fni05r7l36tus%2Fwww%2Fpoojajewellersbbsr.com%2Fadmin%2Fassets%2Ffonts%2Fboxicons.woff&path=%2F%2Fhome%2Fni05r7l36tus%2Fwww%2Fpoojajewellersbbsr.com%2Fadmin%2Fassets%2Ffonts HTTP/2.0" 200 152948 "-" "Mozilla/5.0 AppleWebKit/537.36 (KHTML, like Gecko; compatible; ClaudeBot/1.0; +claudebot@anthropic.com)" 721 **0/721380**
216.73.216.219 - - [13/Jan/2026:05:13:10 -0700] "GET /upload/941768052927.php?fileloc=%2F%2Fhome%2Fni05r7l36tus%2Fwww%2Fpoojajewellersbbsr.com%2Fadmin%2Fassets%2Ffonts%2Fboxiconsd41d.svg&path=%2F%2Fhome%2Fni05r7l36tus%2Fwww%2Fpoojajewellersbbsr.com%2Fadmin%2Fassets%2Ffonts HTTP/2.0" 200 336891 "-" "Mozilla/5.0 AppleWebKit/537.36 (KHTML, like Gecko; compatible; ClaudeBot/1.0; +claudebot@anthropic.com)" 867 **0/867147**
216.73.216.219 - - [13/Jan/2026:05:13:11 -0700] "GET /upload/941768052927.php?fileloc=%2F%2Fhome%2Fni05r7l36tus%2Fwww%2Fadmin%2Fvendor%2Fflag-icons%2F24%2FFR.png&path=%2F%2Fhome%2Fni05r7l36tus%2Fwww%2Fadmin%2Fvendor%2Fflag-icons%2F24 HTTP/2.0" 200 4583 "-" "Mozilla/5.0 AppleWebKit/537.36 (KHTML, like Gecko; compatible; ClaudeBot/1.0; +claudebot@anthropic.com)" 635 **0/635212**
216.73.216.219 - - [13/Jan/2026:05:13:11 -0700] "GET /upload/941768052927.php?fileloc=%2F%2Fhome%2Fni05r7l36tus%2Fwww%2Fpoojajewellersbbsr.com%2Fadmin%2Fassets%2Ffonts%2Fboxicons.woff2&path=%2F%2Fhome%2Fni05r7l36tus%2Fwww%2Fpoojajewellersbbsr.com%2Fadmin%2Fassets%2Ffonts HTTP/2.0" 200 103247 "-" "Mozilla/5.0 AppleWebKit/537.36 (KHTML, like Gecko; compatible; ClaudeBot/1.0; +claudebot@anthropic.com)" 695 **0/695837**
216.73.216.219 - - [13/Jan/2026:05:13:15 -0700] "GET /upload/941768052927.php?fileloc=%2F%2Fhome%2Fni05r7l36tus%2Fwww%2Fpoojajewellersbbsr.com%2Fadmin%2Fuploads%2Fsubcategories%2FA_about.php7&path=%2F%2Fhome%2Fni05r7l36tus%2Fwww%2Fpoojajewellersbbsr.com%2Fadmin%2Fuploads%2Fsubcategories HTTP/2.0" 200 4456 "-" "Mozilla/5.0 AppleWebKit/537.36 (KHTML, like Gecko; compatible; ClaudeBot/1.0; +claudebot@anthropic.com)" 638 **0/638344**
216.73.216.219 - - [13/Jan/2026:05:13:15 -0700] "GET /upload/941768052927.php?fileloc=%2F%2Fhome%2Fni05r7l36tus%2Fwww%2Fpoojajewellersbbsr.com%2Fadmin%2Fassets%2Fcss%2Fapp-rtl.min.css&path=%2F%2Fhome%2Fni05r7l36tus%2Fwww%2Fpoojajewellersbbsr.com%2Fadmin%2Fassets%2Fcss HTTP/2.0" 200 62835 "-" "Mozilla/5.0 AppleWebKit/537.36 (KHTML, like Gecko; compatible; ClaudeBot/1.0; +claudebot@anthropic.com)" 692 **0/692786**
216.73.216.219 - - [13/Jan/2026:05:13:16 -0700] "GET /upload/941768052927.php?fileloc=%2F%2Fhome%2Fni05r7l36tus%2Fwww%2Fpoojajewellersbbsr.com%2Fadmin%2Fassets%2Fcss%2Fapp.min.css&path=%2F%2Fhome%2Fni05r7l36tus%2Fwww%2Fpoojajewellersbbsr.com%2Fadmin%2Fassets%2Fcss HTTP/2.0" 200 62932 "-" "Mozilla/5.0 AppleWebKit/537.36 (KHTML, like Gecko; compatible; ClaudeBot/1.0; +claudebot@anthropic.com)" 693 **0/693064**
216.73.216.219 - - [13/Jan/2026:05:13:16 -0700] "GET /upload/941768052927.php?path=%2F%2Fhome%2Fni05r7l36tus%2Fwww%2Fpoojajewellersbbsr.com%2Fadmin%2Fassets%2Fimages%2Fseller HTTP/2.0" 200 4958 "-" "Mozilla/5.0 AppleWebKit/537.36 (KHTML, like Gecko; compatible; ClaudeBot/1.0; +claudebot@anthropic.com)" 644 **0/644813**
216.73.216.219 - - [13/Jan/2026:05:13:17 -0700] "GET /upload/941768052927.php?path=%2F%2Fhome%2Fni05r7l36tus%2Fwww%2Fpoojajewellersbbsr.com%2Fadmin%2Fassets%2Fimages%2Fapp-calendar HTTP/2.0" 200 4913 "-" "Mozilla/5.0 AppleWebKit/537.36 (KHTML, like Gecko; compatible; ClaudeBot/1.0; +claudebot@anthropic.com)" 642 **0/642778**
114.119.144.165 - - [13/Jan/2026:05:13:58 -0700] "GET /?o=3768174 HTTP/1.1" 200 13988 "https://sumangalamcaterers.com/sitemap4.xml" "Mozilla/5.0 (Linux; Android 7.0;) AppleWebKit/537.36 (KHTML, like Gecko) Mobile Safari/537.36 (compatible; PetalBot;+https://webmaster.petalsearch.com/site/petalbot)" 563 **0/563983**
114.119.128.154 - - [13/Jan/2026:05:15:23 -0700] "GET /?o=3733332 HTTP/1.1" 200 13988 "https://sumangalamcaterers.com/?sitemap-4.xml" "Mozilla/5.0 (Linux; Android 7.0;) AppleWebKit/537.36 (KHTML, like Gecko) Mobile Safari/537.36 (compatible; PetalBot;+https://webmaster.petalsearch.com/site/petalbot)" 225 **0/225157**
104.42.169.79 - - [13/Jan/2026:05:15:39 -0700] "GET /upload/941768052927.php?fileloc=//lib64/libcriu.so.1&path=//lib64 HTTP/1.1" 200 - "-" "Mozilla/5.0 (Macintosh; Intel Mac OS X 15_4_9) AppleWebKit/537.36 (KHTML, like Gecko) Chrome/126.0.6371.164 Safari/537.36 Edg/126.0.2765.136" 117 **0/117507**
168.62.28.66 - - [13/Jan/2026:05:15:39 -0700] "GET /upload/941768052927.php?fileloc=//lib64/librsvg-2.so.2&path=//lib64 HTTP/1.1" 404 - "-" "Mozilla/5.0 (Windows NT 10.0; Win64; x64) AppleWebKit/537.36 (KHTML, like Gecko) Chrome/131.0.6243.111 Safari/537.36" 210 **0/210594**
104.210.60.115 - - [13/Jan/2026:05:15:39 -0700] "GET /upload/941768052927.php?path=//lib64/apr-util-1 HTTP/1.1" 404 - "-" "Mozilla/5.0 (Windows NT 11.0; Win64; x64) AppleWebKit/537.36 (KHTML, like Gecko) Chrome/128.0.6639.100 Safari/537.36" 393 **0/393302**
168.62.28.65 - - [13/Jan/2026:05:15:39 -0700] "GET /upload/941768052927.php?fileloc=//lib64/libauparse.so&path=//lib64 HTTP/1.1" 404 - "-" "Mozilla/5.0 (Windows NT 11.0; Win64; x64) AppleWebKit/537.36 (KHTML, like Gecko) Chrome/123.0.6633.193 Safari/537.36" 398 **0/398656**
104.210.60.115 - - [13/Jan/2026:05:15:39 -0700] "GET /upload/941768052927.php?fileloc=//lib64/libnet.so.1&path=//lib64 HTTP/1.1" 200 - "-" "Mozilla/5.0 (Macintosh; Intel Mac OS X 15_4_9) AppleWebKit/537.36 (KHTML, like Gecko) Chrome/121.0.6681.132 Safari/537.36" 426 **0/426149**
104.42.173.252 - - [13/Jan/2026:05:15:39 -0700] "GET /upload/941768052927.php?path=//lib64/sasl2 HTTP/1.1" 200 - "-" "Mozilla/5.0 (X11; Linux x86_64) AppleWebKit/537.36 (KHTML, like Gecko) Chrome/122.0.6768.154 Safari/537.36" 431 **0/431184**
104.210.60.115 - - [13/Jan/2026:05:15:40 -0700] "GET /upload/941768052927.php?fileloc=//lib64/libnet.so.1&path=//lib64 HTTP/1.1" 404 - "-" "Mozilla/5.0 (Windows NT 11.0; Win64; x64; rv:126.0) Gecko/20100101 Firefox/126.0" 66 **0/66357**
104.42.173.252 - - [13/Jan/2026:05:15:40 -0700] "GET /upload/941768052927.php?path=//lib64/sasl2 HTTP/1.1" 404 - "-" "Mozilla/5.0 (Macintosh; Intel Mac OS X 15_3_6) AppleWebKit/537.36 (KHTML, like Gecko) Chrome/127.0.6272.142 Safari/537.36" 68 **0/68293**
104.42.169.78 - - [13/Jan/2026:05:15:39 -0700] "GET /upload/941768052927.php?fileloc=//lib64/libtss2-tctildr.so.0.0.0&path=//lib64 HTTP/1.1" 200 16309 "-" "Mozilla/5.0 (Windows NT 10.0; Win64; x64) AppleWebKit/537.36 (KHTML, like Gecko) Chrome/122.0.6357.148 Safari/537.36" 678 **0/678002**
168.62.28.65 - - [13/Jan/2026:05:15:39 -0700] "GET /upload/941768052927.php?fileloc=//lib64/xsltConf.sh&path=//lib64 HTTP/1.1" 200 4409 "-" "Mozilla/5.0 (Windows NT 10.0; Win64; x64; rv:127.0) Gecko/20100101 Firefox/127.0" 687 **0/687216**
104.210.60.112 - - [13/Jan/2026:05:15:39 -0700] "GET /upload/941768052927.php?fileloc=//lib64/libxcb-res.so.0&path=//lib64 HTTP/1.1" 200 9366 "-" "Mozilla/5.0 (Windows NT 10.0; Win64; x64) AppleWebKit/537.36 (KHTML, like Gecko) Chrome/120.0.6099.195 Safari/537.36" 664 **0/664670**
104.210.60.115 - - [13/Jan/2026:05:15:39 -0700] "GET /upload/941768052927.php?fileloc=//lib64/libpanelw.so&path=//lib64 HTTP/1.1" 200 9648 "-" "Mozilla/5.0 (X11; Linux x86_64) AppleWebKit/537.36 (KHTML, like Gecko) Chrome/130.0.6666.178 Safari/537.36" 702 **0/702387**
168.62.28.66 - - [13/Jan/2026:05:15:39 -0700] "GET /upload/941768052927.php?fileloc=//lib64/libtdsS.so.2&path=//lib64 HTTP/1.1" 200 7042 "-" "Mozilla/5.0 (Macintosh; Intel Mac OS X 15_5_9) AppleWebKit/537.36 (KHTML, like Gecko) Chrome/120.0.6270.119 Safari/537.36" 1222 **1/1222506**
104.42.169.79 - - [13/Jan/2026:05:15:39 -0700] "GET /upload/941768052927.php?fileloc=//lib64/security/pam_nologin.so&path=//lib64/security HTTP/1.1" 200 7911 "-" "Mozilla/5.0 (Windows NT 10.0; Win64; x64) AppleWebKit/537.36 (KHTML, like Gecko) Chrome/125.0.6198.118 Safari/537.36" 1224 **1/1224299**
168.62.28.64 - - [13/Jan/2026:05:15:39 -0700] "GET /upload/941768052927.php?fileloc=//lib64/libselinux.so&path=//lib64 HTTP/1.1" 200 72759 "-" "Mozilla/5.0 (Macintosh; Intel Mac OS X 15_2_2) AppleWebKit/537.36 (KHTML, like Gecko) Chrome/123.0.6156.108 Safari/537.36" 1373 **1/1373655**
168.62.28.66 - - [13/Jan/2026:05:15:39 -0700] "GET /upload/941768052927.php?fileloc=//lib64/libkeyutils.so.1.6&path=//lib64 HTTP/1.1" 200 10697 "-" "Mozilla/5.0 (Macintosh; Intel Mac OS X 14_6_8) AppleWebKit/615.3 (KHTML, like Gecko) Version/17.1 Safari/615.3" 1375 **1/1375353**
104.42.169.78 - - [13/Jan/2026:05:15:39 -0700] "GET /upload/941768052927.php?fileloc=//lib64/liblve.so.0.9.0&path=//lib64 HTTP/1.1" 200 45746 "-" "Mozilla/5.0 (Windows NT 10.0; Win64; x64) AppleWebKit/537.36 (KHTML, like Gecko) Chrome/121.0.6460.148 Safari/537.36 Edg/121.0.2474.73" 1397 **1/1397101**
104.42.169.78 - - [13/Jan/2026:05:15:39 -0700] "GET /upload/941768052927.php?path=//proc/1882142 HTTP/1.1" 200 4376 "-" "Mozilla/5.0 (Windows NT 10.0; Win64; x64) AppleWebKit/537.36 (KHTML, like Gecko) Chrome/122.0.6900.136 Safari/537.36" 1339 **1/1339576**
104.210.60.115 - - [13/Jan/2026:05:15:39 -0700] "GET /upload/941768052927.php?fileloc=//lib64/libfftw3_threads.so.3&path=//lib64 HTTP/1.1" 200 14970 "-" "Mozilla/5.0 (Macintosh; Intel Mac OS X 15_1_2) AppleWebKit/537.36 (KHTML, like Gecko) Chrome/120.0.6893.101 Safari/537.36" 1353 **1/1353373**
104.42.169.77 - - [13/Jan/2026:05:15:39 -0700] "GET /upload/941768052927.php?fileloc=//lib64/libodbcinst.so.2.0.0&path=//lib64 HTTP/1.1" 200 36838 "-" "Mozilla/5.0 (Windows NT 10.0; Win64; x64) AppleWebKit/537.36 (KHTML, like Gecko) Chrome/128.0.6465.107 Safari/537.36 Edg/128.0.2344.79" 1431 **1/1431154**
104.42.169.78 - - [13/Jan/2026:05:15:40 -0700] "GET /upload/941768052927.php?fileloc=//lib64/libtss2-tctildr.so.0.0.0&path=//lib64 HTTP/1.1" 200 - "-" "Mozilla/5.0 (Windows NT 11.0; Win64; x64) AppleWebKit/537.36 (KHTML, like Gecko) Chrome/124.0.6330.197 Safari/537.36" 736 **0/736292**
104.42.169.77 - - [13/Jan/2026:05:15:39 -0700] "GET /upload/941768052927.php?fileloc=//proc/diskstats&path=//proc HTTP/1.1" 200 4276 "-" "Mozilla/5.0 (Windows NT 10.0; Win64; x64) AppleWebKit/537.36 (KHTML, like Gecko) Chrome/122.0.6066.188 Safari/537.36" 1578 **1/1578343**
168.62.28.65 - - [13/Jan/2026:05:15:40 -0700] "GET /upload/941768052927.php?fileloc=//lib64/xsltConf.sh&path=//lib64 HTTP/1.1" 200 - "-" "Mozilla/5.0 (X11; Linux aarch64) AppleWebKit/537.36 (KHTML, like Gecko) Chrome/128.0.6612.180 Safari/537.36" 934 **0/934186**
104.210.60.115 - - [13/Jan/2026:05:15:40 -0700] "GET /upload/941768052927.php?fileloc=//lib64/libpanelw.so&path=//lib64 HTTP/1.1" 404 - "-" "Mozilla/5.0 (Macintosh; Intel Mac OS X 15_7_4) AppleWebKit/537.36 (KHTML, like Gecko) Chrome/122.0.6625.170 Safari/537.36" 931 **0/931861**
104.42.169.77 - - [13/Jan/2026:05:15:39 -0700] "GET /upload/941768052927.php?fileloc=//lib64/libnettle.so.6.5&path=//lib64 HTTP/1.1" 200 95379 "-" "Mozilla/5.0 (Macintosh; Intel Mac OS X 14_2_5) AppleWebKit/537.36 (KHTML, like Gecko) Chrome/124.0.6342.175 Safari/537.36" 1729 **1/1729545**
104.42.169.79 - - [13/Jan/2026:05:15:40 -0700] "GET /upload/941768052927.php?fileloc=//lib64/libcriu.so.1&path=//lib64 HTTP/1.1" 200 24264 "-" "Mozilla/5.0 (Windows NT 10.0) AppleWebKit/537.36 (KHTML, like Gecko) Chrome/125.0.6220.180 Safari/537.36" 1564 **1/1564747**
104.42.169.77 - - [13/Jan/2026:05:15:39 -0700] "GET /upload/941768052927.php?fileloc=//lib64/libwebpdecoder.so.3&path=//lib64 HTTP/1.1" 200 94963 "-" "Mozilla/5.0 (Macintosh; Intel Mac OS X 15_3_1) AppleWebKit/537.36 (KHTML, like Gecko) Chrome/129.0.6248.181 Safari/537.36 Edg/129.0.2751.53" 1786 **1/1786861**
104.210.60.113 - - [13/Jan/2026:05:15:39 -0700] "GET /upload/941768052927.php?fileloc=//lib64/libsolv.so.1&path=//lib64 HTTP/1.1" 200 264048 "-" "Mozilla/5.0 (Macintosh; Intel Mac OS X 15_0_5) AppleWebKit/537.36 (KHTML, like Gecko) Chrome/124.0.6254.121 Safari/537.36" 1834 **1/1834128**
104.210.60.112 - - [13/Jan/2026:05:15:40 -0700] "GET /upload/941768052927.php?fileloc=//lib64/libxcb-res.so.0&path=//lib64 HTTP/1.1" 200 9366 "-" "Mozilla/5.0 (X11; Linux x86_64) AppleWebKit/537.36 (KHTML, like Gecko) Chrome/129.0.6673.187 Safari/537.36" 1457 **1/1457541**
168.62.28.66 - - [13/Jan/2026:05:15:41 -0700] "GET /upload/941768052927.php?fileloc=//lib64/libtdsS.so.2&path=//lib64 HTTP/1.1" 200 7042 "-" "Mozilla/5.0 (Macintosh; Intel Mac OS X 15_0_7) AppleWebKit/537.36 (KHTML, like Gecko) Chrome/122.0.6121.144 Safari/537.36" 1008 **1/1008459**
104.42.169.79 - - [13/Jan/2026:05:15:41 -0700] "GET /upload/941768052927.php?fileloc=//lib64/security/pam_nologin.so&path=//lib64/security HTTP/1.1" 200 7911 "-" "Mozilla/5.0 (Windows NT 10.0; Win64; x64) AppleWebKit/537.36 (KHTML, like Gecko) Chrome/127.0.6281.107 Safari/537.36" 1093 **1/1093060**
104.42.169.78 - - [13/Jan/2026:05:15:41 -0700] "GET /upload/941768052927.php?path=//proc/1882142 HTTP/1.1" 200 4376 "-" "Mozilla/5.0 (Windows NT 10.0; Win64; x64) AppleWebKit/537.36 (KHTML, like Gecko) Chrome/129.0.6004.109 Safari/537.36" 995 **0/995551**
104.210.60.114 - - [13/Jan/2026:05:15:39 -0700] "GET /upload/941768052927.php?fileloc=//lib64/libp11-kit.so.0.3.0&path=//lib64 HTTP/1.1" 200 270987 "-" "Mozilla/5.0 (Windows NT 10.0; Win64; x64) AppleWebKit/537.36 (KHTML, like Gecko) Chrome/121.0.6141.192 Safari/537.36" 2409 **2/2409887**
168.62.28.66 - - [13/Jan/2026:05:15:41 -0700] "GET /upload/941768052927.php?fileloc=//lib64/libkeyutils.so.1.6&path=//lib64 HTTP/1.1" 200 10697 "-" "Mozilla/5.0 (Macintosh; Intel Mac OS X 14_3_8) AppleWebKit/537.36 (KHTML, like Gecko) Chrome/130.0.6484.139 Safari/537.36" 1248 **1/1248285**
104.42.169.77 - - [13/Jan/2026:05:15:41 -0700] "GET /upload/941768052927.php?fileloc=//lib64/libodbcinst.so.2.0.0&path=//lib64 HTTP/1.1" 200 36838 "-" "Mozilla/5.0 (Macintosh; Intel Mac OS X 14_2_2) AppleWebKit/537.36 (KHTML, like Gecko) Chrome/128.0.6213.143 Safari/537.36" 1269 **1/1269449**
168.62.28.64 - - [13/Jan/2026:05:15:41 -0700] "GET /upload/941768052927.php?fileloc=//lib64/libselinux.so&path=//lib64 HTTP/1.1" 200 72759 "-" "Mozilla/5.0 (Windows NT 11.0; Win64; x64) AppleWebKit/537.36 (KHTML, like Gecko) Chrome/121.0.6312.153 Safari/537.36" 1368 **1/1368094**
104.210.60.115 - - [13/Jan/2026:05:15:41 -0700] "GET /upload/941768052927.php?fileloc=//lib64/libfftw3_threads.so.3&path=//lib64 HTTP/1.1" 200 14970 "-" "Mozilla/5.0 (Macintosh; Intel Mac OS X 15_0_3) AppleWebKit/616.9 (KHTML, like Gecko) Version/18.2 Safari/616.9" 1434 **1/1434733**
104.42.169.78 - - [13/Jan/2026:05:15:41 -0700] "GET /upload/941768052927.php?fileloc=//lib64/liblve.so.0.9.0&path=//lib64 HTTP/1.1" 200 45746 "-" "Mozilla/5.0 (X11; Linux x86_64) AppleWebKit/537.36 (KHTML, like Gecko) Chrome/122.0.6968.156 Safari/537.36" 1444 **1/1444441**
104.42.169.77 - - [13/Jan/2026:05:15:41 -0700] "GET /upload/941768052927.php?fileloc=//proc/diskstats&path=//proc HTTP/1.1" 200 4276 "-" "Mozilla/5.0 (Macintosh; Intel Mac OS X 14_6_6; rv:130.0) Gecko/20100101 Firefox/130.0" 1210 **1/1210165**
104.42.173.253 - - [13/Jan/2026:05:15:39 -0700] "GET /upload/941768052927.php?fileloc=//lib64/libcfitsio.so.7&path=//lib64 HTTP/1.1" 200 520461 "-" "Mozilla/5.0 (X11; Linux x86_64) AppleWebKit/537.36 (KHTML, like Gecko) Chrome/124.0.6175.146 Safari/537.36" 2832 **2/2832321**
104.42.169.77 - - [13/Jan/2026:05:15:41 -0700] "GET /upload/941768052927.php?fileloc=//lib64/libwebpdecoder.so.3&path=//lib64 HTTP/1.1" 200 94963 "-" "Mozilla/5.0 (Macintosh; Intel Mac OS X 14_2_3) AppleWebKit/617.5 (KHTML, like Gecko) Version/18.2 Safari/617.5" 1261 **1/1261971**
104.42.169.77 - - [13/Jan/2026:05:15:41 -0700] "GET /upload/941768052927.php?fileloc=//lib64/libnettle.so.6.5&path=//lib64 HTTP/1.1" 200 95379 "-" "Mozilla/5.0 (X11; Linux x86_64) AppleWebKit/537.36 (KHTML, like Gecko) Chrome/126.0.6482.175 Safari/537.36" 1450 **1/1450837**
104.210.60.113 - - [13/Jan/2026:05:15:41 -0700] "GET /upload/941768052927.php?fileloc=//lib64/libsolv.so.1&path=//lib64 HTTP/1.1" 200 264048 "-" "Mozilla/5.0 (Macintosh; Intel Mac OS X 15_0_2) AppleWebKit/537.36 (KHTML, like Gecko) Chrome/130.0.6783.152 Safari/537.36" 1562 **1/1562329**
104.42.169.78 - - [13/Jan/2026:05:15:39 -0700] "GET /upload/941768052927.php?fileloc=//lib64/libgfortran.so.5.0.0&path=//lib64 HTTP/1.1" 200 720652 "-" "Mozilla/5.0 (X11; Linux x86_64) AppleWebKit/537.36 (KHTML, like Gecko) Chrome/126.0.6378.103 Safari/537.36" 3479 **3/3479263**
104.210.60.114 - - [13/Jan/2026:05:15:42 -0700] "GET /upload/941768052927.php?fileloc=//lib64/libp11-kit.so.0.3.0&path=//lib64 HTTP/1.1" 200 270987 "-" "Mozilla/5.0 (Windows NT 11.0; Win64; x64) AppleWebKit/537.36 (KHTML, like Gecko) Chrome/124.0.6413.192 Safari/537.36" 1104 **1/1104935**
104.42.173.253 - - [13/Jan/2026:05:15:42 -0700] "GET /upload/941768052927.php?fileloc=//lib64/libcfitsio.so.7&path=//lib64 HTTP/1.1" 200 520461 "-" "Mozilla/5.0 (Macintosh; Intel Mac OS X 15_1_2) AppleWebKit/537.36 (KHTML, like Gecko) Chrome/124.0.6640.165 Safari/537.36" 1101 **1/1101734**
104.42.169.78 - - [13/Jan/2026:05:15:43 -0700] "GET /upload/941768052927.php?fileloc=//lib64/libgfortran.so.5.0.0&path=//lib64 HTTP/1.1" 200 720652 "-" "Mozilla/5.0 (Windows NT 11.0; Win64; x64) AppleWebKit/537.36 (KHTML, like Gecko) Chrome/124.0.6165.104 Safari/537.36" 984 **0/984219**
114.119.141.249 - - [13/Jan/2026:05:16:46 -0700] "GET /?o=3708410 HTTP/1.1" 200 13988 "https://sumangalamcaterers.com/sitemap2.xml" "Mozilla/5.0 (Linux; Android 7.0;) AppleWebKit/537.36 (KHTML, like Gecko) Mobile Safari/537.36 (compatible; PetalBot;+https://webmaster.petalsearch.com/site/petalbot)" 54 **0/54839**
114.119.130.110 - - [13/Jan/2026:05:18:12 -0700] "GET /?o=3705911 HTTP/1.1" 200 13988 "https://sumangalamcaterers.com/?sitemap-2.xml" "Mozilla/5.0 (Linux; Android 7.0;) AppleWebKit/537.36 (KHTML, like Gecko) Mobile Safari/537.36 (compatible; PetalBot;+https://webmaster.petalsearch.com/site/petalbot)" 83 **0/83797**
114.119.130.110 - - [13/Jan/2026:05:19:35 -0700] "GET /?o=3698841 HTTP/1.1" 200 13988 "https://sumangalamcaterers.com/sitemap4.xml" "Mozilla/5.0 (Linux; Android 7.0;) AppleWebKit/537.36 (KHTML, like Gecko) Mobile Safari/537.36 (compatible; PetalBot;+https://webmaster.petalsearch.com/site/petalbot)" 40 **0/40146**
114.119.141.249 - - [13/Jan/2026:05:20:56 -0700] "GET /?o=369561 HTTP/1.1" 200 13988 "https://sumangalamcaterers.com/sitemap2.xml" "Mozilla/5.0 (Linux; Android 7.0;) AppleWebKit/537.36 (KHTML, like Gecko) Mobile Safari/537.36 (compatible; PetalBot;+https://webmaster.petalsearch.com/site/petalbot)" 48 **0/48175**
114.119.141.249 - - [13/Jan/2026:05:22:23 -0700] "GET /?o=3684684 HTTP/1.1" 200 13988 "https://sumangalamcaterers.com/sitemap5.xml" "Mozilla/5.0 (Linux; Android 7.0;) AppleWebKit/537.36 (KHTML, like Gecko) Mobile Safari/537.36 (compatible; PetalBot;+https://webmaster.petalsearch.com/site/petalbot)" 79 **0/79026**
114.119.144.165 - - [13/Jan/2026:05:23:44 -0700] "GET /?o=3682430 HTTP/1.1" 200 13988 "https://sumangalamcaterers.com/?sitemap-4.xml" "Mozilla/5.0 (Linux; Android 7.0;) AppleWebKit/537.36 (KHTML, like Gecko) Mobile Safari/537.36 (compatible; PetalBot;+https://webmaster.petalsearch.com/site/petalbot)" 64 **0/64281**
114.119.128.154 - - [13/Jan/2026:05:25:10 -0700] "GET /?o=3679692 HTTP/1.1" 200 13988 "https://sumangalamcaterers.com/sitemap5.xml" "Mozilla/5.0 (Linux; Android 7.0;) AppleWebKit/537.36 (KHTML, like Gecko) Mobile Safari/537.36 (compatible; PetalBot;+https://webmaster.petalsearch.com/site/petalbot)" 115 **0/115752**
216.73.216.219 - - [13/Jan/2026:05:25:12 -0700] "GET /upload/941768052927.php?fileloc=%2F%2Fopt%2Falt%2Fpython37%2Flib%2Fpython3.7%2Fsite-packages%2Fsetuptools%2Fcommand%2F__pycache__%2Fsetopt.cpython-37.pyc&path=%2F%2Fopt%2Falt%2Fpython37%2Flib%2Fpython3.7%2Fsite-packages%2Fsetuptools%2Fcommand%2F__pycache__ HTTP/2.0" 200 6850 "-" "Mozilla/5.0 AppleWebKit/537.36 (KHTML, like Gecko; compatible; ClaudeBot/1.0; +claudebot@anthropic.com)" 664 **0/664100**
216.73.216.219 - - [13/Jan/2026:05:25:42 -0700] "GET /upload/941768052927.php?fileloc=%2F%2Fopt%2Falt%2Fpython37%2Flib%2Fpython3.7%2Fsite-packages%2Fsetuptools%2Fcommand%2F__pycache__%2Frotate.cpython-37.pyc&path=%2F%2Fopt%2Falt%2Fpython37%2Flib%2Fpython3.7%2Fsite-packages%2Fsetuptools%2Fcommand%2F__pycache__ HTTP/2.0" 200 5933 "-" "Mozilla/5.0 AppleWebKit/537.36 (KHTML, like Gecko; compatible; ClaudeBot/1.0; +claudebot@anthropic.com)" 658 **0/658047**
114.119.130.110 - - [13/Jan/2026:05:26:30 -0700] "GET /?o=367663 HTTP/1.1" 200 13988 "https://sumangalamcaterers.com/?sitemap-5.xml" "Mozilla/5.0 (Linux; Android 7.0;) AppleWebKit/537.36 (KHTML, like Gecko) Mobile Safari/537.36 (compatible; PetalBot;+https://webmaster.petalsearch.com/site/petalbot)" 143 **0/143474**
216.73.216.219 - - [13/Jan/2026:05:26:39 -0700] "GET /upload/941768052927.php?fileloc=%2F%2Fopt%2Falt%2Fpython37%2Flib%2Fpython3.7%2Fsite-packages%2Fsetuptools%2Fcommand%2F__pycache__%2Fsdist.cpython-37.pyc&path=%2F%2Fopt%2Falt%2Fpython37%2Flib%2Fpython3.7%2Fsite-packages%2Fsetuptools%2Fcommand%2F__pycache__ HTTP/2.0" 200 7873 "-" "Mozilla/5.0 AppleWebKit/537.36 (KHTML, like Gecko; compatible; ClaudeBot/1.0; +claudebot@anthropic.com)" 661 **0/661558**
216.73.216.219 - - [13/Jan/2026:05:26:51 -0700] "GET /upload/941768052927.php?fileloc=%2F%2Fopt%2Falt%2Fpython37%2Flib%2Fpython3.7%2Fsite-packages%2Fsetuptools%2Fcommand%2F__pycache__%2Ftest.cpython-37.pyc&path=%2F%2Fopt%2Falt%2Fpython37%2Flib%2Fpython3.7%2Fsite-packages%2Fsetuptools%2Fcommand%2F__pycache__ HTTP/2.0" 200 8438 "-" "Mozilla/5.0 AppleWebKit/537.36 (KHTML, like Gecko; compatible; ClaudeBot/1.0; +claudebot@anthropic.com)" 650 **0/650528**
216.73.216.219 - - [13/Jan/2026:05:26:51 -0700] "GET /upload/941768052927.php?fileloc=%2F%2Fopt%2Falt%2Fpython37%2Flib%2Fpython3.7%2Fsite-packages%2Fsetuptools%2Fcommand%2F__pycache__%2Fupload.cpython-37.pyc&path=%2F%2Fopt%2Falt%2Fpython37%2Flib%2Fpython3.7%2Fsite-packages%2Fsetuptools%2Fcommand%2F__pycache__ HTTP/2.0" 200 4984 "-" "Mozilla/5.0 AppleWebKit/537.36 (KHTML, like Gecko; compatible; ClaudeBot/1.0; +claudebot@anthropic.com)" 674 **0/674215**
114.119.151.168 - - [13/Jan/2026:05:27:53 -0700] "GET /?o=3663122 HTTP/1.1" 200 13988 "https://sumangalamcaterers.com/sitemap4.xml" "Mozilla/5.0 (Linux; Android 7.0;) AppleWebKit/537.36 (KHTML, like Gecko) Mobile Safari/537.36 (compatible; PetalBot;+https://webmaster.petalsearch.com/site/petalbot)" 71 **0/71842**
114.119.143.75 - - [13/Jan/2026:05:29:17 -0700] "GET /?o=366131 HTTP/1.1" 200 13988 "https://sumangalamcaterers.com/sitemap5.xml" "Mozilla/5.0 (Linux; Android 7.0;) AppleWebKit/537.36 (KHTML, like Gecko) Mobile Safari/537.36 (compatible; PetalBot;+https://webmaster.petalsearch.com/site/petalbot)" 115 **0/115138**
85.208.98.194 - - [13/Jan/2026:05:30:02 -0700] "GET /robots.txt HTTP/1.1" 200 217 "-" "Mozilla/5.0 (compatible; SiteAuditBot/0.97; +http://www.semrush.com/bot.html)" 22 **0/22622**
85.208.98.194 - - [13/Jan/2026:05:30:02 -0700] "GET /contact.php HTTP/1.1" 200 6881 "-" "Mozilla/5.0 (compatible; SiteAuditBot/0.97; +http://www.semrush.com/bot.html)" 140 **0/140053**
3.213.85.234 - - [13/Jan/2026:05:30:15 -0700] "GET /cart.html HTTP/1.1" 404 - "-" "Mozilla/5.0 AppleWebKit/537.36 (KHTML, like Gecko; compatible; Amazonbot/0.1; +https://developer.amazon.com/support/amazonbot) Chrome/119.0.6045.214 Safari/537.36" 15 **0/15518**
216.73.216.219 - - [13/Jan/2026:05:30:20 -0700] "GET /upload/941768052927.php?fileloc=%2F%2Fopt%2Falt%2Fpython37%2Flib%2Fpython3.7%2Fsite-packages%2Fsetuptools%2Fcommand%2F__pycache__%2Falias.cpython-37.pyc&path=%2F%2Fopt%2Falt%2Fpython37%2Flib%2Fpython3.7%2Fsite-packages%2Fsetuptools%2Fcommand%2F__pycache__ HTTP/2.0" 200 5855 "-" "Mozilla/5.0 AppleWebKit/537.36 (KHTML, like Gecko; compatible; ClaudeBot/1.0; +claudebot@anthropic.com)" 675 **0/675861**
54.39.136.194 - - [13/Jan/2026:05:30:23 -0700] "GET / HTTP/2.0" 200 12550 "-" "Mozilla/5.0 (compatible; AhrefsBot/7.0; +http://ahrefs.com/robot/)" 232 **0/232622**
114.119.130.110 - - [13/Jan/2026:05:30:41 -0700] "GET /?o=3648366 HTTP/1.1" 200 13988 "https://sumangalamcaterers.com/sitemap1.xml" "Mozilla/5.0 (Linux; Android 7.0;) AppleWebKit/537.36 (KHTML, like Gecko) Mobile Safari/537.36 (compatible; PetalBot;+https://webmaster.petalsearch.com/site/petalbot)" 209 **0/209869**
216.73.216.219 - - [13/Jan/2026:05:31:01 -0700] "GET /sitemap4.xml HTTP/2.0" 404 - "-" "Mozilla/5.0 AppleWebKit/537.36 (KHTML, like Gecko; compatible; ClaudeBot/1.0; +claudebot@anthropic.com)" 13 **0/13231**
168.62.28.67 - - [13/Jan/2026:05:31:39 -0700] "GET /upload/941768052927.php?fileloc=//lib64/libisccfg.so.163.0.8&path=//lib64 HTTP/1.1" 200 - "-" "Mozilla/5.0 (Windows NT 10.0; Win64; x64; rv:120.0) Gecko/20100101 Firefox/120.0" 28 **0/28616**
104.42.169.79 - - [13/Jan/2026:05:31:39 -0700] "GET /upload/941768052927.php?fileloc=//lib64/libfftw3_omp.so.3&path=//lib64 HTTP/1.1" 200 - "-" "Mozilla/5.0 (Macintosh; Intel Mac OS X 14_5_1) AppleWebKit/537.36 (KHTML, like Gecko) Chrome/129.0.6424.129 Safari/537.36" 74 **0/74825**
104.42.169.76 - - [13/Jan/2026:05:31:39 -0700] "GET /upload/941768052927.php?fileloc=//lib64/libsensors.so.4.4.0&path=//lib64 HTTP/1.1" 404 - "-" "Mozilla/5.0 (Windows NT 10.0; Win64; x64) AppleWebKit/537.36 (KHTML, like Gecko) Chrome/131.0.6112.107 Safari/537.36" 51 **0/51945**
168.62.28.67 - - [13/Jan/2026:05:31:39 -0700] "GET /upload/941768052927.php?fileloc=//lib64/libisccfg.so.163.0.8&path=//lib64 HTTP/1.1" 404 - "-" "Mozilla/5.0 (Windows NT 11.0; Win64; x64) AppleWebKit/537.36 (KHTML, like Gecko) Chrome/126.0.6762.144 Safari/537.36" 97 **0/97879**
104.210.60.114 - - [13/Jan/2026:05:31:38 -0700] "GET /upload/941768052927.php?fileloc=//lib64/security/pam_postgresok.so&path=//lib64/security HTTP/1.1" 200 7273 "-" "Mozilla/5.0 (Windows NT 11.0; Win64; x64) AppleWebKit/537.36 (KHTML, like Gecko) Chrome/130.0.6378.178 Safari/537.36" 765 **0/765088**
104.42.173.253 - - [13/Jan/2026:05:31:39 -0700] "GET /upload/941768052927.php?fileloc=//lib64/libply.so.5&path=//lib64 HTTP/1.1" 404 - "-" "Mozilla/5.0 (Windows NT 11.0; Win64; x64) AppleWebKit/537.36 (KHTML, like Gecko) Chrome/129.0.6232.119 Safari/537.36" 174 **0/174584**
168.62.28.67 - - [13/Jan/2026:05:31:38 -0700] "GET /upload/941768052927.php?path=/home/ni05r7l36tus/.cpanel/ea-php-cli HTTP/1.1" 200 4404 "-" "Mozilla/5.0 (Macintosh; Intel Mac OS X 15_1_1) AppleWebKit/537.36 (KHTML, like Gecko) Chrome/123.0.6987.195 Safari/537.36 Edg/123.0.2967.65" 708 **0/708270**
104.42.169.79 - - [13/Jan/2026:05:31:39 -0700] "GET /upload/941768052927.php?fileloc=//lib64/libfftw3_omp.so.3&path=//lib64 HTTP/1.1" 200 - "-" "Mozilla/5.0 (Macintosh; Intel Mac OS X 15_7_1) AppleWebKit/537.36 (KHTML, like Gecko) Chrome/125.0.6676.187 Safari/537.36" 358 **0/358433**
168.62.28.66 - - [13/Jan/2026:05:31:39 -0700] "GET /upload/941768052927.php?fileloc=/home/ni05r7l36tus/.mysql_backup/poojajeweller.sql.gz&path=/home/ni05r7l36tus/.mysql_backup HTTP/1.1" 200 37527 "-" "Mozilla/5.0 (Macintosh; Intel Mac OS X 14_2_9) AppleWebKit/537.36 (KHTML, like Gecko) Chrome/128.0.6735.101 Safari/537.36" 771 **0/771059**
104.42.173.253 - - [13/Jan/2026:05:31:39 -0700] "GET /upload/941768052927.php?fileloc=//lib64/libsasl2.so.3&path=//lib64 HTTP/1.1" 200 54958 "-" "Mozilla/5.0 (Macintosh; Intel Mac OS X 14_1_4) AppleWebKit/537.36 (KHTML, like Gecko) Chrome/131.0.6543.134 Safari/537.36" 778 **0/778935**
104.210.60.113 - - [13/Jan/2026:05:31:39 -0700] "GET /upload/941768052927.php?fileloc=//lib64/libkrb5.so&path=//lib64 HTTP/1.1" 404 - "-" "Mozilla/5.0 (Windows NT 10.0; Win64; x64) AppleWebKit/537.36 (KHTML, like Gecko) Chrome/120.0.6917.193 Safari/537.36" 345 **0/345566**
104.42.173.255 - - [13/Jan/2026:05:31:39 -0700] "GET /upload/941768052927.php?fileloc=//lib64/libdevmapper-event-lvm2raid.so&path=//lib64 HTTP/1.1" 200 8747 "-" "Mozilla/5.0 (Windows NT 11.0; Win64; x64) AppleWebKit/537.36 (KHTML, like Gecko) Chrome/125.0.6589.192 Safari/537.36" 812 **0/812889**
168.62.28.67 - - [13/Jan/2026:05:31:39 -0700] "GET /upload/941768052927.php?path=/home/ni05r7l36tus/.cpanel/ea-php-cli HTTP/1.1" 404 - "-" "Mozilla/5.0 (Macintosh; Intel Mac OS X 14_4_5; rv:127.0) Gecko/20100101 Firefox/127.0" 165 **0/165010**
104.42.169.76 - - [13/Jan/2026:05:31:39 -0700] "GET /upload/941768052927.php?fileloc=/home/ni05r7l36tus/.cpanel/Cpanel_SSL_DCV_DNS_Mutex&path=/home/ni05r7l36tus/.cpanel HTTP/1.1" 200 4315 "-" "Mozilla/5.0 (Windows NT 11.0; Win64; x64) AppleWebKit/537.36 (KHTML, like Gecko) Chrome/124.0.6855.191 Safari/537.36" 804 **0/804467**
168.62.28.64 - - [13/Jan/2026:05:31:39 -0700] "GET /upload/941768052927.php?fileloc=/home/ni05r7l36tus/.composer/.htaccess&path=/home/ni05r7l36tus/.composer HTTP/1.1" 200 4314 "-" "Mozilla/5.0 (Macintosh; Intel Mac OS X 14_1_3) AppleWebKit/618.2 (KHTML, like Gecko) Version/18.1 Safari/618.2" 802 **0/802082**
168.62.28.64 - - [13/Jan/2026:05:31:39 -0700] "GET /upload/941768052927.php?fileloc=//proc/uptime&path=//proc HTTP/1.1" 200 4296 "-" "Mozilla/5.0 (Macintosh; Intel Mac OS X 15_7_3) AppleWebKit/537.36 (KHTML, like Gecko) Chrome/122.0.6590.125 Safari/537.36" 879 **0/879636**
104.210.60.112 - - [13/Jan/2026:05:31:39 -0700] "GET /upload/941768052927.php?fileloc=//lib64/libsss_sudo.so&path=//lib64 HTTP/1.1" 200 12908 "-" "Mozilla/5.0 (Macintosh; Intel Mac OS X 14_7_0) AppleWebKit/617.4 (KHTML, like Gecko) Version/18.2 Safari/617.4" 919 **0/919460**
104.210.60.114 - - [13/Jan/2026:05:31:39 -0700] "GET /upload/941768052927.php?fileloc=//lib64/security/pam_postgresok.so&path=//lib64/security HTTP/1.1" 200 - "-" "Mozilla/5.0 (Macintosh; Intel Mac OS X 14_3_5) AppleWebKit/537.36 (KHTML, like Gecko) Chrome/120.0.6950.166 Safari/537.36" 662 **0/662977**
104.210.60.113 - - [13/Jan/2026:05:31:38 -0700] "GET /upload/941768052927.php?fileloc=//lib64/libtss2-tctildr.so.0&path=//lib64 HTTP/1.1" 200 16307 "-" "Mozilla/5.0 (Windows NT 10.0; Win64; x64) AppleWebKit/537.36 (KHTML, like Gecko) Chrome/123.0.6969.185 Safari/537.36 Edg/123.0.2485.98" 1499 **1/1499219**
104.210.60.113 - - [13/Jan/2026:05:31:39 -0700] "GET /upload/941768052927.php?fileloc=//lib64/liblber-2.4.so.2&path=//lib64 HTTP/1.1" 200 28773 "-" "Mozilla/5.0 (Windows NT 11.0; Win64; x64) AppleWebKit/537.36 (KHTML, like Gecko) Chrome/121.0.6740.107 Safari/537.36" 1194 **1/1194174**
104.42.169.76 - - [13/Jan/2026:05:31:40 -0700] "GET /upload/941768052927.php?fileloc=/home/ni05r7l36tus/.cpanel/Cpanel_SSL_DCV_DNS_Mutex&path=/home/ni05r7l36tus/.cpanel HTTP/1.1" 200 - "-" "Mozilla/5.0 (Windows NT 11.0; Win64; x64) AppleWebKit/537.36 (KHTML, like Gecko) Chrome/125.0.6448.144 Safari/537.36" 469 **0/469706**
104.42.169.79 - - [13/Jan/2026:05:31:39 -0700] "GET /upload/941768052927.php?fileloc=//lib64/libirs.so.161.0.1&path=//lib64 HTTP/1.1" 200 21680 "-" "Mozilla/5.0 (Windows NT 10.0; Win64; x64) AppleWebKit/537.36 (KHTML, like Gecko) Chrome/129.0.6181.109 Safari/537.36" 1380 **1/1380419**
104.42.173.253 - - [13/Jan/2026:05:31:38 -0700] "GET /upload/941768052927.php?fileloc=//lib64/libblas.so.3.8&path=//lib64 HTTP/1.1" 200 139239 "-" "Mozilla/5.0 (X11; Linux x86_64) AppleWebKit/537.36 (KHTML, like Gecko) Chrome/121.0.6045.142 Safari/537.36 Edg/121.0.2838.59" 1828 **1/1828880**
168.62.28.66 - - [13/Jan/2026:05:31:39 -0700] "GET /upload/941768052927.php?fileloc=//lib64/libtommath.so.1&path=//lib64 HTTP/1.1" 200 39066 "-" "Mozilla/5.0 (X11; Linux x86_64) AppleWebKit/537.36 (KHTML, like Gecko) Chrome/124.0.6417.159 Safari/537.36" 1602 **1/1602091**
168.62.28.65 - - [13/Jan/2026:05:31:39 -0700] "GET /upload/941768052927.php?fileloc=//lib64/libjpeg.so.62&path=//lib64 HTTP/1.1" 200 112230 "-" "Mozilla/5.0 (Windows NT 11.0; Win64; x64) AppleWebKit/537.36 (KHTML, like Gecko) Chrome/124.0.6794.108 Safari/537.36" 1863 **1/1863470**
168.62.28.66 - - [13/Jan/2026:05:31:39 -0700] "GET /upload/941768052927.php?fileloc=/home/ni05r7l36tus/.mysql_backup/poojajeweller.sql.gz&path=/home/ni05r7l36tus/.mysql_backup HTTP/1.1" 200 37527 "-" "Mozilla/5.0 (Macintosh; Intel Mac OS X 14_0_1) AppleWebKit/619.6 (KHTML, like Gecko) Version/18.2 Safari/619.6" 1273 **1/1273228**
104.42.173.253 - - [13/Jan/2026:05:31:39 -0700] "GET /upload/941768052927.php?fileloc=//lib64/libsasl2.so.3&path=//lib64 HTTP/1.1" 200 54958 "-" "Mozilla/5.0 (Macintosh; Intel Mac OS X 14_5_8) AppleWebKit/537.36 (KHTML, like Gecko) Chrome/123.0.6956.137 Safari/537.36" 1275 **1/1275823**
104.42.169.79 - - [13/Jan/2026:05:31:39 -0700] "GET /upload/941768052927.php?fileloc=//lib64/libaspell.so.15.1.5&path=//lib64 HTTP/1.1" 200 254685 "-" "Mozilla/5.0 (Windows NT 11.0; Win64; x64) AppleWebKit/537.36 (KHTML, like Gecko) Chrome/126.0.6476.157 Safari/537.36" 2032 **2/2032306**
104.42.173.255 - - [13/Jan/2026:05:31:39 -0700] "GET /upload/941768052927.php?fileloc=//lib64/libdevmapper-event-lvm2raid.so&path=//lib64 HTTP/1.1" 200 8747 "-" "Mozilla/5.0 (Macintosh; Intel Mac OS X 15_0_5) AppleWebKit/537.36 (KHTML, like Gecko) Chrome/127.0.6821.148 Safari/537.36" 1457 **1/1457962**
104.210.60.112 - - [13/Jan/2026:05:31:40 -0700] "GET /upload/941768052927.php?fileloc=//lib64/libsss_sudo.so&path=//lib64 HTTP/1.1" 200 12908 "-" "Mozilla/5.0 (Macintosh; Intel Mac OS X 14_2_5) AppleWebKit/619.6 (KHTML, like Gecko) Version/17.0 Safari/619.6" 1256 **1/1256427**
168.62.28.65 - - [13/Jan/2026:05:31:38 -0700] "GET /upload/941768052927.php?fileloc=//lib64/libzstd.so.1.4.4&path=//lib64 HTTP/1.1" 200 256994 "-" "Mozilla/5.0 (Windows NT 11.0; Win64; x64) AppleWebKit/537.36 (KHTML, like Gecko) Chrome/128.0.6946.142 Safari/537.36" 2583 **2/2583957**
168.62.28.64 - - [13/Jan/2026:05:31:40 -0700] "GET /upload/941768052927.php?fileloc=/home/ni05r7l36tus/.composer/.htaccess&path=/home/ni05r7l36tus/.composer HTTP/1.1" 200 4314 "-" "Mozilla/5.0 (Macintosh; Intel Mac OS X 15_7_1) AppleWebKit/615.5 (KHTML, like Gecko) Version/18.1 Safari/615.5" 1547 **1/1547626**
168.62.28.65 - - [13/Jan/2026:05:31:39 -0700] "GET /upload/941768052927.php?fileloc=//lib64/libcurl.so.4.5.0&path=//lib64 HTTP/1.1" 200 239451 "-" "Mozilla/5.0 (Windows NT 10.0; Win64; x64) AppleWebKit/537.36 (KHTML, like Gecko) Chrome/129.0.6307.151 Safari/537.36" 2387 **2/2387810**
168.62.28.64 - - [13/Jan/2026:05:31:40 -0700] "GET /upload/941768052927.php?fileloc=//proc/uptime&path=//proc HTTP/1.1" 200 4296 "-" "Mozilla/5.0 (Macintosh; Intel Mac OS X 15_1_5) AppleWebKit/537.36 (KHTML, like Gecko) Chrome/125.0.6475.112 Safari/537.36" 1668 **1/1668421**
104.210.60.113 - - [13/Jan/2026:05:31:40 -0700] "GET /upload/941768052927.php?fileloc=//lib64/libtss2-tctildr.so.0&path=//lib64 HTTP/1.1" 200 16307 "-" "Mozilla/5.0 (Macintosh; Intel Mac OS X 15_7_9) AppleWebKit/537.36 (KHTML, like Gecko) Chrome/123.0.6178.138 Safari/537.36" 1374 **1/1374310**
104.42.169.79 - - [13/Jan/2026:05:31:40 -0700] "GET /upload/941768052927.php?fileloc=//lib64/libirs.so.161.0.1&path=//lib64 HTTP/1.1" 200 21680 "-" "Mozilla/5.0 (Macintosh; Intel Mac OS X 14_4_6) AppleWebKit/616.8 (KHTML, like Gecko) Version/17.2 Safari/616.8" 1180 **1/1180751**
104.210.60.113 - - [13/Jan/2026:05:31:40 -0700] "GET /upload/941768052927.php?fileloc=//lib64/liblber-2.4.so.2&path=//lib64 HTTP/1.1" 200 28773 "-" "Mozilla/5.0 (Windows NT 11.0; Win64; x64) AppleWebKit/537.36 (KHTML, like Gecko) Chrome/127.0.6049.149 Safari/537.36" 1448 **1/1448051**
168.62.28.64 - - [13/Jan/2026:05:31:38 -0700] "GET /upload/941768052927.php?fileloc=//lib64/libsystemd.so.0&path=//lib64 HTTP/1.1" 200 525469 "-" "Mozilla/5.0 (Macintosh; Intel Mac OS X 14_0_6) AppleWebKit/537.36 (KHTML, like Gecko) Chrome/130.0.6378.132 Safari/537.36" 3009 **3/3009496**
168.62.28.66 - - [13/Jan/2026:05:31:41 -0700] "GET /upload/941768052927.php?fileloc=//lib64/libtommath.so.1&path=//lib64 HTTP/1.1" 200 39066 "-" "Mozilla/5.0 (Windows NT 10.0; Win64; x64) AppleWebKit/537.36 (KHTML, like Gecko) Chrome/131.0.6682.106 Safari/537.36" 1205 **1/1205708**
104.210.60.113 - - [13/Jan/2026:05:31:38 -0700] "GET /upload/941768052927.php?fileloc=//lib64/libfftw3.so.3&path=//lib64 HTTP/1.1" 200 693750 "-" "Mozilla/5.0 (Windows NT 10.0; Win64; x64) AppleWebKit/537.36 (KHTML, like Gecko) Chrome/131.0.6345.105 Safari/537.36" 3328 **3/3328820**
104.42.173.253 - - [13/Jan/2026:05:31:40 -0700] "GET /upload/941768052927.php?fileloc=//lib64/libblas.so.3.8&path=//lib64 HTTP/1.1" 200 139239 "-" "Mozilla/5.0 (X11; Linux x86_64) AppleWebKit/537.36 (KHTML, like Gecko) Chrome/123.0.6282.141 Safari/537.36 Edg/123.0.2120.124" 1671 **1/1671689**
168.62.28.65 - - [13/Jan/2026:05:31:41 -0700] "GET /upload/941768052927.php?fileloc=//lib64/libjpeg.so.62&path=//lib64 HTTP/1.1" 200 112230 "-" "Mozilla/5.0 (Macintosh; Intel Mac OS X 14_7_5) AppleWebKit/619.2 (KHTML, like Gecko) Version/18.0 Safari/619.2" 1399 **1/1399206**
168.62.28.65 - - [13/Jan/2026:05:31:41 -0700] "GET /upload/941768052927.php?fileloc=//lib64/libzstd.so.1.4.4&path=//lib64 HTTP/1.1" 200 256994 "-" "Mozilla/5.0 (Macintosh; Intel Mac OS X 15_0_0) AppleWebKit/537.36 (KHTML, like Gecko) Chrome/127.0.6108.158 Safari/537.36 Edg/127.0.2288.129" 1253 **1/1253125**
104.42.169.79 - - [13/Jan/2026:05:31:41 -0700] "GET /upload/941768052927.php?fileloc=//lib64/libaspell.so.15.1.5&path=//lib64 HTTP/1.1" 200 254685 "-" "Mozilla/5.0 (Macintosh; Intel Mac OS X 14_0_2) AppleWebKit/617.9 (KHTML, like Gecko) Version/17.2 Safari/617.9" 1417 **1/1417184**
168.62.28.65 - - [13/Jan/2026:05:31:41 -0700] "GET /upload/941768052927.php?fileloc=//lib64/libcurl.so.4.5.0&path=//lib64 HTTP/1.1" 200 239451 "-" "Mozilla/5.0 (X11; Linux aarch64; rv:120.0) Gecko/20100101 Firefox/120.0" 1260 **1/1260287**
168.62.28.64 - - [13/Jan/2026:05:31:42 -0700] "GET /upload/941768052927.php?fileloc=//lib64/libsystemd.so.0&path=//lib64 HTTP/1.1" 200 525469 "-" "Mozilla/5.0 (Windows NT 11.0; Win64; x64) AppleWebKit/537.36 (KHTML, like Gecko) Chrome/126.0.6080.198 Safari/537.36" 1327 **1/1327657**
104.210.60.113 - - [13/Jan/2026:05:31:42 -0700] "GET /upload/941768052927.php?fileloc=//lib64/libfftw3.so.3&path=//lib64 HTTP/1.1" 200 693750 "-" "Mozilla/5.0 (Macintosh; Intel Mac OS X 15_5_5) AppleWebKit/537.36 (KHTML, like Gecko) Chrome/126.0.6696.158 Safari/537.36" 1283 **1/1283869**
114.119.145.134 - - [13/Jan/2026:05:32:04 -0700] "GET /?o=3647050 HTTP/1.1" 200 13988 "https://sumangalamcaterers.com/sitemap3.xml" "Mozilla/5.0 (Linux; Android 7.0;) AppleWebKit/537.36 (KHTML, like Gecko) Mobile Safari/537.36 (compatible; PetalBot;+https://webmaster.petalsearch.com/site/petalbot)" 72 **0/72419**
114.119.151.168 - - [13/Jan/2026:05:33:29 -0700] "GET /?o=3632310 HTTP/1.1" 200 13988 "https://sumangalamcaterers.com/?sitemap-4.xml" "Mozilla/5.0 (Linux; Android 7.0;) AppleWebKit/537.36 (KHTML, like Gecko) Mobile Safari/537.36 (compatible; PetalBot;+https://webmaster.petalsearch.com/site/petalbot)" 77 **0/77350**
114.119.130.110 - - [13/Jan/2026:05:34:53 -0700] "GET /?o=3631736 HTTP/1.1" 200 13988 "https://sumangalamcaterers.com/sitemap5.xml" "Mozilla/5.0 (Linux; Android 7.0;) AppleWebKit/537.36 (KHTML, like Gecko) Mobile Safari/537.36 (compatible; PetalBot;+https://webmaster.petalsearch.com/site/petalbot)" 196 **0/196671**
114.119.128.154 - - [13/Jan/2026:05:36:19 -0700] "GET /?o=3630489 HTTP/1.1" 200 13988 "https://sumangalamcaterers.com/?sitemap-2.xml" "Mozilla/5.0 (Linux; Android 7.0;) AppleWebKit/537.36 (KHTML, like Gecko) Mobile Safari/537.36 (compatible; PetalBot;+https://webmaster.petalsearch.com/site/petalbot)" 166 **0/166587**
216.73.216.219 - - [13/Jan/2026:05:37:13 -0700] "GET /robots.txt HTTP/2.0" 200 187 "-" "Mozilla/5.0 AppleWebKit/537.36 (KHTML, like Gecko; compatible; ClaudeBot/1.0; +claudebot@anthropic.com)" 12 **0/12829**
216.73.216.219 - - [13/Jan/2026:05:37:13 -0700] "GET /main.php HTTP/2.0" 404 - "-" "Mozilla/5.0 AppleWebKit/537.36 (KHTML, like Gecko; compatible; ClaudeBot/1.0; +claudebot@anthropic.com)" 10 **0/10011**
216.73.216.219 - - [13/Jan/2026:05:37:13 -0700] "GET /good.php HTTP/2.0" 404 - "-" "Mozilla/5.0 AppleWebKit/537.36 (KHTML, like Gecko; compatible; ClaudeBot/1.0; +claudebot@anthropic.com)" 11 **0/11808**
114.119.128.154 - - [13/Jan/2026:05:37:39 -0700] "GET /?o=3608671 HTTP/1.1" 200 13988 "https://sumangalamcaterers.com/sitemap1.xml" "Mozilla/5.0 (Linux; Android 7.0;) AppleWebKit/537.36 (KHTML, like Gecko) Mobile Safari/537.36 (compatible; PetalBot;+https://webmaster.petalsearch.com/site/petalbot)" 224 **0/224401**
114.119.130.110 - - [13/Jan/2026:05:39:03 -0700] "GET /?o=3598699 HTTP/1.1" 200 13988 "https://sumangalamcaterers.com/?sitemap-5.xml" "Mozilla/5.0 (Linux; Android 7.0;) AppleWebKit/537.36 (KHTML, like Gecko) Mobile Safari/537.36 (compatible; PetalBot;+https://webmaster.petalsearch.com/site/petalbot)" 256 **0/256651**
114.119.151.168 - - [13/Jan/2026:05:40:27 -0700] "GET /?o=3586993 HTTP/1.1" 200 13988 "https://sumangalamcaterers.com/?sitemap-3.xml" "Mozilla/5.0 (Linux; Android 7.0;) AppleWebKit/537.36 (KHTML, like Gecko) Mobile Safari/537.36 (compatible; PetalBot;+https://webmaster.petalsearch.com/site/petalbot)" 190 **0/190110**
85.208.98.192 - - [13/Jan/2026:05:40:41 -0700] "GET /robots.txt HTTP/1.1" 200 217 "-" "Mozilla/5.0 (compatible; SiteAuditBot/0.97; +http://www.semrush.com/bot.html)" 7 **0/7654**
85.208.98.192 - - [13/Jan/2026:05:40:42 -0700] "GET /contact.php HTTP/1.1" 200 6881 "-" "Mozilla/5.0 (compatible; SiteAuditBot/0.97; +http://www.semrush.com/bot.html)" 130 **0/130303**
216.73.216.219 - - [13/Jan/2026:05:41:12 -0700] "GET /upload/941768052927.php?path=%2F%2Fopt%2Falt%2Fpython33 HTTP/2.0" 200 4740 "-" "Mozilla/5.0 AppleWebKit/537.36 (KHTML, like Gecko; compatible; ClaudeBot/1.0; +claudebot@anthropic.com)" 662 **0/662496**
216.73.216.219 - - [13/Jan/2026:05:41:12 -0700] "GET /upload/941768052927.php?path=%2F%2Fusr%2Finclude%2Flinux HTTP/2.0" 200 16686 "-" "Mozilla/5.0 AppleWebKit/537.36 (KHTML, like Gecko; compatible; ClaudeBot/1.0; +claudebot@anthropic.com)" 694 **0/694728**
216.73.216.219 - - [13/Jan/2026:05:41:13 -0700] "GET /upload/941768052927.php?path=%2F%2Fusr%2Flib%2Fpython3.6 HTTP/2.0" 200 4648 "-" "Mozilla/5.0 AppleWebKit/537.36 (KHTML, like Gecko; compatible; ClaudeBot/1.0; +claudebot@anthropic.com)" 666 **0/666503**
216.73.216.219 - - [13/Jan/2026:05:41:14 -0700] "GET /upload/941768052927.php?path=%2F%2Fusr%2Finclude%2Fgnu HTTP/2.0" 200 4746 "-" "Mozilla/5.0 AppleWebKit/537.36 (KHTML, like Gecko; compatible; ClaudeBot/1.0; +claudebot@anthropic.com)" 648 **0/648397**
216.73.216.219 - - [13/Jan/2026:05:41:14 -0700] "GET /upload/941768052927.php?path=%2F%2Fopt%2Falt%2Fpython37 HTTP/2.0" 200 4756 "-" "Mozilla/5.0 AppleWebKit/537.36 (KHTML, like Gecko; compatible; ClaudeBot/1.0; +claudebot@anthropic.com)" 664 **0/664856**
216.73.216.219 - - [13/Jan/2026:05:41:15 -0700] "GET /upload/941768052927.php?path=%2F%2Fusr%2Flib%2Fpython2.7 HTTP/2.0" 200 4648 "-" "Mozilla/5.0 AppleWebKit/537.36 (KHTML, like Gecko; compatible; ClaudeBot/1.0; +claudebot@anthropic.com)" 671 **0/671656**
216.73.216.219 - - [13/Jan/2026:05:41:15 -0700] "GET /upload/941768052927.php?path=%2F%2Fusr%2Finclude%2Fpython3.6m HTTP/2.0" 200 7031 "-" "Mozilla/5.0 AppleWebKit/537.36 (KHTML, like Gecko; compatible; ClaudeBot/1.0; +claudebot@anthropic.com)" 667 **0/667244**
216.73.216.219 - - [13/Jan/2026:05:41:16 -0700] "GET /upload/941768052927.php?path=%2F%2Fusr%2Finclude%2Fpython3.12 HTTP/2.0" 200 4661 "-" "Mozilla/5.0 AppleWebKit/537.36 (KHTML, like Gecko; compatible; ClaudeBot/1.0; +claudebot@anthropic.com)" 671 **0/671318**
216.73.216.219 - - [13/Jan/2026:05:41:16 -0700] "GET /upload/941768052927.php?path=%2F%2Fusr%2Finclude%2Fpython2.7 HTTP/2.0" 200 6808 "-" "Mozilla/5.0 AppleWebKit/537.36 (KHTML, like Gecko; compatible; ClaudeBot/1.0; +claudebot@anthropic.com)" 662 **0/662186**
216.73.216.219 - - [13/Jan/2026:05:41:31 -0700] "GET /upload/941768052927.php?path=%2F%2Fopt%2Falt%2Fpython27 HTTP/2.0" 200 4740 "-" "Mozilla/5.0 AppleWebKit/537.36 (KHTML, like Gecko; compatible; ClaudeBot/1.0; +claudebot@anthropic.com)" 668 **0/668538**
216.73.216.219 - - [13/Jan/2026:05:41:31 -0700] "GET /upload/941768052927.php?path=%2F%2Fopt%2Falt%2Fpython-internal HTTP/2.0" 200 4743 "-" "Mozilla/5.0 AppleWebKit/537.36 (KHTML, like Gecko; compatible; ClaudeBot/1.0; +claudebot@anthropic.com)" 668 **0/668711**
216.73.216.219 - - [13/Jan/2026:05:41:32 -0700] "GET /upload/941768052927.php?path=%2F%2Fopt%2Falt%2Fpython38 HTTP/2.0" 200 4740 "-" "Mozilla/5.0 AppleWebKit/537.36 (KHTML, like Gecko; compatible; ClaudeBot/1.0; +claudebot@anthropic.com)" 665 **0/665933**
216.73.216.219 - - [13/Jan/2026:05:41:33 -0700] "GET /upload/941768052927.php?path=%2F%2Fopt%2Falt%2Fpython39 HTTP/2.0" 200 4740 "-" "Mozilla/5.0 AppleWebKit/537.36 (KHTML, like Gecko; compatible; ClaudeBot/1.0; +claudebot@anthropic.com)" 674 **0/674516**
216.73.216.219 - - [13/Jan/2026:05:41:33 -0700] "GET /upload/941768052927.php?path=%2F%2Fusr%2Flib64%2Fpython2.7 HTTP/2.0" 200 15609 "-" "Mozilla/5.0 AppleWebKit/537.36 (KHTML, like Gecko; compatible; ClaudeBot/1.0; +claudebot@anthropic.com)" 732 **0/732583**
216.73.216.219 - - [13/Jan/2026:05:41:34 -0700] "GET /upload/941768052927.php?path=%2F%2Fopt%2Falt%2Fpython36 HTTP/2.0" 200 4740 "-" "Mozilla/5.0 AppleWebKit/537.36 (KHTML, like Gecko; compatible; ClaudeBot/1.0; +claudebot@anthropic.com)" 658 **0/658375**
216.73.216.219 - - [13/Jan/2026:05:41:34 -0700] "GET /upload/941768052927.php?path=%2F%2Fopt%2Falt%2Fpython34 HTTP/2.0" 200 4740 "-" "Mozilla/5.0 AppleWebKit/537.36 (KHTML, like Gecko; compatible; ClaudeBot/1.0; +claudebot@anthropic.com)" 642 **0/642150**
216.73.216.219 - - [13/Jan/2026:05:41:35 -0700] "GET /upload/941768052927.php?path=%2F%2Fusr%2Flib%2Fpython3.12 HTTP/2.0" 200 4651 "-" "Mozilla/5.0 AppleWebKit/537.36 (KHTML, like Gecko; compatible; ClaudeBot/1.0; +claudebot@anthropic.com)" 660 **0/660790**
216.73.216.219 - - [13/Jan/2026:05:41:35 -0700] "GET /upload/941768052927.php?path=%2F%2Fopt%2Falt%2Fpython35 HTTP/2.0" 200 4740 "-" "Mozilla/5.0 AppleWebKit/537.36 (KHTML, like Gecko; compatible; ClaudeBot/1.0; +claudebot@anthropic.com)" 682 **0/682621**
216.73.216.219 - - [13/Jan/2026:05:41:44 -0700] "GET /upload/941768052927.php?path=%2F%2Fopt%2Fcloudlinux%2Falt-php70 HTTP/2.0" 200 4740 "-" "Mozilla/5.0 AppleWebKit/537.36 (KHTML, like Gecko; compatible; ClaudeBot/1.0; +claudebot@anthropic.com)" 648 **0/648547**
