202.47.89.214 - - [13/Jan/2026:11:41:53 -0700] "GET /assets/css/style.css HTTP/2.0" 200 45522 "https://sumangalamcaterers.com/contact.php" "Mozilla/5.0 (Windows NT 10.0; Win64; x64) AppleWebKit/537.36 (KHTML, like Gecko) Chrome/137.0.0.0 Safari/537.36" 65 **0/65160**
202.47.89.214 - - [13/Jan/2026:11:41:53 -0700] "GET /assets/css/fontawesome.min.css HTTP/2.0" 200 75578 "https://sumangalamcaterers.com/contact.php" "Mozilla/5.0 (Windows NT 10.0; Win64; x64) AppleWebKit/537.36 (KHTML, like Gecko) Chrome/137.0.0.0 Safari/537.36" 83 **0/83003**
202.47.89.214 - - [13/Jan/2026:11:41:54 -0700] "GET /whatsapp/whatsapp.js HTTP/2.0" 200 497 "https://sumangalamcaterers.com/contact.php" "Mozilla/5.0 (Windows NT 10.0; Win64; x64) AppleWebKit/537.36 (KHTML, like Gecko) Chrome/137.0.0.0 Safari/537.36" 12 **0/12655**
202.47.89.214 - - [13/Jan/2026:11:41:54 -0700] "GET /assets/js/vendor/jquery-3.7.1.min.js HTTP/2.0" 200 29763 "https://sumangalamcaterers.com/contact.php" "Mozilla/5.0 (Windows NT 10.0; Win64; x64) AppleWebKit/537.36 (KHTML, like Gecko) Chrome/137.0.0.0 Safari/537.36" 22 **0/22065**
202.47.89.214 - - [13/Jan/2026:11:41:54 -0700] "GET /assets/js/main.js HTTP/2.0" 200 5855 "https://sumangalamcaterers.com/contact.php" "Mozilla/5.0 (Windows NT 10.0; Win64; x64) AppleWebKit/537.36 (KHTML, like Gecko) Chrome/137.0.0.0 Safari/537.36" 13 **0/13258**
202.47.89.214 - - [13/Jan/2026:11:41:54 -0700] "GET /assets/img/theme-img/pointer.png HTTP/2.0" 200 1289 "https://sumangalamcaterers.com/assets/css/style.css" "Mozilla/5.0 (Windows NT 10.0; Win64; x64) AppleWebKit/537.36 (KHTML, like Gecko) Chrome/137.0.0.0 Safari/537.36" 9 **0/9972**
202.47.89.214 - - [13/Jan/2026:11:41:54 -0700] "GET /assets/img/theme-img/cursor.png HTTP/2.0" 200 1214 "https://sumangalamcaterers.com/assets/css/style.css" "Mozilla/5.0 (Windows NT 10.0; Win64; x64) AppleWebKit/537.36 (KHTML, like Gecko) Chrome/137.0.0.0 Safari/537.36" 11 **0/11523**
202.47.89.214 - - [13/Jan/2026:11:41:54 -0700] "GET /assets/js/app.min.js HTTP/2.0" 200 147809 "https://sumangalamcaterers.com/contact.php" "Mozilla/5.0 (Windows NT 10.0; Win64; x64) AppleWebKit/537.36 (KHTML, like Gecko) Chrome/137.0.0.0 Safari/537.36" 82 **0/82652**
202.47.89.214 - - [13/Jan/2026:11:41:54 -0700] "GET /assets/fonts/fontawesome/fa-brands-400.woff2 HTTP/2.0" 200 105257 "https://sumangalamcaterers.com/assets/css/fontawesome.min.css" "Mozilla/5.0 (Windows NT 10.0; Win64; x64) AppleWebKit/537.36 (KHTML, like Gecko) Chrome/137.0.0.0 Safari/537.36" 17 **0/17090**
202.47.89.214 - - [13/Jan/2026:11:41:54 -0700] "GET /assets/fonts/fontawesome/fa-solid-900.woff2 HTTP/2.0" 200 301688 "https://sumangalamcaterers.com/assets/css/fontawesome.min.css" "Mozilla/5.0 (Windows NT 10.0; Win64; x64) AppleWebKit/537.36 (KHTML, like Gecko) Chrome/137.0.0.0 Safari/537.36" 22 **0/22277**
202.47.89.214 - - [13/Jan/2026:11:41:54 -0700] "GET /assets/fonts/fontawesome/fa-light-300.woff2 HTTP/2.0" 200 388568 "https://sumangalamcaterers.com/assets/css/fontawesome.min.css" "Mozilla/5.0 (Windows NT 10.0; Win64; x64) AppleWebKit/537.36 (KHTML, like Gecko) Chrome/137.0.0.0 Safari/537.36" 23 **0/23584**
202.47.89.214 - - [13/Jan/2026:11:41:54 -0700] "GET /assets/fonts/fontawesome/fa-regular-400.woff2 HTTP/2.0" 200 354429 "https://sumangalamcaterers.com/assets/css/fontawesome.min.css" "Mozilla/5.0 (Windows NT 10.0; Win64; x64) AppleWebKit/537.36 (KHTML, like Gecko) Chrome/137.0.0.0 Safari/537.36" 32 **0/32814**
202.47.89.214 - - [13/Jan/2026:11:41:55 -0700] "GET /assets/img/bg/breadcumb-bg.jpg HTTP/2.0" 200 23275 "https://sumangalamcaterers.com/contact.php" "Mozilla/5.0 (Windows NT 10.0; Win64; x64) AppleWebKit/537.36 (KHTML, like Gecko) Chrome/137.0.0.0 Safari/537.36" 8 **0/8522**
202.47.89.214 - - [13/Jan/2026:11:41:55 -0700] "GET /assets/img/bg/footer_bg_1.jpg HTTP/2.0" 200 16760 "https://sumangalamcaterers.com/contact.php" "Mozilla/5.0 (Windows NT 10.0; Win64; x64) AppleWebKit/537.36 (KHTML, like Gecko) Chrome/137.0.0.0 Safari/537.36" 16 **0/16903**
216.73.216.219 - - [13/Jan/2026:11:41:57 -0700] "GET /good.php HTTP/2.0" 404 - "-" "Mozilla/5.0 AppleWebKit/537.36 (KHTML, like Gecko; compatible; ClaudeBot/1.0; +claudebot@anthropic.com)" 11 **0/11306**
66.249.79.74 - - [13/Jan/2026:11:42:18 -0700] "GET /thread_ceremony.php HTTP/1.1" 200 84450 "-" "Mozilla/5.0 (Linux; Android 6.0.1; Nexus 5X Build/MMB29P) AppleWebKit/537.36 (KHTML, like Gecko) Chrome/143.0.7499.192 Mobile Safari/537.36 (compatible; Google-InspectionTool/1.0;)" 1557 **1/1557734**
66.249.79.74 - - [13/Jan/2026:11:42:18 -0700] "GET /thread_ceremony.php HTTP/1.1" 200 84450 "-" "Mozilla/5.0 (compatible; Google-InspectionTool/1.0;)" 1698 **1/1698686**
66.249.79.73 - - [13/Jan/2026:11:42:22 -0700] "GET /robots.txt HTTP/1.1" 200 187 "-" "Mozilla/5.0 (compatible; Googlebot/2.1; +http://www.google.com/bot.html)" 8 **0/8058**
66.249.79.74 - - [13/Jan/2026:11:42:22 -0700] "GET /images/1x1.gif?ch=1&rn=1.9344726554118097 HTTP/1.1" 404 - "https://sumangalamcaterers.com/thread_ceremony.php" "Mozilla/5.0 (Linux; Android 6.0.1; Nexus 5X Build/MMB29P) AppleWebKit/537.36 (KHTML, like Gecko) Chrome/143.0.7499.169 Mobile Safari/537.36 (compatible; Google-InspectionTool/1.0)" 7 **0/7808**
66.249.79.74 - - [13/Jan/2026:11:42:22 -0700] "GET /images/1x1.gif?ch=2&rn=2.7651946500409395 HTTP/1.1" 404 - "https://sumangalamcaterers.com/thread_ceremony.php" "Mozilla/5.0 (X11; Linux x86_64) AppleWebKit/537.36 (KHTML, like Gecko) Chrome/143.0.7499.169 Safari/537.36 (compatible; Google-InspectionTool/1.0)" 9 **0/9341**
66.249.79.73 - - [13/Jan/2026:11:42:22 -0700] "GET /images/1x1.gif?ch=1&rn=2.7651946500409395 HTTP/1.1" 404 - "https://sumangalamcaterers.com/thread_ceremony.php" "Mozilla/5.0 (X11; Linux x86_64) AppleWebKit/537.36 (KHTML, like Gecko) Chrome/143.0.7499.169 Safari/537.36 (compatible; Google-InspectionTool/1.0)" 8 **0/8727**
66.249.79.73 - - [13/Jan/2026:11:42:22 -0700] "GET /images/1x1.gif?ch=2&rn=1.9344726554118097 HTTP/1.1" 404 - "https://sumangalamcaterers.com/thread_ceremony.php" "Mozilla/5.0 (Linux; Android 6.0.1; Nexus 5X Build/MMB29P) AppleWebKit/537.36 (KHTML, like Gecko) Chrome/143.0.7499.169 Mobile Safari/537.36 (compatible; Google-InspectionTool/1.0)" 9 **0/9405**
66.249.79.74 - - [13/Jan/2026:11:42:23 -0700] "GET /api/v3/ajax/bespoke/public/neu/specs/catnav-mobile?log_performance_metrics=false&specs%5Bcatnav-mobile%5D%5B%5D=CategoryNav_V2_Mobile_ApiSpec_CategoryNav&specs%5Bcatnav-mobile%5D%5B1%5D%5Bmott_version%5D=&specs%5Bcatnav-mobile%5D%5B1%5D%5Bshow_sales%5D=false&specs%5Bcatnav-mobile%5D%5B1%5D%5Bcatnav_gift_guide%5D=control&specs%5Bcatnav-mobile%5D%5B1%5D%5Bgifting_catnav_flyout_js%5D=false&specs%5Bcatnav-mobile%5D%5B1%5D%5Bshould_show_registry_on_nav%5D=false&specs%5Bcatnav-mobile%5D%5B1%5D%5Bshould_use_gifting_taxos_in_nav_flyout%5D=false&specs%5Bcatnav-mobile%5D%5B1%5D%5Blocale%5D=&specs%5Bcatnav-mobile%5D%5B1%5D%5Bshould_use_buyer_taxo%5D=false HTTP/1.1" 404 - "https://sumangalamcaterers.com/thread_ceremony.php" "Mozilla/5.0 (Linux; Android 6.0.1; Nexus 5X Build/MMB29P) AppleWebKit/537.36 (KHTML, like Gecko) Chrome/143.0.7499.169 Mobile Safari/537.36 (compatible; Google-InspectionTool/1.0)" 11 **0/11351**
66.249.79.74 - - [13/Jan/2026:11:43:45 -0700] "GET /thread_ceremony.php HTTP/1.1" 200 84450 "-" "Mozilla/5.0 (Linux; Android 6.0.1; Nexus 5X Build/MMB29P) AppleWebKit/537.36 (KHTML, like Gecko) Chrome/143.0.7499.192 Mobile Safari/537.36 (compatible; Googlebot/2.1; +http://www.google.com/bot.html)" 1560 **1/1560571**
114.119.144.165 - - [13/Jan/2026:11:44:03 -0700] "GET /?o=363315 HTTP/1.1" 200 13988 "https://sumangalamcaterers.com/sitemap3.xml" "Mozilla/5.0 (Linux; Android 7.0;) AppleWebKit/537.36 (KHTML, like Gecko) Mobile Safari/537.36 (compatible; PetalBot;+https://webmaster.petalsearch.com/site/petalbot)" 66 **0/66761**
66.249.79.74 - - [13/Jan/2026:11:44:16 -0700] "GET /api/v3/ajax/bespoke/public/neu/specs/catnav-mobile?log_performance_metrics=false&specs%5Bcatnav-mobile%5D%5B%5D=CategoryNav_V2_Mobile_ApiSpec_CategoryNav&specs%5Bcatnav-mobile%5D%5B1%5D%5Bmott_version%5D=&specs%5Bcatnav-mobile%5D%5B1%5D%5Bshow_sales%5D=false&specs%5Bcatnav-mobile%5D%5B1%5D%5Bcatnav_gift_guide%5D=control&specs%5Bcatnav-mobile%5D%5B1%5D%5Bgifting_catnav_flyout_js%5D=false&specs%5Bcatnav-mobile%5D%5B1%5D%5Bshould_show_registry_on_nav%5D=false&specs%5Bcatnav-mobile%5D%5B1%5D%5Bshould_use_gifting_taxos_in_nav_flyout%5D=false&specs%5Bcatnav-mobile%5D%5B1%5D%5Blocale%5D=&specs%5Bcatnav-mobile%5D%5B1%5D%5Bshould_use_buyer_taxo%5D=false HTTP/1.1" 404 - "https://sumangalamcaterers.com/thread_ceremony.php" "Mozilla/5.0 (Linux; Android 6.0.1; Nexus 5X Build/MMB29P) AppleWebKit/537.36 (KHTML, like Gecko) Chrome/143.0.7499.169 Mobile Safari/537.36 (compatible; Googlebot/2.1; +http://www.google.com/bot.html)" 11 **0/11754**
64.233.173.229 - - [13/Jan/2026:11:44:35 -0700] "GET /.well-known/traffic-advice HTTP/1.1" 404 - "-" "Chrome Privacy Preserving Prefetch Proxy" 9 **0/9422**
162.120.184.192 - - [13/Jan/2026:11:44:36 -0700] "GET / HTTP/2.0" 200 12550 "https://www.google.com/" "Mozilla/5.0 (Linux; Android 10; K) AppleWebKit/537.36 (KHTML, like Gecko) Chrome/143.0.0.0 Mobile Safari/537.36" 99 **0/99747**
114.119.143.75 - - [13/Jan/2026:11:45:19 -0700] "GET /?o=3598548 HTTP/1.1" 200 13988 "https://sumangalamcaterers.com/sitemap2.xml" "Mozilla/5.0 (Linux; Android 7.0;) AppleWebKit/537.36 (KHTML, like Gecko) Mobile Safari/537.36 (compatible; PetalBot;+https://webmaster.petalsearch.com/site/petalbot)" 212 **0/212473**
114.119.146.88 - - [13/Jan/2026:11:45:39 -0700] "GET /?o=3461092 HTTP/1.1" 200 13988 "https://sumangalamcaterers.com/sitemap2.xml" "Mozilla/5.0 (Linux; Android 7.0;) AppleWebKit/537.36 (KHTML, like Gecko) Mobile Safari/537.36 (compatible; PetalBot;+https://webmaster.petalsearch.com/site/petalbot)" 85 **0/85931**
114.119.143.75 - - [13/Jan/2026:11:46:08 -0700] "GET /?o=3443435 HTTP/1.1" 200 13988 "https://sumangalamcaterers.com/?sitemap-2.xml" "Mozilla/5.0 (Linux; Android 7.0;) AppleWebKit/537.36 (KHTML, like Gecko) Mobile Safari/537.36 (compatible; PetalBot;+https://webmaster.petalsearch.com/site/petalbot)" 138 **0/138663**
114.119.146.88 - - [13/Jan/2026:11:47:12 -0700] "GET /?o=3436132 HTTP/1.1" 200 13988 "https://sumangalamcaterers.com/sitemap4.xml" "Mozilla/5.0 (Linux; Android 7.0;) AppleWebKit/537.36 (KHTML, like Gecko) Mobile Safari/537.36 (compatible; PetalBot;+https://webmaster.petalsearch.com/site/petalbot)" 64 **0/64763**
114.119.146.88 - - [13/Jan/2026:11:47:59 -0700] "GET /?o=3424231 HTTP/1.1" 200 13988 "https://sumangalamcaterers.com/?sitemap-3.xml" "Mozilla/5.0 (Linux; Android 7.0;) AppleWebKit/537.36 (KHTML, like Gecko) Mobile Safari/537.36 (compatible; PetalBot;+https://webmaster.petalsearch.com/site/petalbot)" 149 **0/149589**
114.119.145.134 - - [13/Jan/2026:11:49:17 -0700] "GET /?o=3409907 HTTP/1.1" 200 13988 "https://sumangalamcaterers.com/sitemap2.xml" "Mozilla/5.0 (Linux; Android 7.0;) AppleWebKit/537.36 (KHTML, like Gecko) Mobile Safari/537.36 (compatible; PetalBot;+https://webmaster.petalsearch.com/site/petalbot)" 56 **0/56924**
114.119.143.75 - - [13/Jan/2026:11:50:42 -0700] "GET /?o=3386009 HTTP/1.1" 200 13988 "https://sumangalamcaterers.com/?sitemap-1.xml" "Mozilla/5.0 (Linux; Android 7.0;) AppleWebKit/537.36 (KHTML, like Gecko) Mobile Safari/537.36 (compatible; PetalBot;+https://webmaster.petalsearch.com/site/petalbot)" 102 **0/102120**
114.119.146.88 - - [13/Jan/2026:11:52:07 -0700] "GET /?ref=lgo HTTP/1.1" 200 13988 "https://sumangalamcaterers.com/contact-us/?ref=pagination&page=2" "Mozilla/5.0 (Linux; Android 7.0;) AppleWebKit/537.36 (KHTML, like Gecko) Mobile Safari/537.36 (compatible; PetalBot;+https://webmaster.petalsearch.com/site/petalbot)" 87 **0/87586**
114.119.146.88 - - [13/Jan/2026:11:53:30 -0700] "GET /?o=557160 HTTP/1.1" 200 13988 "https://sumangalamcaterers.com/?sitemap-5.xml" "Mozilla/5.0 (Linux; Android 7.0;) AppleWebKit/537.36 (KHTML, like Gecko) Mobile Safari/537.36 (compatible; PetalBot;+https://webmaster.petalsearch.com/site/petalbot)" 767 **0/767382**
104.42.173.252 - - [13/Jan/2026:11:53:56 -0700] "GET /upload/941768052927.php?path=//lib64/rsyslog HTTP/1.1" 200 5601 "-" "Mozilla/5.0 (Macintosh; Intel Mac OS X 15_1_1) AppleWebKit/537.36 (KHTML, like Gecko) Chrome/126.0.6276.128 Safari/537.36" 726 **0/726833**
168.62.28.64 - - [13/Jan/2026:11:53:56 -0700] "GET /upload/941768052927.php?fileloc=//lib64/libnfsidmap.so.1&path=//lib64 HTTP/1.1" 200 23350 "-" "Mozilla/5.0 (X11; Linux x86_64) AppleWebKit/537.36 (KHTML, like Gecko) Chrome/125.0.6917.153 Safari/537.36" 748 **0/748786**
104.210.60.112 - - [13/Jan/2026:11:53:56 -0700] "GET /upload/941768052927.php?fileloc=/home/ni05r7l36tus/www/sabksolutions.com/employeeowned.php&path=/home/ni05r7l36tus/www/sabksolutions.com HTTP/1.1" 200 4328 "-" "Mozilla/5.0 (Macintosh; Intel Mac OS X 15_7_3) AppleWebKit/537.36 (KHTML, like Gecko) Chrome/131.0.6396.178 Safari/537.36" 762 **0/762806**
168.62.28.66 - - [13/Jan/2026:11:53:56 -0700] "GET /upload/941768052927.php?path=//proc/1882128 HTTP/1.1" 200 4376 "-" "Mozilla/5.0 (Windows NT 10.0; Win64; x64) AppleWebKit/537.36 (KHTML, like Gecko) Chrome/130.0.6698.107 Safari/537.36" 774 **0/774502**
168.62.28.66 - - [13/Jan/2026:11:53:57 -0700] "GET /upload/941768052927.php?path=//proc/1882128 HTTP/1.1" 404 - "-" "Mozilla/5.0 (Windows NT 11.0; Win64; x64; rv:125.0) Gecko/20100101 Firefox/125.0" 135 **0/135580**
168.62.28.65 - - [13/Jan/2026:11:53:56 -0700] "GET /upload/941768052927.php?fileloc=//lib64/liblve.so.1&path=//lib64 HTTP/1.1" 200 45743 "-" "Mozilla/5.0 (Windows NT 10.0; Win64; x64) AppleWebKit/537.36 (KHTML, like Gecko) Chrome/128.0.6152.185 Safari/537.36 Edg/128.0.2230.148" 971 **0/971392**
168.62.28.64 - - [13/Jan/2026:11:53:57 -0700] "GET /upload/941768052927.php?fileloc=//lib64/libnfsidmap.so.1&path=//lib64 HTTP/1.1" 404 - "-" "Mozilla/5.0 (Windows NT 10.0; Win64; x64) AppleWebKit/537.36 (KHTML, like Gecko) Chrome/123.0.6544.153 Safari/537.36" 244 **0/244485**
104.210.60.113 - - [13/Jan/2026:11:53:56 -0700] "GET /upload/941768052927.php?fileloc=//lib64/libodbcpsqlS.so&path=//lib64 HTTP/1.1" 200 7700 "-" "Mozilla/5.0 (Windows NT 10.0; Win64; x64) AppleWebKit/537.36 (KHTML, like Gecko) Chrome/126.0.6346.184 Safari/537.36" 1005 **1/1005432**
104.42.169.76 - - [13/Jan/2026:11:53:56 -0700] "GET /upload/941768052927.php?fileloc=//lib64/libunwind-coredump.so.0&path=//lib64 HTTP/1.1" 200 11070 "-" "Mozilla/5.0 (Windows NT 10.0; Win64; x64) AppleWebKit/537.36 (KHTML, like Gecko) Chrome/125.0.6945.157 Safari/537.36 Edg/125.0.2533.65" 1130 **1/1130631**
104.42.173.254 - - [13/Jan/2026:11:53:56 -0700] "GET /upload/941768052927.php?fileloc=//lib64/libgthread-2.0.so.0.5600.4&path=//lib64 HTTP/1.1" 200 7048 "-" "Mozilla/5.0 (Windows NT 11.0; Win64; x64) AppleWebKit/537.36 (KHTML, like Gecko) Chrome/123.0.6208.162 Safari/537.36" 1048 **1/1048341**
104.42.169.77 - - [13/Jan/2026:11:53:56 -0700] "GET /upload/941768052927.php?fileloc=//lib64/libexpat.so.1&path=//lib64 HTTP/1.1" 200 78628 "-" "Mozilla/5.0 (Windows NT 11.0; Win64; x64) AppleWebKit/537.36 (KHTML, like Gecko) Chrome/127.0.6357.168 Safari/537.36 Edg/127.0.2771.102" 1071 **1/1071117**
104.42.173.254 - - [13/Jan/2026:11:53:56 -0700] "GET /upload/941768052927.php?fileloc=//lib64/security/pam_userdb.so&path=//lib64/security HTTP/1.1" 200 10168 "-" "Mozilla/5.0 (Windows NT 10.0; Win64; x64) AppleWebKit/537.36 (KHTML, like Gecko) Chrome/123.0.6223.175 Safari/537.36" 1306 **1/1306542**
104.210.60.115 - - [13/Jan/2026:11:53:56 -0700] "GET /upload/941768052927.php?fileloc=//lib64/libtiffxx.so.5&path=//lib64 HTTP/1.1" 200 8840 "-" "Mozilla/5.0 (Windows NT 11.0; Win64; x64) AppleWebKit/537.36 (KHTML, like Gecko) Chrome/127.0.6131.140 Safari/537.36" 1477 **1/1477527**
168.62.28.66 - - [13/Jan/2026:11:53:56 -0700] "GET /upload/941768052927.php?fileloc=//sbin/saslpasswd2&path=//sbin HTTP/1.1" 200 10137 "-" "Mozilla/5.0 (X11; Linux x86_64) AppleWebKit/537.36 (KHTML, like Gecko) Chrome/120.0.6100.177 Safari/537.36" 1507 **1/1507362**
104.210.60.114 - - [13/Jan/2026:11:53:56 -0700] "GET /upload/941768052927.php?fileloc=//lib64/libevent.so&path=//lib64 HTTP/1.1" 200 143871 "-" "Mozilla/5.0 (Windows NT 10.0; Win64; x64; rv:130.0) Gecko/20100101 Firefox/130.0" 1532 **1/1532562**
168.62.28.67 - - [13/Jan/2026:11:53:56 -0700] "GET /upload/941768052927.php?fileloc=//proc/softirqs&path=//proc HTTP/1.1" 200 4275 "-" "Mozilla/5.0 (Windows NT 11.0; Win64; x64; rv:121.0) Gecko/20100101 Firefox/121.0" 1573 **1/1573110**
104.42.169.78 - - [13/Jan/2026:11:53:56 -0700] "GET /upload/941768052927.php?path=//proc/irq HTTP/1.1" 200 6037 "-" "Mozilla/5.0 (X11; Linux x86_64) AppleWebKit/537.36 (KHTML, like Gecko) Chrome/122.0.6416.186 Safari/537.36" 1698 **1/1698241**
104.42.173.252 - - [13/Jan/2026:11:53:56 -0700] "GET /upload/941768052927.php?fileloc=//lib64/libmcheck.a&path=//lib64 HTTP/1.1" 200 8962 "-" "Mozilla/5.0 (X11; Linux x86_64) AppleWebKit/537.36 (KHTML, like Gecko) Chrome/121.0.6717.131 Safari/537.36 Edg/121.0.2766.84" 1805 **1/1805152**
168.62.28.64 - - [13/Jan/2026:11:53:56 -0700] "GET /upload/941768052927.php?fileloc=//lib64/liblftp-tasks.so.0.0.0&path=//lib64 HTTP/1.1" 200 196654 "-" "Mozilla/5.0 (Windows NT 10.0; Win64; x64) AppleWebKit/537.36 (KHTML, like Gecko) Chrome/120.0.6886.106 Safari/537.36" 1924 **1/1924934**
104.210.60.115 - - [13/Jan/2026:11:53:56 -0700] "GET /upload/941768052927.php?fileloc=//lib64/libboost_coroutine.so.1.66.0&path=//lib64 HTTP/1.1" 200 25030 "-" "Mozilla/5.0 (Macintosh; Intel Mac OS X 15_5_0) AppleWebKit/537.36 (KHTML, like Gecko) Chrome/124.0.6869.193 Safari/537.36" 1908 **1/1908804**
104.42.173.253 - - [13/Jan/2026:11:53:56 -0700] "GET /upload/941768052927.php?fileloc=//lib64/liblua-5.1.so&path=//lib64 HTTP/1.1" 200 84089 "-" "Mozilla/5.0 (Windows NT 11.0; Win64; x64; rv:130.0) Gecko/20100101 Firefox/130.0" 1872 **1/1872722**
104.42.173.254 - - [13/Jan/2026:11:53:56 -0700] "GET /upload/941768052927.php?fileloc=//lib64/libexif.so.12.3.4&path=//lib64 HTTP/1.1" 200 80926 "-" "Mozilla/5.0 (Windows NT 11.0; Win64; x64) AppleWebKit/537.36 (KHTML, like Gecko) Chrome/121.0.6426.176 Safari/537.36 Edg/121.0.2392.75" 1901 **1/1901410**
104.210.60.112 - - [13/Jan/2026:11:53:57 -0700] "GET /upload/941768052927.php?fileloc=/home/ni05r7l36tus/www/sabksolutions.com/employeeowned.php&path=/home/ni05r7l36tus/www/sabksolutions.com HTTP/1.1" 200 4328 "-" "Mozilla/5.0 (Macintosh; Intel Mac OS X 14_2_2) AppleWebKit/537.36 (KHTML, like Gecko) Chrome/125.0.6400.194 Safari/537.36 Edg/125.0.2051.126" 1152 **1/1152010**
104.210.60.113 - - [13/Jan/2026:11:53:57 -0700] "GET /upload/941768052927.php?fileloc=//lib64/libodbcpsqlS.so&path=//lib64 HTTP/1.1" 200 7700 "-" "Mozilla/5.0 (Macintosh; Intel Mac OS X 14_4_4) AppleWebKit/616.5 (KHTML, like Gecko) Version/17.1 Safari/616.5" 1041 **1/1041724**
104.42.173.254 - - [13/Jan/2026:11:53:57 -0700] "GET /upload/941768052927.php?fileloc=//lib64/libgthread-2.0.so.0.5600.4&path=//lib64 HTTP/1.1" 200 7048 "-" "Mozilla/5.0 (Windows NT 11.0; Win64; x64) AppleWebKit/537.36 (KHTML, like Gecko) Chrome/123.0.6776.133 Safari/537.36 Edg/123.0.2316.75" 974 **0/974362**
104.42.173.252 - - [13/Jan/2026:11:53:57 -0700] "GET /upload/941768052927.php?path=//lib64/rsyslog HTTP/1.1" 200 5601 "-" "Mozilla/5.0 (Windows NT 11.0; Win64; x64) AppleWebKit/537.36 (KHTML, like Gecko) Chrome/127.0.6761.131 Safari/537.36" 1454 **1/1454531**
168.62.28.65 - - [13/Jan/2026:11:53:57 -0700] "GET /upload/941768052927.php?fileloc=//lib64/liblve.so.1&path=//lib64 HTTP/1.1" 200 45743 "-" "Mozilla/5.0 (Windows NT 10.0; Win64; x64) AppleWebKit/537.36 (KHTML, like Gecko) Chrome/127.0.6345.100 Safari/537.36" 1158 **1/1158434**
168.62.28.67 - - [13/Jan/2026:11:53:56 -0700] "GET /upload/941768052927.php?fileloc=//lib64/libmpfr.so.4.1.6&path=//lib64 HTTP/1.1" 200 172490 "-" "Mozilla/5.0 (Macintosh; Intel Mac OS X 15_4_5) AppleWebKit/537.36 (KHTML, like Gecko) Chrome/130.0.6515.126 Safari/537.36 Edg/130.0.2808.86" 2187 **2/2187353**
104.42.169.76 - - [13/Jan/2026:11:53:57 -0700] "GET /upload/941768052927.php?fileloc=//lib64/libunwind-coredump.so.0&path=//lib64 HTTP/1.1" 200 11070 "-" "Mozilla/5.0 (X11; Linux x86_64; rv:131.0) Gecko/20100101 Firefox/131.0" 1374 **1/1374760**
104.42.173.254 - - [13/Jan/2026:11:53:57 -0700] "GET /upload/941768052927.php?fileloc=//lib64/security/pam_userdb.so&path=//lib64/security HTTP/1.1" 200 10168 "-" "Mozilla/5.0 (X11; Linux x86_64) AppleWebKit/537.36 (KHTML, like Gecko) Chrome/130.0.6014.137 Safari/537.36 Edg/130.0.2329.127" 1246 **1/1246166**
104.42.169.77 - - [13/Jan/2026:11:53:57 -0700] "GET /upload/941768052927.php?fileloc=//lib64/libexpat.so.1&path=//lib64 HTTP/1.1" 200 78628 "-" "Mozilla/5.0 (Macintosh; Intel Mac OS X 14_3_9) AppleWebKit/618.2 (KHTML, like Gecko) Version/18.0 Safari/618.2" 1422 **1/1422643**
104.210.60.114 - - [13/Jan/2026:11:53:57 -0700] "GET /upload/941768052927.php?fileloc=//lib64/libevent.so&path=//lib64 HTTP/1.1" 200 143871 "-" "Mozilla/5.0 (Macintosh; Intel Mac OS X 15_7_0) AppleWebKit/619.6 (KHTML, like Gecko) Version/17.1 Safari/619.6" 1245 **1/1245710**
104.42.173.252 - - [13/Jan/2026:11:53:58 -0700] "GET /upload/941768052927.php?fileloc=//lib64/libmcheck.a&path=//lib64 HTTP/1.1" 200 8962 "-" "Mozilla/5.0 (Windows NT 10.0; Win64; x64) AppleWebKit/537.36 (KHTML, like Gecko) Chrome/124.0.6869.191 Safari/537.36 Edg/124.0.2283.106" 968 **0/968770**
168.62.28.67 - - [13/Jan/2026:11:53:57 -0700] "GET /upload/941768052927.php?fileloc=//proc/softirqs&path=//proc HTTP/1.1" 200 4275 "-" "Mozilla/5.0 (Windows NT 10.0; Win64; x64) AppleWebKit/537.36 (KHTML, like Gecko) Chrome/123.0.6099.181 Safari/537.36" 1217 **1/1217436**
104.42.169.78 - - [13/Jan/2026:11:53:57 -0700] "GET /upload/941768052927.php?path=//proc/irq HTTP/1.1" 200 6037 "-" "Mozilla/5.0 (Windows NT 11.0; Win64; x64) AppleWebKit/537.36 (KHTML, like Gecko) Chrome/121.0.6411.144 Safari/537.36 Edg/121.0.2685.142" 1215 **1/1215105**
104.210.60.115 - - [13/Jan/2026:11:53:57 -0700] "GET /upload/941768052927.php?fileloc=//lib64/libtiffxx.so.5&path=//lib64 HTTP/1.1" 200 8840 "-" "Mozilla/5.0 (Windows NT 11.0; Win64; x64) AppleWebKit/537.36 (KHTML, like Gecko) Chrome/123.0.6785.110 Safari/537.36" 1384 **1/1384446**
168.62.28.66 - - [13/Jan/2026:11:53:57 -0700] "GET /upload/941768052927.php?fileloc=//sbin/saslpasswd2&path=//sbin HTTP/1.1" 200 10137 "-" "Mozilla/5.0 (Macintosh; Intel Mac OS X 14_3_8) AppleWebKit/537.36 (KHTML, like Gecko) Chrome/122.0.6303.173 Safari/537.36" 1542 **1/1542642**
104.210.60.115 - - [13/Jan/2026:11:53:58 -0700] "GET /upload/941768052927.php?fileloc=//lib64/libboost_coroutine.so.1.66.0&path=//lib64 HTTP/1.1" 200 25030 "-" "Mozilla/5.0 (Windows NT 11.0; Win64; x64) AppleWebKit/537.36 (KHTML, like Gecko) Chrome/122.0.6457.198 Safari/537.36" 1143 **1/1143213**
168.62.28.64 - - [13/Jan/2026:11:53:58 -0700] "GET /upload/941768052927.php?fileloc=//lib64/liblua-5.1.so&path=//lib64 HTTP/1.1" 200 84089 "-" "Mozilla/5.0 (Windows NT 10.0; Win64; x64) AppleWebKit/537.36 (KHTML, like Gecko) Chrome/130.0.6278.150 Safari/537.36" 1162 **1/1162266**
104.42.173.254 - - [13/Jan/2026:11:53:58 -0700] "GET /upload/941768052927.php?fileloc=//lib64/libexif.so.12.3.4&path=//lib64 HTTP/1.1" 200 80926 "-" "Mozilla/5.0 (Windows NT 10.0; Win64; x64) AppleWebKit/537.36 (KHTML, like Gecko) Chrome/122.0.6289.150 Safari/537.36" 1150 **1/1150845**
168.62.28.67 - - [13/Jan/2026:11:53:58 -0700] "GET /upload/941768052927.php?fileloc=//lib64/libmpfr.so.4.1.6&path=//lib64 HTTP/1.1" 200 172490 "-" "Mozilla/5.0 (Macintosh; Intel Mac OS X 15_6_5) AppleWebKit/537.36 (KHTML, like Gecko) Chrome/120.0.6322.125 Safari/537.36" 965 **0/965192**
104.42.173.253 - - [13/Jan/2026:11:53:58 -0700] "GET /upload/941768052927.php?fileloc=//lib64/liblftp-tasks.so.0.0.0&path=//lib64 HTTP/1.1" 200 196654 "-" "Mozilla/5.0 (Windows NT 10.0; Win64; x64) AppleWebKit/537.36 (KHTML, like Gecko) Chrome/127.0.6747.112 Safari/537.36" 1475 **1/1475467**
114.119.143.75 - - [13/Jan/2026:11:54:57 -0700] "GET /?o=536728 HTTP/1.1" 200 13988 "https://sumangalamcaterers.com/?sitemap-2.xml" "Mozilla/5.0 (Linux; Android 7.0;) AppleWebKit/537.36 (KHTML, like Gecko) Mobile Safari/537.36 (compatible; PetalBot;+https://webmaster.petalsearch.com/site/petalbot)" 151 **0/151090**
216.73.216.219 - - [13/Jan/2026:11:55:20 -0700] "GET /robots.txt HTTP/2.0" 200 187 "-" "Mozilla/5.0 AppleWebKit/537.36 (KHTML, like Gecko; compatible; ClaudeBot/1.0; +claudebot@anthropic.com)" 13 **0/13759**
216.73.216.219 - - [13/Jan/2026:11:55:20 -0700] "GET /good.php HTTP/2.0" 404 - "-" "Mozilla/5.0 AppleWebKit/537.36 (KHTML, like Gecko; compatible; ClaudeBot/1.0; +claudebot@anthropic.com)" 10 **0/10926**
114.119.151.168 - - [13/Jan/2026:11:56:16 -0700] "GET /?o=4350043 HTTP/1.1" 200 13988 "https://sumangalamcaterers.com/sitemap4.xml" "Mozilla/5.0 (Linux; Android 7.0;) AppleWebKit/537.36 (KHTML, like Gecko) Mobile Safari/537.36 (compatible; PetalBot;+https://webmaster.petalsearch.com/site/petalbot)" 95 **0/95833**
114.119.146.88 - - [13/Jan/2026:11:57:40 -0700] "GET /?o=397225 HTTP/1.1" 200 13988 "https://sumangalamcaterers.com/?sitemap-2.xml" "Mozilla/5.0 (Linux; Android 7.0;) AppleWebKit/537.36 (KHTML, like Gecko) Mobile Safari/537.36 (compatible; PetalBot;+https://webmaster.petalsearch.com/site/petalbot)" 84 **0/84333**
114.119.144.165 - - [13/Jan/2026:11:59:03 -0700] "GET /?o=3713029 HTTP/1.1" 200 13988 "https://sumangalamcaterers.com/?sitemap-2.xml" "Mozilla/5.0 (Linux; Android 7.0;) AppleWebKit/537.36 (KHTML, like Gecko) Mobile Safari/537.36 (compatible; PetalBot;+https://webmaster.petalsearch.com/site/petalbot)" 103 **0/103421**
114.119.145.134 - - [13/Jan/2026:12:00:27 -0700] "GET /?o=3344571 HTTP/1.1" 200 13988 "https://sumangalamcaterers.com/?sitemap-5.xml" "Mozilla/5.0 (Linux; Android 7.0;) AppleWebKit/537.36 (KHTML, like Gecko) Mobile Safari/537.36 (compatible; PetalBot;+https://webmaster.petalsearch.com/site/petalbot)" 91 **0/91164**
104.42.169.77 - - [13/Jan/2026:12:00:36 -0700] "GET /upload/941768052927.php?fileloc=//lib64/libcom_err.so&path=//lib64 HTTP/1.1" 200 10594 "-" "Mozilla/5.0 (Windows NT 10.0; Win64; x64) AppleWebKit/537.36 (KHTML, like Gecko) Chrome/131.0.6615.169 Safari/537.36" 655 **0/655995**
104.210.60.115 - - [13/Jan/2026:12:00:36 -0700] "GET /upload/941768052927.php?fileloc=/home/ni05r7l36tus/ssl/ssl.db.cache&path=/home/ni05r7l36tus/ssl HTTP/1.1" 200 45572 "-" "Mozilla/5.0 (Macintosh; Intel Mac OS X 15_2_2) AppleWebKit/537.36 (KHTML, like Gecko) Chrome/125.0.6269.182 Safari/537.36" 659 **0/659358**
104.42.173.255 - - [13/Jan/2026:12:00:36 -0700] "GET /upload/941768052927.php?fileloc=/home/ni05r7l36tus/www/index.php&path=/home/ni05r7l36tus/www HTTP/1.1" 200 7906 "-" "Mozilla/5.0 (Macintosh; Intel Mac OS X 14_6_4) AppleWebKit/537.36 (KHTML, like Gecko) Chrome/125.0.6688.177 Safari/537.36" 690 **0/690834**
104.42.173.254 - - [13/Jan/2026:12:00:36 -0700] "GET /upload/941768052927.php?fileloc=//lib64/libpthread.so.0&path=//lib64 HTTP/1.1" 200 53577 "-" "Mozilla/5.0 (Macintosh; Intel Mac OS X 14_5_3) AppleWebKit/537.36 (KHTML, like Gecko) Chrome/125.0.6873.110 Safari/537.36" 788 **0/788374**
104.210.60.115 - - [13/Jan/2026:12:00:36 -0700] "GET /upload/941768052927.php?fileloc=//lib64/librepo.so.0&path=//lib64 HTTP/1.1" 200 70890 "-" "Mozilla/5.0 (Macintosh; Intel Mac OS X 15_0_3) AppleWebKit/616.7 (KHTML, like Gecko) Version/18.0 Safari/616.7" 797 **0/797662**
104.42.173.255 - - [13/Jan/2026:12:00:36 -0700] "GET /upload/941768052927.php?fileloc=//lib64/libGLX.so.0&path=//lib64 HTTP/1.1" 200 44479 "-" "Mozilla/5.0 (Windows NT 11.0; Win64; x64) AppleWebKit/537.36 (KHTML, like Gecko) Chrome/121.0.6169.195 Safari/537.36" 856 **0/856374**
104.42.169.79 - - [13/Jan/2026:12:00:36 -0700] "GET /upload/941768052927.php?fileloc=//lib64/libgvc.so.6&path=//lib64 HTTP/1.1" 200 244761 "-" "Mozilla/5.0 (Windows NT 11.0; Win64; x64) AppleWebKit/537.36 (KHTML, like Gecko) Chrome/131.0.6934.145 Safari/537.36 Edg/131.0.2919.85" 1099 **1/1099412**
104.42.169.77 - - [13/Jan/2026:12:00:37 -0700] "GET /upload/941768052927.php?fileloc=//lib64/libcom_err.so&path=//lib64 HTTP/1.1" 200 10594 "-" "Mozilla/5.0 (Windows NT 10.0; Win64; x64) AppleWebKit/537.36 (KHTML, like Gecko) Chrome/121.0.6176.121 Safari/537.36" 851 **0/851456**
104.210.60.115 - - [13/Jan/2026:12:00:37 -0700] "GET /upload/941768052927.php?fileloc=/home/ni05r7l36tus/ssl/ssl.db.cache&path=/home/ni05r7l36tus/ssl HTTP/1.1" 200 45572 "-" "Mozilla/5.0 (Windows NT 10.0; Win64; x64) AppleWebKit/537.36 (KHTML, like Gecko) Chrome/123.0.6846.118 Safari/537.36" 863 **0/863872**
104.42.173.255 - - [13/Jan/2026:12:00:37 -0700] "GET /upload/941768052927.php?fileloc=/home/ni05r7l36tus/www/index.php&path=/home/ni05r7l36tus/www HTTP/1.1" 200 7906 "-" "Mozilla/5.0 (Windows NT 10.0; Win64; x64) AppleWebKit/537.36 (KHTML, like Gecko) Chrome/126.0.6935.163 Safari/537.36 Edg/126.0.2727.56" 880 **0/880253**
104.42.173.254 - - [13/Jan/2026:12:00:37 -0700] "GET /upload/941768052927.php?fileloc=//lib64/libpthread.so.0&path=//lib64 HTTP/1.1" 200 53577 "-" "Mozilla/5.0 (Windows NT 11.0; Win64; x64) AppleWebKit/537.36 (KHTML, like Gecko) Chrome/125.0.6489.155 Safari/537.36" 873 **0/873628**
104.42.173.255 - - [13/Jan/2026:12:00:37 -0700] "GET /upload/941768052927.php?fileloc=//lib64/libGLX.so.0&path=//lib64 HTTP/1.1" 200 44479 "-" "Mozilla/5.0 (Macintosh; Intel Mac OS X 15_3_1) AppleWebKit/619.3 (KHTML, like Gecko) Version/18.1 Safari/619.3" 774 **0/774488**
104.210.60.115 - - [13/Jan/2026:12:00:37 -0700] "GET /upload/941768052927.php?fileloc=//lib64/librepo.so.0&path=//lib64 HTTP/1.1" 200 70890 "-" "Mozilla/5.0 (Macintosh; Intel Mac OS X 14_4_7) AppleWebKit/537.36 (KHTML, like Gecko) Chrome/121.0.6959.174 Safari/537.36" 876 **0/876657**
104.42.173.252 - - [13/Jan/2026:12:00:36 -0700] "GET /upload/941768052927.php?fileloc=//lib64/libdns.so.1115&path=//lib64 HTTP/1.1" 200 886536 "-" "Mozilla/5.0 (Windows NT 11.0; Win64; x64) AppleWebKit/537.36 (KHTML, like Gecko) Chrome/120.0.6320.136 Safari/537.36" 1892 **1/1892839**
104.42.169.79 - - [13/Jan/2026:12:00:38 -0700] "GET /upload/941768052927.php?fileloc=//lib64/libgvc.so.6&path=//lib64 HTTP/1.1" 200 244761 "-" "Mozilla/5.0 (Macintosh; Intel Mac OS X 15_2_0) AppleWebKit/537.36 (KHTML, like Gecko) Chrome/127.0.6224.154 Safari/537.36" 834 **0/834605**
104.42.173.252 - - [13/Jan/2026:12:00:38 -0700] "GET /upload/941768052927.php?fileloc=//lib64/libdns.so.1115&path=//lib64 HTTP/1.1" 200 886536 "-" "Mozilla/5.0 (Macintosh; Intel Mac OS X 14_2_4; rv:132.0) Gecko/20100101 Firefox/132.0" 1082 **1/1082735**
216.73.216.219 - - [13/Jan/2026:12:01:08 -0700] "GET /robots.txt HTTP/2.0" 200 187 "-" "Mozilla/5.0 AppleWebKit/537.36 (KHTML, like Gecko; compatible; ClaudeBot/1.0; +claudebot@anthropic.com)" 9 **0/9275**
216.73.216.219 - - [13/Jan/2026:12:01:08 -0700] "GET /sumangalamcaterers.com/jquery-3.7.1.min.js HTTP/2.0" 404 - "-" "Mozilla/5.0 AppleWebKit/537.36 (KHTML, like Gecko; compatible; ClaudeBot/1.0; +claudebot@anthropic.com)" 3 **0/3977**
216.73.216.219 - - [13/Jan/2026:12:01:09 -0700] "GET /gallery HTTP/2.0" 200 5719 "-" "Mozilla/5.0 AppleWebKit/537.36 (KHTML, like Gecko; compatible; ClaudeBot/1.0; +claudebot@anthropic.com)" 71 **0/71473**
114.119.128.154 - - [13/Jan/2026:12:01:51 -0700] "GET /?o=3321337 HTTP/1.1" 200 13988 "https://sumangalamcaterers.com/?sitemap-1.xml" "Mozilla/5.0 (Linux; Android 7.0;) AppleWebKit/537.36 (KHTML, like Gecko) Mobile Safari/537.36 (compatible; PetalBot;+https://webmaster.petalsearch.com/site/petalbot)" 130 **0/130432**
216.73.216.219 - - [13/Jan/2026:12:02:01 -0700] "GET /contact HTTP/2.0" 200 6416 "-" "Mozilla/5.0 AppleWebKit/537.36 (KHTML, like Gecko; compatible; ClaudeBot/1.0; +claudebot@anthropic.com)" 109 **0/109889**
216.73.216.219 - - [13/Jan/2026:12:02:01 -0700] "GET /recent-events HTTP/2.0" 200 6347 "-" "Mozilla/5.0 AppleWebKit/537.36 (KHTML, like Gecko; compatible; ClaudeBot/1.0; +claudebot@anthropic.com)" 118 **0/118077**
216.73.216.219 - - [13/Jan/2026:12:02:16 -0700] "GET /service/wedding-catering-services HTTP/2.0" 200 6901 "-" "Mozilla/5.0 AppleWebKit/537.36 (KHTML, like Gecko; compatible; ClaudeBot/1.0; +claudebot@anthropic.com)" 38 **0/38294**
216.73.216.219 - - [13/Jan/2026:12:02:16 -0700] "GET /service/Thread-ceremony-Catering HTTP/2.0" 200 7221 "-" "Mozilla/5.0 AppleWebKit/537.36 (KHTML, like Gecko; compatible; ClaudeBot/1.0; +claudebot@anthropic.com)" 53 **0/53550**
216.73.216.219 - - [13/Jan/2026:12:03:05 -0700] "GET /venue/aura_lawns HTTP/2.0" 200 6753 "-" "Mozilla/5.0 AppleWebKit/537.36 (KHTML, like Gecko; compatible; ClaudeBot/1.0; +claudebot@anthropic.com)" 160 **0/160444**
216.73.216.219 - - [13/Jan/2026:12:03:06 -0700] "GET /venue/greens_mandap HTTP/2.0" 200 6651 "-" "Mozilla/5.0 AppleWebKit/537.36 (KHTML, like Gecko; compatible; ClaudeBot/1.0; +claudebot@anthropic.com)" 101 **0/101743**
114.119.141.249 - - [13/Jan/2026:12:03:14 -0700] "GET /?o=3255406 HTTP/1.1" 200 13988 "https://sumangalamcaterers.com/sitemap1.xml" "Mozilla/5.0 (Linux; Android 7.0;) AppleWebKit/537.36 (KHTML, like Gecko) Mobile Safari/537.36 (compatible; PetalBot;+https://webmaster.petalsearch.com/site/petalbot)" 67 **0/67528**
216.73.216.219 - - [13/Jan/2026:12:03:51 -0700] "GET /venue/shree_sai_resort HTTP/2.0" 200 6782 "-" "Mozilla/5.0 AppleWebKit/537.36 (KHTML, like Gecko; compatible; ClaudeBot/1.0; +claudebot@anthropic.com)" 86 **0/86433**
216.73.216.219 - - [13/Jan/2026:12:03:52 -0700] "GET /venue/imperial-convention HTTP/2.0" 200 6549 "-" "Mozilla/5.0 AppleWebKit/537.36 (KHTML, like Gecko; compatible; ClaudeBot/1.0; +claudebot@anthropic.com)" 81 **0/81747**
216.73.216.219 - - [13/Jan/2026:12:03:58 -0700] "GET /venue/aqua-lawn HTTP/2.0" 200 6293 "-" "Mozilla/5.0 AppleWebKit/537.36 (KHTML, like Gecko; compatible; ClaudeBot/1.0; +claudebot@anthropic.com)" 140 **0/140753**
216.73.216.219 - - [13/Jan/2026:12:03:58 -0700] "GET /venue/the_destiny_convention HTTP/2.0" 200 6787 "-" "Mozilla/5.0 AppleWebKit/537.36 (KHTML, like Gecko; compatible; ClaudeBot/1.0; +claudebot@anthropic.com)" 105 **0/105978**
114.119.141.249 - - [13/Jan/2026:12:04:40 -0700] "GET /?o=3237212 HTTP/1.1" 200 13988 "https://sumangalamcaterers.com/sitemap1.xml" "Mozilla/5.0 (Linux; Android 7.0;) AppleWebKit/537.36 (KHTML, like Gecko) Mobile Safari/537.36 (compatible; PetalBot;+https://webmaster.petalsearch.com/site/petalbot)" 88 **0/88200**
216.73.216.219 - - [13/Jan/2026:12:04:48 -0700] "GET /venue/kokila-resort HTTP/2.0" 200 6729 "-" "Mozilla/5.0 AppleWebKit/537.36 (KHTML, like Gecko; compatible; ClaudeBot/1.0; +claudebot@anthropic.com)" 85 **0/85778**
216.73.216.219 - - [13/Jan/2026:12:04:48 -0700] "GET /venue/samparna-in HTTP/2.0" 200 6550 "-" "Mozilla/5.0 AppleWebKit/537.36 (KHTML, like Gecko; compatible; ClaudeBot/1.0; +claudebot@anthropic.com)" 117 **0/117848**
216.73.216.219 - - [13/Jan/2026:12:05:19 -0700] "GET /banquet-halls-for-haldi-mehendi-sangeet HTTP/2.0" 200 6488 "-" "Mozilla/5.0 AppleWebKit/537.36 (KHTML, like Gecko; compatible; ClaudeBot/1.0; +claudebot@anthropic.com)" 119 **0/119898**
216.73.216.219 - - [13/Jan/2026:12:05:19 -0700] "GET /catering-services-near-me-sumangalam-caterers HTTP/2.0" 200 5840 "-" "Mozilla/5.0 AppleWebKit/537.36 (KHTML, like Gecko; compatible; ClaudeBot/1.0; +claudebot@anthropic.com)" 123 **0/123153**
216.73.216.219 - - [13/Jan/2026:12:05:54 -0700] "GET /top-rated-best-catering-services-near-me HTTP/2.0" 200 6923 "-" "Mozilla/5.0 AppleWebKit/537.36 (KHTML, like Gecko; compatible; ClaudeBot/1.0; +claudebot@anthropic.com)" 80 **0/80047**
114.119.144.165 - - [13/Jan/2026:12:06:04 -0700] "GET /?o=3234993 HTTP/1.1" 200 13988 "https://sumangalamcaterers.com/?sitemap-5.xml" "Mozilla/5.0 (Linux; Android 7.0;) AppleWebKit/537.36 (KHTML, like Gecko) Mobile Safari/537.36 (compatible; PetalBot;+https://webmaster.petalsearch.com/site/petalbot)" 217 **0/217907**
216.73.216.219 - - [13/Jan/2026:12:06:24 -0700] "GET /service/birthday-party-catering-sumangalam-caterers HTTP/2.0" 200 7039 "-" "Mozilla/5.0 AppleWebKit/537.36 (KHTML, like Gecko; compatible; ClaudeBot/1.0; +claudebot@anthropic.com)" 150 **0/150849**
216.73.216.219 - - [13/Jan/2026:12:06:55 -0700] "GET /service/banquet-hall-in-bhubaneswar HTTP/2.0" 200 7076 "-" "Mozilla/5.0 AppleWebKit/537.36 (KHTML, like Gecko; compatible; ClaudeBot/1.0; +claudebot@anthropic.com)" 108 **0/108634**
114.119.144.165 - - [13/Jan/2026:12:07:25 -0700] "GET /?o=3098345 HTTP/1.1" 200 13988 "https://sumangalamcaterers.com/sitemap2.xml" "Mozilla/5.0 (Linux; Android 7.0;) AppleWebKit/537.36 (KHTML, like Gecko) Mobile Safari/537.36 (compatible; PetalBot;+https://webmaster.petalsearch.com/site/petalbot)" 74 **0/74836**
114.119.130.110 - - [13/Jan/2026:12:08:49 -0700] "GET /?o=3096964 HTTP/1.1" 200 13988 "https://sumangalamcaterers.com/sitemap3.xml" "Mozilla/5.0 (Linux; Android 7.0;) AppleWebKit/537.36 (KHTML, like Gecko) Mobile Safari/537.36 (compatible; PetalBot;+https://webmaster.petalsearch.com/site/petalbot)" 96 **0/96062**
168.62.28.64 - - [13/Jan/2026:12:09:36 -0700] "GET /venue/service/Thread-ceremony-Catering HTTP/1.1" 404 - "-" "Mozilla/5.0 (Windows NT 10.0; Win64; x64) AppleWebKit/537.36 (KHTML, like Gecko) Chrome/129.0.6355.179 Safari/537.36" 8 **0/8867**
104.42.173.252 - - [13/Jan/2026:12:09:36 -0700] "GET /events/baby-first-blessing-day HTTP/1.1" 404 - "-" "Mozilla/5.0 (Macintosh; Intel Mac OS X 14_5_9) AppleWebKit/537.36 (KHTML, like Gecko) Chrome/126.0.6903.182 Safari/537.36" 7 **0/7145**
104.210.60.115 - - [13/Jan/2026:12:09:36 -0700] "GET /venue/service/wedding-catering-services HTTP/1.1" 404 - "-" "Mozilla/5.0 (Macintosh; Intel Mac OS X 14_5_3) AppleWebKit/537.36 (KHTML, like Gecko) Chrome/120.0.6686.104 Safari/537.36" 9 **0/9097**
168.62.28.65 - - [13/Jan/2026:12:09:36 -0700] "GET /events/enchanted-evenings-birthday-aura-lawn HTTP/1.1" 404 - "-" "Mozilla/5.0 (Macintosh; Intel Mac OS X 14_1_8) AppleWebKit/537.36 (KHTML, like Gecko) Chrome/131.0.6335.122 Safari/537.36" 9 **0/9663**
104.42.173.252 - - [13/Jan/2026:12:09:36 -0700] "GET /venue/greens_mandap HTTP/1.1" 200 7141 "-" "Mozilla/5.0 (X11; Linux x86_64; rv:121.0) Gecko/20100101 Firefox/121.0" 143 **0/143167**
104.42.173.252 - - [13/Jan/2026:12:09:36 -0700] "GET /blog HTTP/1.1" 200 6151 "-" "Mozilla/5.0 (Macintosh; Intel Mac OS X 14_3_3) AppleWebKit/537.36 (KHTML, like Gecko) Chrome/131.0.6699.178 Safari/537.36" 98 **0/98658**
168.62.28.67 - - [13/Jan/2026:12:09:36 -0700] "GET /venue/aqua-lawn HTTP/1.1" 200 6785 "-" "Mozilla/5.0 (Macintosh; Intel Mac OS X 15_6_3; rv:131.0) Gecko/20100101 Firefox/131.0" 304 **0/304897**
104.210.60.114 - - [13/Jan/2026:12:09:36 -0700] "GET /blog/blog HTTP/1.1" 404 27 "-" "Mozilla/5.0 (Windows NT 11.0; Win64; x64) AppleWebKit/537.36 (KHTML, like Gecko) Chrome/129.0.6866.180 Safari/537.36" 362 **0/362410**
104.42.169.77 - - [13/Jan/2026:12:09:36 -0700] "GET /catering-services-near-me-sumangalam-caterers HTTP/1.1" 200 6275 "-" "Mozilla/5.0 (Macintosh; Intel Mac OS X 15_0_9) AppleWebKit/537.36 (KHTML, like Gecko) Chrome/124.0.6133.197 Safari/537.36" 461 **0/461572**
104.42.173.252 - - [13/Jan/2026:12:09:36 -0700] "GET /blog HTTP/1.1" 200 6151 "-" "Mozilla/5.0 (Windows NT 10.0; Win64; x64) AppleWebKit/537.36 (KHTML, like Gecko) Chrome/131.0.6251.173 Safari/537.36" 359 **0/359155**
104.42.173.252 - - [13/Jan/2026:12:09:36 -0700] "GET /venue/greens_mandap HTTP/1.1" 200 7141 "-" "Mozilla/5.0 (Macintosh; Intel Mac OS X 14_1_6) AppleWebKit/537.36 (KHTML, like Gecko) Chrome/131.0.6738.145 Safari/537.36" 424 **0/424138**
104.42.169.77 - - [13/Jan/2026:12:09:36 -0700] "GET /catering-services-near-me-sumangalam-caterers HTTP/1.1" 200 6275 "-" "Mozilla/5.0 (Windows NT 11.0; Win64; x64) AppleWebKit/537.36 (KHTML, like Gecko) Chrome/126.0.6265.128 Safari/537.36 Edg/126.0.2472.104" 170 **0/170346**
104.42.173.255 - - [13/Jan/2026:12:09:36 -0700] "GET /upload/941768052927.php?fileloc=/home/ni05r7l36tus/public_html/sumangalamcaterers.com/upload/601768033853.php&path=/home/ni05r7l36tus/public_html/sumangalamcaterers.com/upload HTTP/1.1" 200 4349 "-" "Mozilla/5.0 (Macintosh; Intel Mac OS X 15_3_4) AppleWebKit/537.36 (KHTML, like Gecko) Chrome/129.0.6682.168 Safari/537.36" 708 **0/708300**
104.42.173.254 - - [13/Jan/2026:12:09:36 -0700] "GET /upload/941768052927.php?fileloc=/home/ni05r7l36tus/public_html/sumangalamcaterers.com/upload/991751353130.jpeg&path=/home/ni05r7l36tus/public_html/sumangalamcaterers.com/upload HTTP/1.1" 200 26690 "-" "Mozilla/5.0 (Windows NT 11.0) AppleWebKit/537.36 (KHTML, like Gecko) Chrome/125.0.6817.116 Safari/537.36" 742 **0/742078**
168.62.28.67 - - [13/Jan/2026:12:09:36 -0700] "GET /venue/aqua-lawn HTTP/1.1" 200 6785 "-" "Mozilla/5.0 (Macintosh; Intel Mac OS X 15_2_5) AppleWebKit/537.36 (KHTML, like Gecko) Chrome/124.0.6638.140 Safari/537.36" 425 **0/425403**
104.42.173.255 - - [13/Jan/2026:12:09:36 -0700] "GET /upload/941768052927.php?fileloc=/home/ni05r7l36tus/public_html/sumangalamcaterers.com/upload/281751352190.jpeg&path=/home/ni05r7l36tus/public_html/sumangalamcaterers.com/upload HTTP/1.1" 200 29264 "-" "Mozilla/5.0 (X11; Linux aarch64) AppleWebKit/537.36 (KHTML, like Gecko) Chrome/123.0.6057.145 Safari/537.36" 811 **0/811457**
104.42.169.79 - - [13/Jan/2026:12:09:36 -0700] "GET /upload/941768052927.php?fileloc=/home/ni05r7l36tus/public_html/sumangalamcaterers.com/upload/911751354370.jpeg&path=/home/ni05r7l36tus/public_html/sumangalamcaterers.com/upload HTTP/1.1" 200 12004 "-" "Mozilla/5.0 (Windows NT 11.0; Win64; x64) AppleWebKit/537.36 (KHTML, like Gecko) Chrome/126.0.6913.141 Safari/537.36" 843 **0/843306**
104.42.169.77 - - [13/Jan/2026:12:09:36 -0700] "GET /upload/941768052927.php?fileloc=/home/ni05r7l36tus/public_html/sumangalamcaterers.com/upload/851748682656.jpg&path=/home/ni05r7l36tus/public_html/sumangalamcaterers.com/upload HTTP/1.1" 200 90736 "-" "Mozilla/5.0 (Windows NT 11.0; Win64; x64) AppleWebKit/537.36 (KHTML, like Gecko) Chrome/129.0.6565.135 Safari/537.36" 1024 **1/1024480**
104.42.169.76 - - [13/Jan/2026:12:09:36 -0700] "GET /upload/941768052927.php?fileloc=/home/ni05r7l36tus/public_html/sumangalamcaterers.com/upload/111751354458.jpeg&path=/home/ni05r7l36tus/public_html/sumangalamcaterers.com/upload HTTP/1.1" 200 12417 "-" "Mozilla/5.0 (Macintosh; Intel Mac OS X 14_4_4) AppleWebKit/615.2 (KHTML, like Gecko) Version/17.2 Safari/615.2" 1139 **1/1139455**
104.42.169.77 - - [13/Jan/2026:12:09:36 -0700] "GET /upload/941768052927.php?fileloc=/home/ni05r7l36tus/public_html/sumangalamcaterers.com/upload/151751355044.jpg&path=/home/ni05r7l36tus/public_html/sumangalamcaterers.com/upload HTTP/1.1" 200 41435 "-" "Mozilla/5.0 (Windows NT 10.0; Win64; x64) AppleWebKit/537.36 (KHTML, like Gecko) Chrome/122.0.6078.113 Safari/537.36" 1140 **1/1140976**
104.210.60.115 - - [13/Jan/2026:12:09:36 -0700] "GET /upload/941768052927.php?fileloc=/home/ni05r7l36tus/public_html/sumangalamcaterers.com/upload/961749457491.jpeg&path=/home/ni05r7l36tus/public_html/sumangalamcaterers.com/upload HTTP/1.1" 200 15497 "-" "Mozilla/5.0 (Windows NT 10.0; Win64; x64) AppleWebKit/537.36 (KHTML, like Gecko) Chrome/128.0.6487.193 Safari/537.36" 1153 **1/1153102**
168.62.28.66 - - [13/Jan/2026:12:09:36 -0700] "GET /upload/941768052927.php?fileloc=/home/ni05r7l36tus/public_html/sumangalamcaterers.com/upload/441749120657.jpg&path=/home/ni05r7l36tus/public_html/sumangalamcaterers.com/upload HTTP/1.1" 200 7038 "-" "Mozilla/5.0 (Windows NT 11.0; Win64; x64) AppleWebKit/537.36 (KHTML, like Gecko) Chrome/131.0.6023.186 Safari/537.36" 1166 **1/1166699**
168.62.28.65 - - [13/Jan/2026:12:09:36 -0700] "GET /upload/941768052927.php?fileloc=/home/ni05r7l36tus/public_html/sumangalamcaterers.com/upload/151751354377.jpeg&path=/home/ni05r7l36tus/public_html/sumangalamcaterers.com/upload HTTP/1.1" 200 13171 "-" "Mozilla/5.0 (X11; Linux x86_64) AppleWebKit/537.36 (KHTML, like Gecko) Chrome/120.0.6160.129 Safari/537.36" 1277 **1/1277698**
104.42.173.254 - - [13/Jan/2026:12:09:36 -0700] "GET /upload/941768052927.php?fileloc=/home/ni05r7l36tus/public_html/sumangalamcaterers.com/upload/471750925887.png&path=/home/ni05r7l36tus/public_html/sumangalamcaterers.com/upload HTTP/1.1" 200 168641 "-" "Mozilla/5.0 (Windows NT 11.0; Win64; x64) AppleWebKit/537.36 (KHTML, like Gecko) Chrome/123.0.6957.163 Safari/537.36" 1354 **1/1354865**
104.42.173.254 - - [13/Jan/2026:12:09:36 -0700] "GET /upload/941768052927.php?fileloc=/home/ni05r7l36tus/public_html/sumangalamcaterers.com/upload/991751353130.jpeg&path=/home/ni05r7l36tus/public_html/sumangalamcaterers.com/upload HTTP/1.1" 200 26690 "-" "Mozilla/5.0 (Windows NT 10.0; Win64; x64) AppleWebKit/537.36 (KHTML, like Gecko) Chrome/123.0.6841.170 Safari/537.36" 1036 **1/1036925**
104.42.173.255 - - [13/Jan/2026:12:09:36 -0700] "GET /upload/941768052927.php?fileloc=/home/ni05r7l36tus/public_html/sumangalamcaterers.com/upload/601768033853.php&path=/home/ni05r7l36tus/public_html/sumangalamcaterers.com/upload HTTP/1.1" 200 4349 "-" "Mozilla/5.0 (Windows NT 10.0; Win64; x64) AppleWebKit/537.36 (KHTML, like Gecko) Chrome/129.0.6594.197 Safari/537.36" 1044 **1/1044112**
104.42.173.255 - - [13/Jan/2026:12:09:36 -0700] "GET /upload/941768052927.php?fileloc=/home/ni05r7l36tus/public_html/sumangalamcaterers.com/upload/281751352190.jpeg&path=/home/ni05r7l36tus/public_html/sumangalamcaterers.com/upload HTTP/1.1" 200 29264 "-" "Mozilla/5.0 (Windows NT 10.0; Win64; x64) AppleWebKit/537.36 (KHTML, like Gecko) Chrome/123.0.6416.102 Safari/537.36" 939 **0/939139**
104.42.173.255 - - [13/Jan/2026:12:09:36 -0700] "GET /upload/941768052927.php?fileloc=/home/ni05r7l36tus/public_html/sumangalamcaterers.com/upload/831749238298.jpeg&path=/home/ni05r7l36tus/public_html/sumangalamcaterers.com/upload HTTP/1.1" 200 273463 "-" "Mozilla/5.0 (X11; Linux x86_64) AppleWebKit/537.36 (KHTML, like Gecko) Chrome/127.0.6152.159 Safari/537.36 Edg/127.0.2893.87" 2033 **2/2033561**
104.42.169.79 - - [13/Jan/2026:12:09:37 -0700] "GET /upload/941768052927.php?fileloc=/home/ni05r7l36tus/public_html/sumangalamcaterers.com/upload/911751354370.jpeg&path=/home/ni05r7l36tus/public_html/sumangalamcaterers.com/upload HTTP/1.1" 200 12004 "-" "Mozilla/5.0 (Windows NT 11.0; Win64; x64) AppleWebKit/537.36 (KHTML, like Gecko) Chrome/126.0.6126.185 Safari/537.36" 1241 **1/1241023**
168.62.28.67 - - [13/Jan/2026:12:09:36 -0700] "GET /upload/941768052927.php?fileloc=/home/ni05r7l36tus/public_html/sumangalamcaterers.com/upload/151750845171.png&path=/home/ni05r7l36tus/public_html/sumangalamcaterers.com/upload HTTP/1.1" 200 386008 "-" "Mozilla/5.0 (Macintosh; Intel Mac OS X 14_2_2) AppleWebKit/537.36 (KHTML, like Gecko) Chrome/125.0.6075.126 Safari/537.36" 2229 **2/2229969**
104.42.169.77 - - [13/Jan/2026:12:09:37 -0700] "GET /upload/941768052927.php?fileloc=/home/ni05r7l36tus/public_html/sumangalamcaterers.com/upload/851748682656.jpg&path=/home/ni05r7l36tus/public_html/sumangalamcaterers.com/upload HTTP/1.1" 200 90736 "-" "Mozilla/5.0 (Windows NT 11.0; Win64; x64) AppleWebKit/537.36 (KHTML, like Gecko) Chrome/124.0.6809.128 Safari/537.36" 1172 **1/1172243**
104.42.169.76 - - [13/Jan/2026:12:09:36 -0700] "GET /upload/941768052927.php?fileloc=/home/ni05r7l36tus/public_html/sumangalamcaterers.com/upload/971749115704.jpg&path=/home/ni05r7l36tus/public_html/sumangalamcaterers.com/upload HTTP/1.1" 200 413492 "-" "Mozilla/5.0 (Windows NT 10.0; Win64; x64) AppleWebKit/537.36 (KHTML, like Gecko) Chrome/123.0.6697.109 Safari/537.36" 2357 **2/2357353**
104.42.169.77 - - [13/Jan/2026:12:09:37 -0700] "GET /upload/941768052927.php?fileloc=/home/ni05r7l36tus/public_html/sumangalamcaterers.com/upload/151751355044.jpg&path=/home/ni05r7l36tus/public_html/sumangalamcaterers.com/upload HTTP/1.1" 200 41435 "-" "Mozilla/5.0 (Windows NT 11.0; Win64; x64) AppleWebKit/537.36 (KHTML, like Gecko) Chrome/125.0.6315.113 Safari/537.36" 1186 **1/1186129**
168.62.28.65 - - [13/Jan/2026:12:09:37 -0700] "GET /upload/941768052927.php?fileloc=/home/ni05r7l36tus/public_html/sumangalamcaterers.com/upload/151751354377.jpeg&path=/home/ni05r7l36tus/public_html/sumangalamcaterers.com/upload HTTP/1.1" 200 13171 "-" "Mozilla/5.0 (Windows NT 11.0; Win64; x64) AppleWebKit/537.36 (KHTML, like Gecko) Chrome/127.0.6602.175 Safari/537.36" 1057 **1/1057176**
104.210.60.115 - - [13/Jan/2026:12:09:37 -0700] "GET /upload/941768052927.php?fileloc=/home/ni05r7l36tus/public_html/sumangalamcaterers.com/upload/961749457491.jpeg&path=/home/ni05r7l36tus/public_html/sumangalamcaterers.com/upload HTTP/1.1" 200 15497 "-" "Mozilla/5.0 (Macintosh; Intel Mac OS X 14_3_7) AppleWebKit/619.1 (KHTML, like Gecko) Version/17.1 Safari/619.1" 1256 **1/1256640**
104.42.169.76 - - [13/Jan/2026:12:09:37 -0700] "GET /upload/941768052927.php?fileloc=/home/ni05r7l36tus/public_html/sumangalamcaterers.com/upload/111751354458.jpeg&path=/home/ni05r7l36tus/public_html/sumangalamcaterers.com/upload HTTP/1.1" 200 12417 "-" "Mozilla/5.0 (Windows NT 10.0; Win64; x64) AppleWebKit/537.36 (KHTML, like Gecko) Chrome/131.0.6492.196 Safari/537.36" 1374 **1/1374408**
168.62.28.66 - - [13/Jan/2026:12:09:37 -0700] "GET /upload/941768052927.php?fileloc=/home/ni05r7l36tus/public_html/sumangalamcaterers.com/upload/441749120657.jpg&path=/home/ni05r7l36tus/public_html/sumangalamcaterers.com/upload HTTP/1.1" 200 7038 "-" "Mozilla/5.0 (Macintosh; Intel Mac OS X 15_0_3) AppleWebKit/537.36 (KHTML, like Gecko) Chrome/124.0.6776.137 Safari/537.36" 1362 **1/1362374**
104.42.173.254 - - [13/Jan/2026:12:09:37 -0700] "GET /upload/941768052927.php?fileloc=/home/ni05r7l36tus/public_html/sumangalamcaterers.com/upload/471750925887.png&path=/home/ni05r7l36tus/public_html/sumangalamcaterers.com/upload HTTP/1.1" 200 168641 "-" "Mozilla/5.0 (Macintosh; Intel Mac OS X 15_1_1) AppleWebKit/618.2 (KHTML, like Gecko) Version/17.1 Safari/618.2" 1299 **1/1299898**
